{"id":20779,"date":"2025-01-13T15:46:35","date_gmt":"2025-01-13T15:46:35","guid":{"rendered":"https:\/\/aivlisoft.com\/?post_type=product&#038;p=20779"},"modified":"2025-01-14T11:52:39","modified_gmt":"2025-01-14T11:52:39","slug":"edimax-gs-5424lx-24xgb-4x10gb-sfp-1xconsola","status":"publish","type":"product","link":"https:\/\/aivlisoft.net\/shop\/producto\/edimax-gs-5424lx-24xgb-4x10gb-sfp-1xconsola\/","title":{"rendered":"Edimax GS-5424LX 24xGb 4x10Gb SFP+ 1xConsola"},"content":{"rendered":"<p><\/p>\n<table class=\"tabla_caracteristicas\" width=\"100%\">\n<tr>\n<td><strong>Marca<\/strong><\/td>\n<td>Edimax Pro<\/td>\n<\/tr>\n<tr>\n<td><strong>Modelo<\/strong><\/td>\n<td><strong>GS-5424LX<\/strong><\/td>\n<\/tr>\n<tr>\n<td><strong>Caracteristicas<\/strong><\/td>\n<td><strong>Puertos<\/strong><br \/>\t\t\t&#8211; 24 x puertos Gigabit RJ45 10\/100 \/ 1000Base-T<br \/>\t\t\t&#8211; 4 x puertos de enlace ascendente SFP + 10GBase-X 10 Gigabit<br \/>\t\t\t&#8211; 1 x puerto de consola RJ45 con cable de consola<br \/>\t\t\t<strong>Hardware<\/strong><br \/>\t\t\t&#8211; Botones: bot&oacute;n de reinicio<br \/>\t\t\t&#8211; Indicadores LED:<br \/>\t\t\t&nbsp; Por puerto: Conexi&oacute;n\/ Act<br \/>\t\t\t&nbsp; Por unidad: Alerta, SYS (Sistema), PWR (Potencia)<br \/>\t\t\t&#8211; Entrada de energ&iacute;a: 100-240 V CA, 50-60 Hz, fuente de alimentaci&oacute;n interna<br \/>\t\t\t&#8211; Montaje: Sobremesa \/ montaje en rack (kit de montaje en rack incluido)<br \/>\t\t\t&#8211; Ventilador: Sin ventilador<br \/>\t\t\t<strong>Rendimiento<\/strong><br \/>\t\t\t&#8211; Capacidad de conmutaci&oacute;n: 128 Gbps<br \/>\t\t\t&#8211; Direcci&oacute;n MAC: 16K<br \/>\t\t\t&#8211; Tramas gigantes: 12KB<br \/>\t\t\t&#8211; Memoria de b&uacute;fer: 12Mb<br \/>\t\t\t&#8211; Velocidades de filtrado \/ reenv&iacute;o:<br \/>\t\t\t&nbsp; Max. 95,2 Mpps (tama&ntilde;o de paquete de 64 bytes)<br \/>\t\t\t&nbsp; Puerto de 10 Gbps &#8211; 14,880,000pps<br \/>\t\t\t&nbsp; Puerto de 1000 Mbps &#8211; 1,488,000pps<br \/>\t\t\t&nbsp; Puerto de 100 Mbps &#8211; 148,800pps<br \/>\t\t\t&nbsp; Puerto de 10 Mbps &#8211; 14,880pps<br \/>\t\t\t<strong>Est&aacute;ndares<\/strong><br \/>\t\t\t&#8211; Ethernet IEEE 802.3 10BaseT<br \/>\t\t\t&#8211; Fast Ethernet IEEE 802.3u 100BaseTX<br \/>\t\t\t&#8211; Gigabit Ethernet IEEE 802.3ab 1000BaseT<br \/>\t\t\t&#8211; IEEE802.3ae 10GBase-X 10 Gigabit Ethernet<br \/>\t\t\t&#8211; IEEE 802.3z 1000BaseSX\/LX<br \/>\t\t\t&#8211; IEEE 802.3x D&uacute;plex completo y control de flujo<br \/>\t\t\t&#8211; IEEE 802.1p Calidad de servicio (QoS)<br \/>\t\t\t&#8211; IEEE 802.1x Control de acceso a la red basada en puertos (PNAC)<br \/>\t\t\t&#8211; IEEE 802.1Q Virtual LANs VLANs<br \/>\t\t\t&#8211; IEEE 802.1d Protocolo del &aacute;rbol de expansi&oacute;n (STP) IEEE 802.1s Protocolo de &aacute;rbol de expansi&oacute;n m&uacute;ltiple (MSTP)<br \/>\t\t\t&#8211; IEEE 802.1w Protocolo de &aacute;rbol de localizaci&oacute;n r&aacute;pida (RSTP)<br \/>\t\t\t&#8211; IEEE 802.1AB Protocolo de descubrimiento de capa de enlace (LLDP), LLDP-MED (Descubrimiento de medios de punto final)<br \/>\t\t\t&#8211; IEEE 802.3ad protocolo de control de agregaci&oacute;n de enlaces (LACP) IEEE 802.3az Ethernet de Eficiencia Energ&eacute;tica<br \/>\t\t\t<strong>Cracter&iacute;sticas Inteligentes<\/strong><br \/>\t\t\t&#8211; Calidad de servicio (QoS):<br \/>\t\t\t&nbsp; Limitaci&oacute;n de velocidad en paquetes enviados y recibidos por una interfaz<br \/>\t\t\t&nbsp; Ocho colas en cada puerto<br \/>\t\t\t&nbsp; Algoritmos de programaci&oacute;n de colas WRR, SP, WRR + SP<br \/>\t\t\t&nbsp; Remarcado de la prioridad 802.1py la prioridad DSCP<br \/>\t\t\t&nbsp; Limitaci&oacute;n de velocidad en cada cola y configuraci&oacute;n del tr&aacute;fico en los puertos<br \/>\t\t\t&#8211; Clase de servicio (CoS):<br \/>\t\t\t&nbsp; Clase de servicio IEEE 802.1p (SPQ, WRR)<br \/>\t\t\t&nbsp; CoS basado en puertos<br \/>\t\t\t&nbsp; Precedencia TOS IP<br \/>\t\t\t&nbsp; Informaci&oacute;n basada en CoS 802.1p VLAN<br \/>\t\t\t&nbsp; CoS basado en DSCP<br \/>\t\t\t&nbsp; CoS basado en TCP \/ UDP<br \/>\t\t\t&#8211; &Aacute;rbol de expansi&oacute;n:<br \/>\t\t\t&nbsp; IEEE 802.1d Protocolo de &aacute;rbol de localizaci&oacute;n (STP)<br \/>\t\t\t&nbsp; IEEE 802.1s Protocolo de &aacute;rbol de localizaci&oacute;n m&uacute;ltiple (MSTP)<br \/>\t\t\t&nbsp; IEEE 802.1w Protocolo de &aacute;rbol de localizaci&oacute;n r&aacute;pida (RSTP)<br \/>\t\t\t&#8211; VLAN:<br \/>\t\t\t&nbsp; Hasta 256 ID de VLAN y 4096 ID de VLAN<br \/>\t\t\t&nbsp; VLAN basada en etiquetas 802.1Q<br \/>\t\t\t&nbsp; VLAN basada en puerto<br \/>\t\t\t&nbsp; VLAN de vigilancia<br \/>\t\t\t&nbsp; VLAN de voz<br \/>\t\t\t&nbsp; VLAN de MAC<br \/>\t\t\t&nbsp; GVRP<br \/>\t\t\t&#8211; IPV6:<br \/>\t\t\t&nbsp; IPv6 sobre Ethernet (RFC 2464)<br \/>\t\t\t&nbsp; Pila doble (RFC 4213)<br \/>\t\t\t&nbsp; ICMPv6 (RFC 4884)<br \/>\t\t\t&nbsp; Descubrimiento de vecinos (RFC 4861)<br \/>\t\t\t&nbsp; Configuraci&oacute;n autom&aacute;tica<br \/>\t\t\t&nbsp; Direcci&oacute;n IPv6 y longitud de prefijo est&aacute;ticas<br \/>\t\t\t&nbsp; Puerta de enlace predeterminada IPv6 est&aacute;tica<br \/>\t\t\t&nbsp; Detecci&oacute;n de direcciones duplicadas IPv6<br \/>\t\t\t&#8211; Troncal de puertos: Troncal est&aacute;tico IEEE 802.3ad LACP hasta 8 grupos de troncales<br \/>\t\t\t&#8211; Inspecci&oacute;n IGMP:<br \/>\t\t\t&nbsp; Inspecci&oacute;n IGMP v1 \/ v2 \/ v3<br \/>\t\t\t&nbsp; Bloquear tr&aacute;fico de multidifusi&oacute;n desconocido<br \/>\t\t\t&#8211; Copia de puertos. Direcci&oacute;n de tr&aacute;fico de reflejo de puertos:<br \/>\t\t\t&nbsp; Ambos (entrada y salida)<br \/>\t\t\t&nbsp; Entrada<br \/>\t\t\t&nbsp; Salida<br \/>\t\t\t&#8211; Seguridad:<br \/>\t\t\t&nbsp; RADIUS<br \/>\t\t\t&nbsp; TACACS+<br \/>\t\t\t&nbsp; AAA<br \/>\t\t\t&nbsp; Gesti&oacute;n de acceso<br \/>\t\t\t&nbsp; Administrador de autenticaci&oacute;n<br \/>\t\t\t&nbsp; Seguridad de puertos<br \/>\t\t\t&nbsp; Puerto protegido<br \/>\t\t\t&nbsp; Control de tormentas de difusi&oacute;n<br \/>\t\t\t&nbsp; DoS<br \/>\t\t\t&nbsp; Inspecci&oacute;n ARP din&aacute;mica<br \/>\t\t\t&nbsp; Snooping de IGMP<br \/>\t\t\t&nbsp; Protecci&oacute;n de fuente IPAcceso remoto: HTTPS \/ SSH \/ HTTP \/ Telnet \/ Tiempo espera sesi&oacute;n<br \/>\t\t\t&#8211; Gesti&oacute;n:<br \/>\t\t\t&nbsp; Interfaz de usuario: gesti&oacute;n basada en web<br \/>\t\t\t&nbsp; Cuenta de usuario: configuraci&oacute;n de la cuenta de inicio de sesi&oacute;n<br \/>\t\t\t&nbsp; Actualizaci&oacute;n de firmware: actualizaci&oacute;n de firmware por WEB<br \/>\t\t\t&nbsp; Syslog: admite registro de eventos, registro de alarmas y registro de seguridad<br \/>\t\t\t&nbsp; Imagen de doble firmware para mecanismos s&oacute;lidos de recuperaci&oacute;n de fallos<br \/>\t\t\t&nbsp; ACL (Lista de control de acceso)<br \/>\t\t\t&nbsp; CLI (Interfaz de l&iacute;nea de comandos)<br \/>\t\t\t&nbsp; Cuenta de usuario: Configuraci&oacute;n de cuenta de inicio de sesi&oacute;nSNMP v1\/v2c\/v3<br \/>\t\t\t<strong>Certificaciones &nbsp;&nbsp; &nbsp;<\/strong><br \/>\t\t\t&#8211; FCC<br \/>\t\t\t&#8211; CE<br \/>\t\t\t&#8211; BSMI<br \/>\t\t\t<strong>Dimensiones y peso<br \/>\t\t\t&#8211; <\/strong> 441 x 198 x 45 mm<br \/>\t\t\t&#8211; 2.44 kg<\/td>\n<\/tr>\n<tr>\n<td><strong>Fecha Revisi&oacute;n<\/strong><\/td>\n<td>12-07-2023 por RTY<\/td>\n<\/tr>\n<\/table>\n<p><br class=\"k-br\"><\/p>\n<p>&nbsp;<\/p>\n","protected":false},"excerpt":{"rendered":"<p>Marca Edimax Pro Modelo GS-5424LX Caracteristicas Puertos &#8211; 24 x puertos Gigabit RJ45 10\/100 \/ 1000Base-T &#8211; 4 x puertos de enlace ascendente SFP + 10GBase-X 10 Gigabit &#8211; 1 x puerto de consola RJ45 con cable de consola Hardware &#8211; Botones: bot&oacute;n de reinicio &#8211; Indicadores LED: &nbsp; Por puerto: Conexi&oacute;n\/ Act &nbsp; Por&hellip;&nbsp;<a href=\"https:\/\/aivlisoft.net\/shop\/producto\/edimax-gs-5424lx-24xgb-4x10gb-sfp-1xconsola\/\" rel=\"bookmark\"><span class=\"screen-reader-text\">Edimax GS-5424LX 24xGb 4x10Gb SFP+ 1xConsola<\/span><\/a><\/p>\n","protected":false},"featured_media":20780,"template":"","meta":{"neve_meta_sidebar":"","neve_meta_container":"","neve_meta_enable_content_width":"","neve_meta_content_width":0,"neve_meta_title_alignment":"","neve_meta_author_avatar":"","neve_post_elements_order":"","neve_meta_disable_header":"","neve_meta_disable_footer":"","neve_meta_disable_title":""},"product_brand":[],"product_cat":[8771],"product_tag":[7394],"class_list":{"0":"post-20779","1":"product","2":"type-product","3":"status-publish","4":"has-post-thumbnail","6":"product_cat-switches-armario","7":"product_tag-gs-5424lx","9":"first","10":"instock","11":"taxable","12":"shipping-taxable","13":"purchasable","14":"product-type-simple"},"yoast_head":"<!-- This site is optimized with the Yoast SEO plugin v26.0 - https:\/\/yoast.com\/wordpress\/plugins\/seo\/ -->\n<title>Edimax GS-5424LX 24xGb 4x10Gb SFP+ 1xConsola - Aivlisoft Inform\u00e1tica<\/title>\n<meta name=\"robots\" content=\"index, follow, max-snippet:-1, max-image-preview:large, max-video-preview:-1\" \/>\n<link rel=\"canonical\" href=\"https:\/\/aivlisoft.net\/shop\/producto\/edimax-gs-5424lx-24xgb-4x10gb-sfp-1xconsola\/\" \/>\n<meta property=\"og:locale\" content=\"es_ES\" \/>\n<meta property=\"og:type\" content=\"article\" \/>\n<meta property=\"og:title\" content=\"Edimax GS-5424LX 24xGb 4x10Gb SFP+ 1xConsola - Aivlisoft Inform\u00e1tica\" \/>\n<meta property=\"og:description\" content=\"Marca Edimax Pro Modelo GS-5424LX Caracteristicas Puertos &#8211; 24 x puertos Gigabit RJ45 10\/100 \/ 1000Base-T &#8211; 4 x puertos de enlace ascendente SFP + 10GBase-X 10 Gigabit &#8211; 1 x puerto de consola RJ45 con cable de consola Hardware &#8211; Botones: bot&oacute;n de reinicio &#8211; Indicadores LED: &nbsp; Por puerto: Conexi&oacute;n\/ Act &nbsp; Por&hellip;&nbsp;Edimax GS-5424LX 24xGb 4x10Gb SFP+ 1xConsola\" \/>\n<meta property=\"og:url\" content=\"https:\/\/aivlisoft.net\/shop\/producto\/edimax-gs-5424lx-24xgb-4x10gb-sfp-1xconsola\/\" \/>\n<meta property=\"og:site_name\" content=\"Aivlisoft Inform\u00e1tica\" \/>\n<meta property=\"article:modified_time\" content=\"2025-01-14T11:52:39+00:00\" \/>\n<meta property=\"og:image\" content=\"https:\/\/aivlisoft.net\/shop\/wp-content\/uploads\/2025\/01\/NSWSAR0390_800.jpg\" \/>\n\t<meta property=\"og:image:width\" content=\"800\" \/>\n\t<meta property=\"og:image:height\" content=\"800\" \/>\n\t<meta property=\"og:image:type\" content=\"image\/jpeg\" \/>\n<meta name=\"twitter:card\" content=\"summary_large_image\" \/>\n<meta name=\"twitter:label1\" content=\"Tiempo de lectura\" \/>\n\t<meta name=\"twitter:data1\" content=\"4 minutos\" \/>\n<script type=\"application\/ld+json\" class=\"yoast-schema-graph\">{\"@context\":\"https:\/\/schema.org\",\"@graph\":[{\"@type\":\"WebPage\",\"@id\":\"https:\/\/aivlisoft.net\/shop\/producto\/edimax-gs-5424lx-24xgb-4x10gb-sfp-1xconsola\/\",\"url\":\"https:\/\/aivlisoft.net\/shop\/producto\/edimax-gs-5424lx-24xgb-4x10gb-sfp-1xconsola\/\",\"name\":\"Edimax GS-5424LX 24xGb 4x10Gb SFP+ 1xConsola - Aivlisoft Inform\u00e1tica\",\"isPartOf\":{\"@id\":\"https:\/\/aivlisoft.net\/shop\/#website\"},\"primaryImageOfPage\":{\"@id\":\"https:\/\/aivlisoft.net\/shop\/producto\/edimax-gs-5424lx-24xgb-4x10gb-sfp-1xconsola\/#primaryimage\"},\"image\":{\"@id\":\"https:\/\/aivlisoft.net\/shop\/producto\/edimax-gs-5424lx-24xgb-4x10gb-sfp-1xconsola\/#primaryimage\"},\"thumbnailUrl\":\"https:\/\/aivlisoft.net\/shop\/wp-content\/uploads\/2025\/01\/NSWSAR0390_800.jpg\",\"datePublished\":\"2025-01-13T15:46:35+00:00\",\"dateModified\":\"2025-01-14T11:52:39+00:00\",\"breadcrumb\":{\"@id\":\"https:\/\/aivlisoft.net\/shop\/producto\/edimax-gs-5424lx-24xgb-4x10gb-sfp-1xconsola\/#breadcrumb\"},\"inLanguage\":\"es\",\"potentialAction\":[{\"@type\":\"ReadAction\",\"target\":[\"https:\/\/aivlisoft.net\/shop\/producto\/edimax-gs-5424lx-24xgb-4x10gb-sfp-1xconsola\/\"]}]},{\"@type\":\"ImageObject\",\"inLanguage\":\"es\",\"@id\":\"https:\/\/aivlisoft.net\/shop\/producto\/edimax-gs-5424lx-24xgb-4x10gb-sfp-1xconsola\/#primaryimage\",\"url\":\"https:\/\/aivlisoft.net\/shop\/wp-content\/uploads\/2025\/01\/NSWSAR0390_800.jpg\",\"contentUrl\":\"https:\/\/aivlisoft.net\/shop\/wp-content\/uploads\/2025\/01\/NSWSAR0390_800.jpg\",\"width\":800,\"height\":800},{\"@type\":\"BreadcrumbList\",\"@id\":\"https:\/\/aivlisoft.net\/shop\/producto\/edimax-gs-5424lx-24xgb-4x10gb-sfp-1xconsola\/#breadcrumb\",\"itemListElement\":[{\"@type\":\"ListItem\",\"position\":1,\"name\":\"Portada\",\"item\":\"https:\/\/aivlisoft.net\/shop\/\"},{\"@type\":\"ListItem\",\"position\":2,\"name\":\"Tienda\",\"item\":\"https:\/\/aivlisoft.net\/shop\/tienda\/\"},{\"@type\":\"ListItem\",\"position\":3,\"name\":\"Edimax GS-5424LX 24xGb 4x10Gb SFP+ 1xConsola\"}]},{\"@type\":\"WebSite\",\"@id\":\"https:\/\/aivlisoft.net\/shop\/#website\",\"url\":\"https:\/\/aivlisoft.net\/shop\/\",\"name\":\"Aivlisoft Inform\u00e1tica\",\"description\":\"En Aivlisoft Inform\u00e1tica ofrecemos soluciones tecnol\u00f3gicas para empresas: venta de ordenadores, consumibles, perif\u00e9ricos y m\u00e1s. Calidad, atenci\u00f3n personalizada y los mejores precios para tu negocio.\",\"publisher\":{\"@id\":\"https:\/\/aivlisoft.net\/shop\/#organization\"},\"potentialAction\":[{\"@type\":\"SearchAction\",\"target\":{\"@type\":\"EntryPoint\",\"urlTemplate\":\"https:\/\/aivlisoft.net\/shop\/?s={search_term_string}\"},\"query-input\":{\"@type\":\"PropertyValueSpecification\",\"valueRequired\":true,\"valueName\":\"search_term_string\"}}],\"inLanguage\":\"es\"},{\"@type\":\"Organization\",\"@id\":\"https:\/\/aivlisoft.net\/shop\/#organization\",\"name\":\"Aivlisoft Inform\u00e1tica\",\"url\":\"https:\/\/aivlisoft.net\/shop\/\",\"logo\":{\"@type\":\"ImageObject\",\"inLanguage\":\"es\",\"@id\":\"https:\/\/aivlisoft.net\/shop\/#\/schema\/logo\/image\/\",\"url\":\"https:\/\/aivlisoft.net\/shop\/wp-content\/uploads\/2024\/12\/removal.ai_5b848c54-0cdf-4140-95c5-c5536bb7573b-logodef.png\",\"contentUrl\":\"https:\/\/aivlisoft.net\/shop\/wp-content\/uploads\/2024\/12\/removal.ai_5b848c54-0cdf-4140-95c5-c5536bb7573b-logodef.png\",\"width\":484,\"height\":182,\"caption\":\"Aivlisoft Inform\u00e1tica\"},\"image\":{\"@id\":\"https:\/\/aivlisoft.net\/shop\/#\/schema\/logo\/image\/\"}}]}<\/script>\n<!-- \/ Yoast SEO plugin. -->","yoast_head_json":{"title":"Edimax GS-5424LX 24xGb 4x10Gb SFP+ 1xConsola - Aivlisoft Inform\u00e1tica","robots":{"index":"index","follow":"follow","max-snippet":"max-snippet:-1","max-image-preview":"max-image-preview:large","max-video-preview":"max-video-preview:-1"},"canonical":"https:\/\/aivlisoft.net\/shop\/producto\/edimax-gs-5424lx-24xgb-4x10gb-sfp-1xconsola\/","og_locale":"es_ES","og_type":"article","og_title":"Edimax GS-5424LX 24xGb 4x10Gb SFP+ 1xConsola - Aivlisoft Inform\u00e1tica","og_description":"Marca Edimax Pro Modelo GS-5424LX Caracteristicas Puertos &#8211; 24 x puertos Gigabit RJ45 10\/100 \/ 1000Base-T &#8211; 4 x puertos de enlace ascendente SFP + 10GBase-X 10 Gigabit &#8211; 1 x puerto de consola RJ45 con cable de consola Hardware &#8211; Botones: bot&oacute;n de reinicio &#8211; Indicadores LED: &nbsp; Por puerto: Conexi&oacute;n\/ Act &nbsp; Por&hellip;&nbsp;Edimax GS-5424LX 24xGb 4x10Gb SFP+ 1xConsola","og_url":"https:\/\/aivlisoft.net\/shop\/producto\/edimax-gs-5424lx-24xgb-4x10gb-sfp-1xconsola\/","og_site_name":"Aivlisoft Inform\u00e1tica","article_modified_time":"2025-01-14T11:52:39+00:00","og_image":[{"width":800,"height":800,"url":"https:\/\/aivlisoft.net\/shop\/wp-content\/uploads\/2025\/01\/NSWSAR0390_800.jpg","type":"image\/jpeg"}],"twitter_card":"summary_large_image","twitter_misc":{"Tiempo de lectura":"4 minutos"},"schema":{"@context":"https:\/\/schema.org","@graph":[{"@type":"WebPage","@id":"https:\/\/aivlisoft.net\/shop\/producto\/edimax-gs-5424lx-24xgb-4x10gb-sfp-1xconsola\/","url":"https:\/\/aivlisoft.net\/shop\/producto\/edimax-gs-5424lx-24xgb-4x10gb-sfp-1xconsola\/","name":"Edimax GS-5424LX 24xGb 4x10Gb SFP+ 1xConsola - Aivlisoft Inform\u00e1tica","isPartOf":{"@id":"https:\/\/aivlisoft.net\/shop\/#website"},"primaryImageOfPage":{"@id":"https:\/\/aivlisoft.net\/shop\/producto\/edimax-gs-5424lx-24xgb-4x10gb-sfp-1xconsola\/#primaryimage"},"image":{"@id":"https:\/\/aivlisoft.net\/shop\/producto\/edimax-gs-5424lx-24xgb-4x10gb-sfp-1xconsola\/#primaryimage"},"thumbnailUrl":"https:\/\/aivlisoft.net\/shop\/wp-content\/uploads\/2025\/01\/NSWSAR0390_800.jpg","datePublished":"2025-01-13T15:46:35+00:00","dateModified":"2025-01-14T11:52:39+00:00","breadcrumb":{"@id":"https:\/\/aivlisoft.net\/shop\/producto\/edimax-gs-5424lx-24xgb-4x10gb-sfp-1xconsola\/#breadcrumb"},"inLanguage":"es","potentialAction":[{"@type":"ReadAction","target":["https:\/\/aivlisoft.net\/shop\/producto\/edimax-gs-5424lx-24xgb-4x10gb-sfp-1xconsola\/"]}]},{"@type":"ImageObject","inLanguage":"es","@id":"https:\/\/aivlisoft.net\/shop\/producto\/edimax-gs-5424lx-24xgb-4x10gb-sfp-1xconsola\/#primaryimage","url":"https:\/\/aivlisoft.net\/shop\/wp-content\/uploads\/2025\/01\/NSWSAR0390_800.jpg","contentUrl":"https:\/\/aivlisoft.net\/shop\/wp-content\/uploads\/2025\/01\/NSWSAR0390_800.jpg","width":800,"height":800},{"@type":"BreadcrumbList","@id":"https:\/\/aivlisoft.net\/shop\/producto\/edimax-gs-5424lx-24xgb-4x10gb-sfp-1xconsola\/#breadcrumb","itemListElement":[{"@type":"ListItem","position":1,"name":"Portada","item":"https:\/\/aivlisoft.net\/shop\/"},{"@type":"ListItem","position":2,"name":"Tienda","item":"https:\/\/aivlisoft.net\/shop\/tienda\/"},{"@type":"ListItem","position":3,"name":"Edimax GS-5424LX 24xGb 4x10Gb SFP+ 1xConsola"}]},{"@type":"WebSite","@id":"https:\/\/aivlisoft.net\/shop\/#website","url":"https:\/\/aivlisoft.net\/shop\/","name":"Aivlisoft Inform\u00e1tica","description":"En Aivlisoft Inform\u00e1tica ofrecemos soluciones tecnol\u00f3gicas para empresas: venta de ordenadores, consumibles, perif\u00e9ricos y m\u00e1s. Calidad, atenci\u00f3n personalizada y los mejores precios para tu negocio.","publisher":{"@id":"https:\/\/aivlisoft.net\/shop\/#organization"},"potentialAction":[{"@type":"SearchAction","target":{"@type":"EntryPoint","urlTemplate":"https:\/\/aivlisoft.net\/shop\/?s={search_term_string}"},"query-input":{"@type":"PropertyValueSpecification","valueRequired":true,"valueName":"search_term_string"}}],"inLanguage":"es"},{"@type":"Organization","@id":"https:\/\/aivlisoft.net\/shop\/#organization","name":"Aivlisoft Inform\u00e1tica","url":"https:\/\/aivlisoft.net\/shop\/","logo":{"@type":"ImageObject","inLanguage":"es","@id":"https:\/\/aivlisoft.net\/shop\/#\/schema\/logo\/image\/","url":"https:\/\/aivlisoft.net\/shop\/wp-content\/uploads\/2024\/12\/removal.ai_5b848c54-0cdf-4140-95c5-c5536bb7573b-logodef.png","contentUrl":"https:\/\/aivlisoft.net\/shop\/wp-content\/uploads\/2024\/12\/removal.ai_5b848c54-0cdf-4140-95c5-c5536bb7573b-logodef.png","width":484,"height":182,"caption":"Aivlisoft Inform\u00e1tica"},"image":{"@id":"https:\/\/aivlisoft.net\/shop\/#\/schema\/logo\/image\/"}}]}},"_links":{"self":[{"href":"https:\/\/aivlisoft.net\/shop\/wp-json\/wp\/v2\/product\/20779","targetHints":{"allow":["GET"]}}],"collection":[{"href":"https:\/\/aivlisoft.net\/shop\/wp-json\/wp\/v2\/product"}],"about":[{"href":"https:\/\/aivlisoft.net\/shop\/wp-json\/wp\/v2\/types\/product"}],"wp:featuredmedia":[{"embeddable":true,"href":"https:\/\/aivlisoft.net\/shop\/wp-json\/wp\/v2\/media\/20780"}],"wp:attachment":[{"href":"https:\/\/aivlisoft.net\/shop\/wp-json\/wp\/v2\/media?parent=20779"}],"wp:term":[{"taxonomy":"product_brand","embeddable":true,"href":"https:\/\/aivlisoft.net\/shop\/wp-json\/wp\/v2\/product_brand?post=20779"},{"taxonomy":"product_cat","embeddable":true,"href":"https:\/\/aivlisoft.net\/shop\/wp-json\/wp\/v2\/product_cat?post=20779"},{"taxonomy":"product_tag","embeddable":true,"href":"https:\/\/aivlisoft.net\/shop\/wp-json\/wp\/v2\/product_tag?post=20779"}],"curies":[{"name":"wp","href":"https:\/\/api.w.org\/{rel}","templated":true}]}}