{"id":20761,"date":"2025-01-13T15:46:21","date_gmt":"2025-01-13T15:46:21","guid":{"rendered":"https:\/\/aivlisoft.com\/?post_type=product&#038;p=20761"},"modified":"2025-01-14T11:52:31","modified_gmt":"2025-01-14T11:52:31","slug":"d-link-dgs-1520-28mp-e-switch-20xgbe-poe-2x10-sfp","status":"publish","type":"product","link":"https:\/\/aivlisoft.net\/shop\/producto\/d-link-dgs-1520-28mp-e-switch-20xgbe-poe-2x10-sfp\/","title":{"rendered":"D-Link DGS-1520-28MP\/E Switch 20xGbE PoE 2&#215;10 SFP+"},"content":{"rendered":"<p><\/p>\n<p>&nbsp;<\/p>\n<table class=\"tabla_caracteristicas k-table\" width=\"100%\">\n<tr>\n<td><strong>Marca<\/strong><\/td>\n<td>D-Link<\/td>\n<\/tr>\n<tr>\n<td><strong>Modelo<\/strong><\/td>\n<td><strong>DGS-1520-28MP\/E<\/strong><\/td>\n<\/tr>\n<tr>\n<td valign=\"top\"><strong>Caracter&iacute;sticas Hardware<\/strong><\/td>\n<td><strong>General<\/strong><br \/>\t\t\t&#8211; Versi&oacute;n de hardware: A1<br \/>\t\t\t&#8211; Tama&ntilde;o:&nbsp; Ancho de rack est&aacute;ndar de 19&rdquo;, altura de 1U<br \/>\t\t\t&#8211; Interfaces:<br \/>\t\t\t&nbsp; <strong>20 x 10\/100\/1000BASE-T PoE<br \/>\t\t\t&nbsp; 2 x 10GBASE-T<br \/>\t\t\t&nbsp; 2 x 10G SFP+<\/strong><br \/>\t\t\t&#8211; Est&aacute;ndares de los puertos:<br \/>\t\t\t&nbsp; IEEE 802.3 10BASE-T Ethernet (cobre de par trenzado)<br \/>\t\t\t&nbsp; IEEE 802.3u 100BASE-TX Fast Ethernet (cobre de par trenzado)<br \/>\t\t\t&nbsp; IEEE 802.3u 100BASE-FX 100 Mbps sobre fibra &oacute;ptica<br \/>\t\t\t&nbsp; IEEE 802.3ab 1000BASE-T Gigabit Ethernet (cobre de par trenzado)<br \/>\t\t\t&nbsp; IEEE 802.3z 1000BASE-X 1 Gbps sobre fibra &oacute;ptica<br \/>\t\t\t&nbsp; IEEE 802.3az Ethernet de eficiencia energ&eacute;tica (EEE)<br \/>\t\t\t&nbsp; IEEE 802.3x Control de flujo<br \/>\t\t\t&nbsp; IEEE 802.3ae 10 Gigabit Ethernet<br \/>\t\t\t&nbsp; IEEE 802.3af\/at<br \/>\t\t\t&#8211; Intercambio de la interfaz multimedia. MDI\/MDIX autom&aacute;tico o configurable<br \/>\t\t\t&#8211; LED:<br \/>\t\t\t&nbsp; Potencia\/ID de apilamiento\/Ventilador (por dispositivo)<br \/>\t\t\t&nbsp; Enlace\/Actividad\/Velocidad (por puerto 10\/100\/1000 Mbps, por puerto<br \/>\t\t\t&nbsp; PoE 2.5G, por puerto SFP Gigabit, por puerto SFP+ 10G)<br \/>\t\t\t<strong>Rendimiento<\/strong><br \/>\t\t\t&#8211; Capacidad de conmutaci&oacute;n: 140 Gbps<br \/>\t\t\t&#8211; M&eacute;todo de transmisi&oacute;n: Guardar y enviar<br \/>\t\t\t&#8211; Tabla de direcciones MAC: Hasta 16.384 entradas por dispositivo<br \/>\t\t\t&#8211; Direcciones MAC est&aacute;ticas: Hasta 512 entradas MAC est&aacute;ticas<br \/>\t\t\t&#8211; Velocidad m&aacute;xima de env&iacute;o: 104,16 Mbps<br \/>\t\t\t<strong>PoE<\/strong><br \/>\t\t\t&#8211; PoE est&aacute;ndar: IEEE802.3at, IEEE802.3af<br \/>\t\t\t&#8211; PoE Power Budget: 370 W, 740 W (con RPS)<br \/>\t\t\t<strong>Alimentaci&oacute;n<\/strong><br \/>\t\t\t&#8211; Entrada de energ&iacute;a: 100 a 240 V CA<br \/>\t\t\t&#8211; Consumo m&aacute;ximo de energ&iacute;a:<br \/>\t\t\t&nbsp; PoE activado: 443.6 W<br \/>\t\t\t&nbsp; PoE desactivado: 45.2 W<br \/>\t\t\t&#8211; Consumo en espera: 37.3 W<br \/>\t\t\t<strong>F&iacute;sicas<\/strong><br \/>\t\t\t&#8211; MTBF: 333946  horas<br \/>\t\t\t&#8211; Ac&uacute;stica: 57,1 dB(A)<br \/>\t\t\t&#8211; Disipaci&oacute;n de calor: 1545,8 BTU\/h<br \/>\t\t\t&#8211; Peso: 4,29 kg<br \/>\t\t\t&#8211; Dimensiones: 441 x 308,5 x 44 mm<\/td>\n<\/tr>\n<tr>\n<td valign=\"top\"><strong>Caracter&iacute;sticas Software<\/strong><\/td>\n<td><strong>Caracter&iacute;sticas L2<\/strong><br \/>\t\t\t&#8211; Tabla de direcciones MAC: 16.384 entradas<br \/>\t\t\t&#8211; Control del flujo:<br \/>\t\t\t&nbsp; Control 802.3x del flujo<br \/>\t\t\t&nbsp; Prevenci&oacute;n de bloqueo HOL<br \/>\t\t\t&#8211; Hasta 12.288 bytes<br \/>\t\t\t&#8211; Agregaci&oacute;n de enlaces 802.1AX\/802.3ad: M&aacute;x. 32 grupos por dispositivo,<br \/>\t\t\t&#8211; 8 puertos por grupo<br \/>\t\t\t&#8211; Protocolos Spanning Tree (STP)<br \/>\t\t\t&nbsp; 802.1D STP<br \/>\t\t\t&nbsp; 802.1w RSTP<br \/>\t\t\t&nbsp; 802.1s MSTP<br \/>\t\t\t&nbsp; Filtrado BPDU<br \/>\t\t\t&nbsp; Root Guard<br \/>\t\t\t&nbsp; Protecci&oacute;n de bucle<br \/>\t\t\t&#8211; Detecci&oacute;n de loopback<br \/>\t\t\t&#8211; Copia de puertos<br \/>\t\t\t&nbsp; Soporta One-to-One, Many-to-One<br \/>\t\t\t&nbsp; Admite mirroring para Tx\/Rx<br \/>\t\t\t&nbsp; Compatible con 4 grupos de mirroring<br \/>\t\t\t&#8211; Mirroring de flujo<br \/>\t\t\t&nbsp; Admite mirroring de entrada solamente<br \/>\t\t\t&#8211; VLAN mirroring<br \/>\t\t\t&#8211; RSPAN<br \/>\t\t\t&#8211; T&uacute;nel de protocolo L2<br \/>\t\t\t&#8211; Switching de protecci&oacute;n de anillo<br \/>\t\t\t&#8211; Ethernet (ERPS) v1\/v2<br \/>\t\t\t<strong>VLAN<\/strong><br \/>\t\t\t&#8211; Grupo de VLAN:<br \/>\t\t\t&nbsp; M&aacute;x. 4K grupos de VLAN<br \/>\t\t\t&nbsp; M&aacute;x. 1~4094 VID<br \/>\t\t\t&#8211; GVRP: M&aacute;x. 4K grupos de VLAN din&aacute;micos<br \/>\t\t\t&#8211; VLAN doble (Q-en-Q): Q-en-Q basado en puerto<br \/>\t\t\t&#8211; Q-en-Q selectivo<br \/>\t\t\t&#8211; 802.1Q<br \/>\t\t\t&#8211; AutoSurveillance VLAN<br \/>\t\t\t&#8211; VLAN basada en puerto<br \/>\t\t\t&#8211; VLAN basada en el protocolo 802.1v<br \/>\t\t\t&#8211; AutoVoice VLAN<br \/>\t\t\t&#8211; VLAN basada en MAC<br \/>\t\t\t&#8211; VLAN basada en subred<br \/>\t\t\t&#8211; VLAN translation<br \/>\t\t\t&#8211; Multidifusi&oacute;n VLAN (ISM VLAN para IPv4\/IPv6)<br \/>\t\t\t&#8211; VLAN asim&eacute;trica<br \/>\t\t\t&#8211; VLAN privada<br \/>\t\t\t&#8211; VLAN trunking<br \/>\t\t\t&#8211; Super VLAN<br \/>\t\t\t<strong>Calidad de Servicio (QoS)<\/strong><br \/>\t\t\t&#8211; 802.1p<br \/>\t\t\t&#8211; 8 colas por puerto<br \/>\t\t\t&#8211; Gesti&oacute;n de colas:<br \/>\t\t\t&nbsp; Prioridad estricta<br \/>\t\t\t&nbsp; Round Robin ponderado (WRR)<br \/>\t\t\t&nbsp; Strict + WRR<br \/>\t\t\t&nbsp; D&eacute;ficit de Round Robin ponderado (WDRR)<br \/>\t\t\t&#8211; Control de la congesti&oacute;n:<br \/>\t\t\t&nbsp; Detecci&oacute;n precoz aleatoria ponderada (WRED)<br \/>\t\t\t&nbsp; Control de flujo basado en prioridad(PFC) 802.1Qbb [solo puertos 10G]<br \/>\t\t\t&#8211; Mapa de pol&iacute;ticas:<br \/>\t\t\t&nbsp; Observaci&oacute;n de prioridad 802.1p<br \/>\t\t\t&nbsp; Observaci&oacute;n de prioridad IP\/DSCP<br \/>\t\t\t&nbsp; L&iacute;mite de velocidad<br \/>\t\t\t&nbsp; QoS basado en tiempo<br \/>\t\t\t&#8211; Basado en CoS:<br \/>\t\t\t&nbsp; Puerto switch<br \/>\t\t\t&nbsp; VID interior\/exterior<br \/>\t\t\t&nbsp; Prioridad 802.1p interior\/exterior<br \/>\t\t\t&nbsp; Direcci&oacute;n MAC<br \/>\t\t\t&nbsp; Tipo Ether<br \/>\t\t\t&nbsp; Direcci&oacute;n IP<br \/>\t\t\t&nbsp; DSCP<br \/>\t\t\t&nbsp; Preferencia de ToS\/IP<br \/>\t\t\t&nbsp; Tipo de protocolo<br \/>\t\t\t&nbsp; Puerto TCP\/UDP<br \/>\t\t\t&nbsp; Tr&aacute;fico de tipo IPv6<br \/>\t\t\t&nbsp; Etiqueta de flujo IPv6<br \/>\t\t\t&#8211; Control del ancho de banda:<br \/>\t\t\t&nbsp; Basado en puerto (entrada\/salida, granularidad m&iacute;nima 8 Kbps)<br \/>\t\t\t&nbsp; Basado en flujo (entrada\/salida, granularidad m&iacute;nima 8 Kbps)<br \/>\t\t\t&nbsp; Control del ancho de banda por cola (granularidad m&iacute;n. 8 Kb\/s)<br \/>\t\t\t&#8211; Marcador de tres colores<br \/>\t\t\t&nbsp; Granularidad m&iacute;nima CIR\/PIR: 8 Kbps<br \/>\t\t\t&nbsp; trTCM<br \/>\t\t\t&nbsp; srTCM<br \/>\t\t\t<strong>Caracter&iacute;sticas L3<\/strong><br \/>\t\t\t&#8211; Entradas ARP IPv4:8192<br \/>\t\t\t&nbsp; 256 ARP est&aacute;tico<br \/>\t\t\t&#8211; Entradas IPv6 ND:4096<br \/>\t\t\t&nbsp; 128 entradas ND est&aacute;ticas<br \/>\t\t\t&#8211; Interfaz IP<br \/>\t\t\t&nbsp; Admite 16 interfaces<br \/>\t\t\t&#8211; ARP gratuito<br \/>\t\t\t&#8211; Interfaz de Loopback<br \/>\t\t\t&#8211; Proxy ARP<br \/>\t\t\t&nbsp; Admite proxy ARP local<br \/>\t\t\t&#8211; VRRP v2\/v3<br \/>\t\t\t&#8211; Asistente de IP<br \/>\t\t\t<strong>Lista de control de acceso (ACL)<\/strong><br \/>\t\t\t&#8211; ACL basado en:<br \/>\t\t\t&nbsp; prioridad 802.1p<br \/>\t\t\t&nbsp; VID<br \/>\t\t\t&nbsp; Direcci&oacute;n MAC<br \/>\t\t\t&nbsp; Tipo Ether<br \/>\t\t\t&nbsp; LLC<br \/>\t\t\t&nbsp; VLAN<br \/>\t\t\t&nbsp; Direcci&oacute;n IP<br \/>\t\t\t&nbsp; Preferencia de IP\/ToS<br \/>\t\t\t&nbsp; M&aacute;scara DSCP<br \/>\t\t\t&nbsp; Tipo de protocolo<br \/>\t\t\t&nbsp; N&uacute;mero de puerto TCP\/UDP<br \/>\t\t\t&nbsp; Tr&aacute;fico de tipo IPv6<br \/>\t\t\t&nbsp; Etiqueta de flujo IPv6<br \/>\t\t\t&#8211; ACL basado en tiempo<br \/>\t\t\t&#8211; Filtrado de la interfaz CPU<br \/>\t\t\t&#8211; M&aacute;x. Entradas ACL:<br \/>\t\t\t&nbsp; Entrada (entradas de hardware): 1536<br \/>\t\t\t&nbsp; Salida (entradas de hardware): 512<br \/>\t\t\t&nbsp; N&uacute;meros de mapa de acceso VLAN: 2048<br \/>\t\t\t<strong>Caracter&iacute;sticas de seguridad<\/strong><br \/>\t\t\t&#8211; Protecci&oacute;n de los puertos<br \/>\t\t\t&nbsp; Admite hasta 64 direcciones MAC por puerto<br \/>\t\t\t&#8211; Broadcast\/Multicast\/Control Unicast Storm<br \/>\t\t\t&#8211; Apilado f&iacute;sico y L3 Static Routing<br \/>\t\t\t&#8211; DHCP Server Screening<br \/>\t\t\t&#8211; Protecci&oacute;n de fuente IP<br \/>\t\t\t&#8211; DHCP snooping<br \/>\t\t\t&#8211; Snooping IPv6<br \/>\t\t\t&#8211; Inspecci&oacute;n din&aacute;mica ARP (DAI)<br \/>\t\t\t&#8211; DHCPv6 Guard<br \/>\t\t\t&#8211; Protecci&oacute;n de anuncio de ruta (RA) IPv6<br \/>\t\t\t&#8211; Inspecci&oacute;n IPv6 ND 1<br \/>\t\t\t&#8211; Detecci&oacute;n de direcciones duplicadas (DAD)<br \/>\t\t\t&#8211; ARP Spoofing para prevenir la suplantaci&oacute;n de identidad: M&aacute;x. 64 entradas<br \/>\t\t\t&#8211; Filtrado de paquetes de control L3<br \/>\t\t\t&#8211; Reenv&iacute;o de ruta inversa unidifusi&oacute;n (URPF)<br \/>\t\t\t&#8211; Segmentaci&oacute;n del tr&aacute;fico<br \/>\t\t\t&#8211; SSL:<br \/>\t\t\t&nbsp; Compatible con TLS 1.0\/1.1\/1.2<br \/>\t\t\t&nbsp; Admite acceso IPv4\/IPv6<br \/>\t\t\t&#8211; SSH<br \/>\t\t\t&nbsp; Compatible con SSH v2<br \/>\t\t\t&nbsp; Admite acceso IPv4\/IPv6<br \/>\t\t\t&#8211; Protecci&oacute;n contra ataques BPDU<br \/>\t\t\t&#8211; Prevenci&oacute;n de ataques DoS<br \/>\t\t\t<strong>AAA<\/strong><br \/>\t\t\t&#8211; Guest VLAN<br \/>\t\t\t&#8211; Autenticaci&oacute;n 802.1X<br \/>\t\t\t&nbsp; Admite control de acceso basado en puerto\/host<br \/>\t\t\t&nbsp; Asignaci&oacute;n de pol&iacute;ticas basada en la identidad<br \/>\t\t\t&nbsp; Asignaci&oacute;n din&aacute;mica de VLAN<br \/>\t\t\t&#8211; Control de acceso de tipo Web (WAC)<br \/>\t\t\t&nbsp; Admite control de acceso basado en puerto\/host<br \/>\t\t\t&nbsp; Asignaci&oacute;n de pol&iacute;ticas basada en la identidad<br \/>\t\t\t&nbsp; Asignaci&oacute;n din&aacute;mica de VLAN<br \/>\t\t\t&#8211; Control de acceso basado en MAC (MAC)<br \/>\t\t\t&nbsp; Admite control de acceso basado en puerto\/host<br \/>\t\t\t&nbsp; Asignaci&oacute;n de pol&iacute;ticas basada en la identidad<br \/>\t\t\t&nbsp; Asignaci&oacute;n din&aacute;mica de VLAN<br \/>\t\t\t&#8211; Autenticaci&oacute;n RADIUS y TACACS+<br \/>\t\t\t&#8211; Autenticaci&oacute;n de Failover de base de datos<br \/>\t\t\t&#8211; Autenticaci&oacute;n compuesta<br \/>\t\t\t&#8211; Nivel de privilegios para el acceso a la gesti&oacute;n<br \/>\t\t\t&#8211; Host de confianza<br \/>\t\t\t&#8211; Contabilidad RADIUS\/TACACS+<br \/>\t\t\t<strong>Gesti&oacute;n de red<\/strong><br \/>\t\t\t&#8211; GUI de tipo Web<br \/>\t\t\t&nbsp; Admite acceso IPv4\/IPv6<br \/>\t\t\t&nbsp; Compatible con SSL (HTTPS)<br \/>\t\t\t&#8211; Interfaz de l&iacute;nea de comandos (CLI), Full CLI<br \/>\t\t\t&#8211; Servidor\/cliente Telnet para IPv4\/IPv6<br \/>\t\t\t&#8211; Cliente TFTP para IPv4\/IPv6<br \/>\t\t\t&#8211; Cliente DNS para IPv4\/IPv6<br \/>\t\t\t&#8211; Cliente\/servidor FTP seguro para IPv4\/IPv6<br \/>\t\t\t&#8211; SNMP<br \/>\t\t\t&nbsp; Admite v1\/v2c\/v3<br \/>\t\t\t&nbsp; Admite acceso IPv4\/IPv6<br \/>\t\t\t&#8211; SNMP Traps<br \/>\t\t\t&#8211; Registro del sistema para el servidor Syslog IPv4\/IPv6S<br \/>\t\t\t&#8211; sFlow<br \/>\t\t\t&#8211; M&uacute;ltiples im&aacute;genes y configuraciones<br \/>\t\t\t&#8211; RMON v1:<br \/>\t\t\t&nbsp; Admite 1, 2, 3, 9 grupos<br \/>\t\t\t&#8211; RMON v2:<br \/>\t\t\t&nbsp; Compatible con el grupo ProbeConfig<br \/>\t\t\t&#8211; LLDP\/LLDP-MED<br \/>\t\t\t&#8211; BootP\/cliente DHCP<br \/>\t\t\t&#8211; Configuraci&oacute;n autom&aacute;tica de DHCP\/<br \/>\t\t\t&#8211; imagen autom&aacute;tica<br \/>\t\t\t&#8211; Relevo local de DHCP\/DHCPv6<br \/>\t\t\t&#8211; Opci&oacute;n de rel&eacute; DHCP 60\/61\/62\/125<br \/>\t\t\t&#8211; Sistema de archivos flash<br \/>\t\t\t&#8211; Protocolo D-Link Discover (DDP)<br \/>\t\t\t&#8211; Comando de depuraci&oacute;n<br \/>\t\t\t&#8211; Compatible con servidor SNTP IPv4\/v6<br \/>\t\t\t&#8211; NTPv3\/v4<br \/>\t\t\t&#8211; Cifrado\/recuperaci&oacute;n de contrase&ntilde;a<br \/>\t\t\t&#8211; Servidor DHCP<br \/>\t\t\t&nbsp; Compatibilidad con asignaci&oacute;n de direcciones IPv4\/IPv6<br \/>\t\t\t&#8211; Registro de comandos<br \/>\t\t\t&#8211; MTP<br \/>\t\t\t&#8211; Delegaci&oacute;n de prefijo de DHCPv6 (PD)<br \/>\t\t\t&#8211; Ping\/ Traceroute para IPv4\/IPv6<br \/>\t\t\t&#8211; Equilibrio de cargas de red (NLB) de Microsoft<br \/>\t\t\t&#8211; PD activo (solo modelos PoE)<br \/>\t\t\t&#8211; Zero Touch Provisioning (ZTP)<\/td>\n<\/tr>\n<tr>\n<td><strong>Fecha Revisi&oacute;n<\/strong><\/td>\n<td>12-04-2023 por RTY<\/td>\n<\/tr>\n<\/table>\n","protected":false},"excerpt":{"rendered":"<p>&nbsp; Marca D-Link Modelo DGS-1520-28MP\/E Caracter&iacute;sticas Hardware General &#8211; Versi&oacute;n de hardware: A1 &#8211; Tama&ntilde;o:&nbsp; Ancho de rack est&aacute;ndar de 19&rdquo;, altura de 1U &#8211; Interfaces: &nbsp; 20 x 10\/100\/1000BASE-T PoE &nbsp; 2 x 10GBASE-T &nbsp; 2 x 10G SFP+ &#8211; Est&aacute;ndares de los puertos: &nbsp; IEEE 802.3 10BASE-T Ethernet (cobre de par trenzado) &nbsp;&hellip;&nbsp;<a href=\"https:\/\/aivlisoft.net\/shop\/producto\/d-link-dgs-1520-28mp-e-switch-20xgbe-poe-2x10-sfp\/\" rel=\"bookmark\"><span class=\"screen-reader-text\">D-Link DGS-1520-28MP\/E Switch 20xGbE PoE 2&#215;10 SFP+<\/span><\/a><\/p>\n","protected":false},"featured_media":20762,"template":"","meta":{"neve_meta_sidebar":"","neve_meta_container":"","neve_meta_enable_content_width":"","neve_meta_content_width":0,"neve_meta_title_alignment":"","neve_meta_author_avatar":"","neve_post_elements_order":"","neve_meta_disable_header":"","neve_meta_disable_footer":"","neve_meta_disable_title":""},"product_brand":[],"product_cat":[8771],"product_tag":[7389],"class_list":{"0":"post-20761","1":"product","2":"type-product","3":"status-publish","4":"has-post-thumbnail","6":"product_cat-switches-armario","7":"product_tag-dgs-1520-28mp-e","9":"first","10":"instock","11":"taxable","12":"shipping-taxable","13":"purchasable","14":"product-type-simple"},"yoast_head":"<!-- This site is optimized with the Yoast SEO plugin v26.0 - https:\/\/yoast.com\/wordpress\/plugins\/seo\/ -->\n<title>D-Link DGS-1520-28MP\/E Switch 20xGbE PoE 2x10 SFP+ - Aivlisoft Inform\u00e1tica<\/title>\n<meta name=\"robots\" content=\"index, follow, max-snippet:-1, max-image-preview:large, max-video-preview:-1\" \/>\n<link rel=\"canonical\" href=\"https:\/\/aivlisoft.net\/shop\/producto\/d-link-dgs-1520-28mp-e-switch-20xgbe-poe-2x10-sfp\/\" \/>\n<meta property=\"og:locale\" content=\"es_ES\" \/>\n<meta property=\"og:type\" content=\"article\" \/>\n<meta property=\"og:title\" content=\"D-Link DGS-1520-28MP\/E Switch 20xGbE PoE 2x10 SFP+ - Aivlisoft Inform\u00e1tica\" \/>\n<meta property=\"og:description\" content=\"&nbsp; Marca D-Link Modelo DGS-1520-28MP\/E Caracter&iacute;sticas Hardware General &#8211; Versi&oacute;n de hardware: A1 &#8211; Tama&ntilde;o:&nbsp; Ancho de rack est&aacute;ndar de 19&rdquo;, altura de 1U &#8211; Interfaces: &nbsp; 20 x 10\/100\/1000BASE-T PoE &nbsp; 2 x 10GBASE-T &nbsp; 2 x 10G SFP+ &#8211; Est&aacute;ndares de los puertos: &nbsp; IEEE 802.3 10BASE-T Ethernet (cobre de par trenzado) &nbsp;&hellip;&nbsp;D-Link DGS-1520-28MP\/E Switch 20xGbE PoE 2&#215;10 SFP+\" \/>\n<meta property=\"og:url\" content=\"https:\/\/aivlisoft.net\/shop\/producto\/d-link-dgs-1520-28mp-e-switch-20xgbe-poe-2x10-sfp\/\" \/>\n<meta property=\"og:site_name\" content=\"Aivlisoft Inform\u00e1tica\" \/>\n<meta property=\"article:modified_time\" content=\"2025-01-14T11:52:31+00:00\" \/>\n<meta property=\"og:image\" content=\"https:\/\/aivlisoft.net\/shop\/wp-content\/uploads\/2025\/01\/NSWSAR0385_800.jpg\" \/>\n\t<meta property=\"og:image:width\" content=\"800\" \/>\n\t<meta property=\"og:image:height\" content=\"800\" \/>\n\t<meta property=\"og:image:type\" content=\"image\/jpeg\" \/>\n<meta name=\"twitter:card\" content=\"summary_large_image\" \/>\n<meta name=\"twitter:label1\" content=\"Tiempo de lectura\" \/>\n\t<meta name=\"twitter:data1\" content=\"7 minutos\" \/>\n<script type=\"application\/ld+json\" class=\"yoast-schema-graph\">{\"@context\":\"https:\/\/schema.org\",\"@graph\":[{\"@type\":\"WebPage\",\"@id\":\"https:\/\/aivlisoft.net\/shop\/producto\/d-link-dgs-1520-28mp-e-switch-20xgbe-poe-2x10-sfp\/\",\"url\":\"https:\/\/aivlisoft.net\/shop\/producto\/d-link-dgs-1520-28mp-e-switch-20xgbe-poe-2x10-sfp\/\",\"name\":\"D-Link DGS-1520-28MP\/E Switch 20xGbE PoE 2x10 SFP+ - Aivlisoft Inform\u00e1tica\",\"isPartOf\":{\"@id\":\"https:\/\/aivlisoft.net\/shop\/#website\"},\"primaryImageOfPage\":{\"@id\":\"https:\/\/aivlisoft.net\/shop\/producto\/d-link-dgs-1520-28mp-e-switch-20xgbe-poe-2x10-sfp\/#primaryimage\"},\"image\":{\"@id\":\"https:\/\/aivlisoft.net\/shop\/producto\/d-link-dgs-1520-28mp-e-switch-20xgbe-poe-2x10-sfp\/#primaryimage\"},\"thumbnailUrl\":\"https:\/\/aivlisoft.net\/shop\/wp-content\/uploads\/2025\/01\/NSWSAR0385_800.jpg\",\"datePublished\":\"2025-01-13T15:46:21+00:00\",\"dateModified\":\"2025-01-14T11:52:31+00:00\",\"breadcrumb\":{\"@id\":\"https:\/\/aivlisoft.net\/shop\/producto\/d-link-dgs-1520-28mp-e-switch-20xgbe-poe-2x10-sfp\/#breadcrumb\"},\"inLanguage\":\"es\",\"potentialAction\":[{\"@type\":\"ReadAction\",\"target\":[\"https:\/\/aivlisoft.net\/shop\/producto\/d-link-dgs-1520-28mp-e-switch-20xgbe-poe-2x10-sfp\/\"]}]},{\"@type\":\"ImageObject\",\"inLanguage\":\"es\",\"@id\":\"https:\/\/aivlisoft.net\/shop\/producto\/d-link-dgs-1520-28mp-e-switch-20xgbe-poe-2x10-sfp\/#primaryimage\",\"url\":\"https:\/\/aivlisoft.net\/shop\/wp-content\/uploads\/2025\/01\/NSWSAR0385_800.jpg\",\"contentUrl\":\"https:\/\/aivlisoft.net\/shop\/wp-content\/uploads\/2025\/01\/NSWSAR0385_800.jpg\",\"width\":800,\"height\":800},{\"@type\":\"BreadcrumbList\",\"@id\":\"https:\/\/aivlisoft.net\/shop\/producto\/d-link-dgs-1520-28mp-e-switch-20xgbe-poe-2x10-sfp\/#breadcrumb\",\"itemListElement\":[{\"@type\":\"ListItem\",\"position\":1,\"name\":\"Portada\",\"item\":\"https:\/\/aivlisoft.net\/shop\/\"},{\"@type\":\"ListItem\",\"position\":2,\"name\":\"Tienda\",\"item\":\"https:\/\/aivlisoft.net\/shop\/tienda\/\"},{\"@type\":\"ListItem\",\"position\":3,\"name\":\"D-Link DGS-1520-28MP\/E Switch 20xGbE PoE 2&#215;10 SFP+\"}]},{\"@type\":\"WebSite\",\"@id\":\"https:\/\/aivlisoft.net\/shop\/#website\",\"url\":\"https:\/\/aivlisoft.net\/shop\/\",\"name\":\"Aivlisoft Inform\u00e1tica\",\"description\":\"En Aivlisoft Inform\u00e1tica ofrecemos soluciones tecnol\u00f3gicas para empresas: venta de ordenadores, consumibles, perif\u00e9ricos y m\u00e1s. Calidad, atenci\u00f3n personalizada y los mejores precios para tu negocio.\",\"publisher\":{\"@id\":\"https:\/\/aivlisoft.net\/shop\/#organization\"},\"potentialAction\":[{\"@type\":\"SearchAction\",\"target\":{\"@type\":\"EntryPoint\",\"urlTemplate\":\"https:\/\/aivlisoft.net\/shop\/?s={search_term_string}\"},\"query-input\":{\"@type\":\"PropertyValueSpecification\",\"valueRequired\":true,\"valueName\":\"search_term_string\"}}],\"inLanguage\":\"es\"},{\"@type\":\"Organization\",\"@id\":\"https:\/\/aivlisoft.net\/shop\/#organization\",\"name\":\"Aivlisoft Inform\u00e1tica\",\"url\":\"https:\/\/aivlisoft.net\/shop\/\",\"logo\":{\"@type\":\"ImageObject\",\"inLanguage\":\"es\",\"@id\":\"https:\/\/aivlisoft.net\/shop\/#\/schema\/logo\/image\/\",\"url\":\"https:\/\/aivlisoft.net\/shop\/wp-content\/uploads\/2024\/12\/removal.ai_5b848c54-0cdf-4140-95c5-c5536bb7573b-logodef.png\",\"contentUrl\":\"https:\/\/aivlisoft.net\/shop\/wp-content\/uploads\/2024\/12\/removal.ai_5b848c54-0cdf-4140-95c5-c5536bb7573b-logodef.png\",\"width\":484,\"height\":182,\"caption\":\"Aivlisoft Inform\u00e1tica\"},\"image\":{\"@id\":\"https:\/\/aivlisoft.net\/shop\/#\/schema\/logo\/image\/\"}}]}<\/script>\n<!-- \/ Yoast SEO plugin. -->","yoast_head_json":{"title":"D-Link DGS-1520-28MP\/E Switch 20xGbE PoE 2x10 SFP+ - Aivlisoft Inform\u00e1tica","robots":{"index":"index","follow":"follow","max-snippet":"max-snippet:-1","max-image-preview":"max-image-preview:large","max-video-preview":"max-video-preview:-1"},"canonical":"https:\/\/aivlisoft.net\/shop\/producto\/d-link-dgs-1520-28mp-e-switch-20xgbe-poe-2x10-sfp\/","og_locale":"es_ES","og_type":"article","og_title":"D-Link DGS-1520-28MP\/E Switch 20xGbE PoE 2x10 SFP+ - Aivlisoft Inform\u00e1tica","og_description":"&nbsp; Marca D-Link Modelo DGS-1520-28MP\/E Caracter&iacute;sticas Hardware General &#8211; Versi&oacute;n de hardware: A1 &#8211; Tama&ntilde;o:&nbsp; Ancho de rack est&aacute;ndar de 19&rdquo;, altura de 1U &#8211; Interfaces: &nbsp; 20 x 10\/100\/1000BASE-T PoE &nbsp; 2 x 10GBASE-T &nbsp; 2 x 10G SFP+ &#8211; Est&aacute;ndares de los puertos: &nbsp; IEEE 802.3 10BASE-T Ethernet (cobre de par trenzado) &nbsp;&hellip;&nbsp;D-Link DGS-1520-28MP\/E Switch 20xGbE PoE 2&#215;10 SFP+","og_url":"https:\/\/aivlisoft.net\/shop\/producto\/d-link-dgs-1520-28mp-e-switch-20xgbe-poe-2x10-sfp\/","og_site_name":"Aivlisoft Inform\u00e1tica","article_modified_time":"2025-01-14T11:52:31+00:00","og_image":[{"width":800,"height":800,"url":"https:\/\/aivlisoft.net\/shop\/wp-content\/uploads\/2025\/01\/NSWSAR0385_800.jpg","type":"image\/jpeg"}],"twitter_card":"summary_large_image","twitter_misc":{"Tiempo de lectura":"7 minutos"},"schema":{"@context":"https:\/\/schema.org","@graph":[{"@type":"WebPage","@id":"https:\/\/aivlisoft.net\/shop\/producto\/d-link-dgs-1520-28mp-e-switch-20xgbe-poe-2x10-sfp\/","url":"https:\/\/aivlisoft.net\/shop\/producto\/d-link-dgs-1520-28mp-e-switch-20xgbe-poe-2x10-sfp\/","name":"D-Link DGS-1520-28MP\/E Switch 20xGbE PoE 2x10 SFP+ - Aivlisoft Inform\u00e1tica","isPartOf":{"@id":"https:\/\/aivlisoft.net\/shop\/#website"},"primaryImageOfPage":{"@id":"https:\/\/aivlisoft.net\/shop\/producto\/d-link-dgs-1520-28mp-e-switch-20xgbe-poe-2x10-sfp\/#primaryimage"},"image":{"@id":"https:\/\/aivlisoft.net\/shop\/producto\/d-link-dgs-1520-28mp-e-switch-20xgbe-poe-2x10-sfp\/#primaryimage"},"thumbnailUrl":"https:\/\/aivlisoft.net\/shop\/wp-content\/uploads\/2025\/01\/NSWSAR0385_800.jpg","datePublished":"2025-01-13T15:46:21+00:00","dateModified":"2025-01-14T11:52:31+00:00","breadcrumb":{"@id":"https:\/\/aivlisoft.net\/shop\/producto\/d-link-dgs-1520-28mp-e-switch-20xgbe-poe-2x10-sfp\/#breadcrumb"},"inLanguage":"es","potentialAction":[{"@type":"ReadAction","target":["https:\/\/aivlisoft.net\/shop\/producto\/d-link-dgs-1520-28mp-e-switch-20xgbe-poe-2x10-sfp\/"]}]},{"@type":"ImageObject","inLanguage":"es","@id":"https:\/\/aivlisoft.net\/shop\/producto\/d-link-dgs-1520-28mp-e-switch-20xgbe-poe-2x10-sfp\/#primaryimage","url":"https:\/\/aivlisoft.net\/shop\/wp-content\/uploads\/2025\/01\/NSWSAR0385_800.jpg","contentUrl":"https:\/\/aivlisoft.net\/shop\/wp-content\/uploads\/2025\/01\/NSWSAR0385_800.jpg","width":800,"height":800},{"@type":"BreadcrumbList","@id":"https:\/\/aivlisoft.net\/shop\/producto\/d-link-dgs-1520-28mp-e-switch-20xgbe-poe-2x10-sfp\/#breadcrumb","itemListElement":[{"@type":"ListItem","position":1,"name":"Portada","item":"https:\/\/aivlisoft.net\/shop\/"},{"@type":"ListItem","position":2,"name":"Tienda","item":"https:\/\/aivlisoft.net\/shop\/tienda\/"},{"@type":"ListItem","position":3,"name":"D-Link DGS-1520-28MP\/E Switch 20xGbE PoE 2&#215;10 SFP+"}]},{"@type":"WebSite","@id":"https:\/\/aivlisoft.net\/shop\/#website","url":"https:\/\/aivlisoft.net\/shop\/","name":"Aivlisoft Inform\u00e1tica","description":"En Aivlisoft Inform\u00e1tica ofrecemos soluciones tecnol\u00f3gicas para empresas: venta de ordenadores, consumibles, perif\u00e9ricos y m\u00e1s. Calidad, atenci\u00f3n personalizada y los mejores precios para tu negocio.","publisher":{"@id":"https:\/\/aivlisoft.net\/shop\/#organization"},"potentialAction":[{"@type":"SearchAction","target":{"@type":"EntryPoint","urlTemplate":"https:\/\/aivlisoft.net\/shop\/?s={search_term_string}"},"query-input":{"@type":"PropertyValueSpecification","valueRequired":true,"valueName":"search_term_string"}}],"inLanguage":"es"},{"@type":"Organization","@id":"https:\/\/aivlisoft.net\/shop\/#organization","name":"Aivlisoft Inform\u00e1tica","url":"https:\/\/aivlisoft.net\/shop\/","logo":{"@type":"ImageObject","inLanguage":"es","@id":"https:\/\/aivlisoft.net\/shop\/#\/schema\/logo\/image\/","url":"https:\/\/aivlisoft.net\/shop\/wp-content\/uploads\/2024\/12\/removal.ai_5b848c54-0cdf-4140-95c5-c5536bb7573b-logodef.png","contentUrl":"https:\/\/aivlisoft.net\/shop\/wp-content\/uploads\/2024\/12\/removal.ai_5b848c54-0cdf-4140-95c5-c5536bb7573b-logodef.png","width":484,"height":182,"caption":"Aivlisoft Inform\u00e1tica"},"image":{"@id":"https:\/\/aivlisoft.net\/shop\/#\/schema\/logo\/image\/"}}]}},"_links":{"self":[{"href":"https:\/\/aivlisoft.net\/shop\/wp-json\/wp\/v2\/product\/20761","targetHints":{"allow":["GET"]}}],"collection":[{"href":"https:\/\/aivlisoft.net\/shop\/wp-json\/wp\/v2\/product"}],"about":[{"href":"https:\/\/aivlisoft.net\/shop\/wp-json\/wp\/v2\/types\/product"}],"wp:featuredmedia":[{"embeddable":true,"href":"https:\/\/aivlisoft.net\/shop\/wp-json\/wp\/v2\/media\/20762"}],"wp:attachment":[{"href":"https:\/\/aivlisoft.net\/shop\/wp-json\/wp\/v2\/media?parent=20761"}],"wp:term":[{"taxonomy":"product_brand","embeddable":true,"href":"https:\/\/aivlisoft.net\/shop\/wp-json\/wp\/v2\/product_brand?post=20761"},{"taxonomy":"product_cat","embeddable":true,"href":"https:\/\/aivlisoft.net\/shop\/wp-json\/wp\/v2\/product_cat?post=20761"},{"taxonomy":"product_tag","embeddable":true,"href":"https:\/\/aivlisoft.net\/shop\/wp-json\/wp\/v2\/product_tag?post=20761"}],"curies":[{"name":"wp","href":"https:\/\/api.w.org\/{rel}","templated":true}]}}