{"id":20667,"date":"2025-01-13T15:45:22","date_gmt":"2025-01-13T15:45:22","guid":{"rendered":"https:\/\/aivlisoft.com\/?post_type=product&#038;p=20667"},"modified":"2025-01-14T11:52:01","modified_gmt":"2025-01-14T11:52:01","slug":"d-link-dgs-1210-28-me-e-switch-24xgbe-4xsfp","status":"publish","type":"product","link":"https:\/\/aivlisoft.net\/shop\/producto\/d-link-dgs-1210-28-me-e-switch-24xgbe-4xsfp\/","title":{"rendered":"D-Link DGS-1210-28\/ME\/E Switch 24xGbE 4xSFP"},"content":{"rendered":"<p>&nbsp;<\/p>\n<table class=\"tabla_caracteristicas k-table\" width=\"100%\">\n<tr>\n<td valign=\"top\" width=\"35%\"><strong>Marca<\/strong><\/td>\n<td valign=\"top\">D-Link<\/td>\n<\/tr>\n<tr>\n<td valign=\"top\" width=\"35%\"><strong>Modelo<\/strong><\/td>\n<td valign=\"top\"><strong>DGS-1210-28\/ME\/E<\/strong><\/td>\n<\/tr>\n<tr>\n<td valign=\"top\"><strong>Interfaces<\/strong><\/td>\n<td valign=\"top\">&#8211; Tama&ntilde;o<br \/>\t\t\t&nbsp; Ancho de montaje en rack est&aacute;ndar de 19 pulgadas<br \/>\t\t\t&nbsp; 1U de altura<br \/>\t\t\t&#8211; Interfaces<br \/>\t\t\t&nbsp; <strong>24<\/strong> 10\/100\/1000BASE-T<br \/>\t\t\t&nbsp; <strong>4<\/strong> 1G SFP<br \/>\t\t\t&#8211; Puerto de consola: puerto de consola RJ-45<br \/>\t\t\t&#8211; Otros est&aacute;ndares y funciones portuarias<br \/>\t\t\t&nbsp; IEEE 802.3i 10BASE-T Ethernet (cobre de par trenzado)<br \/>\t\t\t&nbsp; IEEE 802.3u 100BASE-TX Fast Ethernet (cobre de par trenzado)<br \/>\t\t\t&nbsp; IEEE 802.3ab 1000BASE-T Gigabit Ethernet (cobre de par trenzado)<br \/>\t\t\t&nbsp; Cumplimiento con IEEE 802.3az<br \/>\t\t\t&nbsp; Autonegociaci&oacute;n<br \/>\t\t\t&nbsp; Control de flujo IEEE 802.3x<br \/>\t\t\t&nbsp; Fibra Gigabit IEEE 802.3z 1000BASE-X<br \/>\t\t\t&#8211; Cables de Red: UTP Cat. 5, gato. 5e (100 m m&aacute;x.)<br \/>\t\t\t&#8211; Completo\/Semid&uacute;plex<br \/>\t\t\t&nbsp; Full\/half-duplex para velocidades de 10\/100 Mbps<br \/>\t\t\t&nbsp; D&uacute;plex completo para una velocidad de 1000 Mbps<br \/>\t\t\t&#8211; Intercambio de interfaz de medios: ajuste autom&aacute;tico de MDI\/MDIX para todos los puertos de par trenzado<br \/>\t\t\t&#8211; LED: Alimentaci&oacute;n\/Consola\/Error de ventilador (si tiene ventilador) (por dispositivo), Enlace\/Activo\/Velocidad (por puerto)<br \/>\t\t\t<strong>Rendimiento<\/strong><br \/>\t\t\t&#8211; Capacidad de conmutaci&oacute;n: 56 Gbps<br \/>\t\t\t&#8211; M&aacute;x. de 64 bytes. Tasa de reenv&iacute;o: 41,7 Mpps<br \/>\t\t\t&#8211; Tama&ntilde;o de la tabla de direcciones MAC: 16K entradas<br \/>\t\t\t&#8211; Memoria de la CPU: 256 MB DDR3<br \/>\t\t\t&#8211; B&uacute;fer de paquetes: 1,5 MB<br \/>\t\t\t&#8211; Memoria flash: 32 MB<\/td>\n<\/tr>\n<tr>\n<td valign=\"top\"><strong>Especificaciones<\/strong><\/td>\n<td valign=\"top\">&#8211; MTBF: 497.918 horas<br \/>\t\t\t&#8211; Disipaci&oacute;n de calor: 60,12 BTU\/h<br \/>\t\t\t<strong>Medidas y peso <\/strong><br \/>\t\t\t&#8211; Dimensiones: 440 x 140 x 44 mm<br \/>\t\t\t&#8211; Peso: 2.21 kg<br \/>\t\t\t<strong>Entorno<\/strong><br \/>\t\t\t&#8211; Temperatura de funcionamiento: -5 a 50 &deg;C (23 a 122 &deg;F)<br \/>\t\t\t&#8211; Temperatura de almacenamiento: -40 a 70 &deg;C (-40 a 158 &deg;F)<br \/>\t\t\t&#8211; Humedad de funcionamiento: 10 % a 90 % sin condensaci&oacute;n<br \/>\t\t\t&#8211; Humedad de almacenamiento: 5 % a 90 % sin condensaci&oacute;n<br \/>\t\t\t<strong>Alimentaci&oacute;n<\/strong><br \/>\t\t\t&#8211; Entrada de alimentaci&oacute;n Entrada de CA: 100 a 240 V CA, 50\/60 Hz<br \/>\t\t\t&#8211; Consumo m&aacute;ximo de energ&iacute;a: 19,14 W<br \/>\t\t\t&#8211; Consumo de energ&iacute;a en espera: 8,21 W<br \/>\t\t\t&#8211; Protecci&oacute;n contra sobretensiones: todos los puertos Gigabit Ethernet admiten protecci&oacute;n contra sobretensiones IEC 61000-4-5<br \/>\t\t\t&#8211; No incluye enchufe ingl&eacute;s<br \/>\t\t\t<strong>Normas<\/strong><br \/>\t\t\t&#8211; EMI: FCC clase A, CE clase A, VCCI, BSMI, CCC<br \/>\t\t\t&#8211; Certificaciones de seguridad: CE, LVD, UL, CB<\/td>\n<\/tr>\n<tr>\n<td valign=\"top\"><strong>Fecha de revisi&oacute;n<\/strong><\/td>\n<td valign=\"top\">24-10-2022 por MPM<\/td>\n<\/tr>\n<\/table>\n","protected":false},"excerpt":{"rendered":"<p>&nbsp; Marca D-Link Modelo DGS-1210-28\/ME\/E Interfaces &#8211; Tama&ntilde;o &nbsp; Ancho de montaje en rack est&aacute;ndar de 19 pulgadas &nbsp; 1U de altura &#8211; Interfaces &nbsp; 24 10\/100\/1000BASE-T &nbsp; 4 1G SFP &#8211; Puerto de consola: puerto de consola RJ-45 &#8211; Otros est&aacute;ndares y funciones portuarias &nbsp; IEEE 802.3i 10BASE-T Ethernet (cobre de par trenzado) &nbsp;&hellip;&nbsp;<a href=\"https:\/\/aivlisoft.net\/shop\/producto\/d-link-dgs-1210-28-me-e-switch-24xgbe-4xsfp\/\" rel=\"bookmark\"><span class=\"screen-reader-text\">D-Link DGS-1210-28\/ME\/E Switch 24xGbE 4xSFP<\/span><\/a><\/p>\n","protected":false},"featured_media":20668,"template":"","meta":{"neve_meta_sidebar":"","neve_meta_container":"","neve_meta_enable_content_width":"","neve_meta_content_width":0,"neve_meta_title_alignment":"","neve_meta_author_avatar":"","neve_post_elements_order":"","neve_meta_disable_header":"","neve_meta_disable_footer":"","neve_meta_disable_title":""},"product_brand":[],"product_cat":[8771],"product_tag":[7363],"class_list":{"0":"post-20667","1":"product","2":"type-product","3":"status-publish","4":"has-post-thumbnail","6":"product_cat-switches-armario","7":"product_tag-dgs-1210-28-me-e","9":"first","10":"instock","11":"taxable","12":"shipping-taxable","13":"purchasable","14":"product-type-simple"},"yoast_head":"<!-- This site is optimized with the Yoast SEO plugin v26.0 - https:\/\/yoast.com\/wordpress\/plugins\/seo\/ -->\n<title>D-Link DGS-1210-28\/ME\/E Switch 24xGbE 4xSFP - Aivlisoft Inform\u00e1tica<\/title>\n<meta name=\"robots\" content=\"index, follow, max-snippet:-1, max-image-preview:large, max-video-preview:-1\" \/>\n<link rel=\"canonical\" href=\"https:\/\/aivlisoft.net\/shop\/producto\/d-link-dgs-1210-28-me-e-switch-24xgbe-4xsfp\/\" \/>\n<meta property=\"og:locale\" content=\"es_ES\" \/>\n<meta property=\"og:type\" content=\"article\" \/>\n<meta property=\"og:title\" content=\"D-Link DGS-1210-28\/ME\/E Switch 24xGbE 4xSFP - Aivlisoft Inform\u00e1tica\" \/>\n<meta property=\"og:description\" content=\"&nbsp; Marca D-Link Modelo DGS-1210-28\/ME\/E Interfaces &#8211; Tama&ntilde;o &nbsp; Ancho de montaje en rack est&aacute;ndar de 19 pulgadas &nbsp; 1U de altura &#8211; Interfaces &nbsp; 24 10\/100\/1000BASE-T &nbsp; 4 1G SFP &#8211; Puerto de consola: puerto de consola RJ-45 &#8211; Otros est&aacute;ndares y funciones portuarias &nbsp; IEEE 802.3i 10BASE-T Ethernet (cobre de par trenzado) &nbsp;&hellip;&nbsp;D-Link DGS-1210-28\/ME\/E Switch 24xGbE 4xSFP\" \/>\n<meta property=\"og:url\" content=\"https:\/\/aivlisoft.net\/shop\/producto\/d-link-dgs-1210-28-me-e-switch-24xgbe-4xsfp\/\" \/>\n<meta property=\"og:site_name\" content=\"Aivlisoft Inform\u00e1tica\" \/>\n<meta property=\"article:modified_time\" content=\"2025-01-14T11:52:01+00:00\" \/>\n<meta property=\"og:image\" content=\"https:\/\/aivlisoft.net\/shop\/wp-content\/uploads\/2025\/01\/NSWSAR0355_800.jpg\" \/>\n\t<meta property=\"og:image:width\" content=\"800\" \/>\n\t<meta property=\"og:image:height\" content=\"800\" \/>\n\t<meta property=\"og:image:type\" content=\"image\/jpeg\" \/>\n<meta name=\"twitter:card\" content=\"summary_large_image\" \/>\n<meta name=\"twitter:label1\" content=\"Tiempo de lectura\" \/>\n\t<meta name=\"twitter:data1\" content=\"2 minutos\" \/>\n<script type=\"application\/ld+json\" class=\"yoast-schema-graph\">{\"@context\":\"https:\/\/schema.org\",\"@graph\":[{\"@type\":\"WebPage\",\"@id\":\"https:\/\/aivlisoft.net\/shop\/producto\/d-link-dgs-1210-28-me-e-switch-24xgbe-4xsfp\/\",\"url\":\"https:\/\/aivlisoft.net\/shop\/producto\/d-link-dgs-1210-28-me-e-switch-24xgbe-4xsfp\/\",\"name\":\"D-Link DGS-1210-28\/ME\/E Switch 24xGbE 4xSFP - Aivlisoft Inform\u00e1tica\",\"isPartOf\":{\"@id\":\"https:\/\/aivlisoft.net\/shop\/#website\"},\"primaryImageOfPage\":{\"@id\":\"https:\/\/aivlisoft.net\/shop\/producto\/d-link-dgs-1210-28-me-e-switch-24xgbe-4xsfp\/#primaryimage\"},\"image\":{\"@id\":\"https:\/\/aivlisoft.net\/shop\/producto\/d-link-dgs-1210-28-me-e-switch-24xgbe-4xsfp\/#primaryimage\"},\"thumbnailUrl\":\"https:\/\/aivlisoft.net\/shop\/wp-content\/uploads\/2025\/01\/NSWSAR0355_800.jpg\",\"datePublished\":\"2025-01-13T15:45:22+00:00\",\"dateModified\":\"2025-01-14T11:52:01+00:00\",\"breadcrumb\":{\"@id\":\"https:\/\/aivlisoft.net\/shop\/producto\/d-link-dgs-1210-28-me-e-switch-24xgbe-4xsfp\/#breadcrumb\"},\"inLanguage\":\"es\",\"potentialAction\":[{\"@type\":\"ReadAction\",\"target\":[\"https:\/\/aivlisoft.net\/shop\/producto\/d-link-dgs-1210-28-me-e-switch-24xgbe-4xsfp\/\"]}]},{\"@type\":\"ImageObject\",\"inLanguage\":\"es\",\"@id\":\"https:\/\/aivlisoft.net\/shop\/producto\/d-link-dgs-1210-28-me-e-switch-24xgbe-4xsfp\/#primaryimage\",\"url\":\"https:\/\/aivlisoft.net\/shop\/wp-content\/uploads\/2025\/01\/NSWSAR0355_800.jpg\",\"contentUrl\":\"https:\/\/aivlisoft.net\/shop\/wp-content\/uploads\/2025\/01\/NSWSAR0355_800.jpg\",\"width\":800,\"height\":800},{\"@type\":\"BreadcrumbList\",\"@id\":\"https:\/\/aivlisoft.net\/shop\/producto\/d-link-dgs-1210-28-me-e-switch-24xgbe-4xsfp\/#breadcrumb\",\"itemListElement\":[{\"@type\":\"ListItem\",\"position\":1,\"name\":\"Portada\",\"item\":\"https:\/\/aivlisoft.net\/shop\/\"},{\"@type\":\"ListItem\",\"position\":2,\"name\":\"Tienda\",\"item\":\"https:\/\/aivlisoft.net\/shop\/tienda\/\"},{\"@type\":\"ListItem\",\"position\":3,\"name\":\"D-Link DGS-1210-28\/ME\/E Switch 24xGbE 4xSFP\"}]},{\"@type\":\"WebSite\",\"@id\":\"https:\/\/aivlisoft.net\/shop\/#website\",\"url\":\"https:\/\/aivlisoft.net\/shop\/\",\"name\":\"Aivlisoft Inform\u00e1tica\",\"description\":\"En Aivlisoft Inform\u00e1tica ofrecemos soluciones tecnol\u00f3gicas para empresas: venta de ordenadores, consumibles, perif\u00e9ricos y m\u00e1s. Calidad, atenci\u00f3n personalizada y los mejores precios para tu negocio.\",\"publisher\":{\"@id\":\"https:\/\/aivlisoft.net\/shop\/#organization\"},\"potentialAction\":[{\"@type\":\"SearchAction\",\"target\":{\"@type\":\"EntryPoint\",\"urlTemplate\":\"https:\/\/aivlisoft.net\/shop\/?s={search_term_string}\"},\"query-input\":{\"@type\":\"PropertyValueSpecification\",\"valueRequired\":true,\"valueName\":\"search_term_string\"}}],\"inLanguage\":\"es\"},{\"@type\":\"Organization\",\"@id\":\"https:\/\/aivlisoft.net\/shop\/#organization\",\"name\":\"Aivlisoft Inform\u00e1tica\",\"url\":\"https:\/\/aivlisoft.net\/shop\/\",\"logo\":{\"@type\":\"ImageObject\",\"inLanguage\":\"es\",\"@id\":\"https:\/\/aivlisoft.net\/shop\/#\/schema\/logo\/image\/\",\"url\":\"https:\/\/aivlisoft.net\/shop\/wp-content\/uploads\/2024\/12\/removal.ai_5b848c54-0cdf-4140-95c5-c5536bb7573b-logodef.png\",\"contentUrl\":\"https:\/\/aivlisoft.net\/shop\/wp-content\/uploads\/2024\/12\/removal.ai_5b848c54-0cdf-4140-95c5-c5536bb7573b-logodef.png\",\"width\":484,\"height\":182,\"caption\":\"Aivlisoft Inform\u00e1tica\"},\"image\":{\"@id\":\"https:\/\/aivlisoft.net\/shop\/#\/schema\/logo\/image\/\"}}]}<\/script>\n<!-- \/ Yoast SEO plugin. -->","yoast_head_json":{"title":"D-Link DGS-1210-28\/ME\/E Switch 24xGbE 4xSFP - Aivlisoft Inform\u00e1tica","robots":{"index":"index","follow":"follow","max-snippet":"max-snippet:-1","max-image-preview":"max-image-preview:large","max-video-preview":"max-video-preview:-1"},"canonical":"https:\/\/aivlisoft.net\/shop\/producto\/d-link-dgs-1210-28-me-e-switch-24xgbe-4xsfp\/","og_locale":"es_ES","og_type":"article","og_title":"D-Link DGS-1210-28\/ME\/E Switch 24xGbE 4xSFP - Aivlisoft Inform\u00e1tica","og_description":"&nbsp; Marca D-Link Modelo DGS-1210-28\/ME\/E Interfaces &#8211; Tama&ntilde;o &nbsp; Ancho de montaje en rack est&aacute;ndar de 19 pulgadas &nbsp; 1U de altura &#8211; Interfaces &nbsp; 24 10\/100\/1000BASE-T &nbsp; 4 1G SFP &#8211; Puerto de consola: puerto de consola RJ-45 &#8211; Otros est&aacute;ndares y funciones portuarias &nbsp; IEEE 802.3i 10BASE-T Ethernet (cobre de par trenzado) &nbsp;&hellip;&nbsp;D-Link DGS-1210-28\/ME\/E Switch 24xGbE 4xSFP","og_url":"https:\/\/aivlisoft.net\/shop\/producto\/d-link-dgs-1210-28-me-e-switch-24xgbe-4xsfp\/","og_site_name":"Aivlisoft Inform\u00e1tica","article_modified_time":"2025-01-14T11:52:01+00:00","og_image":[{"width":800,"height":800,"url":"https:\/\/aivlisoft.net\/shop\/wp-content\/uploads\/2025\/01\/NSWSAR0355_800.jpg","type":"image\/jpeg"}],"twitter_card":"summary_large_image","twitter_misc":{"Tiempo de lectura":"2 minutos"},"schema":{"@context":"https:\/\/schema.org","@graph":[{"@type":"WebPage","@id":"https:\/\/aivlisoft.net\/shop\/producto\/d-link-dgs-1210-28-me-e-switch-24xgbe-4xsfp\/","url":"https:\/\/aivlisoft.net\/shop\/producto\/d-link-dgs-1210-28-me-e-switch-24xgbe-4xsfp\/","name":"D-Link DGS-1210-28\/ME\/E Switch 24xGbE 4xSFP - Aivlisoft Inform\u00e1tica","isPartOf":{"@id":"https:\/\/aivlisoft.net\/shop\/#website"},"primaryImageOfPage":{"@id":"https:\/\/aivlisoft.net\/shop\/producto\/d-link-dgs-1210-28-me-e-switch-24xgbe-4xsfp\/#primaryimage"},"image":{"@id":"https:\/\/aivlisoft.net\/shop\/producto\/d-link-dgs-1210-28-me-e-switch-24xgbe-4xsfp\/#primaryimage"},"thumbnailUrl":"https:\/\/aivlisoft.net\/shop\/wp-content\/uploads\/2025\/01\/NSWSAR0355_800.jpg","datePublished":"2025-01-13T15:45:22+00:00","dateModified":"2025-01-14T11:52:01+00:00","breadcrumb":{"@id":"https:\/\/aivlisoft.net\/shop\/producto\/d-link-dgs-1210-28-me-e-switch-24xgbe-4xsfp\/#breadcrumb"},"inLanguage":"es","potentialAction":[{"@type":"ReadAction","target":["https:\/\/aivlisoft.net\/shop\/producto\/d-link-dgs-1210-28-me-e-switch-24xgbe-4xsfp\/"]}]},{"@type":"ImageObject","inLanguage":"es","@id":"https:\/\/aivlisoft.net\/shop\/producto\/d-link-dgs-1210-28-me-e-switch-24xgbe-4xsfp\/#primaryimage","url":"https:\/\/aivlisoft.net\/shop\/wp-content\/uploads\/2025\/01\/NSWSAR0355_800.jpg","contentUrl":"https:\/\/aivlisoft.net\/shop\/wp-content\/uploads\/2025\/01\/NSWSAR0355_800.jpg","width":800,"height":800},{"@type":"BreadcrumbList","@id":"https:\/\/aivlisoft.net\/shop\/producto\/d-link-dgs-1210-28-me-e-switch-24xgbe-4xsfp\/#breadcrumb","itemListElement":[{"@type":"ListItem","position":1,"name":"Portada","item":"https:\/\/aivlisoft.net\/shop\/"},{"@type":"ListItem","position":2,"name":"Tienda","item":"https:\/\/aivlisoft.net\/shop\/tienda\/"},{"@type":"ListItem","position":3,"name":"D-Link DGS-1210-28\/ME\/E Switch 24xGbE 4xSFP"}]},{"@type":"WebSite","@id":"https:\/\/aivlisoft.net\/shop\/#website","url":"https:\/\/aivlisoft.net\/shop\/","name":"Aivlisoft Inform\u00e1tica","description":"En Aivlisoft Inform\u00e1tica ofrecemos soluciones tecnol\u00f3gicas para empresas: venta de ordenadores, consumibles, perif\u00e9ricos y m\u00e1s. Calidad, atenci\u00f3n personalizada y los mejores precios para tu negocio.","publisher":{"@id":"https:\/\/aivlisoft.net\/shop\/#organization"},"potentialAction":[{"@type":"SearchAction","target":{"@type":"EntryPoint","urlTemplate":"https:\/\/aivlisoft.net\/shop\/?s={search_term_string}"},"query-input":{"@type":"PropertyValueSpecification","valueRequired":true,"valueName":"search_term_string"}}],"inLanguage":"es"},{"@type":"Organization","@id":"https:\/\/aivlisoft.net\/shop\/#organization","name":"Aivlisoft Inform\u00e1tica","url":"https:\/\/aivlisoft.net\/shop\/","logo":{"@type":"ImageObject","inLanguage":"es","@id":"https:\/\/aivlisoft.net\/shop\/#\/schema\/logo\/image\/","url":"https:\/\/aivlisoft.net\/shop\/wp-content\/uploads\/2024\/12\/removal.ai_5b848c54-0cdf-4140-95c5-c5536bb7573b-logodef.png","contentUrl":"https:\/\/aivlisoft.net\/shop\/wp-content\/uploads\/2024\/12\/removal.ai_5b848c54-0cdf-4140-95c5-c5536bb7573b-logodef.png","width":484,"height":182,"caption":"Aivlisoft Inform\u00e1tica"},"image":{"@id":"https:\/\/aivlisoft.net\/shop\/#\/schema\/logo\/image\/"}}]}},"_links":{"self":[{"href":"https:\/\/aivlisoft.net\/shop\/wp-json\/wp\/v2\/product\/20667","targetHints":{"allow":["GET"]}}],"collection":[{"href":"https:\/\/aivlisoft.net\/shop\/wp-json\/wp\/v2\/product"}],"about":[{"href":"https:\/\/aivlisoft.net\/shop\/wp-json\/wp\/v2\/types\/product"}],"wp:featuredmedia":[{"embeddable":true,"href":"https:\/\/aivlisoft.net\/shop\/wp-json\/wp\/v2\/media\/20668"}],"wp:attachment":[{"href":"https:\/\/aivlisoft.net\/shop\/wp-json\/wp\/v2\/media?parent=20667"}],"wp:term":[{"taxonomy":"product_brand","embeddable":true,"href":"https:\/\/aivlisoft.net\/shop\/wp-json\/wp\/v2\/product_brand?post=20667"},{"taxonomy":"product_cat","embeddable":true,"href":"https:\/\/aivlisoft.net\/shop\/wp-json\/wp\/v2\/product_cat?post=20667"},{"taxonomy":"product_tag","embeddable":true,"href":"https:\/\/aivlisoft.net\/shop\/wp-json\/wp\/v2\/product_tag?post=20667"}],"curies":[{"name":"wp","href":"https:\/\/api.w.org\/{rel}","templated":true}]}}