{"id":20632,"date":"2025-01-13T15:45:00","date_gmt":"2025-01-13T15:45:00","guid":{"rendered":"https:\/\/aivlisoft.com\/?post_type=product&#038;p=20632"},"modified":"2025-01-14T11:51:51","modified_gmt":"2025-01-14T11:51:51","slug":"d-link-dgs-1210-52mp-e-switch-48xgb-poe-4xsfp-comb","status":"publish","type":"product","link":"https:\/\/aivlisoft.net\/shop\/producto\/d-link-dgs-1210-52mp-e-switch-48xgb-poe-4xsfp-comb\/","title":{"rendered":"D-Link DGS-1210-52MP\/E Switch 48xGb PoE 4xSFP Comb"},"content":{"rendered":"<p>&nbsp;<\/p>\n<table class=\"tabla_caracteristicas\" width=\"100%\">\n<tr>\n<td><strong>Marca<\/strong><\/td>\n<td>D-Link<\/td>\n<\/tr>\n<tr>\n<td><strong>Modelo<\/strong><\/td>\n<td><strong>DGS-1210-52MP\/E<\/strong><\/td>\n<\/tr>\n<tr>\n<td valign=\"top\"><strong>Caracter&iacute;sticas<\/strong><\/td>\n<td>\n<div>&#8211; Puertos 10\/100 \/1000BASE-TX: <strong>48 puertos<\/strong><br \/>\t\t\t&#8211; Puertos SFP: <strong>4 Puertos<\/strong><\/div>\n<div>\n<div>&#8211; Capacidad de switch: 104 Gbps<br \/>\t\t\t&#8211; Tama&ntilde;o de la tabla de direcciones MAC: 16K<br \/>\t\t\t&#8211; Buffer de paquetes: 3 MB por dispositivo<br \/>\t\t\t&#8211; Consumo(Standby\/M&aacute;ximo): 48.9W \/ 483.1W (PoE)<br \/>\t\t\t&#8211; Dimensiones: 440 x 430 x 44 mm<br \/>\t\t\t&#8211; Peso: 5.78 kg<br \/>\t\t\t&#8211; Ventilaci&oacute;n: Ventilador inteligente<br \/>\t\t\t&#8211; Temperatura:<br \/>\t\t\t&nbsp; Operaci&oacute;n: -5&deg; a 50&deg;C (23&deg; a 112&deg;F)<br \/>\t\t\t&nbsp; Almacenamiento: -20&deg; a 70&deg;C (-4&deg; a 158&deg;F)<br \/>\t\t\t&#8211; Humedad<br \/>\t\t\t&nbsp; Operaci&oacute;n: 0% ~ 95% sin condensaci&oacute;n<br \/>\t\t\t&nbsp; Almacenamieno: 0% ~ 95% sin condensaci&oacute;n<br \/>\t\t\t&#8211; Certificaci&oacute;n: CE Class A, VCCI Class A, FCC<\/div>\n<div>&nbsp; Class A, cUL, CE (LVD), BSMI, CCC, C-Tick<\/div>\n<div><strong>L2 Features<\/strong><br \/>\t\t\tMAC Address Table<br \/>\t\t\t&#8211; 16K entries<br \/>\t\t\tIGMP Snooping<br \/>\t\t\t&#8211; IGMP v1\/v2 Snooping<br \/>\t\t\t&#8211; Supports 256 IGMP groups<br \/>\t\t\t&#8211; Supports at least 64 static multicast addresses<br \/>\t\t\t&#8211; IGMP per VLAN<br \/>\t\t\t&#8211; Supports IGMP Snooping Querier<br \/>\t\t\tLoopback Detection<br \/>\t\t\t802.3ad Link Aggregation:<br \/>\t\t\t&#8211; DGS-1210 28\/28P:&nbsp; Maximum of 14 groups\/8 ports per group<br \/>\t\t\t&#8211; DGS-1210 52\/52MP\/52P: Maximum of 26 groups\/8 ports per group<br \/>\t\t\t&#8211; DGS-1210 -10\/10P: Maximum of 5 groups\/8 ports per group<br \/>\t\t\tLLDP<br \/>\t\t\tLLDP-MED<br \/>\t\t\tJumbo Frame<br \/>\t\t\t&#8211; Up to 9,216 bytes<br \/>\t\t\tSpanning Tree Protocol<br \/>\t\t\t&#8211; 802.1D STP<br \/>\t\t\t&#8211; 802.1w RSTP<br \/>\t\t\tFlow Control<br \/>\t\t\t&#8211; 802.3x Flow Control<br \/>\t\t\t&#8211; HOL Blocking Prevention<br \/>\t\t\tPort Mirroring<br \/>\t\t\t&#8211; One-to-One<br \/>\t\t\t&#8211; Many-to-One<br \/>\t\t\t&#8211; Supports Mirroring for Tx\/Rx\/Both<br \/>\t\t\tMulticast Filtering<br \/>\t\t\t&#8211; Forwards all unregistered groups<br \/>\t\t\t&#8211; Filters all unregistered groups<br \/>\t\t\tConfigurable MDI\/MDIX<br \/>\t\t\t&#8211; MLD snooping v1\/v2 (256 groups)<br \/>\t\t\t<strong>VLAN<\/strong><br \/>\t\t\t802.1Q<br \/>\t\t\tVLAN Group<br \/>\t\t\t&#8211; Max. 256 static VLAN groups<br \/>\t\t\tConfigurable VID from 1 &#8211; 4094<br \/>\t\t\tAsymmetric VLAN<br \/>\t\t\tAuto Voice VLAN<br \/>\t\t\t&#8211; Max. 10 user-defined OUI<br \/>\t\t\t&#8211; Max. 8 default OUI<br \/>\t\t\tAuto Surveillance VLAN<\/div>\n<div>Quality of Service (QoS)<\/div>\n<div>802.1p Quality of Service<br \/>\t\t\t8 queues per port<br \/>\t\t\tQueue Handling<br \/>\t\t\t&#8211; Strict<br \/>\t\t\t&#8211; Weighted Round Robin (WRR)<br \/>\t\t\tBandwidth Control<br \/>\t\t\t&#8211; Port-based (Ingress\/Egress, min granularity 10\/100\/1000 is 64 Kbps)<br \/>\t\t\tQoS based on:<br \/>\t\t\t&#8211; 802.1p Priority Queues<br \/>\t\t\t&#8211; DSCP<br \/>\t\t\t&#8211; ToS<br \/>\t\t\t&#8211; IPv6 Traffic Class<br \/>\t\t\t&#8211; TCP\/UDP port<\/div>\n<\/p><\/div>\n<\/td>\n<\/tr>\n<tr>\n<td><strong>Fecha Revisi&oacute;n<\/strong><\/td>\n<td>13-06-2022 por MPM<\/td>\n<\/tr>\n<\/table>\n","protected":false},"excerpt":{"rendered":"<p>&nbsp; Marca D-Link Modelo DGS-1210-52MP\/E Caracter&iacute;sticas &#8211; Puertos 10\/100 \/1000BASE-TX: 48 puertos &#8211; Puertos SFP: 4 Puertos &#8211; Capacidad de switch: 104 Gbps &#8211; Tama&ntilde;o de la tabla de direcciones MAC: 16K &#8211; Buffer de paquetes: 3 MB por dispositivo &#8211; Consumo(Standby\/M&aacute;ximo): 48.9W \/ 483.1W (PoE) &#8211; Dimensiones: 440 x 430 x 44 mm &#8211;&hellip;&nbsp;<a href=\"https:\/\/aivlisoft.net\/shop\/producto\/d-link-dgs-1210-52mp-e-switch-48xgb-poe-4xsfp-comb\/\" rel=\"bookmark\"><span class=\"screen-reader-text\">D-Link DGS-1210-52MP\/E Switch 48xGb PoE 4xSFP Comb<\/span><\/a><\/p>\n","protected":false},"featured_media":20633,"template":"","meta":{"neve_meta_sidebar":"","neve_meta_container":"","neve_meta_enable_content_width":"","neve_meta_content_width":0,"neve_meta_title_alignment":"","neve_meta_author_avatar":"","neve_post_elements_order":"","neve_meta_disable_header":"","neve_meta_disable_footer":"","neve_meta_disable_title":""},"product_brand":[],"product_cat":[8771],"product_tag":[7352],"class_list":{"0":"post-20632","1":"product","2":"type-product","3":"status-publish","4":"has-post-thumbnail","6":"product_cat-switches-armario","7":"product_tag-dgs-1210-52mp-e","9":"first","10":"instock","11":"taxable","12":"shipping-taxable","13":"purchasable","14":"product-type-simple"},"yoast_head":"<!-- This site is optimized with the Yoast SEO plugin v26.0 - https:\/\/yoast.com\/wordpress\/plugins\/seo\/ -->\n<title>D-Link DGS-1210-52MP\/E Switch 48xGb PoE 4xSFP Comb - Aivlisoft Inform\u00e1tica<\/title>\n<meta name=\"robots\" content=\"index, follow, max-snippet:-1, max-image-preview:large, max-video-preview:-1\" \/>\n<link rel=\"canonical\" href=\"https:\/\/aivlisoft.net\/shop\/producto\/d-link-dgs-1210-52mp-e-switch-48xgb-poe-4xsfp-comb\/\" \/>\n<meta property=\"og:locale\" content=\"es_ES\" \/>\n<meta property=\"og:type\" content=\"article\" \/>\n<meta property=\"og:title\" content=\"D-Link DGS-1210-52MP\/E Switch 48xGb PoE 4xSFP Comb - Aivlisoft Inform\u00e1tica\" \/>\n<meta property=\"og:description\" content=\"&nbsp; Marca D-Link Modelo DGS-1210-52MP\/E Caracter&iacute;sticas &#8211; Puertos 10\/100 \/1000BASE-TX: 48 puertos &#8211; Puertos SFP: 4 Puertos &#8211; Capacidad de switch: 104 Gbps &#8211; Tama&ntilde;o de la tabla de direcciones MAC: 16K &#8211; Buffer de paquetes: 3 MB por dispositivo &#8211; Consumo(Standby\/M&aacute;ximo): 48.9W \/ 483.1W (PoE) &#8211; Dimensiones: 440 x 430 x 44 mm &#8211;&hellip;&nbsp;D-Link DGS-1210-52MP\/E Switch 48xGb PoE 4xSFP Comb\" \/>\n<meta property=\"og:url\" content=\"https:\/\/aivlisoft.net\/shop\/producto\/d-link-dgs-1210-52mp-e-switch-48xgb-poe-4xsfp-comb\/\" \/>\n<meta property=\"og:site_name\" content=\"Aivlisoft Inform\u00e1tica\" \/>\n<meta property=\"article:modified_time\" content=\"2025-01-14T11:51:51+00:00\" \/>\n<meta property=\"og:image\" content=\"https:\/\/aivlisoft.net\/shop\/wp-content\/uploads\/2025\/01\/NSWSAR0343_800.jpg\" \/>\n\t<meta property=\"og:image:width\" content=\"800\" \/>\n\t<meta property=\"og:image:height\" content=\"800\" \/>\n\t<meta property=\"og:image:type\" content=\"image\/jpeg\" \/>\n<meta name=\"twitter:card\" content=\"summary_large_image\" \/>\n<meta name=\"twitter:label1\" content=\"Tiempo de lectura\" \/>\n\t<meta name=\"twitter:data1\" content=\"2 minutos\" \/>\n<script type=\"application\/ld+json\" class=\"yoast-schema-graph\">{\"@context\":\"https:\/\/schema.org\",\"@graph\":[{\"@type\":\"WebPage\",\"@id\":\"https:\/\/aivlisoft.net\/shop\/producto\/d-link-dgs-1210-52mp-e-switch-48xgb-poe-4xsfp-comb\/\",\"url\":\"https:\/\/aivlisoft.net\/shop\/producto\/d-link-dgs-1210-52mp-e-switch-48xgb-poe-4xsfp-comb\/\",\"name\":\"D-Link DGS-1210-52MP\/E Switch 48xGb PoE 4xSFP Comb - Aivlisoft Inform\u00e1tica\",\"isPartOf\":{\"@id\":\"https:\/\/aivlisoft.net\/shop\/#website\"},\"primaryImageOfPage\":{\"@id\":\"https:\/\/aivlisoft.net\/shop\/producto\/d-link-dgs-1210-52mp-e-switch-48xgb-poe-4xsfp-comb\/#primaryimage\"},\"image\":{\"@id\":\"https:\/\/aivlisoft.net\/shop\/producto\/d-link-dgs-1210-52mp-e-switch-48xgb-poe-4xsfp-comb\/#primaryimage\"},\"thumbnailUrl\":\"https:\/\/aivlisoft.net\/shop\/wp-content\/uploads\/2025\/01\/NSWSAR0343_800.jpg\",\"datePublished\":\"2025-01-13T15:45:00+00:00\",\"dateModified\":\"2025-01-14T11:51:51+00:00\",\"breadcrumb\":{\"@id\":\"https:\/\/aivlisoft.net\/shop\/producto\/d-link-dgs-1210-52mp-e-switch-48xgb-poe-4xsfp-comb\/#breadcrumb\"},\"inLanguage\":\"es\",\"potentialAction\":[{\"@type\":\"ReadAction\",\"target\":[\"https:\/\/aivlisoft.net\/shop\/producto\/d-link-dgs-1210-52mp-e-switch-48xgb-poe-4xsfp-comb\/\"]}]},{\"@type\":\"ImageObject\",\"inLanguage\":\"es\",\"@id\":\"https:\/\/aivlisoft.net\/shop\/producto\/d-link-dgs-1210-52mp-e-switch-48xgb-poe-4xsfp-comb\/#primaryimage\",\"url\":\"https:\/\/aivlisoft.net\/shop\/wp-content\/uploads\/2025\/01\/NSWSAR0343_800.jpg\",\"contentUrl\":\"https:\/\/aivlisoft.net\/shop\/wp-content\/uploads\/2025\/01\/NSWSAR0343_800.jpg\",\"width\":800,\"height\":800},{\"@type\":\"BreadcrumbList\",\"@id\":\"https:\/\/aivlisoft.net\/shop\/producto\/d-link-dgs-1210-52mp-e-switch-48xgb-poe-4xsfp-comb\/#breadcrumb\",\"itemListElement\":[{\"@type\":\"ListItem\",\"position\":1,\"name\":\"Portada\",\"item\":\"https:\/\/aivlisoft.net\/shop\/\"},{\"@type\":\"ListItem\",\"position\":2,\"name\":\"Tienda\",\"item\":\"https:\/\/aivlisoft.net\/shop\/tienda\/\"},{\"@type\":\"ListItem\",\"position\":3,\"name\":\"D-Link DGS-1210-52MP\/E Switch 48xGb PoE 4xSFP Comb\"}]},{\"@type\":\"WebSite\",\"@id\":\"https:\/\/aivlisoft.net\/shop\/#website\",\"url\":\"https:\/\/aivlisoft.net\/shop\/\",\"name\":\"Aivlisoft Inform\u00e1tica\",\"description\":\"En Aivlisoft Inform\u00e1tica ofrecemos soluciones tecnol\u00f3gicas para empresas: venta de ordenadores, consumibles, perif\u00e9ricos y m\u00e1s. Calidad, atenci\u00f3n personalizada y los mejores precios para tu negocio.\",\"publisher\":{\"@id\":\"https:\/\/aivlisoft.net\/shop\/#organization\"},\"potentialAction\":[{\"@type\":\"SearchAction\",\"target\":{\"@type\":\"EntryPoint\",\"urlTemplate\":\"https:\/\/aivlisoft.net\/shop\/?s={search_term_string}\"},\"query-input\":{\"@type\":\"PropertyValueSpecification\",\"valueRequired\":true,\"valueName\":\"search_term_string\"}}],\"inLanguage\":\"es\"},{\"@type\":\"Organization\",\"@id\":\"https:\/\/aivlisoft.net\/shop\/#organization\",\"name\":\"Aivlisoft Inform\u00e1tica\",\"url\":\"https:\/\/aivlisoft.net\/shop\/\",\"logo\":{\"@type\":\"ImageObject\",\"inLanguage\":\"es\",\"@id\":\"https:\/\/aivlisoft.net\/shop\/#\/schema\/logo\/image\/\",\"url\":\"https:\/\/aivlisoft.net\/shop\/wp-content\/uploads\/2024\/12\/removal.ai_5b848c54-0cdf-4140-95c5-c5536bb7573b-logodef.png\",\"contentUrl\":\"https:\/\/aivlisoft.net\/shop\/wp-content\/uploads\/2024\/12\/removal.ai_5b848c54-0cdf-4140-95c5-c5536bb7573b-logodef.png\",\"width\":484,\"height\":182,\"caption\":\"Aivlisoft Inform\u00e1tica\"},\"image\":{\"@id\":\"https:\/\/aivlisoft.net\/shop\/#\/schema\/logo\/image\/\"}}]}<\/script>\n<!-- \/ Yoast SEO plugin. -->","yoast_head_json":{"title":"D-Link DGS-1210-52MP\/E Switch 48xGb PoE 4xSFP Comb - Aivlisoft Inform\u00e1tica","robots":{"index":"index","follow":"follow","max-snippet":"max-snippet:-1","max-image-preview":"max-image-preview:large","max-video-preview":"max-video-preview:-1"},"canonical":"https:\/\/aivlisoft.net\/shop\/producto\/d-link-dgs-1210-52mp-e-switch-48xgb-poe-4xsfp-comb\/","og_locale":"es_ES","og_type":"article","og_title":"D-Link DGS-1210-52MP\/E Switch 48xGb PoE 4xSFP Comb - Aivlisoft Inform\u00e1tica","og_description":"&nbsp; Marca D-Link Modelo DGS-1210-52MP\/E Caracter&iacute;sticas &#8211; Puertos 10\/100 \/1000BASE-TX: 48 puertos &#8211; Puertos SFP: 4 Puertos &#8211; Capacidad de switch: 104 Gbps &#8211; Tama&ntilde;o de la tabla de direcciones MAC: 16K &#8211; Buffer de paquetes: 3 MB por dispositivo &#8211; Consumo(Standby\/M&aacute;ximo): 48.9W \/ 483.1W (PoE) &#8211; Dimensiones: 440 x 430 x 44 mm &#8211;&hellip;&nbsp;D-Link DGS-1210-52MP\/E Switch 48xGb PoE 4xSFP Comb","og_url":"https:\/\/aivlisoft.net\/shop\/producto\/d-link-dgs-1210-52mp-e-switch-48xgb-poe-4xsfp-comb\/","og_site_name":"Aivlisoft Inform\u00e1tica","article_modified_time":"2025-01-14T11:51:51+00:00","og_image":[{"width":800,"height":800,"url":"https:\/\/aivlisoft.net\/shop\/wp-content\/uploads\/2025\/01\/NSWSAR0343_800.jpg","type":"image\/jpeg"}],"twitter_card":"summary_large_image","twitter_misc":{"Tiempo de lectura":"2 minutos"},"schema":{"@context":"https:\/\/schema.org","@graph":[{"@type":"WebPage","@id":"https:\/\/aivlisoft.net\/shop\/producto\/d-link-dgs-1210-52mp-e-switch-48xgb-poe-4xsfp-comb\/","url":"https:\/\/aivlisoft.net\/shop\/producto\/d-link-dgs-1210-52mp-e-switch-48xgb-poe-4xsfp-comb\/","name":"D-Link DGS-1210-52MP\/E Switch 48xGb PoE 4xSFP Comb - Aivlisoft Inform\u00e1tica","isPartOf":{"@id":"https:\/\/aivlisoft.net\/shop\/#website"},"primaryImageOfPage":{"@id":"https:\/\/aivlisoft.net\/shop\/producto\/d-link-dgs-1210-52mp-e-switch-48xgb-poe-4xsfp-comb\/#primaryimage"},"image":{"@id":"https:\/\/aivlisoft.net\/shop\/producto\/d-link-dgs-1210-52mp-e-switch-48xgb-poe-4xsfp-comb\/#primaryimage"},"thumbnailUrl":"https:\/\/aivlisoft.net\/shop\/wp-content\/uploads\/2025\/01\/NSWSAR0343_800.jpg","datePublished":"2025-01-13T15:45:00+00:00","dateModified":"2025-01-14T11:51:51+00:00","breadcrumb":{"@id":"https:\/\/aivlisoft.net\/shop\/producto\/d-link-dgs-1210-52mp-e-switch-48xgb-poe-4xsfp-comb\/#breadcrumb"},"inLanguage":"es","potentialAction":[{"@type":"ReadAction","target":["https:\/\/aivlisoft.net\/shop\/producto\/d-link-dgs-1210-52mp-e-switch-48xgb-poe-4xsfp-comb\/"]}]},{"@type":"ImageObject","inLanguage":"es","@id":"https:\/\/aivlisoft.net\/shop\/producto\/d-link-dgs-1210-52mp-e-switch-48xgb-poe-4xsfp-comb\/#primaryimage","url":"https:\/\/aivlisoft.net\/shop\/wp-content\/uploads\/2025\/01\/NSWSAR0343_800.jpg","contentUrl":"https:\/\/aivlisoft.net\/shop\/wp-content\/uploads\/2025\/01\/NSWSAR0343_800.jpg","width":800,"height":800},{"@type":"BreadcrumbList","@id":"https:\/\/aivlisoft.net\/shop\/producto\/d-link-dgs-1210-52mp-e-switch-48xgb-poe-4xsfp-comb\/#breadcrumb","itemListElement":[{"@type":"ListItem","position":1,"name":"Portada","item":"https:\/\/aivlisoft.net\/shop\/"},{"@type":"ListItem","position":2,"name":"Tienda","item":"https:\/\/aivlisoft.net\/shop\/tienda\/"},{"@type":"ListItem","position":3,"name":"D-Link DGS-1210-52MP\/E Switch 48xGb PoE 4xSFP Comb"}]},{"@type":"WebSite","@id":"https:\/\/aivlisoft.net\/shop\/#website","url":"https:\/\/aivlisoft.net\/shop\/","name":"Aivlisoft Inform\u00e1tica","description":"En Aivlisoft Inform\u00e1tica ofrecemos soluciones tecnol\u00f3gicas para empresas: venta de ordenadores, consumibles, perif\u00e9ricos y m\u00e1s. Calidad, atenci\u00f3n personalizada y los mejores precios para tu negocio.","publisher":{"@id":"https:\/\/aivlisoft.net\/shop\/#organization"},"potentialAction":[{"@type":"SearchAction","target":{"@type":"EntryPoint","urlTemplate":"https:\/\/aivlisoft.net\/shop\/?s={search_term_string}"},"query-input":{"@type":"PropertyValueSpecification","valueRequired":true,"valueName":"search_term_string"}}],"inLanguage":"es"},{"@type":"Organization","@id":"https:\/\/aivlisoft.net\/shop\/#organization","name":"Aivlisoft Inform\u00e1tica","url":"https:\/\/aivlisoft.net\/shop\/","logo":{"@type":"ImageObject","inLanguage":"es","@id":"https:\/\/aivlisoft.net\/shop\/#\/schema\/logo\/image\/","url":"https:\/\/aivlisoft.net\/shop\/wp-content\/uploads\/2024\/12\/removal.ai_5b848c54-0cdf-4140-95c5-c5536bb7573b-logodef.png","contentUrl":"https:\/\/aivlisoft.net\/shop\/wp-content\/uploads\/2024\/12\/removal.ai_5b848c54-0cdf-4140-95c5-c5536bb7573b-logodef.png","width":484,"height":182,"caption":"Aivlisoft Inform\u00e1tica"},"image":{"@id":"https:\/\/aivlisoft.net\/shop\/#\/schema\/logo\/image\/"}}]}},"_links":{"self":[{"href":"https:\/\/aivlisoft.net\/shop\/wp-json\/wp\/v2\/product\/20632","targetHints":{"allow":["GET"]}}],"collection":[{"href":"https:\/\/aivlisoft.net\/shop\/wp-json\/wp\/v2\/product"}],"about":[{"href":"https:\/\/aivlisoft.net\/shop\/wp-json\/wp\/v2\/types\/product"}],"wp:featuredmedia":[{"embeddable":true,"href":"https:\/\/aivlisoft.net\/shop\/wp-json\/wp\/v2\/media\/20633"}],"wp:attachment":[{"href":"https:\/\/aivlisoft.net\/shop\/wp-json\/wp\/v2\/media?parent=20632"}],"wp:term":[{"taxonomy":"product_brand","embeddable":true,"href":"https:\/\/aivlisoft.net\/shop\/wp-json\/wp\/v2\/product_brand?post=20632"},{"taxonomy":"product_cat","embeddable":true,"href":"https:\/\/aivlisoft.net\/shop\/wp-json\/wp\/v2\/product_cat?post=20632"},{"taxonomy":"product_tag","embeddable":true,"href":"https:\/\/aivlisoft.net\/shop\/wp-json\/wp\/v2\/product_tag?post=20632"}],"curies":[{"name":"wp","href":"https:\/\/api.w.org\/{rel}","templated":true}]}}