{"id":20607,"date":"2025-01-13T15:44:39","date_gmt":"2025-01-13T15:44:39","guid":{"rendered":"https:\/\/aivlisoft.com\/?post_type=product&#038;p=20607"},"modified":"2025-01-14T11:51:42","modified_gmt":"2025-01-14T11:51:42","slug":"d-link-dgs-1210-16-e-switch-16xgb-4xcombo","status":"publish","type":"product","link":"https:\/\/aivlisoft.net\/shop\/producto\/d-link-dgs-1210-16-e-switch-16xgb-4xcombo\/","title":{"rendered":"D-Link DGS-1210-16\/E Switch 16xGB 4xCombo"},"content":{"rendered":"<p>La serie DGS-1210 de D-Link forma parte de la &uacute;ltima generaci&oacute;n de Switches Web Smart que ofrece Tecnolog&iacute;a D-Link Green. La serie integra administraci&oacute;n avanzada y funciones de seguridad que proporcionan rendimiento y la escalabilidad.<\/p>\n<p><strong>D-Link Green <\/strong><br \/>D-Link se esfuerza constantemente por tomar la iniciativa en el desarrollo de tecnolog&iacute;as innovadoras que permitan el ahorro de energ&iacute;a sin sacrificar el rendimiento y la funcionalidad. La serie DGS-1210 detecta autom&aacute;ticamente la longitud de cables y puede ajustar el uso del poder por el ahorro de energ&iacute;a en las conexiones de cables m&aacute;s cortos, hasta 20 metros.<br \/>Ahorrar energ&iacute;a por estado de enlace ayuda a ahorrar m&aacute;s la energ&iacute;a al cambiar autom&aacute;ticamente los puertos sin un enlace a modo de suspensi&oacute;n, por lo tanto, reduce dr&aacute;sticamente consumo de energ&iacute;a. La serie DGS-1210 se enfoca en la tecnolog&iacute;a verde y un paso m&aacute;s all&aacute; en ahorro de energ&iacute;a, mediante la incorporaci&oacute;n de un conjunto de chips especiales con avanzada tecnolog&iacute;a de silicio.<\/p>\n<p><strong>Perfecta integraci&oacute;n <\/strong><br \/>La serie DGS-1210 viene con puertos Ethernet y Gigabit capaces de conectarse a los puertos de red existentes Cat.5. Adem&aacute;s, los &uacute;ltimos 2 o 4 puertos de la serie DGS-1210 combina conectividad SFP y cobre en un puerto, por lo tanto, ofrece una soluci&oacute;n m&aacute;s flexible para conexiones de bajada y subida de servidores a trav&eacute;s de interfaz de fibra. Uso de la configuraci&oacute;n por defecto, el administrador puede configurar r&aacute;pidamente el Switch sin preocuparse por volver a configurar cualquier configuraci&oacute;n y entrega acceso f&aacute;cil para el usuario.<\/p>\n<p><strong>Extensas Caracter&iacute;sticas Layer 2 <\/strong><br \/>Equipado con completas caracter&iacute;sticas L2, estos Switches incluyen IGMP snooping, duplicaci&oacute;n de puertos, Protocolo Spanning Tree y Link Aggregation Control (LACP). La funci&oacute;n Control de flujo IEEE 802.3x permite a servidores conectarse directamente con el switch para una r&aacute;pida y confiable la transferencia de datos. En 2000 Mbps full d&uacute;plex, los puertos Gigabit proporcionan alta velocidad para tuber&iacute;as de servidores con una p&eacute;rdida m&iacute;nima de transferencia de datos. Funciones de mantenimiento de Red incluyen la detecci&oacute;n de Loop invertido y Diagn&oacute;stico por cable. La detecci&oacute;n de Loop invertido se utiliza para detectar Loops creado por un puerto espec&iacute;fico y apaga autom&aacute;ticamente el puerto afectado. Diagn&oacute;stico de Cable est&aacute; dise&ntilde;ado para administradores de red, examina r&aacute;pidamente la calidad de los cables de cobre y tambi&eacute;n determinan el tipo de error de cable.<\/p>\n<p><strong>QoS, Control de ancho de Banda <\/strong><br \/>Los Switches son ideales para la implementaci&oacute;n en entornos de VoIP, ya que soporta Auto Voice VLAN y Punto de c&oacute;digo de Servicios diferenciados(DSCP) QoS para aplicaci&oacute;n VoIP. Auto Voice VLAN ubica en su lugar el tr&aacute;fico de voz desde un tel&eacute;fono IP asignado a un VLAN y con ello mejora el servicio de VoIP. Con una mayor prioridad y VLAN individuales, esta caracter&iacute;stica garantiza la calidad y la seguridad del tr&aacute;fico de VoIP. DSCP marcas partes de un paquete IP, permitiendo que los distintos niveles de servicio se asignen para el tr&aacute;fico de red.<br \/>Con el control de ancho de banda, el administrador de red Puede reservar ancho de banda para funciones importantes que requieren un mayor ancho de banda o tenga que dar alta prioridad.<\/p>\n<p><strong>Asegure su Red <\/strong><br \/>La innovadora funci&oacute;n Safeguard Engine de D-Link protege a los switches del tr&aacute;fico frente a las inundaciones causadas por ataques de virus. Los switches tambi&eacute;n soportan autenticaci&oacute;n 802.1X basada en puerto, permitiendo que la red sea autenticada a trav&eacute;s servidores RADIUS externos. Adem&aacute;s, la caracter&iacute;stica Access Control List (ACL) mejora la seguridad de la red y ayuda a proteger la red interna de TI<\/p>\n<p><strong>Administraci&oacute;n Vers&aacute;til <\/strong><br \/>La serie DGS-1210 proporciona la utilidad SmartConsole y una administraci&oacute;n basada en Web que permite a los administradores controlar remotamente su red hasta nivel de puerto. La SmartConsole f&aacute;cilmente permite a los clientes descubrir m&uacute;ltiples Switches Web Smart de D-Link en el mismo segmento de red L2.<br \/>La serie DGS-1210 tambi&eacute;n es compatible con D-View 6.0 y Command Line Interface (CLI) a trav&eacute;s de Telnet.<\/p>\n<div>&nbsp;<\/div>\n<table class=\"tabla_caracteristicas k-table\" width=\"100%\">\n<tr>\n<td valign=\"top\" width=\"35%\"><strong>Marca<\/strong><\/td>\n<td valign=\"top\">D-Link<\/td>\n<\/tr>\n<tr>\n<td valign=\"top\" width=\"35%\"><strong>Modelo<\/strong><\/td>\n<td valign=\"top\"><strong>DGS-1210-16\/E<\/strong><\/td>\n<\/tr>\n<tr>\n<td valign=\"top\"><strong>Conexiones<\/strong><\/td>\n<td valign=\"top\"><strong>16 puertos 10\/100\/1000 Auto RJ45 UTP + 4 Gigabit SFP<\/strong><\/td>\n<\/tr>\n<tr>\n<td valign=\"top\" width=\"35%\"><strong>Normativas<\/strong><\/td>\n<td valign=\"top\">\n<div>&#8211; IEEE 802.3 10BaseT<br \/>\t\t\t&#8211; IEEE 802.3u 100BaseTX<\/div>\n<div>&#8211; IEEE 802.3ab 1000Base-T<br \/>\t\t\t&#8211; IEEE 802.3x Control de flujo<\/div>\n<div>&#8211; IEEE 802.3az de control de energ&iacute;a<\/div>\n<\/td>\n<\/tr>\n<tr>\n<td valign=\"top\"><strong>Otras Caracter&iacute;sticas<\/strong><\/td>\n<td valign=\"top\">\n<div>Leds de diagn&oacute;stico:<\/div>\n<div>&#8211; Encendido<\/div>\n<div>&#8211; Actividad para los puertos 10\/100\/1000<\/div>\n<div>&#8211; Actividad para los puertos Gigabit SFP<\/div>\n<div>Cables compatibles:<\/div>\n<div>&#8211; UTP Cat.5, Cat. 5e (100m m&aacute;x.)<\/div>\n<div>&#8211; EIA\/TIA-568 100-ohm STP (100m m&aacute;x)<br \/>\t\t\tLeds<\/div>\n<div>&#8211; Por puerto: Conexi&oacute;n\/ Act &#8211; Por unidad: Alimentaci&oacute;n<br \/>\t\t\tMontaje en Rack<\/div>\n<div>Full\/Half duplex<\/div>\n<div>&#8211; Full\/Half duplex para velocidades de 10\/100 Mbps<\/div>\n<div>&#8211; Full duplex para velocidades Gigabit<\/div>\n<div>MAC Address:<br \/>\t\t\t&#8211; 8K Tabla de direcciones MAC<br \/>\t\t\t&#8211; Soporta 256 MAC est&aacute;ticas<br \/>\t\t\tControl de flujo:<br \/>\t\t\t&#8211; Full duplex:802.3x<br \/>\t\t\t&#8211; Full duplex: Back Pressure<br \/>\t\t\t&#8211; Head-of-line blocking prevention<br \/>\t\t\tIGMP Snooping:<br \/>\t\t\t&#8211; Soporta IGMP v1,v2<br \/>\t\t\t&#8211; Soporta 256 IGMP snooping groups<br \/>\t\t\t&#8211; Soporta por lo menos 64 static multicast address<br \/>\t\t\t&#8211; IGMP Por VLAN<br \/>\t\t\t&#8211; Soporta IGMP snooping querier (simple querier)<br \/>\t\t\tSpanning Tree:<br \/>\t\t\t&#8211; 802.1D STP<br \/>\t\t\t&#8211; 802.1w RSTP<br \/>\t\t\tLoopback Detection:<br \/>\t\t\t&#8211; Desactiva el puerto autom&aacute;ticamente cuando detecta un loop.<br \/>\t\t\t802.3ad Link Aggregation:<br \/>\t\t\t&#8211; Soporta m&aacute;ximo 8 grupos por dispositivo y 08 puertos por grupo.<br \/>\t\t\tPort Mirroring:<br \/>\t\t\t&#8211; Mirroring support following mode:<br \/>\t\t\t&#8211; Uno a uno<br \/>\t\t\t&#8211; Varios a un puerto<br \/>\t\t\t&#8211; Soporta Mirroring por Tx\/Rx\/Both<br \/>\t\t\t&#8211; Diagn&oacute;stico de cable<br \/>\t\t\tForce MDI \/ MDIX:<br \/>\t\t\t&#8211; Selecciona el estado MDI \/ MDIX del puerto<br \/>\t\t\tPower Saving:<br \/>\t\t\t&#8211; Enabled by default.<br \/>\t\t\t&#8211; Power saving by Link status&nbsp;<br \/>\t\t\t&#8211; Power saving by cable length detection&nbsp;<br \/>\t\t\t&#8211; Activated at 1000 Mbps<br \/>\t\t\tJumbo frame: Hasta 10.000 Bytes<\/div>\n<div>&#8211; Alta prioridad a VoIP<br \/>\t\t\t&#8211; Soporte 802.1Q VLAN<br \/>\t\t\t&#8211; Soporte QoS y control de ancho de banda<br \/>\t\t\t&#8211; Caracter&iacute;sticas avanzadas de administraci&oacute;n<br \/>\t\t\t&#8211; Soporta m&uacute;ltiples est&aacute;ndares y protocolos de administraci&oacute;n incluidos SNMP, RMON, Telnet, Web-based GUI.<br \/>\t\t\tAlimentaci&oacute;n: 100-240VAC 50-60Hz<br \/>\t\t\tConsumo:<\/div>\n<div>&#8211; M&aacute;ximo: 17.4.1 W<\/div>\n<div>&#8211; Standby: 4.9 W (110V) \/ 5 W (240V)<\/div>\n<div>Dimensiones:&nbsp; 440 x 210 x 44 mm (L x An x Al)<br \/>\t\t\tPeso: 2.87 Kg<\/div>\n<\/td>\n<\/tr>\n<tr>\n<td valign=\"top\"><strong>Fecha Revisi&oacute;n<\/strong><\/td>\n<td valign=\"top\">13-06-2022 por MPM<\/td>\n<\/tr>\n<\/table>\n","protected":false},"excerpt":{"rendered":"<p>La serie DGS-1210 de D-Link forma parte de la &uacute;ltima generaci&oacute;n de Switches Web Smart que ofrece Tecnolog&iacute;a D-Link Green. La serie integra administraci&oacute;n avanzada y funciones de seguridad que proporcionan rendimiento y la escalabilidad. D-Link Green D-Link se esfuerza constantemente por tomar la iniciativa en el desarrollo de tecnolog&iacute;as innovadoras que permitan el ahorro&hellip;&nbsp;<a href=\"https:\/\/aivlisoft.net\/shop\/producto\/d-link-dgs-1210-16-e-switch-16xgb-4xcombo\/\" rel=\"bookmark\"><span class=\"screen-reader-text\">D-Link DGS-1210-16\/E Switch 16xGB 4xCombo<\/span><\/a><\/p>\n","protected":false},"featured_media":20608,"template":"","meta":{"neve_meta_sidebar":"","neve_meta_container":"","neve_meta_enable_content_width":"","neve_meta_content_width":0,"neve_meta_title_alignment":"","neve_meta_author_avatar":"","neve_post_elements_order":"","neve_meta_disable_header":"","neve_meta_disable_footer":"","neve_meta_disable_title":""},"product_brand":[],"product_cat":[8771],"product_tag":[7343],"class_list":{"0":"post-20607","1":"product","2":"type-product","3":"status-publish","4":"has-post-thumbnail","6":"product_cat-switches-armario","7":"product_tag-dgs-1210-16-e","9":"first","10":"instock","11":"taxable","12":"shipping-taxable","13":"purchasable","14":"product-type-simple"},"yoast_head":"<!-- This site is optimized with the Yoast SEO plugin v26.0 - https:\/\/yoast.com\/wordpress\/plugins\/seo\/ -->\n<title>D-Link DGS-1210-16\/E Switch 16xGB 4xCombo - Aivlisoft Inform\u00e1tica<\/title>\n<meta name=\"robots\" content=\"index, follow, max-snippet:-1, max-image-preview:large, max-video-preview:-1\" \/>\n<link rel=\"canonical\" href=\"https:\/\/aivlisoft.net\/shop\/producto\/d-link-dgs-1210-16-e-switch-16xgb-4xcombo\/\" \/>\n<meta property=\"og:locale\" content=\"es_ES\" \/>\n<meta property=\"og:type\" content=\"article\" \/>\n<meta property=\"og:title\" content=\"D-Link DGS-1210-16\/E Switch 16xGB 4xCombo - Aivlisoft Inform\u00e1tica\" \/>\n<meta property=\"og:description\" content=\"La serie DGS-1210 de D-Link forma parte de la &uacute;ltima generaci&oacute;n de Switches Web Smart que ofrece Tecnolog&iacute;a D-Link Green. La serie integra administraci&oacute;n avanzada y funciones de seguridad que proporcionan rendimiento y la escalabilidad. D-Link Green D-Link se esfuerza constantemente por tomar la iniciativa en el desarrollo de tecnolog&iacute;as innovadoras que permitan el ahorro&hellip;&nbsp;D-Link DGS-1210-16\/E Switch 16xGB 4xCombo\" \/>\n<meta property=\"og:url\" content=\"https:\/\/aivlisoft.net\/shop\/producto\/d-link-dgs-1210-16-e-switch-16xgb-4xcombo\/\" \/>\n<meta property=\"og:site_name\" content=\"Aivlisoft Inform\u00e1tica\" \/>\n<meta property=\"article:modified_time\" content=\"2025-01-14T11:51:42+00:00\" \/>\n<meta property=\"og:image\" content=\"https:\/\/aivlisoft.net\/shop\/wp-content\/uploads\/2025\/01\/NSWSAR0334_800.jpg\" \/>\n\t<meta property=\"og:image:width\" content=\"800\" \/>\n\t<meta property=\"og:image:height\" content=\"800\" \/>\n\t<meta property=\"og:image:type\" content=\"image\/jpeg\" \/>\n<meta name=\"twitter:card\" content=\"summary_large_image\" \/>\n<meta name=\"twitter:label1\" content=\"Tiempo de lectura\" \/>\n\t<meta name=\"twitter:data1\" content=\"6 minutos\" \/>\n<script type=\"application\/ld+json\" class=\"yoast-schema-graph\">{\"@context\":\"https:\/\/schema.org\",\"@graph\":[{\"@type\":\"WebPage\",\"@id\":\"https:\/\/aivlisoft.net\/shop\/producto\/d-link-dgs-1210-16-e-switch-16xgb-4xcombo\/\",\"url\":\"https:\/\/aivlisoft.net\/shop\/producto\/d-link-dgs-1210-16-e-switch-16xgb-4xcombo\/\",\"name\":\"D-Link DGS-1210-16\/E Switch 16xGB 4xCombo - Aivlisoft Inform\u00e1tica\",\"isPartOf\":{\"@id\":\"https:\/\/aivlisoft.net\/shop\/#website\"},\"primaryImageOfPage\":{\"@id\":\"https:\/\/aivlisoft.net\/shop\/producto\/d-link-dgs-1210-16-e-switch-16xgb-4xcombo\/#primaryimage\"},\"image\":{\"@id\":\"https:\/\/aivlisoft.net\/shop\/producto\/d-link-dgs-1210-16-e-switch-16xgb-4xcombo\/#primaryimage\"},\"thumbnailUrl\":\"https:\/\/aivlisoft.net\/shop\/wp-content\/uploads\/2025\/01\/NSWSAR0334_800.jpg\",\"datePublished\":\"2025-01-13T15:44:39+00:00\",\"dateModified\":\"2025-01-14T11:51:42+00:00\",\"breadcrumb\":{\"@id\":\"https:\/\/aivlisoft.net\/shop\/producto\/d-link-dgs-1210-16-e-switch-16xgb-4xcombo\/#breadcrumb\"},\"inLanguage\":\"es\",\"potentialAction\":[{\"@type\":\"ReadAction\",\"target\":[\"https:\/\/aivlisoft.net\/shop\/producto\/d-link-dgs-1210-16-e-switch-16xgb-4xcombo\/\"]}]},{\"@type\":\"ImageObject\",\"inLanguage\":\"es\",\"@id\":\"https:\/\/aivlisoft.net\/shop\/producto\/d-link-dgs-1210-16-e-switch-16xgb-4xcombo\/#primaryimage\",\"url\":\"https:\/\/aivlisoft.net\/shop\/wp-content\/uploads\/2025\/01\/NSWSAR0334_800.jpg\",\"contentUrl\":\"https:\/\/aivlisoft.net\/shop\/wp-content\/uploads\/2025\/01\/NSWSAR0334_800.jpg\",\"width\":800,\"height\":800},{\"@type\":\"BreadcrumbList\",\"@id\":\"https:\/\/aivlisoft.net\/shop\/producto\/d-link-dgs-1210-16-e-switch-16xgb-4xcombo\/#breadcrumb\",\"itemListElement\":[{\"@type\":\"ListItem\",\"position\":1,\"name\":\"Portada\",\"item\":\"https:\/\/aivlisoft.net\/shop\/\"},{\"@type\":\"ListItem\",\"position\":2,\"name\":\"Tienda\",\"item\":\"https:\/\/aivlisoft.net\/shop\/tienda\/\"},{\"@type\":\"ListItem\",\"position\":3,\"name\":\"D-Link DGS-1210-16\/E Switch 16xGB 4xCombo\"}]},{\"@type\":\"WebSite\",\"@id\":\"https:\/\/aivlisoft.net\/shop\/#website\",\"url\":\"https:\/\/aivlisoft.net\/shop\/\",\"name\":\"Aivlisoft Inform\u00e1tica\",\"description\":\"En Aivlisoft Inform\u00e1tica ofrecemos soluciones tecnol\u00f3gicas para empresas: venta de ordenadores, consumibles, perif\u00e9ricos y m\u00e1s. Calidad, atenci\u00f3n personalizada y los mejores precios para tu negocio.\",\"publisher\":{\"@id\":\"https:\/\/aivlisoft.net\/shop\/#organization\"},\"potentialAction\":[{\"@type\":\"SearchAction\",\"target\":{\"@type\":\"EntryPoint\",\"urlTemplate\":\"https:\/\/aivlisoft.net\/shop\/?s={search_term_string}\"},\"query-input\":{\"@type\":\"PropertyValueSpecification\",\"valueRequired\":true,\"valueName\":\"search_term_string\"}}],\"inLanguage\":\"es\"},{\"@type\":\"Organization\",\"@id\":\"https:\/\/aivlisoft.net\/shop\/#organization\",\"name\":\"Aivlisoft Inform\u00e1tica\",\"url\":\"https:\/\/aivlisoft.net\/shop\/\",\"logo\":{\"@type\":\"ImageObject\",\"inLanguage\":\"es\",\"@id\":\"https:\/\/aivlisoft.net\/shop\/#\/schema\/logo\/image\/\",\"url\":\"https:\/\/aivlisoft.net\/shop\/wp-content\/uploads\/2024\/12\/removal.ai_5b848c54-0cdf-4140-95c5-c5536bb7573b-logodef.png\",\"contentUrl\":\"https:\/\/aivlisoft.net\/shop\/wp-content\/uploads\/2024\/12\/removal.ai_5b848c54-0cdf-4140-95c5-c5536bb7573b-logodef.png\",\"width\":484,\"height\":182,\"caption\":\"Aivlisoft Inform\u00e1tica\"},\"image\":{\"@id\":\"https:\/\/aivlisoft.net\/shop\/#\/schema\/logo\/image\/\"}}]}<\/script>\n<!-- \/ Yoast SEO plugin. -->","yoast_head_json":{"title":"D-Link DGS-1210-16\/E Switch 16xGB 4xCombo - Aivlisoft Inform\u00e1tica","robots":{"index":"index","follow":"follow","max-snippet":"max-snippet:-1","max-image-preview":"max-image-preview:large","max-video-preview":"max-video-preview:-1"},"canonical":"https:\/\/aivlisoft.net\/shop\/producto\/d-link-dgs-1210-16-e-switch-16xgb-4xcombo\/","og_locale":"es_ES","og_type":"article","og_title":"D-Link DGS-1210-16\/E Switch 16xGB 4xCombo - Aivlisoft Inform\u00e1tica","og_description":"La serie DGS-1210 de D-Link forma parte de la &uacute;ltima generaci&oacute;n de Switches Web Smart que ofrece Tecnolog&iacute;a D-Link Green. La serie integra administraci&oacute;n avanzada y funciones de seguridad que proporcionan rendimiento y la escalabilidad. D-Link Green D-Link se esfuerza constantemente por tomar la iniciativa en el desarrollo de tecnolog&iacute;as innovadoras que permitan el ahorro&hellip;&nbsp;D-Link DGS-1210-16\/E Switch 16xGB 4xCombo","og_url":"https:\/\/aivlisoft.net\/shop\/producto\/d-link-dgs-1210-16-e-switch-16xgb-4xcombo\/","og_site_name":"Aivlisoft Inform\u00e1tica","article_modified_time":"2025-01-14T11:51:42+00:00","og_image":[{"width":800,"height":800,"url":"https:\/\/aivlisoft.net\/shop\/wp-content\/uploads\/2025\/01\/NSWSAR0334_800.jpg","type":"image\/jpeg"}],"twitter_card":"summary_large_image","twitter_misc":{"Tiempo de lectura":"6 minutos"},"schema":{"@context":"https:\/\/schema.org","@graph":[{"@type":"WebPage","@id":"https:\/\/aivlisoft.net\/shop\/producto\/d-link-dgs-1210-16-e-switch-16xgb-4xcombo\/","url":"https:\/\/aivlisoft.net\/shop\/producto\/d-link-dgs-1210-16-e-switch-16xgb-4xcombo\/","name":"D-Link DGS-1210-16\/E Switch 16xGB 4xCombo - Aivlisoft Inform\u00e1tica","isPartOf":{"@id":"https:\/\/aivlisoft.net\/shop\/#website"},"primaryImageOfPage":{"@id":"https:\/\/aivlisoft.net\/shop\/producto\/d-link-dgs-1210-16-e-switch-16xgb-4xcombo\/#primaryimage"},"image":{"@id":"https:\/\/aivlisoft.net\/shop\/producto\/d-link-dgs-1210-16-e-switch-16xgb-4xcombo\/#primaryimage"},"thumbnailUrl":"https:\/\/aivlisoft.net\/shop\/wp-content\/uploads\/2025\/01\/NSWSAR0334_800.jpg","datePublished":"2025-01-13T15:44:39+00:00","dateModified":"2025-01-14T11:51:42+00:00","breadcrumb":{"@id":"https:\/\/aivlisoft.net\/shop\/producto\/d-link-dgs-1210-16-e-switch-16xgb-4xcombo\/#breadcrumb"},"inLanguage":"es","potentialAction":[{"@type":"ReadAction","target":["https:\/\/aivlisoft.net\/shop\/producto\/d-link-dgs-1210-16-e-switch-16xgb-4xcombo\/"]}]},{"@type":"ImageObject","inLanguage":"es","@id":"https:\/\/aivlisoft.net\/shop\/producto\/d-link-dgs-1210-16-e-switch-16xgb-4xcombo\/#primaryimage","url":"https:\/\/aivlisoft.net\/shop\/wp-content\/uploads\/2025\/01\/NSWSAR0334_800.jpg","contentUrl":"https:\/\/aivlisoft.net\/shop\/wp-content\/uploads\/2025\/01\/NSWSAR0334_800.jpg","width":800,"height":800},{"@type":"BreadcrumbList","@id":"https:\/\/aivlisoft.net\/shop\/producto\/d-link-dgs-1210-16-e-switch-16xgb-4xcombo\/#breadcrumb","itemListElement":[{"@type":"ListItem","position":1,"name":"Portada","item":"https:\/\/aivlisoft.net\/shop\/"},{"@type":"ListItem","position":2,"name":"Tienda","item":"https:\/\/aivlisoft.net\/shop\/tienda\/"},{"@type":"ListItem","position":3,"name":"D-Link DGS-1210-16\/E Switch 16xGB 4xCombo"}]},{"@type":"WebSite","@id":"https:\/\/aivlisoft.net\/shop\/#website","url":"https:\/\/aivlisoft.net\/shop\/","name":"Aivlisoft Inform\u00e1tica","description":"En Aivlisoft Inform\u00e1tica ofrecemos soluciones tecnol\u00f3gicas para empresas: venta de ordenadores, consumibles, perif\u00e9ricos y m\u00e1s. Calidad, atenci\u00f3n personalizada y los mejores precios para tu negocio.","publisher":{"@id":"https:\/\/aivlisoft.net\/shop\/#organization"},"potentialAction":[{"@type":"SearchAction","target":{"@type":"EntryPoint","urlTemplate":"https:\/\/aivlisoft.net\/shop\/?s={search_term_string}"},"query-input":{"@type":"PropertyValueSpecification","valueRequired":true,"valueName":"search_term_string"}}],"inLanguage":"es"},{"@type":"Organization","@id":"https:\/\/aivlisoft.net\/shop\/#organization","name":"Aivlisoft Inform\u00e1tica","url":"https:\/\/aivlisoft.net\/shop\/","logo":{"@type":"ImageObject","inLanguage":"es","@id":"https:\/\/aivlisoft.net\/shop\/#\/schema\/logo\/image\/","url":"https:\/\/aivlisoft.net\/shop\/wp-content\/uploads\/2024\/12\/removal.ai_5b848c54-0cdf-4140-95c5-c5536bb7573b-logodef.png","contentUrl":"https:\/\/aivlisoft.net\/shop\/wp-content\/uploads\/2024\/12\/removal.ai_5b848c54-0cdf-4140-95c5-c5536bb7573b-logodef.png","width":484,"height":182,"caption":"Aivlisoft Inform\u00e1tica"},"image":{"@id":"https:\/\/aivlisoft.net\/shop\/#\/schema\/logo\/image\/"}}]}},"_links":{"self":[{"href":"https:\/\/aivlisoft.net\/shop\/wp-json\/wp\/v2\/product\/20607","targetHints":{"allow":["GET"]}}],"collection":[{"href":"https:\/\/aivlisoft.net\/shop\/wp-json\/wp\/v2\/product"}],"about":[{"href":"https:\/\/aivlisoft.net\/shop\/wp-json\/wp\/v2\/types\/product"}],"wp:featuredmedia":[{"embeddable":true,"href":"https:\/\/aivlisoft.net\/shop\/wp-json\/wp\/v2\/media\/20608"}],"wp:attachment":[{"href":"https:\/\/aivlisoft.net\/shop\/wp-json\/wp\/v2\/media?parent=20607"}],"wp:term":[{"taxonomy":"product_brand","embeddable":true,"href":"https:\/\/aivlisoft.net\/shop\/wp-json\/wp\/v2\/product_brand?post=20607"},{"taxonomy":"product_cat","embeddable":true,"href":"https:\/\/aivlisoft.net\/shop\/wp-json\/wp\/v2\/product_cat?post=20607"},{"taxonomy":"product_tag","embeddable":true,"href":"https:\/\/aivlisoft.net\/shop\/wp-json\/wp\/v2\/product_tag?post=20607"}],"curies":[{"name":"wp","href":"https:\/\/api.w.org\/{rel}","templated":true}]}}