{"id":20465,"date":"2025-01-13T15:43:06","date_gmt":"2025-01-13T15:43:06","guid":{"rendered":"https:\/\/aivlisoft.com\/?post_type=product&#038;p=20465"},"modified":"2025-01-14T11:50:53","modified_gmt":"2025-01-14T11:50:53","slug":"tp-link-tl-sg3428mp-switch-24xgb-poe-l2-4xsfp-rack","status":"publish","type":"product","link":"https:\/\/aivlisoft.net\/shop\/producto\/tp-link-tl-sg3428mp-switch-24xgb-poe-l2-4xsfp-rack\/","title":{"rendered":"TP-Link TL-SG3428MP Switch 24xGB PoE L2 4xSFP Rack"},"content":{"rendered":"<p>&#8211; PoE total de 384 W : 24 puertos PoE + compatibles con 802.3at \/ af con una fuente de alimentaci&oacute;n total de 384 W * .<br \/>&#8211; Puertos Gigabit completos : 24 puertos Gigabit PoE + y 4 ranuras SFP gigabit proporcionan conexiones de alta velocidad.<br \/>&#8211; Integrado en Omada SDN : aprovisionamiento sin intervenci&oacute;n (ZTP) ** , administraci&oacute;n centralizada en la nube y monitoreo inteligente.<br \/>&#8211; Gesti&oacute;n centralizada : acceso a la nube y la aplicaci&oacute;n Omada para una m&aacute;xima comodidad y una gesti&oacute;n sencilla.<br \/>&#8211; Enrutamiento est&aacute;tico : ayuda a enrutar el tr&aacute;fico interno para un uso m&aacute;s eficiente de los recursos de la red.<br \/>&#8211; Estrategias de seguridad s&oacute;lidas : enlace de puerto IP-MAC, ACL, seguridad de puerto, defensa DoS, control de tormentas, indagaci&oacute;n DHCP, 802.1X, autenticaci&oacute;n Radius y m&aacute;s.<br \/>&#8211; Optimice las aplicaciones de voz y video : QoS L2 \/ L3 \/ L4 e IGMP snooping.<br \/>&#8211; Gesti&oacute;n independiente : Web, CLI (puerto de consola, Telnet, SSH), SNMP, RMON e imagen dual ofrecen potentes capacidades de gesti&oacute;n<\/p>\n<p>&nbsp;<\/p>\n<table width=\"100%\">\n<tr>\n<td valign=\"top\"><strong>Marca<\/strong><\/td>\n<td>TP-Link<\/td>\n<\/tr>\n<tr>\n<td valign=\"top\"><strong>Modelo<\/strong><\/td>\n<td valign=\"top\"><strong>TL-SG3428MP<\/strong><\/td>\n<\/tr>\n<tr>\n<td valign=\"top\"><strong>Tipo<\/strong><\/td>\n<td>Switch<\/td>\n<\/tr>\n<tr>\n<td valign=\"top\"><strong>Otras caracter&iacute;sticas<\/strong><\/td>\n<td>&#8211; Cantidad de Ventiladores : 2<br \/>\t\t\t&#8211; Fuente de Alimentaci&oacute;n: 100-240 V AC~50\/60 Hz<br \/>\t\t\t&#8211; Dimensiones: 17.3 &times; 13.0 &times; 1.7 in (440 &times; 330 &times; 44 mm)<br \/>\t\t\t&#8211; Montaje: Montaje en rack<br \/>\t\t\t<strong>Puertos PoE+ (RJ45)&nbsp;&nbsp; &nbsp;<\/strong><br \/>\t\t\t&#8211; Est&aacute;ndar: compatible con 802.3at \/ af<br \/>\t\t\t&#8211; Puertos PoE +: 24 puertos, hasta 30 W por puerto<br \/>\t\t\t&#8211; PoE M&aacute;ximo: 384 W<br \/>\t\t\t<strong>Consumo de Potencia M&aacute;ximo&nbsp;&nbsp; &nbsp;<\/strong><br \/>\t\t\t&#8211; 34,4 W (110 V \/ 60 Hz) (sin PD conectado)<br \/>\t\t\t&#8211; 465,8 W (110 V \/ 60 Hz) (con 384 W PD conectado)<br \/>\t\t\t<strong>Max Heat Dissipation&nbsp;&nbsp; &nbsp;<\/strong><br \/>\t\t\t&#8211; 105,78 BTU \/ h (110 V \/ 60 Hz) (sin PD conectado)<br \/>\t\t\t&#8211; 1582,49 BTU \/ h (110 V \/ 60 Hz) (con PD de 384 W conectado)<br \/>\t\t\t<b>Rendimiento<\/b><br \/>\t\t\t&#8211; Capacidad de Conmutaci&oacute;n: 56 Gbps<br \/>\t\t\t&#8211; Tasa de Reenv&iacute;o de Paquetes: 41.66 Mpps<br \/>\t\t\t&#8211; Tabla de Direcciones MAC: 16K<br \/>\t\t\t&#8211; Jumbo Frame: 9 KB<br \/>\t\t\t<strong>Calidad de Servicio&nbsp;&nbsp; &nbsp;<\/strong><br \/>\t\t\t&#8211; 8 colas de prioridad<br \/>\t\t\t&#8211; Prioridad 802.1p CoS \/ DSCP<br \/>\t\t\t&#8211; Programaci&oacute;n de colas<br \/>\t\t\t&#8211; SP (prioridad estricta)<br \/>\t\t\t&#8211; WRR (Round Robin ponderado)<br \/>\t\t\t&#8211; SP + WRR<br \/>\t\t\t&#8211; Control de Ancho de Banda<br \/>\t\t\t&#8211; Limitaci&oacute;n de clasificaci&oacute;n basada en puerto \/ flujo<br \/>\t\t\t&#8211; Rendimiento m&aacute;s fluido<br \/>\t\t\t&#8211; Acci&oacute;n por flujos<br \/>\t\t\t&#8211; Espejo (a la interfaz compatible)<br \/>\t\t\t&#8211; Redirigir (a la interfaz compatible)<br \/>\t\t\t&#8211; L&iacute;mite de tarifa<br \/>\t\t\t&#8211; Observaci&oacute;n de QoS<br \/>\t\t\t<strong>Caracter&iacute;sticas L2 y L2+&nbsp;&nbsp; &nbsp;<\/strong><br \/>\t\t\t&#8211; Agregar un link<br \/>\t\t\t&#8211; Agregaci&oacute;n de enlaces est&aacute;ticos<br \/>\t\t\t&#8211; LACP 802.3ad<br \/>\t\t\t&#8211; Hasta 8 grupos de agregaci&oacute;n y hasta 8 puertos por grupo<br \/>\t\t\t&#8211; Protocolo de &aacute;rbol de expansi&oacute;n<br \/>\t\t\t&#8211; 802.1d STP<br \/>\t\t\t&#8211; 802.1w RSTP<br \/>\t\t\t&#8211; MSTP 802.1s<br \/>\t\t\t&#8211; Seguridad STP: TC Protect, BPDU Filter, BPDU Protect, Root Protect, Loop Protect<br \/>\t\t\t&#8211; Detecci&oacute;n de bucle invertido<br \/>\t\t\t&#8211; Basado en puerto<br \/>\t\t\t&#8211; Basado en VLAN<br \/>\t\t\t&#8211; Control de flujo<br \/>\t\t\t&#8211; Control de flujo 802.3x<br \/>\t\t\t&#8211; Prevenci&oacute;n de bloqueo HOL<br \/>\t\t\t&#8211; Reflejo<br \/>\t\t\t&#8211; Duplicaci&oacute;n de puertos<br \/>\t\t\t&#8211; Duplicaci&oacute;n de CPU<br \/>\t\t\t&#8211; Doce y cincuenta y nueve de la noche<br \/>\t\t\t&#8211; Muchos a uno<br \/>\t\t\t&#8211; Tx \/ Rx \/ Ambos<br \/>\t\t\t<strong>Lista de Control de Acceso&nbsp;&nbsp; &nbsp;<\/strong><br \/>\t\t\t&#8211; ACL basada en el tiempo<br \/>\t\t\t&#8211; MAC ACL<br \/>\t\t\t&#8211; MAC de origen<br \/>\t\t\t&#8211; MAC de destino<br \/>\t\t\t&#8211; ID de VLAN<br \/>\t\t\t&#8211; Prioridad de usuario<br \/>\t\t\t&#8211; Tipo de &eacute;ter<br \/>\t\t\t&#8211; IP ACL<br \/>\t\t\t-IP de origen<br \/>\t\t\t&#8211; IP de destino<br \/>\t\t\t&#8211; Fragmento<br \/>\t\t\t&#8211; Protocolo IP<br \/>\t\t\t&#8211; Bandera de TCP<br \/>\t\t\t&#8211; Puerto TCP \/ UDP<br \/>\t\t\t&#8211; TOS DSCP \/ IP<br \/>\t\t\t&#8211; Prioridad de usuario<br \/>\t\t\t&#8211; ACL combinado<br \/>\t\t\t&#8211; Contenido de paquete ACL<br \/>\t\t\t&#8211; ACL de IPv6<br \/>\t\t\t&#8211; Pol&iacute;tica<br \/>\t\t\t&#8211; Reflejo<br \/>\t\t\t&#8211; Redirigir<br \/>\t\t\t&#8211; L&iacute;mite de tarifa<br \/>\t\t\t&#8211; Observaci&oacute;n de QoS<br \/>\t\t\t&#8211; ACL se aplica al puerto \/ VLAN<br \/>\t\t\t<strong>Contenido del Paquete&nbsp;&nbsp; &nbsp;<\/strong><br \/>\t\t\t&#8211; Switch TL-SG3428MP<br \/>\t\t\t&#8211; Cable de alimentaci&oacute;n<br \/>\t\t\t&#8211; Gu&iacute;a de Instalaci&oacute;n R&aacute;pida<br \/>\t\t\t&#8211; Kit de montaje en bastidor<br \/>\t\t\t&#8211; Patas de goma<\/td>\n<\/tr>\n<tr>\n<td valign=\"top\"><strong>Fecha de revisi&oacute;n<\/strong><\/td>\n<td>06-08-2021 por YMC<\/td>\n<\/tr>\n<\/table>\n","protected":false},"excerpt":{"rendered":"<p>&#8211; PoE total de 384 W : 24 puertos PoE + compatibles con 802.3at \/ af con una fuente de alimentaci&oacute;n total de 384 W * .&#8211; Puertos Gigabit completos : 24 puertos Gigabit PoE + y 4 ranuras SFP gigabit proporcionan conexiones de alta velocidad.&#8211; Integrado en Omada SDN : aprovisionamiento sin intervenci&oacute;n (ZTP)&hellip;&nbsp;<a href=\"https:\/\/aivlisoft.net\/shop\/producto\/tp-link-tl-sg3428mp-switch-24xgb-poe-l2-4xsfp-rack\/\" rel=\"bookmark\"><span class=\"screen-reader-text\">TP-Link TL-SG3428MP Switch 24xGB PoE L2 4xSFP Rack<\/span><\/a><\/p>\n","protected":false},"featured_media":20466,"template":"","meta":{"neve_meta_sidebar":"","neve_meta_container":"","neve_meta_enable_content_width":"","neve_meta_content_width":0,"neve_meta_title_alignment":"","neve_meta_author_avatar":"","neve_post_elements_order":"","neve_meta_disable_header":"","neve_meta_disable_footer":"","neve_meta_disable_title":""},"product_brand":[],"product_cat":[8771],"product_tag":[7303],"class_list":{"0":"post-20465","1":"product","2":"type-product","3":"status-publish","4":"has-post-thumbnail","6":"product_cat-switches-armario","7":"product_tag-tl-sg3428mp","9":"first","10":"instock","11":"taxable","12":"shipping-taxable","13":"purchasable","14":"product-type-simple"},"yoast_head":"<!-- This site is optimized with the Yoast SEO plugin v26.0 - https:\/\/yoast.com\/wordpress\/plugins\/seo\/ -->\n<title>TP-Link TL-SG3428MP Switch 24xGB PoE L2 4xSFP Rack - Aivlisoft Inform\u00e1tica<\/title>\n<meta name=\"robots\" content=\"index, follow, max-snippet:-1, max-image-preview:large, max-video-preview:-1\" \/>\n<link rel=\"canonical\" href=\"https:\/\/aivlisoft.net\/shop\/producto\/tp-link-tl-sg3428mp-switch-24xgb-poe-l2-4xsfp-rack\/\" \/>\n<meta property=\"og:locale\" content=\"es_ES\" \/>\n<meta property=\"og:type\" content=\"article\" \/>\n<meta property=\"og:title\" content=\"TP-Link TL-SG3428MP Switch 24xGB PoE L2 4xSFP Rack - Aivlisoft Inform\u00e1tica\" \/>\n<meta property=\"og:description\" content=\"&#8211; PoE total de 384 W : 24 puertos PoE + compatibles con 802.3at \/ af con una fuente de alimentaci&oacute;n total de 384 W * .&#8211; Puertos Gigabit completos : 24 puertos Gigabit PoE + y 4 ranuras SFP gigabit proporcionan conexiones de alta velocidad.&#8211; Integrado en Omada SDN : aprovisionamiento sin intervenci&oacute;n (ZTP)&hellip;&nbsp;TP-Link TL-SG3428MP Switch 24xGB PoE L2 4xSFP Rack\" \/>\n<meta property=\"og:url\" content=\"https:\/\/aivlisoft.net\/shop\/producto\/tp-link-tl-sg3428mp-switch-24xgb-poe-l2-4xsfp-rack\/\" \/>\n<meta property=\"og:site_name\" content=\"Aivlisoft Inform\u00e1tica\" \/>\n<meta property=\"article:modified_time\" content=\"2025-01-14T11:50:53+00:00\" \/>\n<meta property=\"og:image\" content=\"https:\/\/aivlisoft.net\/shop\/wp-content\/uploads\/2025\/01\/NSWSAR0287_800.jpg\" \/>\n\t<meta property=\"og:image:width\" content=\"800\" \/>\n\t<meta property=\"og:image:height\" content=\"800\" \/>\n\t<meta property=\"og:image:type\" content=\"image\/jpeg\" \/>\n<meta name=\"twitter:card\" content=\"summary_large_image\" \/>\n<meta name=\"twitter:label1\" content=\"Tiempo de lectura\" \/>\n\t<meta name=\"twitter:data1\" content=\"3 minutos\" \/>\n<script type=\"application\/ld+json\" class=\"yoast-schema-graph\">{\"@context\":\"https:\/\/schema.org\",\"@graph\":[{\"@type\":\"WebPage\",\"@id\":\"https:\/\/aivlisoft.net\/shop\/producto\/tp-link-tl-sg3428mp-switch-24xgb-poe-l2-4xsfp-rack\/\",\"url\":\"https:\/\/aivlisoft.net\/shop\/producto\/tp-link-tl-sg3428mp-switch-24xgb-poe-l2-4xsfp-rack\/\",\"name\":\"TP-Link TL-SG3428MP Switch 24xGB PoE L2 4xSFP Rack - Aivlisoft Inform\u00e1tica\",\"isPartOf\":{\"@id\":\"https:\/\/aivlisoft.net\/shop\/#website\"},\"primaryImageOfPage\":{\"@id\":\"https:\/\/aivlisoft.net\/shop\/producto\/tp-link-tl-sg3428mp-switch-24xgb-poe-l2-4xsfp-rack\/#primaryimage\"},\"image\":{\"@id\":\"https:\/\/aivlisoft.net\/shop\/producto\/tp-link-tl-sg3428mp-switch-24xgb-poe-l2-4xsfp-rack\/#primaryimage\"},\"thumbnailUrl\":\"https:\/\/aivlisoft.net\/shop\/wp-content\/uploads\/2025\/01\/NSWSAR0287_800.jpg\",\"datePublished\":\"2025-01-13T15:43:06+00:00\",\"dateModified\":\"2025-01-14T11:50:53+00:00\",\"breadcrumb\":{\"@id\":\"https:\/\/aivlisoft.net\/shop\/producto\/tp-link-tl-sg3428mp-switch-24xgb-poe-l2-4xsfp-rack\/#breadcrumb\"},\"inLanguage\":\"es\",\"potentialAction\":[{\"@type\":\"ReadAction\",\"target\":[\"https:\/\/aivlisoft.net\/shop\/producto\/tp-link-tl-sg3428mp-switch-24xgb-poe-l2-4xsfp-rack\/\"]}]},{\"@type\":\"ImageObject\",\"inLanguage\":\"es\",\"@id\":\"https:\/\/aivlisoft.net\/shop\/producto\/tp-link-tl-sg3428mp-switch-24xgb-poe-l2-4xsfp-rack\/#primaryimage\",\"url\":\"https:\/\/aivlisoft.net\/shop\/wp-content\/uploads\/2025\/01\/NSWSAR0287_800.jpg\",\"contentUrl\":\"https:\/\/aivlisoft.net\/shop\/wp-content\/uploads\/2025\/01\/NSWSAR0287_800.jpg\",\"width\":800,\"height\":800},{\"@type\":\"BreadcrumbList\",\"@id\":\"https:\/\/aivlisoft.net\/shop\/producto\/tp-link-tl-sg3428mp-switch-24xgb-poe-l2-4xsfp-rack\/#breadcrumb\",\"itemListElement\":[{\"@type\":\"ListItem\",\"position\":1,\"name\":\"Portada\",\"item\":\"https:\/\/aivlisoft.net\/shop\/\"},{\"@type\":\"ListItem\",\"position\":2,\"name\":\"Tienda\",\"item\":\"https:\/\/aivlisoft.net\/shop\/tienda\/\"},{\"@type\":\"ListItem\",\"position\":3,\"name\":\"TP-Link TL-SG3428MP Switch 24xGB PoE L2 4xSFP Rack\"}]},{\"@type\":\"WebSite\",\"@id\":\"https:\/\/aivlisoft.net\/shop\/#website\",\"url\":\"https:\/\/aivlisoft.net\/shop\/\",\"name\":\"Aivlisoft Inform\u00e1tica\",\"description\":\"En Aivlisoft Inform\u00e1tica ofrecemos soluciones tecnol\u00f3gicas para empresas: venta de ordenadores, consumibles, perif\u00e9ricos y m\u00e1s. Calidad, atenci\u00f3n personalizada y los mejores precios para tu negocio.\",\"publisher\":{\"@id\":\"https:\/\/aivlisoft.net\/shop\/#organization\"},\"potentialAction\":[{\"@type\":\"SearchAction\",\"target\":{\"@type\":\"EntryPoint\",\"urlTemplate\":\"https:\/\/aivlisoft.net\/shop\/?s={search_term_string}\"},\"query-input\":{\"@type\":\"PropertyValueSpecification\",\"valueRequired\":true,\"valueName\":\"search_term_string\"}}],\"inLanguage\":\"es\"},{\"@type\":\"Organization\",\"@id\":\"https:\/\/aivlisoft.net\/shop\/#organization\",\"name\":\"Aivlisoft Inform\u00e1tica\",\"url\":\"https:\/\/aivlisoft.net\/shop\/\",\"logo\":{\"@type\":\"ImageObject\",\"inLanguage\":\"es\",\"@id\":\"https:\/\/aivlisoft.net\/shop\/#\/schema\/logo\/image\/\",\"url\":\"https:\/\/aivlisoft.net\/shop\/wp-content\/uploads\/2024\/12\/removal.ai_5b848c54-0cdf-4140-95c5-c5536bb7573b-logodef.png\",\"contentUrl\":\"https:\/\/aivlisoft.net\/shop\/wp-content\/uploads\/2024\/12\/removal.ai_5b848c54-0cdf-4140-95c5-c5536bb7573b-logodef.png\",\"width\":484,\"height\":182,\"caption\":\"Aivlisoft Inform\u00e1tica\"},\"image\":{\"@id\":\"https:\/\/aivlisoft.net\/shop\/#\/schema\/logo\/image\/\"}}]}<\/script>\n<!-- \/ Yoast SEO plugin. -->","yoast_head_json":{"title":"TP-Link TL-SG3428MP Switch 24xGB PoE L2 4xSFP Rack - Aivlisoft Inform\u00e1tica","robots":{"index":"index","follow":"follow","max-snippet":"max-snippet:-1","max-image-preview":"max-image-preview:large","max-video-preview":"max-video-preview:-1"},"canonical":"https:\/\/aivlisoft.net\/shop\/producto\/tp-link-tl-sg3428mp-switch-24xgb-poe-l2-4xsfp-rack\/","og_locale":"es_ES","og_type":"article","og_title":"TP-Link TL-SG3428MP Switch 24xGB PoE L2 4xSFP Rack - Aivlisoft Inform\u00e1tica","og_description":"&#8211; PoE total de 384 W : 24 puertos PoE + compatibles con 802.3at \/ af con una fuente de alimentaci&oacute;n total de 384 W * .&#8211; Puertos Gigabit completos : 24 puertos Gigabit PoE + y 4 ranuras SFP gigabit proporcionan conexiones de alta velocidad.&#8211; Integrado en Omada SDN : aprovisionamiento sin intervenci&oacute;n (ZTP)&hellip;&nbsp;TP-Link TL-SG3428MP Switch 24xGB PoE L2 4xSFP Rack","og_url":"https:\/\/aivlisoft.net\/shop\/producto\/tp-link-tl-sg3428mp-switch-24xgb-poe-l2-4xsfp-rack\/","og_site_name":"Aivlisoft Inform\u00e1tica","article_modified_time":"2025-01-14T11:50:53+00:00","og_image":[{"width":800,"height":800,"url":"https:\/\/aivlisoft.net\/shop\/wp-content\/uploads\/2025\/01\/NSWSAR0287_800.jpg","type":"image\/jpeg"}],"twitter_card":"summary_large_image","twitter_misc":{"Tiempo de lectura":"3 minutos"},"schema":{"@context":"https:\/\/schema.org","@graph":[{"@type":"WebPage","@id":"https:\/\/aivlisoft.net\/shop\/producto\/tp-link-tl-sg3428mp-switch-24xgb-poe-l2-4xsfp-rack\/","url":"https:\/\/aivlisoft.net\/shop\/producto\/tp-link-tl-sg3428mp-switch-24xgb-poe-l2-4xsfp-rack\/","name":"TP-Link TL-SG3428MP Switch 24xGB PoE L2 4xSFP Rack - Aivlisoft Inform\u00e1tica","isPartOf":{"@id":"https:\/\/aivlisoft.net\/shop\/#website"},"primaryImageOfPage":{"@id":"https:\/\/aivlisoft.net\/shop\/producto\/tp-link-tl-sg3428mp-switch-24xgb-poe-l2-4xsfp-rack\/#primaryimage"},"image":{"@id":"https:\/\/aivlisoft.net\/shop\/producto\/tp-link-tl-sg3428mp-switch-24xgb-poe-l2-4xsfp-rack\/#primaryimage"},"thumbnailUrl":"https:\/\/aivlisoft.net\/shop\/wp-content\/uploads\/2025\/01\/NSWSAR0287_800.jpg","datePublished":"2025-01-13T15:43:06+00:00","dateModified":"2025-01-14T11:50:53+00:00","breadcrumb":{"@id":"https:\/\/aivlisoft.net\/shop\/producto\/tp-link-tl-sg3428mp-switch-24xgb-poe-l2-4xsfp-rack\/#breadcrumb"},"inLanguage":"es","potentialAction":[{"@type":"ReadAction","target":["https:\/\/aivlisoft.net\/shop\/producto\/tp-link-tl-sg3428mp-switch-24xgb-poe-l2-4xsfp-rack\/"]}]},{"@type":"ImageObject","inLanguage":"es","@id":"https:\/\/aivlisoft.net\/shop\/producto\/tp-link-tl-sg3428mp-switch-24xgb-poe-l2-4xsfp-rack\/#primaryimage","url":"https:\/\/aivlisoft.net\/shop\/wp-content\/uploads\/2025\/01\/NSWSAR0287_800.jpg","contentUrl":"https:\/\/aivlisoft.net\/shop\/wp-content\/uploads\/2025\/01\/NSWSAR0287_800.jpg","width":800,"height":800},{"@type":"BreadcrumbList","@id":"https:\/\/aivlisoft.net\/shop\/producto\/tp-link-tl-sg3428mp-switch-24xgb-poe-l2-4xsfp-rack\/#breadcrumb","itemListElement":[{"@type":"ListItem","position":1,"name":"Portada","item":"https:\/\/aivlisoft.net\/shop\/"},{"@type":"ListItem","position":2,"name":"Tienda","item":"https:\/\/aivlisoft.net\/shop\/tienda\/"},{"@type":"ListItem","position":3,"name":"TP-Link TL-SG3428MP Switch 24xGB PoE L2 4xSFP Rack"}]},{"@type":"WebSite","@id":"https:\/\/aivlisoft.net\/shop\/#website","url":"https:\/\/aivlisoft.net\/shop\/","name":"Aivlisoft Inform\u00e1tica","description":"En Aivlisoft Inform\u00e1tica ofrecemos soluciones tecnol\u00f3gicas para empresas: venta de ordenadores, consumibles, perif\u00e9ricos y m\u00e1s. Calidad, atenci\u00f3n personalizada y los mejores precios para tu negocio.","publisher":{"@id":"https:\/\/aivlisoft.net\/shop\/#organization"},"potentialAction":[{"@type":"SearchAction","target":{"@type":"EntryPoint","urlTemplate":"https:\/\/aivlisoft.net\/shop\/?s={search_term_string}"},"query-input":{"@type":"PropertyValueSpecification","valueRequired":true,"valueName":"search_term_string"}}],"inLanguage":"es"},{"@type":"Organization","@id":"https:\/\/aivlisoft.net\/shop\/#organization","name":"Aivlisoft Inform\u00e1tica","url":"https:\/\/aivlisoft.net\/shop\/","logo":{"@type":"ImageObject","inLanguage":"es","@id":"https:\/\/aivlisoft.net\/shop\/#\/schema\/logo\/image\/","url":"https:\/\/aivlisoft.net\/shop\/wp-content\/uploads\/2024\/12\/removal.ai_5b848c54-0cdf-4140-95c5-c5536bb7573b-logodef.png","contentUrl":"https:\/\/aivlisoft.net\/shop\/wp-content\/uploads\/2024\/12\/removal.ai_5b848c54-0cdf-4140-95c5-c5536bb7573b-logodef.png","width":484,"height":182,"caption":"Aivlisoft Inform\u00e1tica"},"image":{"@id":"https:\/\/aivlisoft.net\/shop\/#\/schema\/logo\/image\/"}}]}},"_links":{"self":[{"href":"https:\/\/aivlisoft.net\/shop\/wp-json\/wp\/v2\/product\/20465","targetHints":{"allow":["GET"]}}],"collection":[{"href":"https:\/\/aivlisoft.net\/shop\/wp-json\/wp\/v2\/product"}],"about":[{"href":"https:\/\/aivlisoft.net\/shop\/wp-json\/wp\/v2\/types\/product"}],"wp:featuredmedia":[{"embeddable":true,"href":"https:\/\/aivlisoft.net\/shop\/wp-json\/wp\/v2\/media\/20466"}],"wp:attachment":[{"href":"https:\/\/aivlisoft.net\/shop\/wp-json\/wp\/v2\/media?parent=20465"}],"wp:term":[{"taxonomy":"product_brand","embeddable":true,"href":"https:\/\/aivlisoft.net\/shop\/wp-json\/wp\/v2\/product_brand?post=20465"},{"taxonomy":"product_cat","embeddable":true,"href":"https:\/\/aivlisoft.net\/shop\/wp-json\/wp\/v2\/product_cat?post=20465"},{"taxonomy":"product_tag","embeddable":true,"href":"https:\/\/aivlisoft.net\/shop\/wp-json\/wp\/v2\/product_tag?post=20465"}],"curies":[{"name":"wp","href":"https:\/\/api.w.org\/{rel}","templated":true}]}}