{"id":20452,"date":"2025-01-13T15:42:56","date_gmt":"2025-01-13T15:42:56","guid":{"rendered":"https:\/\/aivlisoft.com\/?post_type=product&#038;p=20452"},"modified":"2025-01-14T11:50:48","modified_gmt":"2025-01-14T11:50:48","slug":"tp-link-sg3452-jetstream-switch-l2-48xgb-4slots","status":"publish","type":"product","link":"https:\/\/aivlisoft.net\/shop\/producto\/tp-link-sg3452-jetstream-switch-l2-48xgb-4slots\/","title":{"rendered":"TP-Link SG3452 JetStream Switch L2 48xGB 4Slots"},"content":{"rendered":"<p><\/p>\n<table class=\"tabla_caracteristicas k-table\" width=\"100%\">\n<tr>\n<td valign=\"top\"><strong>Marca<\/strong><\/td>\n<td>TP-Link<\/td>\n<\/tr>\n<tr>\n<td><strong>Modelo<\/strong><\/td>\n<td><strong>TL-SG3452<\/strong><\/td>\n<\/tr>\n<tr>\n<td><strong>Caracter&iacute;sticas de Hardware<\/strong><\/td>\n<td>&#8211; Interfaz:<br \/>\t\t\t&nbsp; 48 puertos RJ45 de 10\/100\/1000 Mbps<br \/>\t\t\t&nbsp; 4 ranuras Gigabit SFP<br \/>\t\t\t&nbsp; 1 puerto de consola RJ45<br \/>\t\t\t&nbsp; 1 puerto de consola micro-USB<br \/>\t\t\t&#8211; Cantidad de Ventiladores: Sin ventilador<br \/>\t\t\t&#8211; Fuente de Alimentaci&oacute;n: 100-240 V AC~50\/60 Hz<br \/>\t\t\t&#8211; Dimensiones: 440&times;220&times;44 mm<br \/>\t\t\t&#8211; Montaje: Montaje en rack<br \/>\t\t\t&#8211; Consumo de Potencia M&aacute;ximo: 32.8 W (220 V\/ 50 Hz)<br \/>\t\t\t&#8211; Max Heat Dissipation: 111.91 BTU\/h (220 V \/ 50 Hz)<\/td>\n<\/tr>\n<tr>\n<td><strong>Rendimiento<\/strong><\/td>\n<td>&#8211; Ancho de Banda \/ Backplane: 104 Gbps<br \/>\t\t\t&#8211; Tasa de reenv&iacute;o de paquetes: 77.4 Mpps<br \/>\t\t\t&#8211; Tabla de Direcciones MAC: 16k<br \/>\t\t\t&#8211; Jumbo Frame: 9 KB<\/td>\n<\/tr>\n<tr>\n<td><strong>Caracter&iacute;sticas de Software<\/strong><\/td>\n<td>&#8211; Gesti&oacute;n<br \/>\t\t\t&nbsp; GUI basada en web<br \/>\t\t\t&nbsp; Interfaz de l&iacute;nea de comando (CLI) a trav&eacute;s del puerto de consola, telnet<br \/>\t\t\t&nbsp; SNMPv1 \/ v2c \/ v3<br \/>\t\t\t&nbsp; Trampa \/ Informar<br \/>\t\t\t&nbsp; RMON (1, 2, 3, 9 grupos)<br \/>\t\t\t&nbsp; Plantilla SDM<br \/>\t\t\t&nbsp; Cliente DHCP \/ BOOTP<br \/>\t\t\t&nbsp; 802.1ab LLDP \/ LLDP-MED<br \/>\t\t\t&nbsp; Instalaci&oacute;n autom&aacute;tica de DHCP<br \/>\t\t\t&nbsp; Imagen dual, configuraci&oacute;n dual<br \/>\t\t\t&nbsp; Supervisi&oacute;n de CPU<br \/>\t\t\t&nbsp; Diagn&oacute;stico de cables<br \/>\t\t\t&nbsp; EEE<br \/>\t\t\t&nbsp; Recuperaci&oacute;n de contrase&ntilde;a<br \/>\t\t\t&nbsp; SNTP<br \/>\t\t\t&nbsp; Registro del sistema<br \/>\t\t\t&#8211; Caracter&iacute;sticas Avanzadas &nbsp;&nbsp; &nbsp;<br \/>\t\t\t&nbsp; Admite controlador de hardware Omada (OC200 \/ OC300), controlador de software, controlador basado en la nube<br \/>\t\t\t&nbsp; Descubrimiento autom&aacute;tico de dispositivos<br \/>\t\t\t&nbsp; Configuraci&oacute;n por lotes<br \/>\t\t\t&nbsp; Actualizaci&oacute;n de firmware por lotes<br \/>\t\t\t&nbsp; Monitoreo de red inteligente<br \/>\t\t\t&nbsp; Advertencias de eventos anormales<br \/>\t\t\t&nbsp; Configuraci&oacute;n unificada<br \/>\t\t\t&nbsp; Programa de reinicio<br \/>\t\t\t&nbsp; ZTP (aprovisionamiento sin intervenci&oacute;n)<\/td>\n<\/tr>\n<tr>\n<td><strong>Otros<\/strong><\/td>\n<td>&#8211; Certificaciones: CE, FCC, RoHS<br \/>\t\t\t<strong>Contenido<\/strong><br \/>\t\t\t&nbsp; TL-SG2008<br \/>\t\t\t&nbsp; Cable de alimentaci&oacute;n<br \/>\t\t\t&nbsp; Gu&iacute;a de Instalaci&oacute;n R&aacute;pida<br \/>\t\t\t&nbsp; Kit de montaje en bastidor<br \/>\t\t\t&nbsp; Patas de Goma<\/td>\n<\/tr>\n<tr>\n<td><strong>Fecha de revisi&oacute;n<\/strong><\/td>\n<td>16-03-2021 por MPM<\/td>\n<\/tr>\n<\/table>\n","protected":false},"excerpt":{"rendered":"<p>Marca TP-Link Modelo TL-SG3452 Caracter&iacute;sticas de Hardware &#8211; Interfaz: &nbsp; 48 puertos RJ45 de 10\/100\/1000 Mbps &nbsp; 4 ranuras Gigabit SFP &nbsp; 1 puerto de consola RJ45 &nbsp; 1 puerto de consola micro-USB &#8211; Cantidad de Ventiladores: Sin ventilador &#8211; Fuente de Alimentaci&oacute;n: 100-240 V AC~50\/60 Hz &#8211; Dimensiones: 440&times;220&times;44 mm &#8211; Montaje: Montaje en&hellip;&nbsp;<a href=\"https:\/\/aivlisoft.net\/shop\/producto\/tp-link-sg3452-jetstream-switch-l2-48xgb-4slots\/\" rel=\"bookmark\"><span class=\"screen-reader-text\">TP-Link SG3452 JetStream Switch L2 48xGB 4Slots<\/span><\/a><\/p>\n","protected":false},"featured_media":20453,"template":"","meta":{"neve_meta_sidebar":"","neve_meta_container":"","neve_meta_enable_content_width":"","neve_meta_content_width":0,"neve_meta_title_alignment":"","neve_meta_author_avatar":"","neve_post_elements_order":"","neve_meta_disable_header":"","neve_meta_disable_footer":"","neve_meta_disable_title":""},"product_brand":[],"product_cat":[8771],"product_tag":[7300],"class_list":{"0":"post-20452","1":"product","2":"type-product","3":"status-publish","4":"has-post-thumbnail","6":"product_cat-switches-armario","7":"product_tag-sg3452","9":"first","10":"instock","11":"taxable","12":"shipping-taxable","13":"purchasable","14":"product-type-simple"},"yoast_head":"<!-- This site is optimized with the Yoast SEO plugin v26.0 - https:\/\/yoast.com\/wordpress\/plugins\/seo\/ -->\n<title>TP-Link SG3452 JetStream Switch L2 48xGB 4Slots - Aivlisoft Inform\u00e1tica<\/title>\n<meta name=\"robots\" content=\"index, follow, max-snippet:-1, max-image-preview:large, max-video-preview:-1\" \/>\n<link rel=\"canonical\" href=\"https:\/\/aivlisoft.net\/shop\/producto\/tp-link-sg3452-jetstream-switch-l2-48xgb-4slots\/\" \/>\n<meta property=\"og:locale\" content=\"es_ES\" \/>\n<meta property=\"og:type\" content=\"article\" \/>\n<meta property=\"og:title\" content=\"TP-Link SG3452 JetStream Switch L2 48xGB 4Slots - Aivlisoft Inform\u00e1tica\" \/>\n<meta property=\"og:description\" content=\"Marca TP-Link Modelo TL-SG3452 Caracter&iacute;sticas de Hardware &#8211; Interfaz: &nbsp; 48 puertos RJ45 de 10\/100\/1000 Mbps &nbsp; 4 ranuras Gigabit SFP &nbsp; 1 puerto de consola RJ45 &nbsp; 1 puerto de consola micro-USB &#8211; Cantidad de Ventiladores: Sin ventilador &#8211; Fuente de Alimentaci&oacute;n: 100-240 V AC~50\/60 Hz &#8211; Dimensiones: 440&times;220&times;44 mm &#8211; Montaje: Montaje en&hellip;&nbsp;TP-Link SG3452 JetStream Switch L2 48xGB 4Slots\" \/>\n<meta property=\"og:url\" content=\"https:\/\/aivlisoft.net\/shop\/producto\/tp-link-sg3452-jetstream-switch-l2-48xgb-4slots\/\" \/>\n<meta property=\"og:site_name\" content=\"Aivlisoft Inform\u00e1tica\" \/>\n<meta property=\"article:modified_time\" content=\"2025-01-14T11:50:48+00:00\" \/>\n<meta property=\"og:image\" content=\"https:\/\/aivlisoft.net\/shop\/wp-content\/uploads\/2025\/01\/NSWSAR0283_800.jpg\" \/>\n\t<meta property=\"og:image:width\" content=\"800\" \/>\n\t<meta property=\"og:image:height\" content=\"800\" \/>\n\t<meta property=\"og:image:type\" content=\"image\/jpeg\" \/>\n<meta name=\"twitter:card\" content=\"summary_large_image\" \/>\n<meta name=\"twitter:label1\" content=\"Tiempo de lectura\" \/>\n\t<meta name=\"twitter:data1\" content=\"2 minutos\" \/>\n<script type=\"application\/ld+json\" class=\"yoast-schema-graph\">{\"@context\":\"https:\/\/schema.org\",\"@graph\":[{\"@type\":\"WebPage\",\"@id\":\"https:\/\/aivlisoft.net\/shop\/producto\/tp-link-sg3452-jetstream-switch-l2-48xgb-4slots\/\",\"url\":\"https:\/\/aivlisoft.net\/shop\/producto\/tp-link-sg3452-jetstream-switch-l2-48xgb-4slots\/\",\"name\":\"TP-Link SG3452 JetStream Switch L2 48xGB 4Slots - Aivlisoft Inform\u00e1tica\",\"isPartOf\":{\"@id\":\"https:\/\/aivlisoft.net\/shop\/#website\"},\"primaryImageOfPage\":{\"@id\":\"https:\/\/aivlisoft.net\/shop\/producto\/tp-link-sg3452-jetstream-switch-l2-48xgb-4slots\/#primaryimage\"},\"image\":{\"@id\":\"https:\/\/aivlisoft.net\/shop\/producto\/tp-link-sg3452-jetstream-switch-l2-48xgb-4slots\/#primaryimage\"},\"thumbnailUrl\":\"https:\/\/aivlisoft.net\/shop\/wp-content\/uploads\/2025\/01\/NSWSAR0283_800.jpg\",\"datePublished\":\"2025-01-13T15:42:56+00:00\",\"dateModified\":\"2025-01-14T11:50:48+00:00\",\"breadcrumb\":{\"@id\":\"https:\/\/aivlisoft.net\/shop\/producto\/tp-link-sg3452-jetstream-switch-l2-48xgb-4slots\/#breadcrumb\"},\"inLanguage\":\"es\",\"potentialAction\":[{\"@type\":\"ReadAction\",\"target\":[\"https:\/\/aivlisoft.net\/shop\/producto\/tp-link-sg3452-jetstream-switch-l2-48xgb-4slots\/\"]}]},{\"@type\":\"ImageObject\",\"inLanguage\":\"es\",\"@id\":\"https:\/\/aivlisoft.net\/shop\/producto\/tp-link-sg3452-jetstream-switch-l2-48xgb-4slots\/#primaryimage\",\"url\":\"https:\/\/aivlisoft.net\/shop\/wp-content\/uploads\/2025\/01\/NSWSAR0283_800.jpg\",\"contentUrl\":\"https:\/\/aivlisoft.net\/shop\/wp-content\/uploads\/2025\/01\/NSWSAR0283_800.jpg\",\"width\":800,\"height\":800},{\"@type\":\"BreadcrumbList\",\"@id\":\"https:\/\/aivlisoft.net\/shop\/producto\/tp-link-sg3452-jetstream-switch-l2-48xgb-4slots\/#breadcrumb\",\"itemListElement\":[{\"@type\":\"ListItem\",\"position\":1,\"name\":\"Portada\",\"item\":\"https:\/\/aivlisoft.net\/shop\/\"},{\"@type\":\"ListItem\",\"position\":2,\"name\":\"Tienda\",\"item\":\"https:\/\/aivlisoft.net\/shop\/tienda\/\"},{\"@type\":\"ListItem\",\"position\":3,\"name\":\"TP-Link SG3452 JetStream Switch L2 48xGB 4Slots\"}]},{\"@type\":\"WebSite\",\"@id\":\"https:\/\/aivlisoft.net\/shop\/#website\",\"url\":\"https:\/\/aivlisoft.net\/shop\/\",\"name\":\"Aivlisoft Inform\u00e1tica\",\"description\":\"En Aivlisoft Inform\u00e1tica ofrecemos soluciones tecnol\u00f3gicas para empresas: venta de ordenadores, consumibles, perif\u00e9ricos y m\u00e1s. Calidad, atenci\u00f3n personalizada y los mejores precios para tu negocio.\",\"publisher\":{\"@id\":\"https:\/\/aivlisoft.net\/shop\/#organization\"},\"potentialAction\":[{\"@type\":\"SearchAction\",\"target\":{\"@type\":\"EntryPoint\",\"urlTemplate\":\"https:\/\/aivlisoft.net\/shop\/?s={search_term_string}\"},\"query-input\":{\"@type\":\"PropertyValueSpecification\",\"valueRequired\":true,\"valueName\":\"search_term_string\"}}],\"inLanguage\":\"es\"},{\"@type\":\"Organization\",\"@id\":\"https:\/\/aivlisoft.net\/shop\/#organization\",\"name\":\"Aivlisoft Inform\u00e1tica\",\"url\":\"https:\/\/aivlisoft.net\/shop\/\",\"logo\":{\"@type\":\"ImageObject\",\"inLanguage\":\"es\",\"@id\":\"https:\/\/aivlisoft.net\/shop\/#\/schema\/logo\/image\/\",\"url\":\"https:\/\/aivlisoft.net\/shop\/wp-content\/uploads\/2024\/12\/removal.ai_5b848c54-0cdf-4140-95c5-c5536bb7573b-logodef.png\",\"contentUrl\":\"https:\/\/aivlisoft.net\/shop\/wp-content\/uploads\/2024\/12\/removal.ai_5b848c54-0cdf-4140-95c5-c5536bb7573b-logodef.png\",\"width\":484,\"height\":182,\"caption\":\"Aivlisoft Inform\u00e1tica\"},\"image\":{\"@id\":\"https:\/\/aivlisoft.net\/shop\/#\/schema\/logo\/image\/\"}}]}<\/script>\n<!-- \/ Yoast SEO plugin. -->","yoast_head_json":{"title":"TP-Link SG3452 JetStream Switch L2 48xGB 4Slots - Aivlisoft Inform\u00e1tica","robots":{"index":"index","follow":"follow","max-snippet":"max-snippet:-1","max-image-preview":"max-image-preview:large","max-video-preview":"max-video-preview:-1"},"canonical":"https:\/\/aivlisoft.net\/shop\/producto\/tp-link-sg3452-jetstream-switch-l2-48xgb-4slots\/","og_locale":"es_ES","og_type":"article","og_title":"TP-Link SG3452 JetStream Switch L2 48xGB 4Slots - Aivlisoft Inform\u00e1tica","og_description":"Marca TP-Link Modelo TL-SG3452 Caracter&iacute;sticas de Hardware &#8211; Interfaz: &nbsp; 48 puertos RJ45 de 10\/100\/1000 Mbps &nbsp; 4 ranuras Gigabit SFP &nbsp; 1 puerto de consola RJ45 &nbsp; 1 puerto de consola micro-USB &#8211; Cantidad de Ventiladores: Sin ventilador &#8211; Fuente de Alimentaci&oacute;n: 100-240 V AC~50\/60 Hz &#8211; Dimensiones: 440&times;220&times;44 mm &#8211; Montaje: Montaje en&hellip;&nbsp;TP-Link SG3452 JetStream Switch L2 48xGB 4Slots","og_url":"https:\/\/aivlisoft.net\/shop\/producto\/tp-link-sg3452-jetstream-switch-l2-48xgb-4slots\/","og_site_name":"Aivlisoft Inform\u00e1tica","article_modified_time":"2025-01-14T11:50:48+00:00","og_image":[{"width":800,"height":800,"url":"https:\/\/aivlisoft.net\/shop\/wp-content\/uploads\/2025\/01\/NSWSAR0283_800.jpg","type":"image\/jpeg"}],"twitter_card":"summary_large_image","twitter_misc":{"Tiempo de lectura":"2 minutos"},"schema":{"@context":"https:\/\/schema.org","@graph":[{"@type":"WebPage","@id":"https:\/\/aivlisoft.net\/shop\/producto\/tp-link-sg3452-jetstream-switch-l2-48xgb-4slots\/","url":"https:\/\/aivlisoft.net\/shop\/producto\/tp-link-sg3452-jetstream-switch-l2-48xgb-4slots\/","name":"TP-Link SG3452 JetStream Switch L2 48xGB 4Slots - Aivlisoft Inform\u00e1tica","isPartOf":{"@id":"https:\/\/aivlisoft.net\/shop\/#website"},"primaryImageOfPage":{"@id":"https:\/\/aivlisoft.net\/shop\/producto\/tp-link-sg3452-jetstream-switch-l2-48xgb-4slots\/#primaryimage"},"image":{"@id":"https:\/\/aivlisoft.net\/shop\/producto\/tp-link-sg3452-jetstream-switch-l2-48xgb-4slots\/#primaryimage"},"thumbnailUrl":"https:\/\/aivlisoft.net\/shop\/wp-content\/uploads\/2025\/01\/NSWSAR0283_800.jpg","datePublished":"2025-01-13T15:42:56+00:00","dateModified":"2025-01-14T11:50:48+00:00","breadcrumb":{"@id":"https:\/\/aivlisoft.net\/shop\/producto\/tp-link-sg3452-jetstream-switch-l2-48xgb-4slots\/#breadcrumb"},"inLanguage":"es","potentialAction":[{"@type":"ReadAction","target":["https:\/\/aivlisoft.net\/shop\/producto\/tp-link-sg3452-jetstream-switch-l2-48xgb-4slots\/"]}]},{"@type":"ImageObject","inLanguage":"es","@id":"https:\/\/aivlisoft.net\/shop\/producto\/tp-link-sg3452-jetstream-switch-l2-48xgb-4slots\/#primaryimage","url":"https:\/\/aivlisoft.net\/shop\/wp-content\/uploads\/2025\/01\/NSWSAR0283_800.jpg","contentUrl":"https:\/\/aivlisoft.net\/shop\/wp-content\/uploads\/2025\/01\/NSWSAR0283_800.jpg","width":800,"height":800},{"@type":"BreadcrumbList","@id":"https:\/\/aivlisoft.net\/shop\/producto\/tp-link-sg3452-jetstream-switch-l2-48xgb-4slots\/#breadcrumb","itemListElement":[{"@type":"ListItem","position":1,"name":"Portada","item":"https:\/\/aivlisoft.net\/shop\/"},{"@type":"ListItem","position":2,"name":"Tienda","item":"https:\/\/aivlisoft.net\/shop\/tienda\/"},{"@type":"ListItem","position":3,"name":"TP-Link SG3452 JetStream Switch L2 48xGB 4Slots"}]},{"@type":"WebSite","@id":"https:\/\/aivlisoft.net\/shop\/#website","url":"https:\/\/aivlisoft.net\/shop\/","name":"Aivlisoft Inform\u00e1tica","description":"En Aivlisoft Inform\u00e1tica ofrecemos soluciones tecnol\u00f3gicas para empresas: venta de ordenadores, consumibles, perif\u00e9ricos y m\u00e1s. Calidad, atenci\u00f3n personalizada y los mejores precios para tu negocio.","publisher":{"@id":"https:\/\/aivlisoft.net\/shop\/#organization"},"potentialAction":[{"@type":"SearchAction","target":{"@type":"EntryPoint","urlTemplate":"https:\/\/aivlisoft.net\/shop\/?s={search_term_string}"},"query-input":{"@type":"PropertyValueSpecification","valueRequired":true,"valueName":"search_term_string"}}],"inLanguage":"es"},{"@type":"Organization","@id":"https:\/\/aivlisoft.net\/shop\/#organization","name":"Aivlisoft Inform\u00e1tica","url":"https:\/\/aivlisoft.net\/shop\/","logo":{"@type":"ImageObject","inLanguage":"es","@id":"https:\/\/aivlisoft.net\/shop\/#\/schema\/logo\/image\/","url":"https:\/\/aivlisoft.net\/shop\/wp-content\/uploads\/2024\/12\/removal.ai_5b848c54-0cdf-4140-95c5-c5536bb7573b-logodef.png","contentUrl":"https:\/\/aivlisoft.net\/shop\/wp-content\/uploads\/2024\/12\/removal.ai_5b848c54-0cdf-4140-95c5-c5536bb7573b-logodef.png","width":484,"height":182,"caption":"Aivlisoft Inform\u00e1tica"},"image":{"@id":"https:\/\/aivlisoft.net\/shop\/#\/schema\/logo\/image\/"}}]}},"_links":{"self":[{"href":"https:\/\/aivlisoft.net\/shop\/wp-json\/wp\/v2\/product\/20452","targetHints":{"allow":["GET"]}}],"collection":[{"href":"https:\/\/aivlisoft.net\/shop\/wp-json\/wp\/v2\/product"}],"about":[{"href":"https:\/\/aivlisoft.net\/shop\/wp-json\/wp\/v2\/types\/product"}],"wp:featuredmedia":[{"embeddable":true,"href":"https:\/\/aivlisoft.net\/shop\/wp-json\/wp\/v2\/media\/20453"}],"wp:attachment":[{"href":"https:\/\/aivlisoft.net\/shop\/wp-json\/wp\/v2\/media?parent=20452"}],"wp:term":[{"taxonomy":"product_brand","embeddable":true,"href":"https:\/\/aivlisoft.net\/shop\/wp-json\/wp\/v2\/product_brand?post=20452"},{"taxonomy":"product_cat","embeddable":true,"href":"https:\/\/aivlisoft.net\/shop\/wp-json\/wp\/v2\/product_cat?post=20452"},{"taxonomy":"product_tag","embeddable":true,"href":"https:\/\/aivlisoft.net\/shop\/wp-json\/wp\/v2\/product_tag?post=20452"}],"curies":[{"name":"wp","href":"https:\/\/api.w.org\/{rel}","templated":true}]}}