{"id":20406,"date":"2025-01-13T15:42:28","date_gmt":"2025-01-13T15:42:28","guid":{"rendered":"https:\/\/aivlisoft.com\/?post_type=product&#038;p=20406"},"modified":"2025-01-14T11:50:33","modified_gmt":"2025-01-14T11:50:33","slug":"edimax-gs-5424plx-24xgb-4x10gbe-sfp-uplink","status":"publish","type":"product","link":"https:\/\/aivlisoft.net\/shop\/producto\/edimax-gs-5424plx-24xgb-4x10gbe-sfp-uplink\/","title":{"rendered":"Edimax GS-5424PLX 24xGB 4x10GbE SFP+ Uplink"},"content":{"rendered":"<p>&nbsp;<\/p>\n<table class=\"tabla_caracteristicas k-table\" width=\"100%\">\n<tbody>\n<tr>\n<td valign=\"top\"><strong>Marca<\/strong><\/td>\n<td>Edimax<\/td>\n<\/tr>\n<tr>\n<td valign=\"top\"><strong>Modelo<\/strong><\/td>\n<td><strong>GS-5424PLX<\/strong><\/td>\n<\/tr>\n<tr>\n<td valign=\"top\"><strong>Caracter&iacute;sticas Hardware<\/strong><\/td>\n<td>&#8211; Puertos:<br \/>&nbsp;&nbsp; 24 puertos Gigabit RJ45 10\/100 \/ 1000Base-T<br \/>&nbsp;&nbsp; 4 x SFP + enlaces ascendentes de 10 Gigabit<br \/>&#8211; M&eacute;todo de transmisi&oacute;n: almacenar y reenviar<br \/>&#8211; Botones: bot&oacute;n de reinicio<br \/>&#8211; Indicadores LED: <br \/>&nbsp; Por puerto: Enlace \/ Act, PoE: Act \/ Estado<br \/>&nbsp; Por unidad: Energ&iacute;a<br \/>&#8211; Entrada de energ&iacute;a: 100-240 V CA, 50-60 Hz, fuente de alimentaci&oacute;n interna<br \/>&#8211; Presupuesto total de energ&iacute;a: 400W<br \/>&#8211; Ventilador: 2 ventiladores con bandeja<br \/>&#8211; Protecci&oacute;n contra sobretensiones: 6KV en el puerto RJ45<br \/>&#8211; Dimensiones (L x An x Al): 441 &times; 270 &times; 45 mm<br \/>&#8211; Peso: 4,36 kg<\/td>\n<\/tr>\n<tr>\n<td><strong>Rendimiento<\/strong><\/td>\n<td>&#8211; Capacidad de conmutaci&oacute;n: 128 Gbps<br \/>&#8211; Tasa de reenv&iacute;o: 95,2 Mpps (tama&ntilde;o de paquete de 64 bytes)<br \/>&#8211; Direcci&oacute;n MAC: 16K Bytes<br \/>&#8211; Tramas gigantes: 12K bytes<br \/>&#8211; Tasas de filtrado \/ reenv&iacute;o:<br \/>&nbsp;&nbsp; Puerto de 1000 Mbps &#8211; 1,488,000pps<br \/>&nbsp;&nbsp; Puerto de 100 Mbps &#8211; 148,800pps<br \/>&nbsp;&nbsp; Puerto de 10 Mbps &#8211; 14,880pps<br \/><strong>Alimentaci&oacute;n a trav&eacute;s de Ethernet<\/strong><br \/>&#8211; Est&aacute;ndar: IEEE 802.3af (PoE), IEEE 802.3at (PoE +)<br \/>&#8211; Potencia de salida: hasta 30 W por puerto<br \/>&#8211; Asignaci&oacute;n de pines: 1\/2 (+), 3\/6 (-) End-Span (modo A)<br \/>&#8211; Gesti&oacute;n: estado de PoE, encendido \/ apagado de PoE, verificaci&oacute;n activa de PoE PD, configuraci&oacute;n de prioridad por puerto<br \/>&#8211; Largo alcance: 10 Mbps para una distancia de cable de hasta 200 m<br \/>&#8211; Protecci&oacute;n de retroalimentaci&oacute;n: incorporada<\/td>\n<\/tr>\n<tr>\n<td><strong>Otras Caracter&iacute;sticas<\/strong><\/td>\n<td>&#8211; Normativa: &nbsp; <br \/>&nbsp; IEEE 802.3 10BaseT Ethernet<br \/>&nbsp; IEEE 802.3u 100BaseTX Fast Ethernet<br \/>&nbsp; IEEE 802.3ab 1000BaseT Gigabit Ethernet <br \/>&nbsp; IEEE 802.3z 1000BaseSX\/LX<br \/>&nbsp; IEEE 802.3af Power over Ethernet (PoE)<br \/>&nbsp; IEEE 802.3at Power over Ethernet (PoE+)<br \/>&nbsp; IEEE 802.3x Full-duplex and flow control <br \/>&nbsp; IEEE 802.1p Quality of Service (QoS)<br \/>&nbsp; IEEE 802.1x Port-based Network Access Control(PNAC) <br \/>&nbsp; IEEE 802.1Q Virtual LANs VLANs<br \/>&nbsp; IEEE 802.1d Spanning Tree Protocol(STP) <br \/>&nbsp; IEEE 802.1w Rapid Spanning Tree Protocol(RSTP)<br \/>&nbsp; IEEE 802.3ad Link Aggregation Control Protocol (LACP) <br \/>&nbsp; IEEE 802.3az Energy Efficient Ethernet<br \/>&#8211; Certificaciones: CE, FCC Clase A<\/td>\n<\/tr>\n<tr>\n<td><strong>Fecha de revisi&oacute;n<\/strong><\/td>\n<td>22-10-2020 por MPM<\/td>\n<\/tr>\n<\/tbody>\n<\/table>\n","protected":false},"excerpt":{"rendered":"<p>&nbsp; Marca Edimax Modelo GS-5424PLX Caracter&iacute;sticas Hardware &#8211; Puertos:&nbsp;&nbsp; 24 puertos Gigabit RJ45 10\/100 \/ 1000Base-T&nbsp;&nbsp; 4 x SFP + enlaces ascendentes de 10 Gigabit&#8211; M&eacute;todo de transmisi&oacute;n: almacenar y reenviar&#8211; Botones: bot&oacute;n de reinicio&#8211; Indicadores LED: &nbsp; Por puerto: Enlace \/ Act, PoE: Act \/ Estado&nbsp; Por unidad: Energ&iacute;a&#8211; Entrada de energ&iacute;a: 100-240 V&hellip;&nbsp;<a href=\"https:\/\/aivlisoft.net\/shop\/producto\/edimax-gs-5424plx-24xgb-4x10gbe-sfp-uplink\/\" rel=\"bookmark\"><span class=\"screen-reader-text\">Edimax GS-5424PLX 24xGB 4x10GbE SFP+ Uplink<\/span><\/a><\/p>\n","protected":false},"featured_media":20407,"template":"","meta":{"neve_meta_sidebar":"","neve_meta_container":"","neve_meta_enable_content_width":"","neve_meta_content_width":0,"neve_meta_title_alignment":"","neve_meta_author_avatar":"","neve_post_elements_order":"","neve_meta_disable_header":"","neve_meta_disable_footer":"","neve_meta_disable_title":""},"product_brand":[],"product_cat":[8771],"product_tag":[7286],"class_list":{"0":"post-20406","1":"product","2":"type-product","3":"status-publish","4":"has-post-thumbnail","6":"product_cat-switches-armario","7":"product_tag-gs-5424plx","9":"first","10":"instock","11":"taxable","12":"shipping-taxable","13":"purchasable","14":"product-type-simple"},"yoast_head":"<!-- This site is optimized with the Yoast SEO plugin v26.0 - https:\/\/yoast.com\/wordpress\/plugins\/seo\/ -->\n<title>Edimax GS-5424PLX 24xGB 4x10GbE SFP+ Uplink - Aivlisoft Inform\u00e1tica<\/title>\n<meta name=\"robots\" content=\"index, follow, max-snippet:-1, max-image-preview:large, max-video-preview:-1\" \/>\n<link rel=\"canonical\" href=\"https:\/\/aivlisoft.net\/shop\/producto\/edimax-gs-5424plx-24xgb-4x10gbe-sfp-uplink\/\" \/>\n<meta property=\"og:locale\" content=\"es_ES\" \/>\n<meta property=\"og:type\" content=\"article\" \/>\n<meta property=\"og:title\" content=\"Edimax GS-5424PLX 24xGB 4x10GbE SFP+ Uplink - Aivlisoft Inform\u00e1tica\" \/>\n<meta property=\"og:description\" content=\"&nbsp; Marca Edimax Modelo GS-5424PLX Caracter&iacute;sticas Hardware &#8211; Puertos:&nbsp;&nbsp; 24 puertos Gigabit RJ45 10\/100 \/ 1000Base-T&nbsp;&nbsp; 4 x SFP + enlaces ascendentes de 10 Gigabit&#8211; M&eacute;todo de transmisi&oacute;n: almacenar y reenviar&#8211; Botones: bot&oacute;n de reinicio&#8211; Indicadores LED: &nbsp; Por puerto: Enlace \/ Act, PoE: Act \/ Estado&nbsp; Por unidad: Energ&iacute;a&#8211; Entrada de energ&iacute;a: 100-240 V&hellip;&nbsp;Edimax GS-5424PLX 24xGB 4x10GbE SFP+ Uplink\" \/>\n<meta property=\"og:url\" content=\"https:\/\/aivlisoft.net\/shop\/producto\/edimax-gs-5424plx-24xgb-4x10gbe-sfp-uplink\/\" \/>\n<meta property=\"og:site_name\" content=\"Aivlisoft Inform\u00e1tica\" \/>\n<meta property=\"article:modified_time\" content=\"2025-01-14T11:50:33+00:00\" \/>\n<meta property=\"og:image\" content=\"https:\/\/aivlisoft.net\/shop\/wp-content\/uploads\/2025\/01\/NSWSAR0261_800.jpg\" \/>\n\t<meta property=\"og:image:width\" content=\"800\" \/>\n\t<meta property=\"og:image:height\" content=\"800\" \/>\n\t<meta property=\"og:image:type\" content=\"image\/jpeg\" \/>\n<meta name=\"twitter:card\" content=\"summary_large_image\" \/>\n<meta name=\"twitter:label1\" content=\"Tiempo de lectura\" \/>\n\t<meta name=\"twitter:data1\" content=\"2 minutos\" \/>\n<script type=\"application\/ld+json\" class=\"yoast-schema-graph\">{\"@context\":\"https:\/\/schema.org\",\"@graph\":[{\"@type\":\"WebPage\",\"@id\":\"https:\/\/aivlisoft.net\/shop\/producto\/edimax-gs-5424plx-24xgb-4x10gbe-sfp-uplink\/\",\"url\":\"https:\/\/aivlisoft.net\/shop\/producto\/edimax-gs-5424plx-24xgb-4x10gbe-sfp-uplink\/\",\"name\":\"Edimax GS-5424PLX 24xGB 4x10GbE SFP+ Uplink - Aivlisoft Inform\u00e1tica\",\"isPartOf\":{\"@id\":\"https:\/\/aivlisoft.net\/shop\/#website\"},\"primaryImageOfPage\":{\"@id\":\"https:\/\/aivlisoft.net\/shop\/producto\/edimax-gs-5424plx-24xgb-4x10gbe-sfp-uplink\/#primaryimage\"},\"image\":{\"@id\":\"https:\/\/aivlisoft.net\/shop\/producto\/edimax-gs-5424plx-24xgb-4x10gbe-sfp-uplink\/#primaryimage\"},\"thumbnailUrl\":\"https:\/\/aivlisoft.net\/shop\/wp-content\/uploads\/2025\/01\/NSWSAR0261_800.jpg\",\"datePublished\":\"2025-01-13T15:42:28+00:00\",\"dateModified\":\"2025-01-14T11:50:33+00:00\",\"breadcrumb\":{\"@id\":\"https:\/\/aivlisoft.net\/shop\/producto\/edimax-gs-5424plx-24xgb-4x10gbe-sfp-uplink\/#breadcrumb\"},\"inLanguage\":\"es\",\"potentialAction\":[{\"@type\":\"ReadAction\",\"target\":[\"https:\/\/aivlisoft.net\/shop\/producto\/edimax-gs-5424plx-24xgb-4x10gbe-sfp-uplink\/\"]}]},{\"@type\":\"ImageObject\",\"inLanguage\":\"es\",\"@id\":\"https:\/\/aivlisoft.net\/shop\/producto\/edimax-gs-5424plx-24xgb-4x10gbe-sfp-uplink\/#primaryimage\",\"url\":\"https:\/\/aivlisoft.net\/shop\/wp-content\/uploads\/2025\/01\/NSWSAR0261_800.jpg\",\"contentUrl\":\"https:\/\/aivlisoft.net\/shop\/wp-content\/uploads\/2025\/01\/NSWSAR0261_800.jpg\",\"width\":800,\"height\":800},{\"@type\":\"BreadcrumbList\",\"@id\":\"https:\/\/aivlisoft.net\/shop\/producto\/edimax-gs-5424plx-24xgb-4x10gbe-sfp-uplink\/#breadcrumb\",\"itemListElement\":[{\"@type\":\"ListItem\",\"position\":1,\"name\":\"Portada\",\"item\":\"https:\/\/aivlisoft.net\/shop\/\"},{\"@type\":\"ListItem\",\"position\":2,\"name\":\"Tienda\",\"item\":\"https:\/\/aivlisoft.net\/shop\/tienda\/\"},{\"@type\":\"ListItem\",\"position\":3,\"name\":\"Edimax GS-5424PLX 24xGB 4x10GbE SFP+ Uplink\"}]},{\"@type\":\"WebSite\",\"@id\":\"https:\/\/aivlisoft.net\/shop\/#website\",\"url\":\"https:\/\/aivlisoft.net\/shop\/\",\"name\":\"Aivlisoft Inform\u00e1tica\",\"description\":\"En Aivlisoft Inform\u00e1tica ofrecemos soluciones tecnol\u00f3gicas para empresas: venta de ordenadores, consumibles, perif\u00e9ricos y m\u00e1s. Calidad, atenci\u00f3n personalizada y los mejores precios para tu negocio.\",\"publisher\":{\"@id\":\"https:\/\/aivlisoft.net\/shop\/#organization\"},\"potentialAction\":[{\"@type\":\"SearchAction\",\"target\":{\"@type\":\"EntryPoint\",\"urlTemplate\":\"https:\/\/aivlisoft.net\/shop\/?s={search_term_string}\"},\"query-input\":{\"@type\":\"PropertyValueSpecification\",\"valueRequired\":true,\"valueName\":\"search_term_string\"}}],\"inLanguage\":\"es\"},{\"@type\":\"Organization\",\"@id\":\"https:\/\/aivlisoft.net\/shop\/#organization\",\"name\":\"Aivlisoft Inform\u00e1tica\",\"url\":\"https:\/\/aivlisoft.net\/shop\/\",\"logo\":{\"@type\":\"ImageObject\",\"inLanguage\":\"es\",\"@id\":\"https:\/\/aivlisoft.net\/shop\/#\/schema\/logo\/image\/\",\"url\":\"https:\/\/aivlisoft.net\/shop\/wp-content\/uploads\/2024\/12\/removal.ai_5b848c54-0cdf-4140-95c5-c5536bb7573b-logodef.png\",\"contentUrl\":\"https:\/\/aivlisoft.net\/shop\/wp-content\/uploads\/2024\/12\/removal.ai_5b848c54-0cdf-4140-95c5-c5536bb7573b-logodef.png\",\"width\":484,\"height\":182,\"caption\":\"Aivlisoft Inform\u00e1tica\"},\"image\":{\"@id\":\"https:\/\/aivlisoft.net\/shop\/#\/schema\/logo\/image\/\"}}]}<\/script>\n<!-- \/ Yoast SEO plugin. -->","yoast_head_json":{"title":"Edimax GS-5424PLX 24xGB 4x10GbE SFP+ Uplink - Aivlisoft Inform\u00e1tica","robots":{"index":"index","follow":"follow","max-snippet":"max-snippet:-1","max-image-preview":"max-image-preview:large","max-video-preview":"max-video-preview:-1"},"canonical":"https:\/\/aivlisoft.net\/shop\/producto\/edimax-gs-5424plx-24xgb-4x10gbe-sfp-uplink\/","og_locale":"es_ES","og_type":"article","og_title":"Edimax GS-5424PLX 24xGB 4x10GbE SFP+ Uplink - Aivlisoft Inform\u00e1tica","og_description":"&nbsp; Marca Edimax Modelo GS-5424PLX Caracter&iacute;sticas Hardware &#8211; Puertos:&nbsp;&nbsp; 24 puertos Gigabit RJ45 10\/100 \/ 1000Base-T&nbsp;&nbsp; 4 x SFP + enlaces ascendentes de 10 Gigabit&#8211; M&eacute;todo de transmisi&oacute;n: almacenar y reenviar&#8211; Botones: bot&oacute;n de reinicio&#8211; Indicadores LED: &nbsp; Por puerto: Enlace \/ Act, PoE: Act \/ Estado&nbsp; Por unidad: Energ&iacute;a&#8211; Entrada de energ&iacute;a: 100-240 V&hellip;&nbsp;Edimax GS-5424PLX 24xGB 4x10GbE SFP+ Uplink","og_url":"https:\/\/aivlisoft.net\/shop\/producto\/edimax-gs-5424plx-24xgb-4x10gbe-sfp-uplink\/","og_site_name":"Aivlisoft Inform\u00e1tica","article_modified_time":"2025-01-14T11:50:33+00:00","og_image":[{"width":800,"height":800,"url":"https:\/\/aivlisoft.net\/shop\/wp-content\/uploads\/2025\/01\/NSWSAR0261_800.jpg","type":"image\/jpeg"}],"twitter_card":"summary_large_image","twitter_misc":{"Tiempo de lectura":"2 minutos"},"schema":{"@context":"https:\/\/schema.org","@graph":[{"@type":"WebPage","@id":"https:\/\/aivlisoft.net\/shop\/producto\/edimax-gs-5424plx-24xgb-4x10gbe-sfp-uplink\/","url":"https:\/\/aivlisoft.net\/shop\/producto\/edimax-gs-5424plx-24xgb-4x10gbe-sfp-uplink\/","name":"Edimax GS-5424PLX 24xGB 4x10GbE SFP+ Uplink - Aivlisoft Inform\u00e1tica","isPartOf":{"@id":"https:\/\/aivlisoft.net\/shop\/#website"},"primaryImageOfPage":{"@id":"https:\/\/aivlisoft.net\/shop\/producto\/edimax-gs-5424plx-24xgb-4x10gbe-sfp-uplink\/#primaryimage"},"image":{"@id":"https:\/\/aivlisoft.net\/shop\/producto\/edimax-gs-5424plx-24xgb-4x10gbe-sfp-uplink\/#primaryimage"},"thumbnailUrl":"https:\/\/aivlisoft.net\/shop\/wp-content\/uploads\/2025\/01\/NSWSAR0261_800.jpg","datePublished":"2025-01-13T15:42:28+00:00","dateModified":"2025-01-14T11:50:33+00:00","breadcrumb":{"@id":"https:\/\/aivlisoft.net\/shop\/producto\/edimax-gs-5424plx-24xgb-4x10gbe-sfp-uplink\/#breadcrumb"},"inLanguage":"es","potentialAction":[{"@type":"ReadAction","target":["https:\/\/aivlisoft.net\/shop\/producto\/edimax-gs-5424plx-24xgb-4x10gbe-sfp-uplink\/"]}]},{"@type":"ImageObject","inLanguage":"es","@id":"https:\/\/aivlisoft.net\/shop\/producto\/edimax-gs-5424plx-24xgb-4x10gbe-sfp-uplink\/#primaryimage","url":"https:\/\/aivlisoft.net\/shop\/wp-content\/uploads\/2025\/01\/NSWSAR0261_800.jpg","contentUrl":"https:\/\/aivlisoft.net\/shop\/wp-content\/uploads\/2025\/01\/NSWSAR0261_800.jpg","width":800,"height":800},{"@type":"BreadcrumbList","@id":"https:\/\/aivlisoft.net\/shop\/producto\/edimax-gs-5424plx-24xgb-4x10gbe-sfp-uplink\/#breadcrumb","itemListElement":[{"@type":"ListItem","position":1,"name":"Portada","item":"https:\/\/aivlisoft.net\/shop\/"},{"@type":"ListItem","position":2,"name":"Tienda","item":"https:\/\/aivlisoft.net\/shop\/tienda\/"},{"@type":"ListItem","position":3,"name":"Edimax GS-5424PLX 24xGB 4x10GbE SFP+ Uplink"}]},{"@type":"WebSite","@id":"https:\/\/aivlisoft.net\/shop\/#website","url":"https:\/\/aivlisoft.net\/shop\/","name":"Aivlisoft Inform\u00e1tica","description":"En Aivlisoft Inform\u00e1tica ofrecemos soluciones tecnol\u00f3gicas para empresas: venta de ordenadores, consumibles, perif\u00e9ricos y m\u00e1s. Calidad, atenci\u00f3n personalizada y los mejores precios para tu negocio.","publisher":{"@id":"https:\/\/aivlisoft.net\/shop\/#organization"},"potentialAction":[{"@type":"SearchAction","target":{"@type":"EntryPoint","urlTemplate":"https:\/\/aivlisoft.net\/shop\/?s={search_term_string}"},"query-input":{"@type":"PropertyValueSpecification","valueRequired":true,"valueName":"search_term_string"}}],"inLanguage":"es"},{"@type":"Organization","@id":"https:\/\/aivlisoft.net\/shop\/#organization","name":"Aivlisoft Inform\u00e1tica","url":"https:\/\/aivlisoft.net\/shop\/","logo":{"@type":"ImageObject","inLanguage":"es","@id":"https:\/\/aivlisoft.net\/shop\/#\/schema\/logo\/image\/","url":"https:\/\/aivlisoft.net\/shop\/wp-content\/uploads\/2024\/12\/removal.ai_5b848c54-0cdf-4140-95c5-c5536bb7573b-logodef.png","contentUrl":"https:\/\/aivlisoft.net\/shop\/wp-content\/uploads\/2024\/12\/removal.ai_5b848c54-0cdf-4140-95c5-c5536bb7573b-logodef.png","width":484,"height":182,"caption":"Aivlisoft Inform\u00e1tica"},"image":{"@id":"https:\/\/aivlisoft.net\/shop\/#\/schema\/logo\/image\/"}}]}},"_links":{"self":[{"href":"https:\/\/aivlisoft.net\/shop\/wp-json\/wp\/v2\/product\/20406","targetHints":{"allow":["GET"]}}],"collection":[{"href":"https:\/\/aivlisoft.net\/shop\/wp-json\/wp\/v2\/product"}],"about":[{"href":"https:\/\/aivlisoft.net\/shop\/wp-json\/wp\/v2\/types\/product"}],"wp:featuredmedia":[{"embeddable":true,"href":"https:\/\/aivlisoft.net\/shop\/wp-json\/wp\/v2\/media\/20407"}],"wp:attachment":[{"href":"https:\/\/aivlisoft.net\/shop\/wp-json\/wp\/v2\/media?parent=20406"}],"wp:term":[{"taxonomy":"product_brand","embeddable":true,"href":"https:\/\/aivlisoft.net\/shop\/wp-json\/wp\/v2\/product_brand?post=20406"},{"taxonomy":"product_cat","embeddable":true,"href":"https:\/\/aivlisoft.net\/shop\/wp-json\/wp\/v2\/product_cat?post=20406"},{"taxonomy":"product_tag","embeddable":true,"href":"https:\/\/aivlisoft.net\/shop\/wp-json\/wp\/v2\/product_tag?post=20406"}],"curies":[{"name":"wp","href":"https:\/\/api.w.org\/{rel}","templated":true}]}}