{"id":20317,"date":"2025-01-13T15:41:30","date_gmt":"2025-01-13T15:41:30","guid":{"rendered":"https:\/\/aivlisoft.com\/?post_type=product&#038;p=20317"},"modified":"2025-01-14T11:50:00","modified_gmt":"2025-01-14T11:50:00","slug":"mikrotik-crs326-24g-2srm-switch-24xgb-2xsfp-l5","status":"publish","type":"product","link":"https:\/\/aivlisoft.net\/shop\/producto\/mikrotik-crs326-24g-2srm-switch-24xgb-2xsfp-l5\/","title":{"rendered":"MikroTik CRS326-24G-2S+RM Switch 24xGB 2xSFP+ L5"},"content":{"rendered":"<p><strong>Mikrotik CRS326-24G-2S+RM<\/strong><br \/><strong>Cloud Router Switch de 24 puertos y 2 SFP+<\/strong><br \/>Esta es la versi&oacute;n actualizada RouterOS de CSS326-24G-2S+RM, el CRS326-24G-2S+RM. Se trata de un switch Gigabit Ethernet SwOS \/ RouterOS de 24 puertos con dos puertos SFP+, con la conectividad de cable con varias caracter&iacute;sticas de conmutaci&oacute;n nuevas.<\/p>\n<p>Tiene una unidad de CPU adicional que permite a los clientes ejecutar el sistema operativo RouterOS completo en este dispositivo. La CPU ofrece una potencia de procesamiento limitada, pero es suficiente para ejecutar algunas de las caracter&iacute;sticas RouterOS muy necesarias que los switches inteligentes comunes simplemente no tienen.<\/p>\n<p>Tiene la caracter&iacute;stica \u00abDual boot\u00bb que le permite elegir qu&eacute; sistema operativo que prefieras utilizar, RouterOS o SwOS. Si prefieres tener un sistema operativo simplificado con m&aacute;s funciones espec&iacute;ficas de conmutador, utilice SwOS. Si est&aacute; acostumbrado a Winbox y le gustar&iacute;a tener la capacidad de utilizar enrutamiento y otras caracter&iacute;sticas de Capa 3 en algunos puertos de su CRS, inicie y utilice RouterOS. Puede seleccionar el sistema operativo deseado desde RouterOS, desde SwOS o desde la configuraci&oacute;n del cargador RouterBOOT.<\/p>\n<p>Le brinda toda la funcionalidad b&aacute;sica para un switch gestionado, adem&aacute;s de m&aacute;s: permite administrar el reenv&iacute;o de puerto a puerto, aplicar filtro MAC, configurar VLANs, duplicar tr&aacute;fico, aplicar limitaci&oacute;n de ancho de banda e incluso ajustar algunos campos de encabezado MAC e IP. La jaula SFP admite m&oacute;dulos SFP de 1,25 Gb y SFP+ de 10 Gb.<\/p>\n<table class=\"tabla_caracteristicas k-table\" width=\"100%\">\n<tbody>\n<tr>\n<td><strong>Marca<\/strong><\/td>\n<td>Mikrotik<\/td>\n<\/tr>\n<tr>\n<td valign=\"top\"><strong>Modelo<\/strong><\/td>\n<td><strong>CRS326-24G-2S+RM<\/strong><\/td>\n<\/tr>\n<tr>\n<td valign=\"top\"><strong>Especificaciones<\/strong><\/td>\n<td>&#8211; CPU: 98DX3236A1 800 MHz<br \/>&#8211; RAM: 512 MB<br \/>&#8211; Storage type Flash,: 16 MB<br \/>&#8211; Switch chip model: 98DX3236A1<br \/>&#8211; 10\/100\/1000 Ethernet ports: 24<br \/>&#8211; SFP+ cages: 2<br \/>&#8211; Operating system: SwOS \/RouterOS (Dual boot)<br \/>&#8211; Supported input voltage: 9 &#8211; 30 V (jack or passive PoE)<br \/>&#8211; Dimensions: 440 x 144 x 44 mm<br \/>&#8211; Operating temperature: -40&deg;C .. +60&deg;C tested<br \/>&#8211; Max power consumption: 24 W<br \/>&#8211; Serial port: RJ45<\/td>\n<\/tr>\n<tr>\n<td valign=\"top\"><strong>Caracter&iacute;sticas<\/strong><\/td>\n<td>&#8211; Capacidad de retransmisi&oacute;n de capa 2 sin bloqueo<br \/>&#8211; 16K tabla de direcciones<br \/>&#8211; VLAN IEEE 802.1Q<br \/>&#8211; Soporta hasta 4 K VLAN simult&aacute;neas<br \/>&#8211; Aislamiento de puertos<br \/>&#8211; Seguridad de puertos<br \/>&#8211; Control de tormentas de difusi&oacute;n<br \/>&#8211; Mirroring de puertos del tr&aacute;fico de entrada \/ salida<br \/>&#8211; Protocolo Rapid Spanning Tree<br \/>&#8211; Lista de control de acceso<br \/>&#8211; Descubre vecinos con la herramienta de MikroTik<br \/>&#8211; SNMP v1<br \/>&#8211; GUI basada en Web<\/td>\n<\/tr>\n<tr>\n<td><strong>Fecha de revisi&oacute;n<\/strong><\/td>\n<td>08-08-2017 por MSB<\/td>\n<\/tr>\n<\/tbody>\n<\/table>\n","protected":false},"excerpt":{"rendered":"<p>Mikrotik CRS326-24G-2S+RMCloud Router Switch de 24 puertos y 2 SFP+Esta es la versi&oacute;n actualizada RouterOS de CSS326-24G-2S+RM, el CRS326-24G-2S+RM. Se trata de un switch Gigabit Ethernet SwOS \/ RouterOS de 24 puertos con dos puertos SFP+, con la conectividad de cable con varias caracter&iacute;sticas de conmutaci&oacute;n nuevas. Tiene una unidad de CPU adicional que permite&hellip;&nbsp;<a href=\"https:\/\/aivlisoft.net\/shop\/producto\/mikrotik-crs326-24g-2srm-switch-24xgb-2xsfp-l5\/\" rel=\"bookmark\"><span class=\"screen-reader-text\">MikroTik CRS326-24G-2S+RM Switch 24xGB 2xSFP+ L5<\/span><\/a><\/p>\n","protected":false},"featured_media":20318,"template":"","meta":{"neve_meta_sidebar":"","neve_meta_container":"","neve_meta_enable_content_width":"","neve_meta_content_width":0,"neve_meta_title_alignment":"","neve_meta_author_avatar":"","neve_post_elements_order":"","neve_meta_disable_header":"","neve_meta_disable_footer":"","neve_meta_disable_title":""},"product_brand":[],"product_cat":[8771],"product_tag":[7259],"class_list":{"0":"post-20317","1":"product","2":"type-product","3":"status-publish","4":"has-post-thumbnail","6":"product_cat-switches-armario","7":"product_tag-crs326-24g-2srm","9":"first","10":"instock","11":"taxable","12":"shipping-taxable","13":"purchasable","14":"product-type-simple"},"yoast_head":"<!-- This site is optimized with the Yoast SEO plugin v26.0 - https:\/\/yoast.com\/wordpress\/plugins\/seo\/ -->\n<title>MikroTik CRS326-24G-2S+RM Switch 24xGB 2xSFP+ L5 - Aivlisoft Inform\u00e1tica<\/title>\n<meta name=\"robots\" content=\"index, follow, max-snippet:-1, max-image-preview:large, max-video-preview:-1\" \/>\n<link rel=\"canonical\" href=\"https:\/\/aivlisoft.net\/shop\/producto\/mikrotik-crs326-24g-2srm-switch-24xgb-2xsfp-l5\/\" \/>\n<meta property=\"og:locale\" content=\"es_ES\" \/>\n<meta property=\"og:type\" content=\"article\" \/>\n<meta property=\"og:title\" content=\"MikroTik CRS326-24G-2S+RM Switch 24xGB 2xSFP+ L5 - Aivlisoft Inform\u00e1tica\" \/>\n<meta property=\"og:description\" content=\"Mikrotik CRS326-24G-2S+RMCloud Router Switch de 24 puertos y 2 SFP+Esta es la versi&oacute;n actualizada RouterOS de CSS326-24G-2S+RM, el CRS326-24G-2S+RM. Se trata de un switch Gigabit Ethernet SwOS \/ RouterOS de 24 puertos con dos puertos SFP+, con la conectividad de cable con varias caracter&iacute;sticas de conmutaci&oacute;n nuevas. Tiene una unidad de CPU adicional que permite&hellip;&nbsp;MikroTik CRS326-24G-2S+RM Switch 24xGB 2xSFP+ L5\" \/>\n<meta property=\"og:url\" content=\"https:\/\/aivlisoft.net\/shop\/producto\/mikrotik-crs326-24g-2srm-switch-24xgb-2xsfp-l5\/\" \/>\n<meta property=\"og:site_name\" content=\"Aivlisoft Inform\u00e1tica\" \/>\n<meta property=\"article:modified_time\" content=\"2025-01-14T11:50:00+00:00\" \/>\n<meta property=\"og:image\" content=\"https:\/\/aivlisoft.net\/shop\/wp-content\/uploads\/2025\/01\/NSWSAR0187_800.jpg\" \/>\n\t<meta property=\"og:image:width\" content=\"800\" \/>\n\t<meta property=\"og:image:height\" content=\"800\" \/>\n\t<meta property=\"og:image:type\" content=\"image\/jpeg\" \/>\n<meta name=\"twitter:card\" content=\"summary_large_image\" \/>\n<meta name=\"twitter:label1\" content=\"Tiempo de lectura\" \/>\n\t<meta name=\"twitter:data1\" content=\"2 minutos\" \/>\n<script type=\"application\/ld+json\" class=\"yoast-schema-graph\">{\"@context\":\"https:\/\/schema.org\",\"@graph\":[{\"@type\":\"WebPage\",\"@id\":\"https:\/\/aivlisoft.net\/shop\/producto\/mikrotik-crs326-24g-2srm-switch-24xgb-2xsfp-l5\/\",\"url\":\"https:\/\/aivlisoft.net\/shop\/producto\/mikrotik-crs326-24g-2srm-switch-24xgb-2xsfp-l5\/\",\"name\":\"MikroTik CRS326-24G-2S+RM Switch 24xGB 2xSFP+ L5 - Aivlisoft Inform\u00e1tica\",\"isPartOf\":{\"@id\":\"https:\/\/aivlisoft.net\/shop\/#website\"},\"primaryImageOfPage\":{\"@id\":\"https:\/\/aivlisoft.net\/shop\/producto\/mikrotik-crs326-24g-2srm-switch-24xgb-2xsfp-l5\/#primaryimage\"},\"image\":{\"@id\":\"https:\/\/aivlisoft.net\/shop\/producto\/mikrotik-crs326-24g-2srm-switch-24xgb-2xsfp-l5\/#primaryimage\"},\"thumbnailUrl\":\"https:\/\/aivlisoft.net\/shop\/wp-content\/uploads\/2025\/01\/NSWSAR0187_800.jpg\",\"datePublished\":\"2025-01-13T15:41:30+00:00\",\"dateModified\":\"2025-01-14T11:50:00+00:00\",\"breadcrumb\":{\"@id\":\"https:\/\/aivlisoft.net\/shop\/producto\/mikrotik-crs326-24g-2srm-switch-24xgb-2xsfp-l5\/#breadcrumb\"},\"inLanguage\":\"es\",\"potentialAction\":[{\"@type\":\"ReadAction\",\"target\":[\"https:\/\/aivlisoft.net\/shop\/producto\/mikrotik-crs326-24g-2srm-switch-24xgb-2xsfp-l5\/\"]}]},{\"@type\":\"ImageObject\",\"inLanguage\":\"es\",\"@id\":\"https:\/\/aivlisoft.net\/shop\/producto\/mikrotik-crs326-24g-2srm-switch-24xgb-2xsfp-l5\/#primaryimage\",\"url\":\"https:\/\/aivlisoft.net\/shop\/wp-content\/uploads\/2025\/01\/NSWSAR0187_800.jpg\",\"contentUrl\":\"https:\/\/aivlisoft.net\/shop\/wp-content\/uploads\/2025\/01\/NSWSAR0187_800.jpg\",\"width\":800,\"height\":800},{\"@type\":\"BreadcrumbList\",\"@id\":\"https:\/\/aivlisoft.net\/shop\/producto\/mikrotik-crs326-24g-2srm-switch-24xgb-2xsfp-l5\/#breadcrumb\",\"itemListElement\":[{\"@type\":\"ListItem\",\"position\":1,\"name\":\"Portada\",\"item\":\"https:\/\/aivlisoft.net\/shop\/\"},{\"@type\":\"ListItem\",\"position\":2,\"name\":\"Tienda\",\"item\":\"https:\/\/aivlisoft.net\/shop\/tienda\/\"},{\"@type\":\"ListItem\",\"position\":3,\"name\":\"MikroTik CRS326-24G-2S+RM Switch 24xGB 2xSFP+ L5\"}]},{\"@type\":\"WebSite\",\"@id\":\"https:\/\/aivlisoft.net\/shop\/#website\",\"url\":\"https:\/\/aivlisoft.net\/shop\/\",\"name\":\"Aivlisoft Inform\u00e1tica\",\"description\":\"En Aivlisoft Inform\u00e1tica ofrecemos soluciones tecnol\u00f3gicas para empresas: venta de ordenadores, consumibles, perif\u00e9ricos y m\u00e1s. Calidad, atenci\u00f3n personalizada y los mejores precios para tu negocio.\",\"publisher\":{\"@id\":\"https:\/\/aivlisoft.net\/shop\/#organization\"},\"potentialAction\":[{\"@type\":\"SearchAction\",\"target\":{\"@type\":\"EntryPoint\",\"urlTemplate\":\"https:\/\/aivlisoft.net\/shop\/?s={search_term_string}\"},\"query-input\":{\"@type\":\"PropertyValueSpecification\",\"valueRequired\":true,\"valueName\":\"search_term_string\"}}],\"inLanguage\":\"es\"},{\"@type\":\"Organization\",\"@id\":\"https:\/\/aivlisoft.net\/shop\/#organization\",\"name\":\"Aivlisoft Inform\u00e1tica\",\"url\":\"https:\/\/aivlisoft.net\/shop\/\",\"logo\":{\"@type\":\"ImageObject\",\"inLanguage\":\"es\",\"@id\":\"https:\/\/aivlisoft.net\/shop\/#\/schema\/logo\/image\/\",\"url\":\"https:\/\/aivlisoft.net\/shop\/wp-content\/uploads\/2024\/12\/removal.ai_5b848c54-0cdf-4140-95c5-c5536bb7573b-logodef.png\",\"contentUrl\":\"https:\/\/aivlisoft.net\/shop\/wp-content\/uploads\/2024\/12\/removal.ai_5b848c54-0cdf-4140-95c5-c5536bb7573b-logodef.png\",\"width\":484,\"height\":182,\"caption\":\"Aivlisoft Inform\u00e1tica\"},\"image\":{\"@id\":\"https:\/\/aivlisoft.net\/shop\/#\/schema\/logo\/image\/\"}}]}<\/script>\n<!-- \/ Yoast SEO plugin. -->","yoast_head_json":{"title":"MikroTik CRS326-24G-2S+RM Switch 24xGB 2xSFP+ L5 - Aivlisoft Inform\u00e1tica","robots":{"index":"index","follow":"follow","max-snippet":"max-snippet:-1","max-image-preview":"max-image-preview:large","max-video-preview":"max-video-preview:-1"},"canonical":"https:\/\/aivlisoft.net\/shop\/producto\/mikrotik-crs326-24g-2srm-switch-24xgb-2xsfp-l5\/","og_locale":"es_ES","og_type":"article","og_title":"MikroTik CRS326-24G-2S+RM Switch 24xGB 2xSFP+ L5 - Aivlisoft Inform\u00e1tica","og_description":"Mikrotik CRS326-24G-2S+RMCloud Router Switch de 24 puertos y 2 SFP+Esta es la versi&oacute;n actualizada RouterOS de CSS326-24G-2S+RM, el CRS326-24G-2S+RM. Se trata de un switch Gigabit Ethernet SwOS \/ RouterOS de 24 puertos con dos puertos SFP+, con la conectividad de cable con varias caracter&iacute;sticas de conmutaci&oacute;n nuevas. Tiene una unidad de CPU adicional que permite&hellip;&nbsp;MikroTik CRS326-24G-2S+RM Switch 24xGB 2xSFP+ L5","og_url":"https:\/\/aivlisoft.net\/shop\/producto\/mikrotik-crs326-24g-2srm-switch-24xgb-2xsfp-l5\/","og_site_name":"Aivlisoft Inform\u00e1tica","article_modified_time":"2025-01-14T11:50:00+00:00","og_image":[{"width":800,"height":800,"url":"https:\/\/aivlisoft.net\/shop\/wp-content\/uploads\/2025\/01\/NSWSAR0187_800.jpg","type":"image\/jpeg"}],"twitter_card":"summary_large_image","twitter_misc":{"Tiempo de lectura":"2 minutos"},"schema":{"@context":"https:\/\/schema.org","@graph":[{"@type":"WebPage","@id":"https:\/\/aivlisoft.net\/shop\/producto\/mikrotik-crs326-24g-2srm-switch-24xgb-2xsfp-l5\/","url":"https:\/\/aivlisoft.net\/shop\/producto\/mikrotik-crs326-24g-2srm-switch-24xgb-2xsfp-l5\/","name":"MikroTik CRS326-24G-2S+RM Switch 24xGB 2xSFP+ L5 - Aivlisoft Inform\u00e1tica","isPartOf":{"@id":"https:\/\/aivlisoft.net\/shop\/#website"},"primaryImageOfPage":{"@id":"https:\/\/aivlisoft.net\/shop\/producto\/mikrotik-crs326-24g-2srm-switch-24xgb-2xsfp-l5\/#primaryimage"},"image":{"@id":"https:\/\/aivlisoft.net\/shop\/producto\/mikrotik-crs326-24g-2srm-switch-24xgb-2xsfp-l5\/#primaryimage"},"thumbnailUrl":"https:\/\/aivlisoft.net\/shop\/wp-content\/uploads\/2025\/01\/NSWSAR0187_800.jpg","datePublished":"2025-01-13T15:41:30+00:00","dateModified":"2025-01-14T11:50:00+00:00","breadcrumb":{"@id":"https:\/\/aivlisoft.net\/shop\/producto\/mikrotik-crs326-24g-2srm-switch-24xgb-2xsfp-l5\/#breadcrumb"},"inLanguage":"es","potentialAction":[{"@type":"ReadAction","target":["https:\/\/aivlisoft.net\/shop\/producto\/mikrotik-crs326-24g-2srm-switch-24xgb-2xsfp-l5\/"]}]},{"@type":"ImageObject","inLanguage":"es","@id":"https:\/\/aivlisoft.net\/shop\/producto\/mikrotik-crs326-24g-2srm-switch-24xgb-2xsfp-l5\/#primaryimage","url":"https:\/\/aivlisoft.net\/shop\/wp-content\/uploads\/2025\/01\/NSWSAR0187_800.jpg","contentUrl":"https:\/\/aivlisoft.net\/shop\/wp-content\/uploads\/2025\/01\/NSWSAR0187_800.jpg","width":800,"height":800},{"@type":"BreadcrumbList","@id":"https:\/\/aivlisoft.net\/shop\/producto\/mikrotik-crs326-24g-2srm-switch-24xgb-2xsfp-l5\/#breadcrumb","itemListElement":[{"@type":"ListItem","position":1,"name":"Portada","item":"https:\/\/aivlisoft.net\/shop\/"},{"@type":"ListItem","position":2,"name":"Tienda","item":"https:\/\/aivlisoft.net\/shop\/tienda\/"},{"@type":"ListItem","position":3,"name":"MikroTik CRS326-24G-2S+RM Switch 24xGB 2xSFP+ L5"}]},{"@type":"WebSite","@id":"https:\/\/aivlisoft.net\/shop\/#website","url":"https:\/\/aivlisoft.net\/shop\/","name":"Aivlisoft Inform\u00e1tica","description":"En Aivlisoft Inform\u00e1tica ofrecemos soluciones tecnol\u00f3gicas para empresas: venta de ordenadores, consumibles, perif\u00e9ricos y m\u00e1s. Calidad, atenci\u00f3n personalizada y los mejores precios para tu negocio.","publisher":{"@id":"https:\/\/aivlisoft.net\/shop\/#organization"},"potentialAction":[{"@type":"SearchAction","target":{"@type":"EntryPoint","urlTemplate":"https:\/\/aivlisoft.net\/shop\/?s={search_term_string}"},"query-input":{"@type":"PropertyValueSpecification","valueRequired":true,"valueName":"search_term_string"}}],"inLanguage":"es"},{"@type":"Organization","@id":"https:\/\/aivlisoft.net\/shop\/#organization","name":"Aivlisoft Inform\u00e1tica","url":"https:\/\/aivlisoft.net\/shop\/","logo":{"@type":"ImageObject","inLanguage":"es","@id":"https:\/\/aivlisoft.net\/shop\/#\/schema\/logo\/image\/","url":"https:\/\/aivlisoft.net\/shop\/wp-content\/uploads\/2024\/12\/removal.ai_5b848c54-0cdf-4140-95c5-c5536bb7573b-logodef.png","contentUrl":"https:\/\/aivlisoft.net\/shop\/wp-content\/uploads\/2024\/12\/removal.ai_5b848c54-0cdf-4140-95c5-c5536bb7573b-logodef.png","width":484,"height":182,"caption":"Aivlisoft Inform\u00e1tica"},"image":{"@id":"https:\/\/aivlisoft.net\/shop\/#\/schema\/logo\/image\/"}}]}},"_links":{"self":[{"href":"https:\/\/aivlisoft.net\/shop\/wp-json\/wp\/v2\/product\/20317","targetHints":{"allow":["GET"]}}],"collection":[{"href":"https:\/\/aivlisoft.net\/shop\/wp-json\/wp\/v2\/product"}],"about":[{"href":"https:\/\/aivlisoft.net\/shop\/wp-json\/wp\/v2\/types\/product"}],"wp:featuredmedia":[{"embeddable":true,"href":"https:\/\/aivlisoft.net\/shop\/wp-json\/wp\/v2\/media\/20318"}],"wp:attachment":[{"href":"https:\/\/aivlisoft.net\/shop\/wp-json\/wp\/v2\/media?parent=20317"}],"wp:term":[{"taxonomy":"product_brand","embeddable":true,"href":"https:\/\/aivlisoft.net\/shop\/wp-json\/wp\/v2\/product_brand?post=20317"},{"taxonomy":"product_cat","embeddable":true,"href":"https:\/\/aivlisoft.net\/shop\/wp-json\/wp\/v2\/product_cat?post=20317"},{"taxonomy":"product_tag","embeddable":true,"href":"https:\/\/aivlisoft.net\/shop\/wp-json\/wp\/v2\/product_tag?post=20317"}],"curies":[{"name":"wp","href":"https:\/\/api.w.org\/{rel}","templated":true}]}}