{"id":20124,"date":"2025-01-13T15:39:37","date_gmt":"2025-01-13T15:39:37","guid":{"rendered":"https:\/\/aivlisoft.com\/?post_type=product&#038;p=20124"},"modified":"2025-01-14T11:48:55","modified_gmt":"2025-01-14T11:48:55","slug":"zyxel-nwa130be-ap-wifi7-be11000-2x2-2x2-5gbe","status":"publish","type":"product","link":"https:\/\/aivlisoft.net\/shop\/producto\/zyxel-nwa130be-ap-wifi7-be11000-2x2-2x2-5gbe\/","title":{"rendered":"Zyxel NWA130BE AP WiFi7 BE11000 2&#215;2 2&#215;2.5GbE"},"content":{"rendered":"<p><\/p>\n<table class=\"tabla_caracteristicas\" width=\"100%\">\n<tr>\n<td valign=\"top\"><strong>Marca<\/strong><\/td>\n<td>ZyXEL<\/td>\n<\/tr>\n<tr>\n<td valign=\"top\"><strong>Modelo<\/strong><\/td>\n<td><strong>NWA130BE-EU0101F<\/strong><\/td>\n<\/tr>\n<tr>\n<td valign=\"top\"><strong>Caracter&iacute;sticas Hardware<\/strong><\/td>\n<td>&#8211; Ethernet port: 2 x 1\/2.5Gbps LAN<br \/>\t\t\t&#8211; Power:<br \/>\t\t\t&nbsp; PoE (802.3at): power draw 24 W<br \/>\t\t\t&nbsp; DC input : 12 VDC 2A<\/td>\n<\/tr>\n<tr>\n<td valign=\"top\"><strong>Caracter&iacute;sticas Inal&aacute;mbricas<\/strong><\/td>\n<td>&#8211; Standard: IEEE802.11 be\/ax\/ac\/n\/g\/b\/a<br \/>\t\t\t&#8211; MIMO: MU-MIMO<br \/>\t\t\t&#8211; Wireless speed<br \/>\t\t\t&nbsp; 2.4 GHz: 688 Mbps<br \/>\t\t\t&nbsp; 5 GHz: 4324 Mbps<br \/>\t\t\t&nbsp; 6 GHz: 5764 Mbps<br \/>\t\t\t&#8211; Frequency band<br \/>\t\t\t&nbsp; 2.4 GHz:<br \/>\t\t\t&nbsp;&nbsp; USA (FCC): 2.412 to 2.462 GHz<br \/>\t\t\t&nbsp;&nbsp; Europe (ETSI): 2.412 to 2.472 GHz<br \/>\t\t\t&nbsp; 5 GHz:<br \/>\t\t\t&nbsp;&nbsp; USA (FCC): 5.15 to 5.35 GHz; 5.470 to 5.850 GHz<br \/>\t\t\t&nbsp;&nbsp; European (ETSI): 5.15 to 5.35 GHz; 5.470 to 5.725 GHz<br \/>\t\t\t&nbsp; 6 GHz:<br \/>\t\t\t&nbsp; USA (FCC): 5.925 to 6.425 GHz; 6.525 to 7.125 GHz<br \/>\t\t\t&nbsp; European (ETSI): 5.925 to 6.425 GHz<br \/>\t\t\t&#8211; Bandwidth: 20-, 40- ,80-, 160- , 240- and 320-MHz<br \/>\t\t\t&#8211; Conducted typical transmit output power<br \/>\t\t\t&nbsp; US (2.4GHz\/5GHz\/6GHz): 27\/25\/23dBm<br \/>\t\t\t&nbsp; EU (2.4GHz\/5GHz\/6GHz): 19\/25\/21dBm<br \/>\t\t\t<strong>Dise&ntilde;o de RF<\/strong><br \/>\t\t\t&#8211; Tipo de antena: Antena interna<br \/>\t\t\t&#8211; Ganancia de la antena<br \/>\t\t\t&nbsp; 2,4 GHz: 3 dBi, 2X2:2SS<br \/>\t\t\t&nbsp; 5GHz: 4 dBi, 2X2:2SS<br \/>\t\t\t&nbsp; 6GHz: 4 dBi, 2X2:2SS<br \/>\t\t\t&#8211; Sensibilidad de recepci&oacute;n m&iacute;nima: M&iacute;n. Sensibilidad de recepci&oacute;n hasta -99 dBm<br \/>\t\t\t<strong>Funci&oacute;n WLAN<\/strong><br \/>\t\t\t&#8211; Direcci&oacute;n de banda<br \/>\t\t\t&#8211; WDS\/malla<br \/>\t\t\t&#8211; Itinerancia r&aacute;pida: Autenticaci&oacute;n previa, almacenamiento en cach&eacute; PMK y 802.11r\/k\/v<br \/>\t\t\t&#8211; DCS<br \/>\t\t\t&#8211; Balanceo de carga<br \/>\t\t\t&#8211; Convivencia celular avanzada<\/td>\n<\/tr>\n<tr>\n<td valign=\"top\"><strong>Otras Caracter&iacute;sticas<\/strong><\/td>\n<td><strong>Seguridad<\/strong><br \/>\t\t\t&#8211; Encryption &nbsp;&nbsp; &nbsp;<br \/>\t\t\t&nbsp; WEP<br \/>\t\t\t&nbsp; WPA<br \/>\t\t\t&nbsp; WPA2-PSK<br \/>\t\t\t&nbsp; WPA3<br \/>\t\t\t&#8211; Authentication &nbsp;&nbsp; &nbsp;<br \/>\t\t\t&nbsp; WPA<br \/>\t\t\t&nbsp; WPA2-Enterprise<br \/>\t\t\t&nbsp; EAP<br \/>\t\t\t&nbsp; IEEE 802.1X<br \/>\t\t\t&nbsp; RADIUS authentication<br \/>\t\t\t&#8211; Rogue AP detection<br \/>\t\t\t&nbsp; L2-isolation<br \/>\t\t\t&nbsp; MAC filtering<br \/>\t\t\t<strong>Entorno<\/strong><br \/>\t\t\t&#8211; Temperatura de funcionamiento<br \/>\t\t\t&nbsp; 0&deg;C a 50&deg;C \/ 32&deg;F a 122&deg;F<br \/>\t\t\t&#8211; Humedad de funcionamiento<br \/>\t\t\t&nbsp; 10% a 90% (sin condensaci&oacute;n)<br \/>\t\t\t&#8211; Temperatura de almacenamiento<br \/>\t\t\t&nbsp; 40 &deg;C a 70 &deg;C\/-40 &deg;F a 158 &deg;F<br \/>\t\t\t&#8211; Humedad de almacenamiento<br \/>\t\t\t&nbsp; 10% a 90% (sin condensaci&oacute;n)<br \/>\t\t\t<strong>Certificaciones<\/strong><br \/>\t\t\t&#8211; Radio<br \/>\t\t\t&nbsp; FCC Part 15C<br \/>\t\t\t&nbsp; FCC Part 15E<br \/>\t\t\t&nbsp; FCC Part 2.1091<br \/>\t\t\t&nbsp; ETSI EN 300 328<br \/>\t\t\t&nbsp; EN 301 893<br \/>\t\t\t&nbsp; Draft EN 303 687<br \/>\t\t\t&nbsp; EN 50385<br \/>\t\t\t&nbsp; EN 50665<br \/>\t\t\t&nbsp; EN IEC 62311,LP0002<br \/>\t\t\t&#8211; EMC<br \/>\t\t\t&nbsp; FCC Part 15B<br \/>\t\t\t&nbsp; EN 301 489-1<br \/>\t\t\t&nbsp; EN 301 489-17<br \/>\t\t\t&nbsp; EN55032<br \/>\t\t\t&nbsp; EN55035<br \/>\t\t\t&nbsp; EN61000-3-2\/-3<br \/>\t\t\t&nbsp; EN60601-1-2<br \/>\t\t\t&nbsp; BSMI CNS15936<br \/>\t\t\t&#8211; Safety<br \/>\t\t\t&nbsp; EN 62368-1<br \/>\t\t\t&nbsp; IEC 62368-1<br \/>\t\t\t&nbsp; BSMI CNS15598-1<br \/>\t\t\t<strong>Dimensiones y peso<\/strong><br \/>\t\t\t&#8211; 250 x 160 x 47 mm<br \/>\t\t\t&#8211; 808 g<\/td>\n<\/tr>\n<tr>\n<td valign=\"top\"><strong>Fecha de revisi&oacute;n<\/strong><\/td>\n<td>22-03-2024 por RTY<\/td>\n<\/tr>\n<\/table>\n","protected":false},"excerpt":{"rendered":"<p>Marca ZyXEL Modelo NWA130BE-EU0101F Caracter&iacute;sticas Hardware &#8211; Ethernet port: 2 x 1\/2.5Gbps LAN &#8211; Power: &nbsp; PoE (802.3at): power draw 24 W &nbsp; DC input : 12 VDC 2A Caracter&iacute;sticas Inal&aacute;mbricas &#8211; Standard: IEEE802.11 be\/ax\/ac\/n\/g\/b\/a &#8211; MIMO: MU-MIMO &#8211; Wireless speed &nbsp; 2.4 GHz: 688 Mbps &nbsp; 5 GHz: 4324 Mbps &nbsp; 6 GHz: 5764&hellip;&nbsp;<a href=\"https:\/\/aivlisoft.net\/shop\/producto\/zyxel-nwa130be-ap-wifi7-be11000-2x2-2x2-5gbe\/\" rel=\"bookmark\"><span class=\"screen-reader-text\">Zyxel NWA130BE AP WiFi7 BE11000 2&#215;2 2&#215;2.5GbE<\/span><\/a><\/p>\n","protected":false},"featured_media":20125,"template":"","meta":{"neve_meta_sidebar":"","neve_meta_container":"","neve_meta_enable_content_width":"","neve_meta_content_width":0,"neve_meta_title_alignment":"","neve_meta_author_avatar":"","neve_post_elements_order":"","neve_meta_disable_header":"","neve_meta_disable_footer":"","neve_meta_disable_title":""},"product_brand":[],"product_cat":[8770],"product_tag":[7201],"class_list":{"0":"post-20124","1":"product","2":"type-product","3":"status-publish","4":"has-post-thumbnail","6":"product_cat-puntos-de-acceso","7":"product_tag-nwa130be-eu0101f","9":"first","10":"instock","11":"taxable","12":"shipping-taxable","13":"purchasable","14":"product-type-simple"},"yoast_head":"<!-- This site is optimized with the Yoast SEO plugin v26.0 - https:\/\/yoast.com\/wordpress\/plugins\/seo\/ -->\n<title>Zyxel NWA130BE AP WiFi7 BE11000 2x2 2x2.5GbE - Aivlisoft Inform\u00e1tica<\/title>\n<meta name=\"robots\" content=\"index, follow, max-snippet:-1, max-image-preview:large, max-video-preview:-1\" \/>\n<link rel=\"canonical\" href=\"https:\/\/aivlisoft.net\/shop\/producto\/zyxel-nwa130be-ap-wifi7-be11000-2x2-2x2-5gbe\/\" \/>\n<meta property=\"og:locale\" content=\"es_ES\" \/>\n<meta property=\"og:type\" content=\"article\" \/>\n<meta property=\"og:title\" content=\"Zyxel NWA130BE AP WiFi7 BE11000 2x2 2x2.5GbE - Aivlisoft Inform\u00e1tica\" \/>\n<meta property=\"og:description\" content=\"Marca ZyXEL Modelo NWA130BE-EU0101F Caracter&iacute;sticas Hardware &#8211; Ethernet port: 2 x 1\/2.5Gbps LAN &#8211; Power: &nbsp; PoE (802.3at): power draw 24 W &nbsp; DC input : 12 VDC 2A Caracter&iacute;sticas Inal&aacute;mbricas &#8211; Standard: IEEE802.11 be\/ax\/ac\/n\/g\/b\/a &#8211; MIMO: MU-MIMO &#8211; Wireless speed &nbsp; 2.4 GHz: 688 Mbps &nbsp; 5 GHz: 4324 Mbps &nbsp; 6 GHz: 5764&hellip;&nbsp;Zyxel NWA130BE AP WiFi7 BE11000 2&#215;2 2&#215;2.5GbE\" \/>\n<meta property=\"og:url\" content=\"https:\/\/aivlisoft.net\/shop\/producto\/zyxel-nwa130be-ap-wifi7-be11000-2x2-2x2-5gbe\/\" \/>\n<meta property=\"og:site_name\" content=\"Aivlisoft Inform\u00e1tica\" \/>\n<meta property=\"article:modified_time\" content=\"2025-01-14T11:48:55+00:00\" \/>\n<meta property=\"og:image\" content=\"https:\/\/aivlisoft.net\/shop\/wp-content\/uploads\/2025\/01\/NSWPAC0581_800.jpg\" \/>\n\t<meta property=\"og:image:width\" content=\"800\" \/>\n\t<meta property=\"og:image:height\" content=\"800\" \/>\n\t<meta property=\"og:image:type\" content=\"image\/jpeg\" \/>\n<meta name=\"twitter:card\" content=\"summary_large_image\" \/>\n<meta name=\"twitter:label1\" content=\"Tiempo de lectura\" \/>\n\t<meta name=\"twitter:data1\" content=\"2 minutos\" \/>\n<script type=\"application\/ld+json\" class=\"yoast-schema-graph\">{\"@context\":\"https:\/\/schema.org\",\"@graph\":[{\"@type\":\"WebPage\",\"@id\":\"https:\/\/aivlisoft.net\/shop\/producto\/zyxel-nwa130be-ap-wifi7-be11000-2x2-2x2-5gbe\/\",\"url\":\"https:\/\/aivlisoft.net\/shop\/producto\/zyxel-nwa130be-ap-wifi7-be11000-2x2-2x2-5gbe\/\",\"name\":\"Zyxel NWA130BE AP WiFi7 BE11000 2x2 2x2.5GbE - Aivlisoft Inform\u00e1tica\",\"isPartOf\":{\"@id\":\"https:\/\/aivlisoft.net\/shop\/#website\"},\"primaryImageOfPage\":{\"@id\":\"https:\/\/aivlisoft.net\/shop\/producto\/zyxel-nwa130be-ap-wifi7-be11000-2x2-2x2-5gbe\/#primaryimage\"},\"image\":{\"@id\":\"https:\/\/aivlisoft.net\/shop\/producto\/zyxel-nwa130be-ap-wifi7-be11000-2x2-2x2-5gbe\/#primaryimage\"},\"thumbnailUrl\":\"https:\/\/aivlisoft.net\/shop\/wp-content\/uploads\/2025\/01\/NSWPAC0581_800.jpg\",\"datePublished\":\"2025-01-13T15:39:37+00:00\",\"dateModified\":\"2025-01-14T11:48:55+00:00\",\"breadcrumb\":{\"@id\":\"https:\/\/aivlisoft.net\/shop\/producto\/zyxel-nwa130be-ap-wifi7-be11000-2x2-2x2-5gbe\/#breadcrumb\"},\"inLanguage\":\"es\",\"potentialAction\":[{\"@type\":\"ReadAction\",\"target\":[\"https:\/\/aivlisoft.net\/shop\/producto\/zyxel-nwa130be-ap-wifi7-be11000-2x2-2x2-5gbe\/\"]}]},{\"@type\":\"ImageObject\",\"inLanguage\":\"es\",\"@id\":\"https:\/\/aivlisoft.net\/shop\/producto\/zyxel-nwa130be-ap-wifi7-be11000-2x2-2x2-5gbe\/#primaryimage\",\"url\":\"https:\/\/aivlisoft.net\/shop\/wp-content\/uploads\/2025\/01\/NSWPAC0581_800.jpg\",\"contentUrl\":\"https:\/\/aivlisoft.net\/shop\/wp-content\/uploads\/2025\/01\/NSWPAC0581_800.jpg\",\"width\":800,\"height\":800},{\"@type\":\"BreadcrumbList\",\"@id\":\"https:\/\/aivlisoft.net\/shop\/producto\/zyxel-nwa130be-ap-wifi7-be11000-2x2-2x2-5gbe\/#breadcrumb\",\"itemListElement\":[{\"@type\":\"ListItem\",\"position\":1,\"name\":\"Portada\",\"item\":\"https:\/\/aivlisoft.net\/shop\/\"},{\"@type\":\"ListItem\",\"position\":2,\"name\":\"Tienda\",\"item\":\"https:\/\/aivlisoft.net\/shop\/tienda\/\"},{\"@type\":\"ListItem\",\"position\":3,\"name\":\"Zyxel NWA130BE AP WiFi7 BE11000 2&#215;2 2&#215;2.5GbE\"}]},{\"@type\":\"WebSite\",\"@id\":\"https:\/\/aivlisoft.net\/shop\/#website\",\"url\":\"https:\/\/aivlisoft.net\/shop\/\",\"name\":\"Aivlisoft Inform\u00e1tica\",\"description\":\"En Aivlisoft Inform\u00e1tica ofrecemos soluciones tecnol\u00f3gicas para empresas: venta de ordenadores, consumibles, perif\u00e9ricos y m\u00e1s. Calidad, atenci\u00f3n personalizada y los mejores precios para tu negocio.\",\"publisher\":{\"@id\":\"https:\/\/aivlisoft.net\/shop\/#organization\"},\"potentialAction\":[{\"@type\":\"SearchAction\",\"target\":{\"@type\":\"EntryPoint\",\"urlTemplate\":\"https:\/\/aivlisoft.net\/shop\/?s={search_term_string}\"},\"query-input\":{\"@type\":\"PropertyValueSpecification\",\"valueRequired\":true,\"valueName\":\"search_term_string\"}}],\"inLanguage\":\"es\"},{\"@type\":\"Organization\",\"@id\":\"https:\/\/aivlisoft.net\/shop\/#organization\",\"name\":\"Aivlisoft Inform\u00e1tica\",\"url\":\"https:\/\/aivlisoft.net\/shop\/\",\"logo\":{\"@type\":\"ImageObject\",\"inLanguage\":\"es\",\"@id\":\"https:\/\/aivlisoft.net\/shop\/#\/schema\/logo\/image\/\",\"url\":\"https:\/\/aivlisoft.net\/shop\/wp-content\/uploads\/2024\/12\/removal.ai_5b848c54-0cdf-4140-95c5-c5536bb7573b-logodef.png\",\"contentUrl\":\"https:\/\/aivlisoft.net\/shop\/wp-content\/uploads\/2024\/12\/removal.ai_5b848c54-0cdf-4140-95c5-c5536bb7573b-logodef.png\",\"width\":484,\"height\":182,\"caption\":\"Aivlisoft Inform\u00e1tica\"},\"image\":{\"@id\":\"https:\/\/aivlisoft.net\/shop\/#\/schema\/logo\/image\/\"}}]}<\/script>\n<!-- \/ Yoast SEO plugin. -->","yoast_head_json":{"title":"Zyxel NWA130BE AP WiFi7 BE11000 2x2 2x2.5GbE - Aivlisoft Inform\u00e1tica","robots":{"index":"index","follow":"follow","max-snippet":"max-snippet:-1","max-image-preview":"max-image-preview:large","max-video-preview":"max-video-preview:-1"},"canonical":"https:\/\/aivlisoft.net\/shop\/producto\/zyxel-nwa130be-ap-wifi7-be11000-2x2-2x2-5gbe\/","og_locale":"es_ES","og_type":"article","og_title":"Zyxel NWA130BE AP WiFi7 BE11000 2x2 2x2.5GbE - Aivlisoft Inform\u00e1tica","og_description":"Marca ZyXEL Modelo NWA130BE-EU0101F Caracter&iacute;sticas Hardware &#8211; Ethernet port: 2 x 1\/2.5Gbps LAN &#8211; Power: &nbsp; PoE (802.3at): power draw 24 W &nbsp; DC input : 12 VDC 2A Caracter&iacute;sticas Inal&aacute;mbricas &#8211; Standard: IEEE802.11 be\/ax\/ac\/n\/g\/b\/a &#8211; MIMO: MU-MIMO &#8211; Wireless speed &nbsp; 2.4 GHz: 688 Mbps &nbsp; 5 GHz: 4324 Mbps &nbsp; 6 GHz: 5764&hellip;&nbsp;Zyxel NWA130BE AP WiFi7 BE11000 2&#215;2 2&#215;2.5GbE","og_url":"https:\/\/aivlisoft.net\/shop\/producto\/zyxel-nwa130be-ap-wifi7-be11000-2x2-2x2-5gbe\/","og_site_name":"Aivlisoft Inform\u00e1tica","article_modified_time":"2025-01-14T11:48:55+00:00","og_image":[{"width":800,"height":800,"url":"https:\/\/aivlisoft.net\/shop\/wp-content\/uploads\/2025\/01\/NSWPAC0581_800.jpg","type":"image\/jpeg"}],"twitter_card":"summary_large_image","twitter_misc":{"Tiempo de lectura":"2 minutos"},"schema":{"@context":"https:\/\/schema.org","@graph":[{"@type":"WebPage","@id":"https:\/\/aivlisoft.net\/shop\/producto\/zyxel-nwa130be-ap-wifi7-be11000-2x2-2x2-5gbe\/","url":"https:\/\/aivlisoft.net\/shop\/producto\/zyxel-nwa130be-ap-wifi7-be11000-2x2-2x2-5gbe\/","name":"Zyxel NWA130BE AP WiFi7 BE11000 2x2 2x2.5GbE - Aivlisoft Inform\u00e1tica","isPartOf":{"@id":"https:\/\/aivlisoft.net\/shop\/#website"},"primaryImageOfPage":{"@id":"https:\/\/aivlisoft.net\/shop\/producto\/zyxel-nwa130be-ap-wifi7-be11000-2x2-2x2-5gbe\/#primaryimage"},"image":{"@id":"https:\/\/aivlisoft.net\/shop\/producto\/zyxel-nwa130be-ap-wifi7-be11000-2x2-2x2-5gbe\/#primaryimage"},"thumbnailUrl":"https:\/\/aivlisoft.net\/shop\/wp-content\/uploads\/2025\/01\/NSWPAC0581_800.jpg","datePublished":"2025-01-13T15:39:37+00:00","dateModified":"2025-01-14T11:48:55+00:00","breadcrumb":{"@id":"https:\/\/aivlisoft.net\/shop\/producto\/zyxel-nwa130be-ap-wifi7-be11000-2x2-2x2-5gbe\/#breadcrumb"},"inLanguage":"es","potentialAction":[{"@type":"ReadAction","target":["https:\/\/aivlisoft.net\/shop\/producto\/zyxel-nwa130be-ap-wifi7-be11000-2x2-2x2-5gbe\/"]}]},{"@type":"ImageObject","inLanguage":"es","@id":"https:\/\/aivlisoft.net\/shop\/producto\/zyxel-nwa130be-ap-wifi7-be11000-2x2-2x2-5gbe\/#primaryimage","url":"https:\/\/aivlisoft.net\/shop\/wp-content\/uploads\/2025\/01\/NSWPAC0581_800.jpg","contentUrl":"https:\/\/aivlisoft.net\/shop\/wp-content\/uploads\/2025\/01\/NSWPAC0581_800.jpg","width":800,"height":800},{"@type":"BreadcrumbList","@id":"https:\/\/aivlisoft.net\/shop\/producto\/zyxel-nwa130be-ap-wifi7-be11000-2x2-2x2-5gbe\/#breadcrumb","itemListElement":[{"@type":"ListItem","position":1,"name":"Portada","item":"https:\/\/aivlisoft.net\/shop\/"},{"@type":"ListItem","position":2,"name":"Tienda","item":"https:\/\/aivlisoft.net\/shop\/tienda\/"},{"@type":"ListItem","position":3,"name":"Zyxel NWA130BE AP WiFi7 BE11000 2&#215;2 2&#215;2.5GbE"}]},{"@type":"WebSite","@id":"https:\/\/aivlisoft.net\/shop\/#website","url":"https:\/\/aivlisoft.net\/shop\/","name":"Aivlisoft Inform\u00e1tica","description":"En Aivlisoft Inform\u00e1tica ofrecemos soluciones tecnol\u00f3gicas para empresas: venta de ordenadores, consumibles, perif\u00e9ricos y m\u00e1s. Calidad, atenci\u00f3n personalizada y los mejores precios para tu negocio.","publisher":{"@id":"https:\/\/aivlisoft.net\/shop\/#organization"},"potentialAction":[{"@type":"SearchAction","target":{"@type":"EntryPoint","urlTemplate":"https:\/\/aivlisoft.net\/shop\/?s={search_term_string}"},"query-input":{"@type":"PropertyValueSpecification","valueRequired":true,"valueName":"search_term_string"}}],"inLanguage":"es"},{"@type":"Organization","@id":"https:\/\/aivlisoft.net\/shop\/#organization","name":"Aivlisoft Inform\u00e1tica","url":"https:\/\/aivlisoft.net\/shop\/","logo":{"@type":"ImageObject","inLanguage":"es","@id":"https:\/\/aivlisoft.net\/shop\/#\/schema\/logo\/image\/","url":"https:\/\/aivlisoft.net\/shop\/wp-content\/uploads\/2024\/12\/removal.ai_5b848c54-0cdf-4140-95c5-c5536bb7573b-logodef.png","contentUrl":"https:\/\/aivlisoft.net\/shop\/wp-content\/uploads\/2024\/12\/removal.ai_5b848c54-0cdf-4140-95c5-c5536bb7573b-logodef.png","width":484,"height":182,"caption":"Aivlisoft Inform\u00e1tica"},"image":{"@id":"https:\/\/aivlisoft.net\/shop\/#\/schema\/logo\/image\/"}}]}},"_links":{"self":[{"href":"https:\/\/aivlisoft.net\/shop\/wp-json\/wp\/v2\/product\/20124","targetHints":{"allow":["GET"]}}],"collection":[{"href":"https:\/\/aivlisoft.net\/shop\/wp-json\/wp\/v2\/product"}],"about":[{"href":"https:\/\/aivlisoft.net\/shop\/wp-json\/wp\/v2\/types\/product"}],"wp:featuredmedia":[{"embeddable":true,"href":"https:\/\/aivlisoft.net\/shop\/wp-json\/wp\/v2\/media\/20125"}],"wp:attachment":[{"href":"https:\/\/aivlisoft.net\/shop\/wp-json\/wp\/v2\/media?parent=20124"}],"wp:term":[{"taxonomy":"product_brand","embeddable":true,"href":"https:\/\/aivlisoft.net\/shop\/wp-json\/wp\/v2\/product_brand?post=20124"},{"taxonomy":"product_cat","embeddable":true,"href":"https:\/\/aivlisoft.net\/shop\/wp-json\/wp\/v2\/product_cat?post=20124"},{"taxonomy":"product_tag","embeddable":true,"href":"https:\/\/aivlisoft.net\/shop\/wp-json\/wp\/v2\/product_tag?post=20124"}],"curies":[{"name":"wp","href":"https:\/\/api.w.org\/{rel}","templated":true}]}}