{"id":20045,"date":"2025-01-13T15:38:50","date_gmt":"2025-01-13T15:38:50","guid":{"rendered":"https:\/\/aivlisoft.com\/?post_type=product&#038;p=20045"},"modified":"2025-01-14T11:48:33","modified_gmt":"2025-01-14T11:48:33","slug":"tp-link-eap783-ap-wifi7-be22000-techo-2x10gbe","status":"publish","type":"product","link":"https:\/\/aivlisoft.net\/shop\/producto\/tp-link-eap783-ap-wifi7-be22000-techo-2x10gbe\/","title":{"rendered":"TP-Link EAP783 AP WiFi7 BE22000 Techo 2x10GbE"},"content":{"rendered":"<p><\/p>\n<table class=\"tabla_caracteristicas\" width=\"100%\">\n<tr>\n<td valign=\"top\"><strong>Marca<\/strong><\/td>\n<td>TP-Link<\/td>\n<\/tr>\n<tr>\n<td valign=\"top\"><strong>Modelo<\/strong><\/td>\n<td valign=\"top\"><strong>EAP783<\/strong><\/td>\n<\/tr>\n<tr>\n<td valign=\"top\"><strong>Caracter&iacute;sticas de hardware<\/strong><\/td>\n<td>&#8211; Interfaz: 2 x&nbsp; puerto Ethernet de 10 Gbps<br \/>\t\t\t&#8211; Botones: Reset<br \/>\t\t\t&#8211; Fuente de Alimentaci&oacute;n: 802.3bt PoE++ o 12V DC<br \/>\t\t\t&#8211; Consumo de Potencia: 39W<br \/>\t\t\t&#8211; Tipo de Antena: &nbsp;&nbsp;<br \/>\t\t\t&nbsp; 2,4 GHz: 4 &times; 4 dBi<br \/>\t\t\t&nbsp; 5 GHz: 4&times; 5,5 dBi<br \/>\t\t\t&nbsp; 6 GHz: 4 &times; 5 dBi<br \/>\t\t\t&#8211; Montaje: Montaje en techo\/pared (Kits incluidos)<\/td>\n<\/tr>\n<tr>\n<td valign=\"top\"><strong>Caracter&iacute;sticas inal&aacute;mbricas<\/strong><\/td>\n<td>&#8211; Coverage: 200m2(2150 ft2)<br \/>\t\t\t&#8211; Clientes concurrentes: 760+<br \/>\t\t\t&#8211; Est&aacute;ndares Inal&aacute;mbricos: IEEE 802.11 a\/b\/g\/n\/ac\/ax\/be<br \/>\t\t\t&#8211; Frecuencia: GHz, 5 GHz, and 2.4 GHz<br \/>\t\t\t<strong>Tasa de Se&ntilde;al<\/strong><br \/>\t\t\t&#8211; 6 GHz: Up to 11520 Mbps<br \/>\t\t\t&#8211; 5 GHz: Up to 8640 Mbps<br \/>\t\t\t&#8211; 2.4 GHz: Up to 1376 Mbps<br \/>\t\t\t<strong>Funciones Inal&aacute;mbricas &nbsp;&nbsp; &nbsp;<\/strong><br \/>\t\t\t&#8211; MLO<br \/>\t\t\t&#8211; 4K-QAM<br \/>\t\t\t&#8211; 4&#215;4 MU-MIMO DL\/UL<br \/>\t\t\t&#8211; HE320 (320 MHz Bandwidth)&Dagger;<br \/>\t\t\t&#8211; Mesh&sect;<br \/>\t\t\t&#8211; AI Roaming?<br \/>\t\t\t&#8211; Automatic Channel Selection and Power Adjustment*<br \/>\t\t\t&#8211; BSS Coloring<br \/>\t\t\t&#8211; UL\/DL OFDMA<br \/>\t\t\t&#8211; Load Balance<br \/>\t\t\t&#8211; Band Steering<br \/>\t\t\t&#8211; Beamforming<br \/>\t\t\t&#8211; Airtime Fairness<br \/>\t\t\t&#8211; Multiple SSIDS<br \/>\t\t\t&#8211; Wireless Statistics<br \/>\t\t\t&#8211; Wireless Schedule<br \/>\t\t\t&#8211; Reboot Schedule<br \/>\t\t\t&#8211; RADIUS Accounting<br \/>\t\t\t&#8211; MAC Authentication<br \/>\t\t\t&#8211; Static IP\/Dynamic IP<br \/>\t\t\t<strong>Seguridad Inal&aacute;mbrica &nbsp;&nbsp; &nbsp;<\/strong><br \/>\t\t\t&#8211; PPSK<br \/>\t\t\t&#8211; VLAN<br \/>\t\t\t&#8211; Access Control<br \/>\t\t\t&#8211; Rogue AP Detection<br \/>\t\t\t&#8211; Captive Portal Authentication?<br \/>\t\t\t&#8211; Maximum number of MAC Filter: 4,000<br \/>\t\t\t&#8211; Wireless Isolation between Clients<br \/>\t\t\t&#8211; WPA-Personal\/Enterprise, WPA2-Personal\/Enterprise, WPA3-Personal\/Enterprise, OWE<br \/>\t\t\t<strong>Potencia de Transmisi&oacute;n<\/strong><br \/>\t\t\t&#8211; FCC: &lt;28 dBm (2.4 GHz)<br \/>\t\t\t&#8211; &lt;28 dBm (5G band 1&amp;band 4)<br \/>\t\t\t&#8211; &lt;24 dBm (5G band 2&amp;band 3)<br \/>\t\t\t&#8211; &lt;28 dBm (6 GHz)&nbsp;&nbsp;&nbsp;<\/td>\n<\/tr>\n<tr>\n<td valign=\"top\"><strong>Gesti&oacute;n<\/strong><\/td>\n<td>&#8211; Omada App &nbsp;&nbsp; &nbsp;<br \/>\t\t\t&#8211; Actualizaci&oacute;n de firmware v&iacute;a web<br \/>\t\t\t&#8211; NTP &nbsp;&nbsp; &nbsp;<br \/>\t\t\t&#8211; Gesti&oacute;n Centralizada: Omada Hardware Controller (OC300)<br \/>\t\t\t&nbsp; Omada Hardware Controller (OC200)<br \/>\t\t\t&nbsp; Omada Software Controller<br \/>\t\t\t&nbsp; Omada Cloud-Based Controller<br \/>\t\t\t&#8211; Acceso a la nube: Requiere el uso de OC300, OC200, controlador de software Omada o controlador basado en la nube Omada.<br \/>\t\t\t&#8211; Alertas por Correo Electr&oacute;nico &nbsp;&nbsp; &nbsp;<br \/>\t\t\t&#8211; LED de control ON \/ OFF &nbsp;&nbsp; &nbsp;<br \/>\t\t\t&#8211; Control de Gesti&oacute;n de Acceso MAC &nbsp;&nbsp; &nbsp;<br \/>\t\t\t&#8211; SNMP: v1, v2c, v3<br \/>\t\t\t&#8211; SSH &nbsp;&nbsp; &nbsp;<br \/>\t\t\t&#8211; Gesti&oacute;n basada en Web<\/td>\n<\/tr>\n<tr>\n<td valign=\"top\"><strong>Otras <\/strong> <strong>caracter&iacute;sticas<\/strong><\/td>\n<td>&#8211; Certificaciones: CE, FCC, RoHS, IC<br \/>\t\t\t&#8211; Factores Ambientales:&nbsp;&nbsp; &nbsp; &nbsp;<br \/>\t\t\t&nbsp; Temperatura de funcionamiento: 0 &deg;C&ndash;40 &deg;C<br \/>\t\t\t&nbsp; Temperatura de almacenamiento: -40 &deg;C&ndash;70 &deg;C<br \/>\t\t\t&nbsp; Humedad de funcionamiento: 10 %&ndash;90 % sin condensaci&oacute;n;<br \/>\t\t\t&nbsp; Humedad de almacenamiento: 5%&ndash;90% sin condensaci&oacute;n;<\/td>\n<\/tr>\n<tr>\n<td valign=\"top\"><strong>Fecha de revisi&oacute;n<\/strong><\/td>\n<td>22-02-2024 por RTY<\/td>\n<\/tr>\n<\/table>\n","protected":false},"excerpt":{"rendered":"<p>Marca TP-Link Modelo EAP783 Caracter&iacute;sticas de hardware &#8211; Interfaz: 2 x&nbsp; puerto Ethernet de 10 Gbps &#8211; Botones: Reset &#8211; Fuente de Alimentaci&oacute;n: 802.3bt PoE++ o 12V DC &#8211; Consumo de Potencia: 39W &#8211; Tipo de Antena: &nbsp;&nbsp; &nbsp; 2,4 GHz: 4 &times; 4 dBi &nbsp; 5 GHz: 4&times; 5,5 dBi &nbsp; 6 GHz: 4&hellip;&nbsp;<a href=\"https:\/\/aivlisoft.net\/shop\/producto\/tp-link-eap783-ap-wifi7-be22000-techo-2x10gbe\/\" rel=\"bookmark\"><span class=\"screen-reader-text\">TP-Link EAP783 AP WiFi7 BE22000 Techo 2x10GbE<\/span><\/a><\/p>\n","protected":false},"featured_media":20046,"template":"","meta":{"neve_meta_sidebar":"","neve_meta_container":"","neve_meta_enable_content_width":"","neve_meta_content_width":0,"neve_meta_title_alignment":"","neve_meta_author_avatar":"","neve_post_elements_order":"","neve_meta_disable_header":"","neve_meta_disable_footer":"","neve_meta_disable_title":""},"product_brand":[],"product_cat":[8770],"product_tag":[7182],"class_list":{"0":"post-20045","1":"product","2":"type-product","3":"status-publish","4":"has-post-thumbnail","6":"product_cat-puntos-de-acceso","7":"product_tag-eap783","9":"first","10":"instock","11":"taxable","12":"shipping-taxable","13":"purchasable","14":"product-type-simple"},"yoast_head":"<!-- This site is optimized with the Yoast SEO plugin v26.0 - https:\/\/yoast.com\/wordpress\/plugins\/seo\/ -->\n<title>TP-Link EAP783 AP WiFi7 BE22000 Techo 2x10GbE - Aivlisoft Inform\u00e1tica<\/title>\n<meta name=\"robots\" content=\"index, follow, max-snippet:-1, max-image-preview:large, max-video-preview:-1\" \/>\n<link rel=\"canonical\" href=\"https:\/\/aivlisoft.net\/shop\/producto\/tp-link-eap783-ap-wifi7-be22000-techo-2x10gbe\/\" \/>\n<meta property=\"og:locale\" content=\"es_ES\" \/>\n<meta property=\"og:type\" content=\"article\" \/>\n<meta property=\"og:title\" content=\"TP-Link EAP783 AP WiFi7 BE22000 Techo 2x10GbE - Aivlisoft Inform\u00e1tica\" \/>\n<meta property=\"og:description\" content=\"Marca TP-Link Modelo EAP783 Caracter&iacute;sticas de hardware &#8211; Interfaz: 2 x&nbsp; puerto Ethernet de 10 Gbps &#8211; Botones: Reset &#8211; Fuente de Alimentaci&oacute;n: 802.3bt PoE++ o 12V DC &#8211; Consumo de Potencia: 39W &#8211; Tipo de Antena: &nbsp;&nbsp; &nbsp; 2,4 GHz: 4 &times; 4 dBi &nbsp; 5 GHz: 4&times; 5,5 dBi &nbsp; 6 GHz: 4&hellip;&nbsp;TP-Link EAP783 AP WiFi7 BE22000 Techo 2x10GbE\" \/>\n<meta property=\"og:url\" content=\"https:\/\/aivlisoft.net\/shop\/producto\/tp-link-eap783-ap-wifi7-be22000-techo-2x10gbe\/\" \/>\n<meta property=\"og:site_name\" content=\"Aivlisoft Inform\u00e1tica\" \/>\n<meta property=\"article:modified_time\" content=\"2025-01-14T11:48:33+00:00\" \/>\n<meta property=\"og:image\" content=\"https:\/\/aivlisoft.net\/shop\/wp-content\/uploads\/2025\/01\/NSWPAC0561_800.jpg\" \/>\n\t<meta property=\"og:image:width\" content=\"800\" \/>\n\t<meta property=\"og:image:height\" content=\"800\" \/>\n\t<meta property=\"og:image:type\" content=\"image\/jpeg\" \/>\n<meta name=\"twitter:card\" content=\"summary_large_image\" \/>\n<meta name=\"twitter:label1\" content=\"Tiempo de lectura\" \/>\n\t<meta name=\"twitter:data1\" content=\"2 minutos\" \/>\n<script type=\"application\/ld+json\" class=\"yoast-schema-graph\">{\"@context\":\"https:\/\/schema.org\",\"@graph\":[{\"@type\":\"WebPage\",\"@id\":\"https:\/\/aivlisoft.net\/shop\/producto\/tp-link-eap783-ap-wifi7-be22000-techo-2x10gbe\/\",\"url\":\"https:\/\/aivlisoft.net\/shop\/producto\/tp-link-eap783-ap-wifi7-be22000-techo-2x10gbe\/\",\"name\":\"TP-Link EAP783 AP WiFi7 BE22000 Techo 2x10GbE - Aivlisoft Inform\u00e1tica\",\"isPartOf\":{\"@id\":\"https:\/\/aivlisoft.net\/shop\/#website\"},\"primaryImageOfPage\":{\"@id\":\"https:\/\/aivlisoft.net\/shop\/producto\/tp-link-eap783-ap-wifi7-be22000-techo-2x10gbe\/#primaryimage\"},\"image\":{\"@id\":\"https:\/\/aivlisoft.net\/shop\/producto\/tp-link-eap783-ap-wifi7-be22000-techo-2x10gbe\/#primaryimage\"},\"thumbnailUrl\":\"https:\/\/aivlisoft.net\/shop\/wp-content\/uploads\/2025\/01\/NSWPAC0561_800.jpg\",\"datePublished\":\"2025-01-13T15:38:50+00:00\",\"dateModified\":\"2025-01-14T11:48:33+00:00\",\"breadcrumb\":{\"@id\":\"https:\/\/aivlisoft.net\/shop\/producto\/tp-link-eap783-ap-wifi7-be22000-techo-2x10gbe\/#breadcrumb\"},\"inLanguage\":\"es\",\"potentialAction\":[{\"@type\":\"ReadAction\",\"target\":[\"https:\/\/aivlisoft.net\/shop\/producto\/tp-link-eap783-ap-wifi7-be22000-techo-2x10gbe\/\"]}]},{\"@type\":\"ImageObject\",\"inLanguage\":\"es\",\"@id\":\"https:\/\/aivlisoft.net\/shop\/producto\/tp-link-eap783-ap-wifi7-be22000-techo-2x10gbe\/#primaryimage\",\"url\":\"https:\/\/aivlisoft.net\/shop\/wp-content\/uploads\/2025\/01\/NSWPAC0561_800.jpg\",\"contentUrl\":\"https:\/\/aivlisoft.net\/shop\/wp-content\/uploads\/2025\/01\/NSWPAC0561_800.jpg\",\"width\":800,\"height\":800},{\"@type\":\"BreadcrumbList\",\"@id\":\"https:\/\/aivlisoft.net\/shop\/producto\/tp-link-eap783-ap-wifi7-be22000-techo-2x10gbe\/#breadcrumb\",\"itemListElement\":[{\"@type\":\"ListItem\",\"position\":1,\"name\":\"Portada\",\"item\":\"https:\/\/aivlisoft.net\/shop\/\"},{\"@type\":\"ListItem\",\"position\":2,\"name\":\"Tienda\",\"item\":\"https:\/\/aivlisoft.net\/shop\/tienda\/\"},{\"@type\":\"ListItem\",\"position\":3,\"name\":\"TP-Link EAP783 AP WiFi7 BE22000 Techo 2x10GbE\"}]},{\"@type\":\"WebSite\",\"@id\":\"https:\/\/aivlisoft.net\/shop\/#website\",\"url\":\"https:\/\/aivlisoft.net\/shop\/\",\"name\":\"Aivlisoft Inform\u00e1tica\",\"description\":\"En Aivlisoft Inform\u00e1tica ofrecemos soluciones tecnol\u00f3gicas para empresas: venta de ordenadores, consumibles, perif\u00e9ricos y m\u00e1s. Calidad, atenci\u00f3n personalizada y los mejores precios para tu negocio.\",\"publisher\":{\"@id\":\"https:\/\/aivlisoft.net\/shop\/#organization\"},\"potentialAction\":[{\"@type\":\"SearchAction\",\"target\":{\"@type\":\"EntryPoint\",\"urlTemplate\":\"https:\/\/aivlisoft.net\/shop\/?s={search_term_string}\"},\"query-input\":{\"@type\":\"PropertyValueSpecification\",\"valueRequired\":true,\"valueName\":\"search_term_string\"}}],\"inLanguage\":\"es\"},{\"@type\":\"Organization\",\"@id\":\"https:\/\/aivlisoft.net\/shop\/#organization\",\"name\":\"Aivlisoft Inform\u00e1tica\",\"url\":\"https:\/\/aivlisoft.net\/shop\/\",\"logo\":{\"@type\":\"ImageObject\",\"inLanguage\":\"es\",\"@id\":\"https:\/\/aivlisoft.net\/shop\/#\/schema\/logo\/image\/\",\"url\":\"https:\/\/aivlisoft.net\/shop\/wp-content\/uploads\/2024\/12\/removal.ai_5b848c54-0cdf-4140-95c5-c5536bb7573b-logodef.png\",\"contentUrl\":\"https:\/\/aivlisoft.net\/shop\/wp-content\/uploads\/2024\/12\/removal.ai_5b848c54-0cdf-4140-95c5-c5536bb7573b-logodef.png\",\"width\":484,\"height\":182,\"caption\":\"Aivlisoft Inform\u00e1tica\"},\"image\":{\"@id\":\"https:\/\/aivlisoft.net\/shop\/#\/schema\/logo\/image\/\"}}]}<\/script>\n<!-- \/ Yoast SEO plugin. -->","yoast_head_json":{"title":"TP-Link EAP783 AP WiFi7 BE22000 Techo 2x10GbE - Aivlisoft Inform\u00e1tica","robots":{"index":"index","follow":"follow","max-snippet":"max-snippet:-1","max-image-preview":"max-image-preview:large","max-video-preview":"max-video-preview:-1"},"canonical":"https:\/\/aivlisoft.net\/shop\/producto\/tp-link-eap783-ap-wifi7-be22000-techo-2x10gbe\/","og_locale":"es_ES","og_type":"article","og_title":"TP-Link EAP783 AP WiFi7 BE22000 Techo 2x10GbE - Aivlisoft Inform\u00e1tica","og_description":"Marca TP-Link Modelo EAP783 Caracter&iacute;sticas de hardware &#8211; Interfaz: 2 x&nbsp; puerto Ethernet de 10 Gbps &#8211; Botones: Reset &#8211; Fuente de Alimentaci&oacute;n: 802.3bt PoE++ o 12V DC &#8211; Consumo de Potencia: 39W &#8211; Tipo de Antena: &nbsp;&nbsp; &nbsp; 2,4 GHz: 4 &times; 4 dBi &nbsp; 5 GHz: 4&times; 5,5 dBi &nbsp; 6 GHz: 4&hellip;&nbsp;TP-Link EAP783 AP WiFi7 BE22000 Techo 2x10GbE","og_url":"https:\/\/aivlisoft.net\/shop\/producto\/tp-link-eap783-ap-wifi7-be22000-techo-2x10gbe\/","og_site_name":"Aivlisoft Inform\u00e1tica","article_modified_time":"2025-01-14T11:48:33+00:00","og_image":[{"width":800,"height":800,"url":"https:\/\/aivlisoft.net\/shop\/wp-content\/uploads\/2025\/01\/NSWPAC0561_800.jpg","type":"image\/jpeg"}],"twitter_card":"summary_large_image","twitter_misc":{"Tiempo de lectura":"2 minutos"},"schema":{"@context":"https:\/\/schema.org","@graph":[{"@type":"WebPage","@id":"https:\/\/aivlisoft.net\/shop\/producto\/tp-link-eap783-ap-wifi7-be22000-techo-2x10gbe\/","url":"https:\/\/aivlisoft.net\/shop\/producto\/tp-link-eap783-ap-wifi7-be22000-techo-2x10gbe\/","name":"TP-Link EAP783 AP WiFi7 BE22000 Techo 2x10GbE - Aivlisoft Inform\u00e1tica","isPartOf":{"@id":"https:\/\/aivlisoft.net\/shop\/#website"},"primaryImageOfPage":{"@id":"https:\/\/aivlisoft.net\/shop\/producto\/tp-link-eap783-ap-wifi7-be22000-techo-2x10gbe\/#primaryimage"},"image":{"@id":"https:\/\/aivlisoft.net\/shop\/producto\/tp-link-eap783-ap-wifi7-be22000-techo-2x10gbe\/#primaryimage"},"thumbnailUrl":"https:\/\/aivlisoft.net\/shop\/wp-content\/uploads\/2025\/01\/NSWPAC0561_800.jpg","datePublished":"2025-01-13T15:38:50+00:00","dateModified":"2025-01-14T11:48:33+00:00","breadcrumb":{"@id":"https:\/\/aivlisoft.net\/shop\/producto\/tp-link-eap783-ap-wifi7-be22000-techo-2x10gbe\/#breadcrumb"},"inLanguage":"es","potentialAction":[{"@type":"ReadAction","target":["https:\/\/aivlisoft.net\/shop\/producto\/tp-link-eap783-ap-wifi7-be22000-techo-2x10gbe\/"]}]},{"@type":"ImageObject","inLanguage":"es","@id":"https:\/\/aivlisoft.net\/shop\/producto\/tp-link-eap783-ap-wifi7-be22000-techo-2x10gbe\/#primaryimage","url":"https:\/\/aivlisoft.net\/shop\/wp-content\/uploads\/2025\/01\/NSWPAC0561_800.jpg","contentUrl":"https:\/\/aivlisoft.net\/shop\/wp-content\/uploads\/2025\/01\/NSWPAC0561_800.jpg","width":800,"height":800},{"@type":"BreadcrumbList","@id":"https:\/\/aivlisoft.net\/shop\/producto\/tp-link-eap783-ap-wifi7-be22000-techo-2x10gbe\/#breadcrumb","itemListElement":[{"@type":"ListItem","position":1,"name":"Portada","item":"https:\/\/aivlisoft.net\/shop\/"},{"@type":"ListItem","position":2,"name":"Tienda","item":"https:\/\/aivlisoft.net\/shop\/tienda\/"},{"@type":"ListItem","position":3,"name":"TP-Link EAP783 AP WiFi7 BE22000 Techo 2x10GbE"}]},{"@type":"WebSite","@id":"https:\/\/aivlisoft.net\/shop\/#website","url":"https:\/\/aivlisoft.net\/shop\/","name":"Aivlisoft Inform\u00e1tica","description":"En Aivlisoft Inform\u00e1tica ofrecemos soluciones tecnol\u00f3gicas para empresas: venta de ordenadores, consumibles, perif\u00e9ricos y m\u00e1s. Calidad, atenci\u00f3n personalizada y los mejores precios para tu negocio.","publisher":{"@id":"https:\/\/aivlisoft.net\/shop\/#organization"},"potentialAction":[{"@type":"SearchAction","target":{"@type":"EntryPoint","urlTemplate":"https:\/\/aivlisoft.net\/shop\/?s={search_term_string}"},"query-input":{"@type":"PropertyValueSpecification","valueRequired":true,"valueName":"search_term_string"}}],"inLanguage":"es"},{"@type":"Organization","@id":"https:\/\/aivlisoft.net\/shop\/#organization","name":"Aivlisoft Inform\u00e1tica","url":"https:\/\/aivlisoft.net\/shop\/","logo":{"@type":"ImageObject","inLanguage":"es","@id":"https:\/\/aivlisoft.net\/shop\/#\/schema\/logo\/image\/","url":"https:\/\/aivlisoft.net\/shop\/wp-content\/uploads\/2024\/12\/removal.ai_5b848c54-0cdf-4140-95c5-c5536bb7573b-logodef.png","contentUrl":"https:\/\/aivlisoft.net\/shop\/wp-content\/uploads\/2024\/12\/removal.ai_5b848c54-0cdf-4140-95c5-c5536bb7573b-logodef.png","width":484,"height":182,"caption":"Aivlisoft Inform\u00e1tica"},"image":{"@id":"https:\/\/aivlisoft.net\/shop\/#\/schema\/logo\/image\/"}}]}},"_links":{"self":[{"href":"https:\/\/aivlisoft.net\/shop\/wp-json\/wp\/v2\/product\/20045","targetHints":{"allow":["GET"]}}],"collection":[{"href":"https:\/\/aivlisoft.net\/shop\/wp-json\/wp\/v2\/product"}],"about":[{"href":"https:\/\/aivlisoft.net\/shop\/wp-json\/wp\/v2\/types\/product"}],"wp:featuredmedia":[{"embeddable":true,"href":"https:\/\/aivlisoft.net\/shop\/wp-json\/wp\/v2\/media\/20046"}],"wp:attachment":[{"href":"https:\/\/aivlisoft.net\/shop\/wp-json\/wp\/v2\/media?parent=20045"}],"wp:term":[{"taxonomy":"product_brand","embeddable":true,"href":"https:\/\/aivlisoft.net\/shop\/wp-json\/wp\/v2\/product_brand?post=20045"},{"taxonomy":"product_cat","embeddable":true,"href":"https:\/\/aivlisoft.net\/shop\/wp-json\/wp\/v2\/product_cat?post=20045"},{"taxonomy":"product_tag","embeddable":true,"href":"https:\/\/aivlisoft.net\/shop\/wp-json\/wp\/v2\/product_tag?post=20045"}],"curies":[{"name":"wp","href":"https:\/\/api.w.org\/{rel}","templated":true}]}}