{"id":19994,"date":"2025-01-13T15:38:21","date_gmt":"2025-01-13T15:38:21","guid":{"rendered":"https:\/\/aivlisoft.com\/?post_type=product&#038;p=19994"},"modified":"2025-01-14T11:48:18","modified_gmt":"2025-01-14T11:48:18","slug":"zyxel-wbe660s-ap-wifi7-be22000-4x4-1x10gbe","status":"publish","type":"product","link":"https:\/\/aivlisoft.net\/shop\/producto\/zyxel-wbe660s-ap-wifi7-be22000-4x4-1x10gbe\/","title":{"rendered":"Zyxel WBE660S AP WiFi7 BE22000 4&#215;4 1x10GbE"},"content":{"rendered":"<p><\/p>\n<table class=\"tabla_caracteristicas k-table\" width=\"100%\">\n<tr>\n<td valign=\"top\"><strong>Marca<\/strong><\/td>\n<td>ZyXEL<\/td>\n<\/tr>\n<tr>\n<td valign=\"top\"><strong>Modelo<\/strong><\/td>\n<td><strong>WBE660S-EU0101F<\/strong><\/td>\n<\/tr>\n<tr>\n<td valign=\"top\"><strong>Caracter&iacute;sticas Hardware<\/strong><\/td>\n<td>&#8211; Tipo de antena: Antena inteligente<br \/>\t\t\t&#8211; Ganancia de la antena:<br \/>\t\t\t&nbsp; 2,4 GHz: 3dBi, 4&#215;4:4SS<br \/>\t\t\t&nbsp; 5GHz: 5dBi, 4&#215;4:4SS<br \/>\t\t\t&nbsp; 6GHz: 5dBi, 4&#215;4:4SS<br \/>\t\t\t&#8211; Sensibilidad de recepci&oacute;n m&iacute;nima: M&iacute;n. Sensibilidad de recepci&oacute;n hasta -104 dBm<\/td>\n<\/tr>\n<tr>\n<td valign=\"top\"><strong>Interfaces<\/strong><\/td>\n<td>&#8211; Ethernet port:<br \/>\t\t\t&nbsp; 1 x 1\/2.5\/5\/10Gbps LAN<br \/>\t\t\t&nbsp; 1 x 1Gbps LAN<br \/>\t\t\t&#8211; Power:<br \/>\t\t\t&nbsp; PoE (802.3)bt: power draw 41 W<br \/>\t\t\t&nbsp; DC input : USB PD 15 VDC 3A (Type C)<br \/>\t\t\t&#8211; PoE modes:<br \/>\t\t\t&nbsp; IEEE 802.3af: Not supported<br \/>\t\t\t&nbsp; IEEE 802.3at: 2.4GHz 2T4R; 5GHz 2T4R; 6GHz 2T4R*3<br \/>\t\t\t&nbsp; IEEE 802.3bt: Unrestricted<\/td>\n<\/tr>\n<tr>\n<td><strong>Caracter&iacute;sticas Inal&aacute;mbricas<\/strong><\/td>\n<td>&#8211; Est&aacute;ndar: IEEE802.11 ser\/ax\/ac\/n\/g\/b\/a<br \/>\t\t\t&#8211; MIMO: MU-MIMO<br \/>\t\t\t&#8211; Velocidad inal&aacute;mbrica:<br \/>\t\t\t&nbsp; 2,4 GHz: 1376 Mbps<br \/>\t\t\t&nbsp; 5GHz: 8646Mbps<br \/>\t\t\t&nbsp; 6GHz: 11530Mbps<br \/>\t\t\t&#8211; Banda de frecuencia 2,4 GHz:<br \/>\t\t\t&nbsp; EE. UU. (FCC): 2,412 a 2,462 GHz<br \/>\t\t\t&nbsp; Europa (ETSI): 2,412 a 2,472 GHz<br \/>\t\t\t&#8211; Banda de frecuencia 5GHz:<br \/>\t\t\t&nbsp; EE.UU. (FCC): 5,15 a 5,35 GHz; 5.470 a 5.850 GHz<br \/>\t\t\t&nbsp; Europea (ETSI): 5,15 a 5,35 GHz; 5,470 a 5,725 GHz<br \/>\t\t\t&#8211; Banda de frecuencia 6GHz:<br \/>\t\t\t&nbsp; EE.UU. (FCC): 5,925 a 6,425 GHz; 6,525 a 7,125 GHz<br \/>\t\t\t&nbsp; Europea (ETSI): 5,925 a 6,425 GHz<br \/>\t\t\t&#8211; Banda ancha: 20, 40, 80, 160, 240 y 320 MHz<br \/>\t\t\t&#8211; Potencia de salida de transmisi&oacute;n t&iacute;pica conducida:<br \/>\t\t\t&nbsp; EE. UU. (2,4 GHz\/5 GHz) o +\/6 GHz):<br \/>\t\t\t&nbsp; 29\/28\/23dBm<br \/>\t\t\t&nbsp; UE (2,4 GHz\/5 GHz) o +\/6 GHz):<br \/>\t\t\t&nbsp; 19\/25\/22dBm<br \/>\t\t\t<strong>Funci&oacute;n WLAN<\/strong><br \/>\t\t\t&#8211; Direcci&oacute;n de banda<br \/>\t\t\t&#8211; WDS\/malla*2<br \/>\t\t\t&#8211; Itinerancia r&aacute;pida: Autenticaci&oacute;n previa, almacenamiento en cach&eacute; PMK y 802.11r\/k\/v<br \/>\t\t\t&#8211; DCS<br \/>\t\t\t&#8211; Balanceo de carga<br \/>\t\t\t&#8211; Convivencia celular avanzada<\/td>\n<\/tr>\n<tr>\n<td><strong>Otras caracter&iacute;sticas<\/strong><\/td>\n<td>&#8211; Cifrado:<br \/>\t\t\t&nbsp; WEP<br \/>\t\t\t&nbsp; WPA<br \/>\t\t\t&nbsp; WPA2-PSK<br \/>\t\t\t&nbsp; WPA3<br \/>\t\t\t&#8211; Autenticaci&oacute;n:<br \/>\t\t\t&nbsp; IEEE 802.1X<br \/>\t\t\t&nbsp; Autenticaci&oacute;n RADIUS:<br \/>\t\t\t&#8211; Gesti&oacute;n de Acceso<br \/>\t\t\t&nbsp; Aislamiento L2<br \/>\t\t\t&nbsp; Filtrado MAC<br \/>\t\t\t&nbsp; Detecci&oacute;n de AP no autorizados<br \/>\t\t\t&#8211; Redes:<br \/>\t\t\t&nbsp; IPv6<br \/>\t\t\t&nbsp; VLAN<br \/>\t\t\t&nbsp; MMM<br \/>\t\t\t&nbsp; U-APSD<br \/>\t\t\t<strong>Dimensiones y peso<\/strong><br \/>\t\t\t&#8211; 377 x 231 x 93 mm<br \/>\t\t\t&#8211; 2040 g<\/td>\n<\/tr>\n<tr>\n<td><strong>Fecha de revisi&oacute;n<\/strong><\/td>\n<td>12-03-2024 por RTY<\/td>\n<\/tr>\n<\/table>\n","protected":false},"excerpt":{"rendered":"<p>Marca ZyXEL Modelo WBE660S-EU0101F Caracter&iacute;sticas Hardware &#8211; Tipo de antena: Antena inteligente &#8211; Ganancia de la antena: &nbsp; 2,4 GHz: 3dBi, 4&#215;4:4SS &nbsp; 5GHz: 5dBi, 4&#215;4:4SS &nbsp; 6GHz: 5dBi, 4&#215;4:4SS &#8211; Sensibilidad de recepci&oacute;n m&iacute;nima: M&iacute;n. Sensibilidad de recepci&oacute;n hasta -104 dBm Interfaces &#8211; Ethernet port: &nbsp; 1 x 1\/2.5\/5\/10Gbps LAN &nbsp; 1 x 1Gbps&hellip;&nbsp;<a href=\"https:\/\/aivlisoft.net\/shop\/producto\/zyxel-wbe660s-ap-wifi7-be22000-4x4-1x10gbe\/\" rel=\"bookmark\"><span class=\"screen-reader-text\">Zyxel WBE660S AP WiFi7 BE22000 4&#215;4 1x10GbE<\/span><\/a><\/p>\n","protected":false},"featured_media":19995,"template":"","meta":{"neve_meta_sidebar":"","neve_meta_container":"","neve_meta_enable_content_width":"","neve_meta_content_width":0,"neve_meta_title_alignment":"","neve_meta_author_avatar":"","neve_post_elements_order":"","neve_meta_disable_header":"","neve_meta_disable_footer":"","neve_meta_disable_title":""},"product_brand":[],"product_cat":[8770],"product_tag":[7171],"class_list":{"0":"post-19994","1":"product","2":"type-product","3":"status-publish","4":"has-post-thumbnail","6":"product_cat-puntos-de-acceso","7":"product_tag-wbe660s-eu0101f","9":"first","10":"instock","11":"taxable","12":"shipping-taxable","13":"purchasable","14":"product-type-simple"},"yoast_head":"<!-- This site is optimized with the Yoast SEO plugin v26.0 - https:\/\/yoast.com\/wordpress\/plugins\/seo\/ -->\n<title>Zyxel WBE660S AP WiFi7 BE22000 4x4 1x10GbE - Aivlisoft Inform\u00e1tica<\/title>\n<meta name=\"robots\" content=\"index, follow, max-snippet:-1, max-image-preview:large, max-video-preview:-1\" \/>\n<link rel=\"canonical\" href=\"https:\/\/aivlisoft.net\/shop\/producto\/zyxel-wbe660s-ap-wifi7-be22000-4x4-1x10gbe\/\" \/>\n<meta property=\"og:locale\" content=\"es_ES\" \/>\n<meta property=\"og:type\" content=\"article\" \/>\n<meta property=\"og:title\" content=\"Zyxel WBE660S AP WiFi7 BE22000 4x4 1x10GbE - Aivlisoft Inform\u00e1tica\" \/>\n<meta property=\"og:description\" content=\"Marca ZyXEL Modelo WBE660S-EU0101F Caracter&iacute;sticas Hardware &#8211; Tipo de antena: Antena inteligente &#8211; Ganancia de la antena: &nbsp; 2,4 GHz: 3dBi, 4&#215;4:4SS &nbsp; 5GHz: 5dBi, 4&#215;4:4SS &nbsp; 6GHz: 5dBi, 4&#215;4:4SS &#8211; Sensibilidad de recepci&oacute;n m&iacute;nima: M&iacute;n. Sensibilidad de recepci&oacute;n hasta -104 dBm Interfaces &#8211; Ethernet port: &nbsp; 1 x 1\/2.5\/5\/10Gbps LAN &nbsp; 1 x 1Gbps&hellip;&nbsp;Zyxel WBE660S AP WiFi7 BE22000 4&#215;4 1x10GbE\" \/>\n<meta property=\"og:url\" content=\"https:\/\/aivlisoft.net\/shop\/producto\/zyxel-wbe660s-ap-wifi7-be22000-4x4-1x10gbe\/\" \/>\n<meta property=\"og:site_name\" content=\"Aivlisoft Inform\u00e1tica\" \/>\n<meta property=\"article:modified_time\" content=\"2025-01-14T11:48:18+00:00\" \/>\n<meta property=\"og:image\" content=\"https:\/\/aivlisoft.net\/shop\/wp-content\/uploads\/2025\/01\/NSWPAC0547_800.jpg\" \/>\n\t<meta property=\"og:image:width\" content=\"800\" \/>\n\t<meta property=\"og:image:height\" content=\"800\" \/>\n\t<meta property=\"og:image:type\" content=\"image\/jpeg\" \/>\n<meta name=\"twitter:card\" content=\"summary_large_image\" \/>\n<meta name=\"twitter:label1\" content=\"Tiempo de lectura\" \/>\n\t<meta name=\"twitter:data1\" content=\"2 minutos\" \/>\n<script type=\"application\/ld+json\" class=\"yoast-schema-graph\">{\"@context\":\"https:\/\/schema.org\",\"@graph\":[{\"@type\":\"WebPage\",\"@id\":\"https:\/\/aivlisoft.net\/shop\/producto\/zyxel-wbe660s-ap-wifi7-be22000-4x4-1x10gbe\/\",\"url\":\"https:\/\/aivlisoft.net\/shop\/producto\/zyxel-wbe660s-ap-wifi7-be22000-4x4-1x10gbe\/\",\"name\":\"Zyxel WBE660S AP WiFi7 BE22000 4x4 1x10GbE - Aivlisoft Inform\u00e1tica\",\"isPartOf\":{\"@id\":\"https:\/\/aivlisoft.net\/shop\/#website\"},\"primaryImageOfPage\":{\"@id\":\"https:\/\/aivlisoft.net\/shop\/producto\/zyxel-wbe660s-ap-wifi7-be22000-4x4-1x10gbe\/#primaryimage\"},\"image\":{\"@id\":\"https:\/\/aivlisoft.net\/shop\/producto\/zyxel-wbe660s-ap-wifi7-be22000-4x4-1x10gbe\/#primaryimage\"},\"thumbnailUrl\":\"https:\/\/aivlisoft.net\/shop\/wp-content\/uploads\/2025\/01\/NSWPAC0547_800.jpg\",\"datePublished\":\"2025-01-13T15:38:21+00:00\",\"dateModified\":\"2025-01-14T11:48:18+00:00\",\"breadcrumb\":{\"@id\":\"https:\/\/aivlisoft.net\/shop\/producto\/zyxel-wbe660s-ap-wifi7-be22000-4x4-1x10gbe\/#breadcrumb\"},\"inLanguage\":\"es\",\"potentialAction\":[{\"@type\":\"ReadAction\",\"target\":[\"https:\/\/aivlisoft.net\/shop\/producto\/zyxel-wbe660s-ap-wifi7-be22000-4x4-1x10gbe\/\"]}]},{\"@type\":\"ImageObject\",\"inLanguage\":\"es\",\"@id\":\"https:\/\/aivlisoft.net\/shop\/producto\/zyxel-wbe660s-ap-wifi7-be22000-4x4-1x10gbe\/#primaryimage\",\"url\":\"https:\/\/aivlisoft.net\/shop\/wp-content\/uploads\/2025\/01\/NSWPAC0547_800.jpg\",\"contentUrl\":\"https:\/\/aivlisoft.net\/shop\/wp-content\/uploads\/2025\/01\/NSWPAC0547_800.jpg\",\"width\":800,\"height\":800},{\"@type\":\"BreadcrumbList\",\"@id\":\"https:\/\/aivlisoft.net\/shop\/producto\/zyxel-wbe660s-ap-wifi7-be22000-4x4-1x10gbe\/#breadcrumb\",\"itemListElement\":[{\"@type\":\"ListItem\",\"position\":1,\"name\":\"Portada\",\"item\":\"https:\/\/aivlisoft.net\/shop\/\"},{\"@type\":\"ListItem\",\"position\":2,\"name\":\"Tienda\",\"item\":\"https:\/\/aivlisoft.net\/shop\/tienda\/\"},{\"@type\":\"ListItem\",\"position\":3,\"name\":\"Zyxel WBE660S AP WiFi7 BE22000 4&#215;4 1x10GbE\"}]},{\"@type\":\"WebSite\",\"@id\":\"https:\/\/aivlisoft.net\/shop\/#website\",\"url\":\"https:\/\/aivlisoft.net\/shop\/\",\"name\":\"Aivlisoft Inform\u00e1tica\",\"description\":\"En Aivlisoft Inform\u00e1tica ofrecemos soluciones tecnol\u00f3gicas para empresas: venta de ordenadores, consumibles, perif\u00e9ricos y m\u00e1s. Calidad, atenci\u00f3n personalizada y los mejores precios para tu negocio.\",\"publisher\":{\"@id\":\"https:\/\/aivlisoft.net\/shop\/#organization\"},\"potentialAction\":[{\"@type\":\"SearchAction\",\"target\":{\"@type\":\"EntryPoint\",\"urlTemplate\":\"https:\/\/aivlisoft.net\/shop\/?s={search_term_string}\"},\"query-input\":{\"@type\":\"PropertyValueSpecification\",\"valueRequired\":true,\"valueName\":\"search_term_string\"}}],\"inLanguage\":\"es\"},{\"@type\":\"Organization\",\"@id\":\"https:\/\/aivlisoft.net\/shop\/#organization\",\"name\":\"Aivlisoft Inform\u00e1tica\",\"url\":\"https:\/\/aivlisoft.net\/shop\/\",\"logo\":{\"@type\":\"ImageObject\",\"inLanguage\":\"es\",\"@id\":\"https:\/\/aivlisoft.net\/shop\/#\/schema\/logo\/image\/\",\"url\":\"https:\/\/aivlisoft.net\/shop\/wp-content\/uploads\/2024\/12\/removal.ai_5b848c54-0cdf-4140-95c5-c5536bb7573b-logodef.png\",\"contentUrl\":\"https:\/\/aivlisoft.net\/shop\/wp-content\/uploads\/2024\/12\/removal.ai_5b848c54-0cdf-4140-95c5-c5536bb7573b-logodef.png\",\"width\":484,\"height\":182,\"caption\":\"Aivlisoft Inform\u00e1tica\"},\"image\":{\"@id\":\"https:\/\/aivlisoft.net\/shop\/#\/schema\/logo\/image\/\"}}]}<\/script>\n<!-- \/ Yoast SEO plugin. -->","yoast_head_json":{"title":"Zyxel WBE660S AP WiFi7 BE22000 4x4 1x10GbE - Aivlisoft Inform\u00e1tica","robots":{"index":"index","follow":"follow","max-snippet":"max-snippet:-1","max-image-preview":"max-image-preview:large","max-video-preview":"max-video-preview:-1"},"canonical":"https:\/\/aivlisoft.net\/shop\/producto\/zyxel-wbe660s-ap-wifi7-be22000-4x4-1x10gbe\/","og_locale":"es_ES","og_type":"article","og_title":"Zyxel WBE660S AP WiFi7 BE22000 4x4 1x10GbE - Aivlisoft Inform\u00e1tica","og_description":"Marca ZyXEL Modelo WBE660S-EU0101F Caracter&iacute;sticas Hardware &#8211; Tipo de antena: Antena inteligente &#8211; Ganancia de la antena: &nbsp; 2,4 GHz: 3dBi, 4&#215;4:4SS &nbsp; 5GHz: 5dBi, 4&#215;4:4SS &nbsp; 6GHz: 5dBi, 4&#215;4:4SS &#8211; Sensibilidad de recepci&oacute;n m&iacute;nima: M&iacute;n. Sensibilidad de recepci&oacute;n hasta -104 dBm Interfaces &#8211; Ethernet port: &nbsp; 1 x 1\/2.5\/5\/10Gbps LAN &nbsp; 1 x 1Gbps&hellip;&nbsp;Zyxel WBE660S AP WiFi7 BE22000 4&#215;4 1x10GbE","og_url":"https:\/\/aivlisoft.net\/shop\/producto\/zyxel-wbe660s-ap-wifi7-be22000-4x4-1x10gbe\/","og_site_name":"Aivlisoft Inform\u00e1tica","article_modified_time":"2025-01-14T11:48:18+00:00","og_image":[{"width":800,"height":800,"url":"https:\/\/aivlisoft.net\/shop\/wp-content\/uploads\/2025\/01\/NSWPAC0547_800.jpg","type":"image\/jpeg"}],"twitter_card":"summary_large_image","twitter_misc":{"Tiempo de lectura":"2 minutos"},"schema":{"@context":"https:\/\/schema.org","@graph":[{"@type":"WebPage","@id":"https:\/\/aivlisoft.net\/shop\/producto\/zyxel-wbe660s-ap-wifi7-be22000-4x4-1x10gbe\/","url":"https:\/\/aivlisoft.net\/shop\/producto\/zyxel-wbe660s-ap-wifi7-be22000-4x4-1x10gbe\/","name":"Zyxel WBE660S AP WiFi7 BE22000 4x4 1x10GbE - Aivlisoft Inform\u00e1tica","isPartOf":{"@id":"https:\/\/aivlisoft.net\/shop\/#website"},"primaryImageOfPage":{"@id":"https:\/\/aivlisoft.net\/shop\/producto\/zyxel-wbe660s-ap-wifi7-be22000-4x4-1x10gbe\/#primaryimage"},"image":{"@id":"https:\/\/aivlisoft.net\/shop\/producto\/zyxel-wbe660s-ap-wifi7-be22000-4x4-1x10gbe\/#primaryimage"},"thumbnailUrl":"https:\/\/aivlisoft.net\/shop\/wp-content\/uploads\/2025\/01\/NSWPAC0547_800.jpg","datePublished":"2025-01-13T15:38:21+00:00","dateModified":"2025-01-14T11:48:18+00:00","breadcrumb":{"@id":"https:\/\/aivlisoft.net\/shop\/producto\/zyxel-wbe660s-ap-wifi7-be22000-4x4-1x10gbe\/#breadcrumb"},"inLanguage":"es","potentialAction":[{"@type":"ReadAction","target":["https:\/\/aivlisoft.net\/shop\/producto\/zyxel-wbe660s-ap-wifi7-be22000-4x4-1x10gbe\/"]}]},{"@type":"ImageObject","inLanguage":"es","@id":"https:\/\/aivlisoft.net\/shop\/producto\/zyxel-wbe660s-ap-wifi7-be22000-4x4-1x10gbe\/#primaryimage","url":"https:\/\/aivlisoft.net\/shop\/wp-content\/uploads\/2025\/01\/NSWPAC0547_800.jpg","contentUrl":"https:\/\/aivlisoft.net\/shop\/wp-content\/uploads\/2025\/01\/NSWPAC0547_800.jpg","width":800,"height":800},{"@type":"BreadcrumbList","@id":"https:\/\/aivlisoft.net\/shop\/producto\/zyxel-wbe660s-ap-wifi7-be22000-4x4-1x10gbe\/#breadcrumb","itemListElement":[{"@type":"ListItem","position":1,"name":"Portada","item":"https:\/\/aivlisoft.net\/shop\/"},{"@type":"ListItem","position":2,"name":"Tienda","item":"https:\/\/aivlisoft.net\/shop\/tienda\/"},{"@type":"ListItem","position":3,"name":"Zyxel WBE660S AP WiFi7 BE22000 4&#215;4 1x10GbE"}]},{"@type":"WebSite","@id":"https:\/\/aivlisoft.net\/shop\/#website","url":"https:\/\/aivlisoft.net\/shop\/","name":"Aivlisoft Inform\u00e1tica","description":"En Aivlisoft Inform\u00e1tica ofrecemos soluciones tecnol\u00f3gicas para empresas: venta de ordenadores, consumibles, perif\u00e9ricos y m\u00e1s. Calidad, atenci\u00f3n personalizada y los mejores precios para tu negocio.","publisher":{"@id":"https:\/\/aivlisoft.net\/shop\/#organization"},"potentialAction":[{"@type":"SearchAction","target":{"@type":"EntryPoint","urlTemplate":"https:\/\/aivlisoft.net\/shop\/?s={search_term_string}"},"query-input":{"@type":"PropertyValueSpecification","valueRequired":true,"valueName":"search_term_string"}}],"inLanguage":"es"},{"@type":"Organization","@id":"https:\/\/aivlisoft.net\/shop\/#organization","name":"Aivlisoft Inform\u00e1tica","url":"https:\/\/aivlisoft.net\/shop\/","logo":{"@type":"ImageObject","inLanguage":"es","@id":"https:\/\/aivlisoft.net\/shop\/#\/schema\/logo\/image\/","url":"https:\/\/aivlisoft.net\/shop\/wp-content\/uploads\/2024\/12\/removal.ai_5b848c54-0cdf-4140-95c5-c5536bb7573b-logodef.png","contentUrl":"https:\/\/aivlisoft.net\/shop\/wp-content\/uploads\/2024\/12\/removal.ai_5b848c54-0cdf-4140-95c5-c5536bb7573b-logodef.png","width":484,"height":182,"caption":"Aivlisoft Inform\u00e1tica"},"image":{"@id":"https:\/\/aivlisoft.net\/shop\/#\/schema\/logo\/image\/"}}]}},"_links":{"self":[{"href":"https:\/\/aivlisoft.net\/shop\/wp-json\/wp\/v2\/product\/19994","targetHints":{"allow":["GET"]}}],"collection":[{"href":"https:\/\/aivlisoft.net\/shop\/wp-json\/wp\/v2\/product"}],"about":[{"href":"https:\/\/aivlisoft.net\/shop\/wp-json\/wp\/v2\/types\/product"}],"wp:featuredmedia":[{"embeddable":true,"href":"https:\/\/aivlisoft.net\/shop\/wp-json\/wp\/v2\/media\/19995"}],"wp:attachment":[{"href":"https:\/\/aivlisoft.net\/shop\/wp-json\/wp\/v2\/media?parent=19994"}],"wp:term":[{"taxonomy":"product_brand","embeddable":true,"href":"https:\/\/aivlisoft.net\/shop\/wp-json\/wp\/v2\/product_brand?post=19994"},{"taxonomy":"product_cat","embeddable":true,"href":"https:\/\/aivlisoft.net\/shop\/wp-json\/wp\/v2\/product_cat?post=19994"},{"taxonomy":"product_tag","embeddable":true,"href":"https:\/\/aivlisoft.net\/shop\/wp-json\/wp\/v2\/product_tag?post=19994"}],"curies":[{"name":"wp","href":"https:\/\/api.w.org\/{rel}","templated":true}]}}