{"id":19851,"date":"2025-01-13T15:36:54","date_gmt":"2025-01-13T15:36:54","guid":{"rendered":"https:\/\/aivlisoft.com\/?post_type=product&#038;p=19851"},"modified":"2025-01-14T11:47:31","modified_gmt":"2025-01-14T11:47:31","slug":"tp-link-deco-xe75-2-pk-wifi6e-axe5400-tri-b-mesh","status":"publish","type":"product","link":"https:\/\/aivlisoft.net\/shop\/producto\/tp-link-deco-xe75-2-pk-wifi6e-axe5400-tri-b-mesh\/","title":{"rendered":"TP-Link Deco XE75 (2-pk) WiFi6E AXE5400 Tri-B Mesh"},"content":{"rendered":"<p><\/p>\n<div>&nbsp;<\/div>\n<table class=\"tabla_caracteristicas\" width=\"100%\">\n<tr>\n<td valign=\"top\"><strong>Marca<\/strong><\/td>\n<td>TP-Link<\/td>\n<\/tr>\n<tr>\n<td valign=\"top\"><strong>Modelo<\/strong><\/td>\n<td><strong>Deco XE75<\/strong><\/td>\n<\/tr>\n<tr>\n<td valign=\"top\"><strong>Caracter&iacute;sticas Hardware<\/strong><\/td>\n<td>&#8211; Puerto Ethernet: 3 puertos Gigabit por unidad Deco (detecci&oacute;n autom&aacute;tica de WAN\/LAN)<br \/>\t\t\t&#8211; Bot&oacute;n: 1 bot&oacute;n RESET en la parte posterior<br \/>\t\t\t&#8211; Antena: 4 antenas de alta ganancia<br \/>\t\t\t&#8211; Consumo de energ&iacute;a (con adaptador de corriente): 19,1 W m&aacute;x.<br \/>\t\t\t&#8211; Dimensiones (An. &times; Pr. &times; Al.): 4,1 &times; 4,1 &times; 6,7 pulgadas (105 &times; 105 &times; 169 mm)<br \/>\t\t\t&#8211; Entrada del adaptador de corriente: 100-240 V ~ 50\/60 Hz 0,6 A<br \/>\t\t\t&#8211; Salida del adaptador de corriente: 12 V 1,5 A\t\t\t<\/p>\n<div><strong>Caracter&iacute;sticas Inal&aacute;mbricas<\/strong><br \/>\t\t\t&#8211; Est&aacute;ndares inal&aacute;mbricos: IEEE 802.11a\/n\/ac\/ax 5 GHz, IEEE 802.11b\/g\/n\/ax 2,4 GHz, Wi-Fi 6E Mesh<br \/>\t\t\t&#8211; Protocolo de malla: 802.11k\/v\/r<br \/>\t\t\t&#8211; Frecuencia: 2,4 GHz, 5 GHz y 6 GHz<br \/>\t\t\t&#8211; Tasa de se&ntilde;al: 2402 Mbps en 6 GHz + 2402 Mbps en 5 GHz + 574 Mbps en 2,4 GHz<br \/>\t\t\t&#8211; Potencia de transmisi&oacute;n: FCC: &lt;30 dBm (2,4 GHz), &lt;30 dBm (5 GHz), &lt;30 dBm (6 GHz)<br \/>\t\t\t&#8211; CE: &lt;20 dBm (2,4 GHz), &lt;23 dBm (5 GHz), &lt;23 dBm (6 GHz)<br \/>\t\t\t&#8211; Seguridad inal&aacute;mbrica: cifrados WPA\/WPA2-PSK\/WPA3<\/div>\n<\/td>\n<\/tr>\n<tr>\n<td valign=\"top\"><strong>Caracter&iacute;sticas Software<\/strong><\/td>\n<td>&#8211; Modo de trabajo: enrutador, punto de acceso<br \/>\t\t\t&#8211; Tipo de WAN: IP din&aacute;mica\/IP est&aacute;tica\/PPPoE\/L2TP\/PPTP<br \/>\t\t\t&#8211; Servidor DHCP<br \/>\t\t\t&#8211; Protocolos: Soporta IPv4 e IPv6<br \/>\t\t\t&#8211; Red de invitados: Red de invitados de 2,4 GHz &times; 1, Red de invitados de 5 GHz &times; 1, 6 GHz<br \/>\t\t\t&nbsp;&nbsp; Red de invitados&times;1<br \/>\t\t\t&#8211; Funciones: TP-Link HomeShield, BSS Color, OFDMA, 1024-QAM,<br \/>\t\t\t&nbsp;&nbsp; MU-MIMO, backhaul Ethernet opcional, configuraci&oacute;n asistida, direcci&oacute;n<br \/>\t\t\t&nbsp;&nbsp; Reserva, reenv&iacute;o de puertos, TP-Link DDNS, IPTV, IPv6, reglas de firewall,<br \/>\t\t\t&nbsp;&nbsp; Control LED<br \/>\t\t\t&#8211; Gesti&oacute;n: Gesti&oacute;n Local; Gesti&oacute;n remota; Multigesto<\/td>\n<\/tr>\n<tr>\n<td valign=\"top\"><strong>Otras Caracter&iacute;sticas<\/strong><\/td>\n<td>\n<div>&#8211; Certificaciones: CE, RoHS<br \/>\t\t\t&#8211; Ambientales<br \/>\t\t\t&nbsp; Temperatura de funcionamiento: 0 &deg;C~40 &deg;C (32 &deg;F~104 &deg;F)<br \/>\t\t\t&nbsp; Temperatura de almacenamiento: -40 &deg;C~60 &deg;C (-40 &deg;F~140 &deg;F)<br \/>\t\t\t&nbsp; Humedad de funcionamiento: 10%~90% HR<br \/>\t\t\t&nbsp; Humedad de almacenamiento: 5%~90% HR<br \/>\t\t\t<strong>Contiene<\/strong><br \/>\t\t\t&#8211; 2 unidad Deco XE75<br \/>\t\t\t&#8211; 1 cable Ethernet RJ45<br \/>\t\t\t&#8211; 2 adaptador de corriente<br \/>\t\t\t&#8211; 1 Gu&iacute;a de instalaci&oacute;n r&aacute;pida<\/div>\n<\/td>\n<\/tr>\n<tr>\n<td><strong>Fecha de revisi&oacute;n<\/strong><\/td>\n<td>22-06-2022 por MPM<\/td>\n<\/tr>\n<\/table>\n","protected":false},"excerpt":{"rendered":"<p>&nbsp; Marca TP-Link Modelo Deco XE75 Caracter&iacute;sticas Hardware &#8211; Puerto Ethernet: 3 puertos Gigabit por unidad Deco (detecci&oacute;n autom&aacute;tica de WAN\/LAN) &#8211; Bot&oacute;n: 1 bot&oacute;n RESET en la parte posterior &#8211; Antena: 4 antenas de alta ganancia &#8211; Consumo de energ&iacute;a (con adaptador de corriente): 19,1 W m&aacute;x. &#8211; Dimensiones (An. &times; Pr. &times; Al.):&hellip;&nbsp;<a href=\"https:\/\/aivlisoft.net\/shop\/producto\/tp-link-deco-xe75-2-pk-wifi6e-axe5400-tri-b-mesh\/\" rel=\"bookmark\"><span class=\"screen-reader-text\">TP-Link Deco XE75 (2-pk) WiFi6E AXE5400 Tri-B Mesh<\/span><\/a><\/p>\n","protected":false},"featured_media":19852,"template":"","meta":{"neve_meta_sidebar":"","neve_meta_container":"","neve_meta_enable_content_width":"","neve_meta_content_width":0,"neve_meta_title_alignment":"","neve_meta_author_avatar":"","neve_post_elements_order":"","neve_meta_disable_header":"","neve_meta_disable_footer":"","neve_meta_disable_title":""},"product_brand":[],"product_cat":[8770],"product_tag":[7133],"class_list":{"0":"post-19851","1":"product","2":"type-product","3":"status-publish","4":"has-post-thumbnail","6":"product_cat-puntos-de-acceso","7":"product_tag-deco-xe752-pack","9":"first","10":"instock","11":"taxable","12":"shipping-taxable","13":"purchasable","14":"product-type-simple"},"yoast_head":"<!-- This site is optimized with the Yoast SEO plugin v26.0 - https:\/\/yoast.com\/wordpress\/plugins\/seo\/ -->\n<title>TP-Link Deco XE75 (2-pk) WiFi6E AXE5400 Tri-B Mesh - Aivlisoft Inform\u00e1tica<\/title>\n<meta name=\"robots\" content=\"index, follow, max-snippet:-1, max-image-preview:large, max-video-preview:-1\" \/>\n<link rel=\"canonical\" href=\"https:\/\/aivlisoft.net\/shop\/producto\/tp-link-deco-xe75-2-pk-wifi6e-axe5400-tri-b-mesh\/\" \/>\n<meta property=\"og:locale\" content=\"es_ES\" \/>\n<meta property=\"og:type\" content=\"article\" \/>\n<meta property=\"og:title\" content=\"TP-Link Deco XE75 (2-pk) WiFi6E AXE5400 Tri-B Mesh - Aivlisoft Inform\u00e1tica\" \/>\n<meta property=\"og:description\" content=\"&nbsp; Marca TP-Link Modelo Deco XE75 Caracter&iacute;sticas Hardware &#8211; Puerto Ethernet: 3 puertos Gigabit por unidad Deco (detecci&oacute;n autom&aacute;tica de WAN\/LAN) &#8211; Bot&oacute;n: 1 bot&oacute;n RESET en la parte posterior &#8211; Antena: 4 antenas de alta ganancia &#8211; Consumo de energ&iacute;a (con adaptador de corriente): 19,1 W m&aacute;x. &#8211; Dimensiones (An. &times; Pr. &times; Al.):&hellip;&nbsp;TP-Link Deco XE75 (2-pk) WiFi6E AXE5400 Tri-B Mesh\" \/>\n<meta property=\"og:url\" content=\"https:\/\/aivlisoft.net\/shop\/producto\/tp-link-deco-xe75-2-pk-wifi6e-axe5400-tri-b-mesh\/\" \/>\n<meta property=\"og:site_name\" content=\"Aivlisoft Inform\u00e1tica\" \/>\n<meta property=\"article:modified_time\" content=\"2025-01-14T11:47:31+00:00\" \/>\n<meta property=\"og:image\" content=\"https:\/\/aivlisoft.net\/shop\/wp-content\/uploads\/2025\/01\/NSWPAC0498_800.jpg\" \/>\n\t<meta property=\"og:image:width\" content=\"800\" \/>\n\t<meta property=\"og:image:height\" content=\"800\" \/>\n\t<meta property=\"og:image:type\" content=\"image\/jpeg\" \/>\n<meta name=\"twitter:card\" content=\"summary_large_image\" \/>\n<meta name=\"twitter:label1\" content=\"Tiempo de lectura\" \/>\n\t<meta name=\"twitter:data1\" content=\"2 minutos\" \/>\n<script type=\"application\/ld+json\" class=\"yoast-schema-graph\">{\"@context\":\"https:\/\/schema.org\",\"@graph\":[{\"@type\":\"WebPage\",\"@id\":\"https:\/\/aivlisoft.net\/shop\/producto\/tp-link-deco-xe75-2-pk-wifi6e-axe5400-tri-b-mesh\/\",\"url\":\"https:\/\/aivlisoft.net\/shop\/producto\/tp-link-deco-xe75-2-pk-wifi6e-axe5400-tri-b-mesh\/\",\"name\":\"TP-Link Deco XE75 (2-pk) WiFi6E AXE5400 Tri-B Mesh - Aivlisoft Inform\u00e1tica\",\"isPartOf\":{\"@id\":\"https:\/\/aivlisoft.net\/shop\/#website\"},\"primaryImageOfPage\":{\"@id\":\"https:\/\/aivlisoft.net\/shop\/producto\/tp-link-deco-xe75-2-pk-wifi6e-axe5400-tri-b-mesh\/#primaryimage\"},\"image\":{\"@id\":\"https:\/\/aivlisoft.net\/shop\/producto\/tp-link-deco-xe75-2-pk-wifi6e-axe5400-tri-b-mesh\/#primaryimage\"},\"thumbnailUrl\":\"https:\/\/aivlisoft.net\/shop\/wp-content\/uploads\/2025\/01\/NSWPAC0498_800.jpg\",\"datePublished\":\"2025-01-13T15:36:54+00:00\",\"dateModified\":\"2025-01-14T11:47:31+00:00\",\"breadcrumb\":{\"@id\":\"https:\/\/aivlisoft.net\/shop\/producto\/tp-link-deco-xe75-2-pk-wifi6e-axe5400-tri-b-mesh\/#breadcrumb\"},\"inLanguage\":\"es\",\"potentialAction\":[{\"@type\":\"ReadAction\",\"target\":[\"https:\/\/aivlisoft.net\/shop\/producto\/tp-link-deco-xe75-2-pk-wifi6e-axe5400-tri-b-mesh\/\"]}]},{\"@type\":\"ImageObject\",\"inLanguage\":\"es\",\"@id\":\"https:\/\/aivlisoft.net\/shop\/producto\/tp-link-deco-xe75-2-pk-wifi6e-axe5400-tri-b-mesh\/#primaryimage\",\"url\":\"https:\/\/aivlisoft.net\/shop\/wp-content\/uploads\/2025\/01\/NSWPAC0498_800.jpg\",\"contentUrl\":\"https:\/\/aivlisoft.net\/shop\/wp-content\/uploads\/2025\/01\/NSWPAC0498_800.jpg\",\"width\":800,\"height\":800},{\"@type\":\"BreadcrumbList\",\"@id\":\"https:\/\/aivlisoft.net\/shop\/producto\/tp-link-deco-xe75-2-pk-wifi6e-axe5400-tri-b-mesh\/#breadcrumb\",\"itemListElement\":[{\"@type\":\"ListItem\",\"position\":1,\"name\":\"Portada\",\"item\":\"https:\/\/aivlisoft.net\/shop\/\"},{\"@type\":\"ListItem\",\"position\":2,\"name\":\"Tienda\",\"item\":\"https:\/\/aivlisoft.net\/shop\/tienda\/\"},{\"@type\":\"ListItem\",\"position\":3,\"name\":\"TP-Link Deco XE75 (2-pk) WiFi6E AXE5400 Tri-B Mesh\"}]},{\"@type\":\"WebSite\",\"@id\":\"https:\/\/aivlisoft.net\/shop\/#website\",\"url\":\"https:\/\/aivlisoft.net\/shop\/\",\"name\":\"Aivlisoft Inform\u00e1tica\",\"description\":\"En Aivlisoft Inform\u00e1tica ofrecemos soluciones tecnol\u00f3gicas para empresas: venta de ordenadores, consumibles, perif\u00e9ricos y m\u00e1s. Calidad, atenci\u00f3n personalizada y los mejores precios para tu negocio.\",\"publisher\":{\"@id\":\"https:\/\/aivlisoft.net\/shop\/#organization\"},\"potentialAction\":[{\"@type\":\"SearchAction\",\"target\":{\"@type\":\"EntryPoint\",\"urlTemplate\":\"https:\/\/aivlisoft.net\/shop\/?s={search_term_string}\"},\"query-input\":{\"@type\":\"PropertyValueSpecification\",\"valueRequired\":true,\"valueName\":\"search_term_string\"}}],\"inLanguage\":\"es\"},{\"@type\":\"Organization\",\"@id\":\"https:\/\/aivlisoft.net\/shop\/#organization\",\"name\":\"Aivlisoft Inform\u00e1tica\",\"url\":\"https:\/\/aivlisoft.net\/shop\/\",\"logo\":{\"@type\":\"ImageObject\",\"inLanguage\":\"es\",\"@id\":\"https:\/\/aivlisoft.net\/shop\/#\/schema\/logo\/image\/\",\"url\":\"https:\/\/aivlisoft.net\/shop\/wp-content\/uploads\/2024\/12\/removal.ai_5b848c54-0cdf-4140-95c5-c5536bb7573b-logodef.png\",\"contentUrl\":\"https:\/\/aivlisoft.net\/shop\/wp-content\/uploads\/2024\/12\/removal.ai_5b848c54-0cdf-4140-95c5-c5536bb7573b-logodef.png\",\"width\":484,\"height\":182,\"caption\":\"Aivlisoft Inform\u00e1tica\"},\"image\":{\"@id\":\"https:\/\/aivlisoft.net\/shop\/#\/schema\/logo\/image\/\"}}]}<\/script>\n<!-- \/ Yoast SEO plugin. -->","yoast_head_json":{"title":"TP-Link Deco XE75 (2-pk) WiFi6E AXE5400 Tri-B Mesh - Aivlisoft Inform\u00e1tica","robots":{"index":"index","follow":"follow","max-snippet":"max-snippet:-1","max-image-preview":"max-image-preview:large","max-video-preview":"max-video-preview:-1"},"canonical":"https:\/\/aivlisoft.net\/shop\/producto\/tp-link-deco-xe75-2-pk-wifi6e-axe5400-tri-b-mesh\/","og_locale":"es_ES","og_type":"article","og_title":"TP-Link Deco XE75 (2-pk) WiFi6E AXE5400 Tri-B Mesh - Aivlisoft Inform\u00e1tica","og_description":"&nbsp; Marca TP-Link Modelo Deco XE75 Caracter&iacute;sticas Hardware &#8211; Puerto Ethernet: 3 puertos Gigabit por unidad Deco (detecci&oacute;n autom&aacute;tica de WAN\/LAN) &#8211; Bot&oacute;n: 1 bot&oacute;n RESET en la parte posterior &#8211; Antena: 4 antenas de alta ganancia &#8211; Consumo de energ&iacute;a (con adaptador de corriente): 19,1 W m&aacute;x. &#8211; Dimensiones (An. &times; Pr. &times; Al.):&hellip;&nbsp;TP-Link Deco XE75 (2-pk) WiFi6E AXE5400 Tri-B Mesh","og_url":"https:\/\/aivlisoft.net\/shop\/producto\/tp-link-deco-xe75-2-pk-wifi6e-axe5400-tri-b-mesh\/","og_site_name":"Aivlisoft Inform\u00e1tica","article_modified_time":"2025-01-14T11:47:31+00:00","og_image":[{"width":800,"height":800,"url":"https:\/\/aivlisoft.net\/shop\/wp-content\/uploads\/2025\/01\/NSWPAC0498_800.jpg","type":"image\/jpeg"}],"twitter_card":"summary_large_image","twitter_misc":{"Tiempo de lectura":"2 minutos"},"schema":{"@context":"https:\/\/schema.org","@graph":[{"@type":"WebPage","@id":"https:\/\/aivlisoft.net\/shop\/producto\/tp-link-deco-xe75-2-pk-wifi6e-axe5400-tri-b-mesh\/","url":"https:\/\/aivlisoft.net\/shop\/producto\/tp-link-deco-xe75-2-pk-wifi6e-axe5400-tri-b-mesh\/","name":"TP-Link Deco XE75 (2-pk) WiFi6E AXE5400 Tri-B Mesh - Aivlisoft Inform\u00e1tica","isPartOf":{"@id":"https:\/\/aivlisoft.net\/shop\/#website"},"primaryImageOfPage":{"@id":"https:\/\/aivlisoft.net\/shop\/producto\/tp-link-deco-xe75-2-pk-wifi6e-axe5400-tri-b-mesh\/#primaryimage"},"image":{"@id":"https:\/\/aivlisoft.net\/shop\/producto\/tp-link-deco-xe75-2-pk-wifi6e-axe5400-tri-b-mesh\/#primaryimage"},"thumbnailUrl":"https:\/\/aivlisoft.net\/shop\/wp-content\/uploads\/2025\/01\/NSWPAC0498_800.jpg","datePublished":"2025-01-13T15:36:54+00:00","dateModified":"2025-01-14T11:47:31+00:00","breadcrumb":{"@id":"https:\/\/aivlisoft.net\/shop\/producto\/tp-link-deco-xe75-2-pk-wifi6e-axe5400-tri-b-mesh\/#breadcrumb"},"inLanguage":"es","potentialAction":[{"@type":"ReadAction","target":["https:\/\/aivlisoft.net\/shop\/producto\/tp-link-deco-xe75-2-pk-wifi6e-axe5400-tri-b-mesh\/"]}]},{"@type":"ImageObject","inLanguage":"es","@id":"https:\/\/aivlisoft.net\/shop\/producto\/tp-link-deco-xe75-2-pk-wifi6e-axe5400-tri-b-mesh\/#primaryimage","url":"https:\/\/aivlisoft.net\/shop\/wp-content\/uploads\/2025\/01\/NSWPAC0498_800.jpg","contentUrl":"https:\/\/aivlisoft.net\/shop\/wp-content\/uploads\/2025\/01\/NSWPAC0498_800.jpg","width":800,"height":800},{"@type":"BreadcrumbList","@id":"https:\/\/aivlisoft.net\/shop\/producto\/tp-link-deco-xe75-2-pk-wifi6e-axe5400-tri-b-mesh\/#breadcrumb","itemListElement":[{"@type":"ListItem","position":1,"name":"Portada","item":"https:\/\/aivlisoft.net\/shop\/"},{"@type":"ListItem","position":2,"name":"Tienda","item":"https:\/\/aivlisoft.net\/shop\/tienda\/"},{"@type":"ListItem","position":3,"name":"TP-Link Deco XE75 (2-pk) WiFi6E AXE5400 Tri-B Mesh"}]},{"@type":"WebSite","@id":"https:\/\/aivlisoft.net\/shop\/#website","url":"https:\/\/aivlisoft.net\/shop\/","name":"Aivlisoft Inform\u00e1tica","description":"En Aivlisoft Inform\u00e1tica ofrecemos soluciones tecnol\u00f3gicas para empresas: venta de ordenadores, consumibles, perif\u00e9ricos y m\u00e1s. Calidad, atenci\u00f3n personalizada y los mejores precios para tu negocio.","publisher":{"@id":"https:\/\/aivlisoft.net\/shop\/#organization"},"potentialAction":[{"@type":"SearchAction","target":{"@type":"EntryPoint","urlTemplate":"https:\/\/aivlisoft.net\/shop\/?s={search_term_string}"},"query-input":{"@type":"PropertyValueSpecification","valueRequired":true,"valueName":"search_term_string"}}],"inLanguage":"es"},{"@type":"Organization","@id":"https:\/\/aivlisoft.net\/shop\/#organization","name":"Aivlisoft Inform\u00e1tica","url":"https:\/\/aivlisoft.net\/shop\/","logo":{"@type":"ImageObject","inLanguage":"es","@id":"https:\/\/aivlisoft.net\/shop\/#\/schema\/logo\/image\/","url":"https:\/\/aivlisoft.net\/shop\/wp-content\/uploads\/2024\/12\/removal.ai_5b848c54-0cdf-4140-95c5-c5536bb7573b-logodef.png","contentUrl":"https:\/\/aivlisoft.net\/shop\/wp-content\/uploads\/2024\/12\/removal.ai_5b848c54-0cdf-4140-95c5-c5536bb7573b-logodef.png","width":484,"height":182,"caption":"Aivlisoft Inform\u00e1tica"},"image":{"@id":"https:\/\/aivlisoft.net\/shop\/#\/schema\/logo\/image\/"}}]}},"_links":{"self":[{"href":"https:\/\/aivlisoft.net\/shop\/wp-json\/wp\/v2\/product\/19851","targetHints":{"allow":["GET"]}}],"collection":[{"href":"https:\/\/aivlisoft.net\/shop\/wp-json\/wp\/v2\/product"}],"about":[{"href":"https:\/\/aivlisoft.net\/shop\/wp-json\/wp\/v2\/types\/product"}],"wp:featuredmedia":[{"embeddable":true,"href":"https:\/\/aivlisoft.net\/shop\/wp-json\/wp\/v2\/media\/19852"}],"wp:attachment":[{"href":"https:\/\/aivlisoft.net\/shop\/wp-json\/wp\/v2\/media?parent=19851"}],"wp:term":[{"taxonomy":"product_brand","embeddable":true,"href":"https:\/\/aivlisoft.net\/shop\/wp-json\/wp\/v2\/product_brand?post=19851"},{"taxonomy":"product_cat","embeddable":true,"href":"https:\/\/aivlisoft.net\/shop\/wp-json\/wp\/v2\/product_cat?post=19851"},{"taxonomy":"product_tag","embeddable":true,"href":"https:\/\/aivlisoft.net\/shop\/wp-json\/wp\/v2\/product_tag?post=19851"}],"curies":[{"name":"wp","href":"https:\/\/api.w.org\/{rel}","templated":true}]}}