{"id":19716,"date":"2025-01-13T15:35:29","date_gmt":"2025-01-13T15:35:29","guid":{"rendered":"https:\/\/aivlisoft.com\/?post_type=product&#038;p=19716"},"modified":"2025-01-14T11:46:48","modified_gmt":"2025-01-14T11:46:48","slug":"d-link-dap-3711-antena-ex-wifi-ac-ptp-5km-poe-ip66","status":"publish","type":"product","link":"https:\/\/aivlisoft.net\/shop\/producto\/d-link-dap-3711-antena-ex-wifi-ac-ptp-5km-poe-ip66\/","title":{"rendered":"D-Link DAP-3711 Antena Ex WiFi AC PtP 5Km PoE IP66"},"content":{"rendered":"<p><\/p>\n<table class=\"tabla_caracteristicas k-table\" width=\"100%\">\n<tr>\n<td valign=\"top\"><strong>Marca<\/strong><\/td>\n<td>D-Link<\/td>\n<\/tr>\n<tr>\n<td valign=\"top\"><strong>Modelo<\/strong><\/td>\n<td valign=\"top\"><strong>DAP-3711<\/strong><\/td>\n<\/tr>\n<tr>\n<td valign=\"top\"><strong>Caracter&iacute;sticas<\/strong><\/td>\n<td><strong>General<\/strong><br \/>\t\t\t&#8211; Interfaces de dispositivo: 2 puertos Ethernet Gigabit, bot&oacute;n de reinicio<br \/>\t\t\t&#8211; LED: Alimentaci&oacute;n, LAN, WLAN, intensidad de se&ntilde;al<br \/>\t\t\t&#8211; Tipo de antena: Interno<br \/>\t\t\t&#8211; Ganancia de la antena: 15 dBi<br \/>\t\t\t&#8211; Ancho del haz: H: 40&deg;, V: 15&deg;<br \/>\t\t\t&#8211; Est&aacute;ndares: 802.11a\/n\/ac<br \/>\t\t\t&#8211; Protecci&oacute;n: 8 kV Surge Protection<br \/>\t\t\t&#8211; Carcasa: ABS, Conformidad con IP66<br \/>\t\t\t<strong>Funcionalidad<\/strong><br \/>\t\t\t&#8211; Modos de funcionamiento: AP, Station, WDS AP, WDS Station<br \/>\t\t\t&#8211; Frecuencia operativa: 5180~5320 MHz, 5745~5825 MHz<br \/>\t\t\t&#8211; M&aacute;x. Potencia de transmisi&oacute;n: 27 dBm<br \/>\t\t\t&#8211; Velocidad Wi-Fi: Hasta 867 Mbps<br \/>\t\t\t&#8211; Soporte de ancho de banda: 20\/40\/80 MHz<br \/>\t\t\t&#8211; Distancia m&aacute;xima de enlaces Bridging: Hasta 5 km (entre 2 x DAP-3711)<br \/>\t\t\t<strong>Software<\/strong><br \/>\t\t\t&#8211; Configuraci&oacute;n inal&aacute;mbrica: Soporte de canal autom&aacute;tico, selecci&oacute;n de potencia de transmisi&oacute;n, activaci&oacute;n\/desactivaci&oacute;n de la transmisi&oacute;n SSID<br \/>\t\t\t&#8211; Seguridad: 802.11i 128-bit AES Personal \/ Empresa<br \/>\t\t\t&#8211; Herramientas del sistema: Ping, traceroute, NTP, vigilancia de ping, syslog, analizador de espectro, pruebas de rendimiento (lperf )<br \/>\t\t\t&#8211; Tecnolog&iacute;a inal&aacute;mbrica inteligente: TDMA, Auto ACK, control de velocidad inteligente, prevenci&oacute;n de interferencias de canal conjunto<br \/>\t\t\t&#8211; Caracter&iacute;sticas avanzadas: Max. station limit<br \/>\t\t\t&#8211; Tipo LAN: Est&aacute;tico, DHCP<br \/>\t\t\t&#8211; Compatibilidad con VLAN: S&iacute;<br \/>\t\t\t&#8211; Firewall: Filtro IP \/ MAC<br \/>\t\t\t&#8211; Monitores: Throughput, interfaces, tabla de rutas, tabla de puentes, tabla ARP, informaci&oacute;n de AP, syslog<br \/>\t\t\t&#8211; Actualizaci&oacute;n de firmware: Actualizaci&oacute;n basada en web<br \/>\t\t\t<strong>Caracter&iacute;sticas f&iacute;sicas<\/strong><br \/>\t\t\t&#8211; Entrada de alimentaci&oacute;n (Inyector PoE incluido): PoE 24 V<br \/>\t\t\t&#8211; Consumo de energ&iacute;a: &le; 15 W<br \/>\t\t\t&#8211; Temperatura operativa: -40&ordm;C a 65&ordm;C<br \/>\t\t\t&#8211; Temperatura de almacenamiento: -40&ordm;C a 85&ordm;C<br \/>\t\t\t&#8211; Humedad operativa: 0 % a 90 %<br \/>\t\t\t&#8211; Humedad de almacenamiento: 0 % a 90 %<br \/>\t\t\t&#8211; Peso: 600 g<br \/>\t\t\t&#8211; Dimensiones: 288 x 88 x 45 mm<br \/>\t\t\t&#8211; Certificaciones: CE, FCC<\/td>\n<\/tr>\n<tr>\n<td valign=\"top\"><strong>Fecha de revisi&oacute;n<\/strong><\/td>\n<td>23-09-2021 por MSB<\/td>\n<\/tr>\n<\/table>\n","protected":false},"excerpt":{"rendered":"<p>Marca D-Link Modelo DAP-3711 Caracter&iacute;sticas General &#8211; Interfaces de dispositivo: 2 puertos Ethernet Gigabit, bot&oacute;n de reinicio &#8211; LED: Alimentaci&oacute;n, LAN, WLAN, intensidad de se&ntilde;al &#8211; Tipo de antena: Interno &#8211; Ganancia de la antena: 15 dBi &#8211; Ancho del haz: H: 40&deg;, V: 15&deg; &#8211; Est&aacute;ndares: 802.11a\/n\/ac &#8211; Protecci&oacute;n: 8 kV Surge Protection &#8211;&hellip;&nbsp;<a href=\"https:\/\/aivlisoft.net\/shop\/producto\/d-link-dap-3711-antena-ex-wifi-ac-ptp-5km-poe-ip66\/\" rel=\"bookmark\"><span class=\"screen-reader-text\">D-Link DAP-3711 Antena Ex WiFi AC PtP 5Km PoE IP66<\/span><\/a><\/p>\n","protected":false},"featured_media":19717,"template":"","meta":{"neve_meta_sidebar":"","neve_meta_container":"","neve_meta_enable_content_width":"","neve_meta_content_width":0,"neve_meta_title_alignment":"","neve_meta_author_avatar":"","neve_post_elements_order":"","neve_meta_disable_header":"","neve_meta_disable_footer":"","neve_meta_disable_title":""},"product_brand":[],"product_cat":[8770],"product_tag":[7102],"class_list":{"0":"post-19716","1":"product","2":"type-product","3":"status-publish","4":"has-post-thumbnail","6":"product_cat-puntos-de-acceso","7":"product_tag-dap-3711","9":"first","10":"instock","11":"taxable","12":"shipping-taxable","13":"purchasable","14":"product-type-simple"},"yoast_head":"<!-- This site is optimized with the Yoast SEO plugin v26.0 - https:\/\/yoast.com\/wordpress\/plugins\/seo\/ -->\n<title>D-Link DAP-3711 Antena Ex WiFi AC PtP 5Km PoE IP66 - Aivlisoft Inform\u00e1tica<\/title>\n<meta name=\"robots\" content=\"index, follow, max-snippet:-1, max-image-preview:large, max-video-preview:-1\" \/>\n<link rel=\"canonical\" href=\"https:\/\/aivlisoft.net\/shop\/producto\/d-link-dap-3711-antena-ex-wifi-ac-ptp-5km-poe-ip66\/\" \/>\n<meta property=\"og:locale\" content=\"es_ES\" \/>\n<meta property=\"og:type\" content=\"article\" \/>\n<meta property=\"og:title\" content=\"D-Link DAP-3711 Antena Ex WiFi AC PtP 5Km PoE IP66 - Aivlisoft Inform\u00e1tica\" \/>\n<meta property=\"og:description\" content=\"Marca D-Link Modelo DAP-3711 Caracter&iacute;sticas General &#8211; Interfaces de dispositivo: 2 puertos Ethernet Gigabit, bot&oacute;n de reinicio &#8211; LED: Alimentaci&oacute;n, LAN, WLAN, intensidad de se&ntilde;al &#8211; Tipo de antena: Interno &#8211; Ganancia de la antena: 15 dBi &#8211; Ancho del haz: H: 40&deg;, V: 15&deg; &#8211; Est&aacute;ndares: 802.11a\/n\/ac &#8211; Protecci&oacute;n: 8 kV Surge Protection &#8211;&hellip;&nbsp;D-Link DAP-3711 Antena Ex WiFi AC PtP 5Km PoE IP66\" \/>\n<meta property=\"og:url\" content=\"https:\/\/aivlisoft.net\/shop\/producto\/d-link-dap-3711-antena-ex-wifi-ac-ptp-5km-poe-ip66\/\" \/>\n<meta property=\"og:site_name\" content=\"Aivlisoft Inform\u00e1tica\" \/>\n<meta property=\"article:modified_time\" content=\"2025-01-14T11:46:48+00:00\" \/>\n<meta property=\"og:image\" content=\"https:\/\/aivlisoft.net\/shop\/wp-content\/uploads\/2025\/01\/NSWPAC0457_800.jpg\" \/>\n\t<meta property=\"og:image:width\" content=\"800\" \/>\n\t<meta property=\"og:image:height\" content=\"800\" \/>\n\t<meta property=\"og:image:type\" content=\"image\/jpeg\" \/>\n<meta name=\"twitter:card\" content=\"summary_large_image\" \/>\n<meta name=\"twitter:label1\" content=\"Tiempo de lectura\" \/>\n\t<meta name=\"twitter:data1\" content=\"2 minutos\" \/>\n<script type=\"application\/ld+json\" class=\"yoast-schema-graph\">{\"@context\":\"https:\/\/schema.org\",\"@graph\":[{\"@type\":\"WebPage\",\"@id\":\"https:\/\/aivlisoft.net\/shop\/producto\/d-link-dap-3711-antena-ex-wifi-ac-ptp-5km-poe-ip66\/\",\"url\":\"https:\/\/aivlisoft.net\/shop\/producto\/d-link-dap-3711-antena-ex-wifi-ac-ptp-5km-poe-ip66\/\",\"name\":\"D-Link DAP-3711 Antena Ex WiFi AC PtP 5Km PoE IP66 - Aivlisoft Inform\u00e1tica\",\"isPartOf\":{\"@id\":\"https:\/\/aivlisoft.net\/shop\/#website\"},\"primaryImageOfPage\":{\"@id\":\"https:\/\/aivlisoft.net\/shop\/producto\/d-link-dap-3711-antena-ex-wifi-ac-ptp-5km-poe-ip66\/#primaryimage\"},\"image\":{\"@id\":\"https:\/\/aivlisoft.net\/shop\/producto\/d-link-dap-3711-antena-ex-wifi-ac-ptp-5km-poe-ip66\/#primaryimage\"},\"thumbnailUrl\":\"https:\/\/aivlisoft.net\/shop\/wp-content\/uploads\/2025\/01\/NSWPAC0457_800.jpg\",\"datePublished\":\"2025-01-13T15:35:29+00:00\",\"dateModified\":\"2025-01-14T11:46:48+00:00\",\"breadcrumb\":{\"@id\":\"https:\/\/aivlisoft.net\/shop\/producto\/d-link-dap-3711-antena-ex-wifi-ac-ptp-5km-poe-ip66\/#breadcrumb\"},\"inLanguage\":\"es\",\"potentialAction\":[{\"@type\":\"ReadAction\",\"target\":[\"https:\/\/aivlisoft.net\/shop\/producto\/d-link-dap-3711-antena-ex-wifi-ac-ptp-5km-poe-ip66\/\"]}]},{\"@type\":\"ImageObject\",\"inLanguage\":\"es\",\"@id\":\"https:\/\/aivlisoft.net\/shop\/producto\/d-link-dap-3711-antena-ex-wifi-ac-ptp-5km-poe-ip66\/#primaryimage\",\"url\":\"https:\/\/aivlisoft.net\/shop\/wp-content\/uploads\/2025\/01\/NSWPAC0457_800.jpg\",\"contentUrl\":\"https:\/\/aivlisoft.net\/shop\/wp-content\/uploads\/2025\/01\/NSWPAC0457_800.jpg\",\"width\":800,\"height\":800},{\"@type\":\"BreadcrumbList\",\"@id\":\"https:\/\/aivlisoft.net\/shop\/producto\/d-link-dap-3711-antena-ex-wifi-ac-ptp-5km-poe-ip66\/#breadcrumb\",\"itemListElement\":[{\"@type\":\"ListItem\",\"position\":1,\"name\":\"Portada\",\"item\":\"https:\/\/aivlisoft.net\/shop\/\"},{\"@type\":\"ListItem\",\"position\":2,\"name\":\"Tienda\",\"item\":\"https:\/\/aivlisoft.net\/shop\/tienda\/\"},{\"@type\":\"ListItem\",\"position\":3,\"name\":\"D-Link DAP-3711 Antena Ex WiFi AC PtP 5Km PoE IP66\"}]},{\"@type\":\"WebSite\",\"@id\":\"https:\/\/aivlisoft.net\/shop\/#website\",\"url\":\"https:\/\/aivlisoft.net\/shop\/\",\"name\":\"Aivlisoft Inform\u00e1tica\",\"description\":\"En Aivlisoft Inform\u00e1tica ofrecemos soluciones tecnol\u00f3gicas para empresas: venta de ordenadores, consumibles, perif\u00e9ricos y m\u00e1s. Calidad, atenci\u00f3n personalizada y los mejores precios para tu negocio.\",\"publisher\":{\"@id\":\"https:\/\/aivlisoft.net\/shop\/#organization\"},\"potentialAction\":[{\"@type\":\"SearchAction\",\"target\":{\"@type\":\"EntryPoint\",\"urlTemplate\":\"https:\/\/aivlisoft.net\/shop\/?s={search_term_string}\"},\"query-input\":{\"@type\":\"PropertyValueSpecification\",\"valueRequired\":true,\"valueName\":\"search_term_string\"}}],\"inLanguage\":\"es\"},{\"@type\":\"Organization\",\"@id\":\"https:\/\/aivlisoft.net\/shop\/#organization\",\"name\":\"Aivlisoft Inform\u00e1tica\",\"url\":\"https:\/\/aivlisoft.net\/shop\/\",\"logo\":{\"@type\":\"ImageObject\",\"inLanguage\":\"es\",\"@id\":\"https:\/\/aivlisoft.net\/shop\/#\/schema\/logo\/image\/\",\"url\":\"https:\/\/aivlisoft.net\/shop\/wp-content\/uploads\/2024\/12\/removal.ai_5b848c54-0cdf-4140-95c5-c5536bb7573b-logodef.png\",\"contentUrl\":\"https:\/\/aivlisoft.net\/shop\/wp-content\/uploads\/2024\/12\/removal.ai_5b848c54-0cdf-4140-95c5-c5536bb7573b-logodef.png\",\"width\":484,\"height\":182,\"caption\":\"Aivlisoft Inform\u00e1tica\"},\"image\":{\"@id\":\"https:\/\/aivlisoft.net\/shop\/#\/schema\/logo\/image\/\"}}]}<\/script>\n<!-- \/ Yoast SEO plugin. -->","yoast_head_json":{"title":"D-Link DAP-3711 Antena Ex WiFi AC PtP 5Km PoE IP66 - Aivlisoft Inform\u00e1tica","robots":{"index":"index","follow":"follow","max-snippet":"max-snippet:-1","max-image-preview":"max-image-preview:large","max-video-preview":"max-video-preview:-1"},"canonical":"https:\/\/aivlisoft.net\/shop\/producto\/d-link-dap-3711-antena-ex-wifi-ac-ptp-5km-poe-ip66\/","og_locale":"es_ES","og_type":"article","og_title":"D-Link DAP-3711 Antena Ex WiFi AC PtP 5Km PoE IP66 - Aivlisoft Inform\u00e1tica","og_description":"Marca D-Link Modelo DAP-3711 Caracter&iacute;sticas General &#8211; Interfaces de dispositivo: 2 puertos Ethernet Gigabit, bot&oacute;n de reinicio &#8211; LED: Alimentaci&oacute;n, LAN, WLAN, intensidad de se&ntilde;al &#8211; Tipo de antena: Interno &#8211; Ganancia de la antena: 15 dBi &#8211; Ancho del haz: H: 40&deg;, V: 15&deg; &#8211; Est&aacute;ndares: 802.11a\/n\/ac &#8211; Protecci&oacute;n: 8 kV Surge Protection &#8211;&hellip;&nbsp;D-Link DAP-3711 Antena Ex WiFi AC PtP 5Km PoE IP66","og_url":"https:\/\/aivlisoft.net\/shop\/producto\/d-link-dap-3711-antena-ex-wifi-ac-ptp-5km-poe-ip66\/","og_site_name":"Aivlisoft Inform\u00e1tica","article_modified_time":"2025-01-14T11:46:48+00:00","og_image":[{"width":800,"height":800,"url":"https:\/\/aivlisoft.net\/shop\/wp-content\/uploads\/2025\/01\/NSWPAC0457_800.jpg","type":"image\/jpeg"}],"twitter_card":"summary_large_image","twitter_misc":{"Tiempo de lectura":"2 minutos"},"schema":{"@context":"https:\/\/schema.org","@graph":[{"@type":"WebPage","@id":"https:\/\/aivlisoft.net\/shop\/producto\/d-link-dap-3711-antena-ex-wifi-ac-ptp-5km-poe-ip66\/","url":"https:\/\/aivlisoft.net\/shop\/producto\/d-link-dap-3711-antena-ex-wifi-ac-ptp-5km-poe-ip66\/","name":"D-Link DAP-3711 Antena Ex WiFi AC PtP 5Km PoE IP66 - Aivlisoft Inform\u00e1tica","isPartOf":{"@id":"https:\/\/aivlisoft.net\/shop\/#website"},"primaryImageOfPage":{"@id":"https:\/\/aivlisoft.net\/shop\/producto\/d-link-dap-3711-antena-ex-wifi-ac-ptp-5km-poe-ip66\/#primaryimage"},"image":{"@id":"https:\/\/aivlisoft.net\/shop\/producto\/d-link-dap-3711-antena-ex-wifi-ac-ptp-5km-poe-ip66\/#primaryimage"},"thumbnailUrl":"https:\/\/aivlisoft.net\/shop\/wp-content\/uploads\/2025\/01\/NSWPAC0457_800.jpg","datePublished":"2025-01-13T15:35:29+00:00","dateModified":"2025-01-14T11:46:48+00:00","breadcrumb":{"@id":"https:\/\/aivlisoft.net\/shop\/producto\/d-link-dap-3711-antena-ex-wifi-ac-ptp-5km-poe-ip66\/#breadcrumb"},"inLanguage":"es","potentialAction":[{"@type":"ReadAction","target":["https:\/\/aivlisoft.net\/shop\/producto\/d-link-dap-3711-antena-ex-wifi-ac-ptp-5km-poe-ip66\/"]}]},{"@type":"ImageObject","inLanguage":"es","@id":"https:\/\/aivlisoft.net\/shop\/producto\/d-link-dap-3711-antena-ex-wifi-ac-ptp-5km-poe-ip66\/#primaryimage","url":"https:\/\/aivlisoft.net\/shop\/wp-content\/uploads\/2025\/01\/NSWPAC0457_800.jpg","contentUrl":"https:\/\/aivlisoft.net\/shop\/wp-content\/uploads\/2025\/01\/NSWPAC0457_800.jpg","width":800,"height":800},{"@type":"BreadcrumbList","@id":"https:\/\/aivlisoft.net\/shop\/producto\/d-link-dap-3711-antena-ex-wifi-ac-ptp-5km-poe-ip66\/#breadcrumb","itemListElement":[{"@type":"ListItem","position":1,"name":"Portada","item":"https:\/\/aivlisoft.net\/shop\/"},{"@type":"ListItem","position":2,"name":"Tienda","item":"https:\/\/aivlisoft.net\/shop\/tienda\/"},{"@type":"ListItem","position":3,"name":"D-Link DAP-3711 Antena Ex WiFi AC PtP 5Km PoE IP66"}]},{"@type":"WebSite","@id":"https:\/\/aivlisoft.net\/shop\/#website","url":"https:\/\/aivlisoft.net\/shop\/","name":"Aivlisoft Inform\u00e1tica","description":"En Aivlisoft Inform\u00e1tica ofrecemos soluciones tecnol\u00f3gicas para empresas: venta de ordenadores, consumibles, perif\u00e9ricos y m\u00e1s. Calidad, atenci\u00f3n personalizada y los mejores precios para tu negocio.","publisher":{"@id":"https:\/\/aivlisoft.net\/shop\/#organization"},"potentialAction":[{"@type":"SearchAction","target":{"@type":"EntryPoint","urlTemplate":"https:\/\/aivlisoft.net\/shop\/?s={search_term_string}"},"query-input":{"@type":"PropertyValueSpecification","valueRequired":true,"valueName":"search_term_string"}}],"inLanguage":"es"},{"@type":"Organization","@id":"https:\/\/aivlisoft.net\/shop\/#organization","name":"Aivlisoft Inform\u00e1tica","url":"https:\/\/aivlisoft.net\/shop\/","logo":{"@type":"ImageObject","inLanguage":"es","@id":"https:\/\/aivlisoft.net\/shop\/#\/schema\/logo\/image\/","url":"https:\/\/aivlisoft.net\/shop\/wp-content\/uploads\/2024\/12\/removal.ai_5b848c54-0cdf-4140-95c5-c5536bb7573b-logodef.png","contentUrl":"https:\/\/aivlisoft.net\/shop\/wp-content\/uploads\/2024\/12\/removal.ai_5b848c54-0cdf-4140-95c5-c5536bb7573b-logodef.png","width":484,"height":182,"caption":"Aivlisoft Inform\u00e1tica"},"image":{"@id":"https:\/\/aivlisoft.net\/shop\/#\/schema\/logo\/image\/"}}]}},"_links":{"self":[{"href":"https:\/\/aivlisoft.net\/shop\/wp-json\/wp\/v2\/product\/19716","targetHints":{"allow":["GET"]}}],"collection":[{"href":"https:\/\/aivlisoft.net\/shop\/wp-json\/wp\/v2\/product"}],"about":[{"href":"https:\/\/aivlisoft.net\/shop\/wp-json\/wp\/v2\/types\/product"}],"wp:featuredmedia":[{"embeddable":true,"href":"https:\/\/aivlisoft.net\/shop\/wp-json\/wp\/v2\/media\/19717"}],"wp:attachment":[{"href":"https:\/\/aivlisoft.net\/shop\/wp-json\/wp\/v2\/media?parent=19716"}],"wp:term":[{"taxonomy":"product_brand","embeddable":true,"href":"https:\/\/aivlisoft.net\/shop\/wp-json\/wp\/v2\/product_brand?post=19716"},{"taxonomy":"product_cat","embeddable":true,"href":"https:\/\/aivlisoft.net\/shop\/wp-json\/wp\/v2\/product_cat?post=19716"},{"taxonomy":"product_tag","embeddable":true,"href":"https:\/\/aivlisoft.net\/shop\/wp-json\/wp\/v2\/product_tag?post=19716"}],"curies":[{"name":"wp","href":"https:\/\/api.w.org\/{rel}","templated":true}]}}