{"id":19673,"date":"2025-01-13T15:35:04","date_gmt":"2025-01-13T15:35:04","guid":{"rendered":"https:\/\/aivlisoft.com\/?post_type=product&#038;p=19673"},"modified":"2025-01-14T11:46:36","modified_gmt":"2025-01-14T11:46:36","slug":"tp-link-eap265hd-punto-acceso-wifi-ac1750-techo","status":"publish","type":"product","link":"https:\/\/aivlisoft.net\/shop\/producto\/tp-link-eap265hd-punto-acceso-wifi-ac1750-techo\/","title":{"rendered":"TP-Link EAP265HD Punto Acceso WiFi AC1750 Techo"},"content":{"rendered":"<p>&nbsp;<\/p>\n<table class=\"tabla_caracteristicas k-table\" width=\"100%\">\n<tbody>\n<tr>\n<td valign=\"top\"><strong>Marca<\/strong><\/td>\n<td>TP-Link<\/td>\n<\/tr>\n<tr>\n<td valign=\"top\"><strong>Modelo<\/strong><\/td>\n<td valign=\"top\"><strong>EAP265 HD<\/strong><\/td>\n<\/tr>\n<tr>\n<td valign=\"top\"><strong>Caracter&iacute;sticas de hardware<\/strong><\/td>\n<td>&#8211; Interfaz: 2 puertos Gigabit Ethernet (RJ-45) (un puerto admite IEEE802.3af \/ en PoE y PoE pasivo)<br \/>&#8211; Bloqueo de Seguridad F&iacute;sico<br \/>&#8211; Botones: Reset<br \/>&#8211; Fuente de Alimentaci&oacute;n:<br \/>&nbsp; 802.3af \/ en PoE<br \/>&nbsp; PoE pasivo de 48 V (+ 4,5 pines; -7,8 pines. Adaptador PoE incluido)<br \/>&#8211; Consumo de Potencia: 12.3 W<br \/>&#8211; Dimensiones: 205.5 &times; 181.5 &times; 37.1 mm) (8.1 &times; 7.1 &times; 1.5 in.)<br \/>&#8211; Tipo de Antena:<br \/>&nbsp; Internas omni<br \/>&nbsp; 2.4GHz: 3* 3.5dBi<br \/>&nbsp; 5GHz: 3*4dBi<br \/>&#8211; Montaje: Montaje en techo \/ pared<\/td>\n<\/tr>\n<tr>\n<td valign=\"top\"><strong>Caracter&iacute;sticas inal&aacute;mbricas<\/strong><\/td>\n<td>&#8211; Est&aacute;ndares Inal&aacute;mbricos: IEEE 802.11ac\/n\/g\/b\/a<br \/>&#8211; Frecuencia:&nbsp; 2.4GHz y 5GHz<br \/>&#8211; Tasa de Se&ntilde;al: <br \/>&nbsp; 5GHz: Hasta 1300Mbps<br \/>&nbsp; 2.4GHz: Hasta 450Mbps<br \/>&#8211; Funciones Inal&aacute;mbricas &nbsp;&nbsp; &nbsp;<br \/>&nbsp; M&uacute;ltiples SSID (hasta 16 SSID, 8 para cada banda)<br \/>&nbsp; Activar \/ Desactivar radio inal&aacute;mbrica<br \/>&nbsp; Asignaci&oacute;n autom&aacute;tica de canales<br \/>&nbsp; Control de potencia de transmisi&oacute;n<br \/>&nbsp; QoS (WMM)<br \/>&nbsp; MU-MIMO<br \/>&nbsp; Roaming continuo<br \/>&nbsp; Direcci&oacute;n de banda<br \/>&nbsp; Equilibrio de carga<br \/>&nbsp; Equidad de tiempo aire<br \/>&nbsp; Beamforming<br \/>&nbsp; L&iacute;mite de tarifa<br \/>&nbsp; Programa de reinicio<br \/>&nbsp; Horario inal&aacute;mbrico<br \/>&nbsp; Estad&iacute;sticas inal&aacute;mbricas basadas en SSID \/ AP \/ Cliente<br \/>&#8211; Seguridad Inal&aacute;mbrica &nbsp;&nbsp; &nbsp;<br \/>&nbsp; Autenticaci&oacute;n de portal cautivo<br \/>&nbsp; Control de acceso<br \/>&nbsp; Filtrado de Direcciones MAC Inal&aacute;mbricas<br \/>&nbsp; Aislamiento inal&aacute;mbrico entre clientes<br \/>&nbsp; Asignaci&oacute;n de SSID a VLAN<br \/>&nbsp; Detecci&oacute;n Rogue AP<br \/>&nbsp; Soporte 802.1X<br \/>&nbsp; 64\/128\/152-bit WEP \/ WPA \/ WPA2-Enterprise, WPA-PSK \/ WPA2-PSK<br \/>&#8211; Potencia de Transmisi&oacute;n CE:<br \/>&nbsp; &le;20dBm(2.4GHz)<br \/>&nbsp; &le;23dBm(5GHz)<br \/>&nbsp; FCC:<br \/>&nbsp; &le;24dBm(2.4GHz)<br \/>&nbsp; &le;24dBm(5GHz)<\/td>\n<\/tr>\n<tr>\n<td valign=\"top\"><strong>Gesti&oacute;n<\/strong><\/td>\n<td>&#8211; Omada App<br \/>&#8211; Centralized Management &nbsp;&nbsp; &nbsp;<br \/>&nbsp; Controlador Omada basado en la nube<br \/>&nbsp; Controlador de hardware Omada (OC300)<br \/>&nbsp; Controlador de hardware Omada (OC200)<br \/>&nbsp; Controlador de software Omada<br \/>&#8211; Cloud Access a trav&eacute;s de Omada u OC200<br \/>&#8211; Alertas por Correo Electr&oacute;nico<br \/>&#8211; LED de control ON \/ OFF<br \/>&#8211; Control de Gesti&oacute;n de Acceso MAC<br \/>&#8211; SNMP: v1, v2c<br \/>&#8211; Acceso al Registro de Sistema Local\/ Registro del Sistema Remoto<br \/>&nbsp; Syslog local \/ remoto<br \/>&#8211; SSH<br \/>&#8211; Gesti&oacute;n basada en Web: HTTP\/HTTPS<br \/>&#8211; Gesti&oacute;n L3<br \/>&#8211; Gesti&oacute;n Multi-sitio<br \/>&#8211; VLAN de Gesti&oacute;n<\/td>\n<\/tr>\n<tr>\n<td valign=\"top\"><strong>Contenido<\/strong><\/td>\n<td>&#8211; Punto de acceso inal&aacute;mbrico de montaje en techo MU-MIMO Gigabit AC1750 EAP265 HD<br \/>&#8211; Adaptador Gigabit pasivo PoE<br \/>&#8211; Cable de alimentaci&oacute;n<br \/>&#8211; Kits de montaje<br \/>&#8211; Gu&iacute;a de instalaci&oacute;n<\/td>\n<\/tr>\n<tr>\n<td valign=\"top\"><strong>Fecha de revisi&oacute;n<\/strong><\/td>\n<td>22-10-2020 por MPM<\/td>\n<\/tr>\n<\/tbody>\n<\/table>\n","protected":false},"excerpt":{"rendered":"<p>&nbsp; Marca TP-Link Modelo EAP265 HD Caracter&iacute;sticas de hardware &#8211; Interfaz: 2 puertos Gigabit Ethernet (RJ-45) (un puerto admite IEEE802.3af \/ en PoE y PoE pasivo)&#8211; Bloqueo de Seguridad F&iacute;sico&#8211; Botones: Reset&#8211; Fuente de Alimentaci&oacute;n:&nbsp; 802.3af \/ en PoE&nbsp; PoE pasivo de 48 V (+ 4,5 pines; -7,8 pines. Adaptador PoE incluido)&#8211; Consumo de Potencia:&hellip;&nbsp;<a href=\"https:\/\/aivlisoft.net\/shop\/producto\/tp-link-eap265hd-punto-acceso-wifi-ac1750-techo\/\" rel=\"bookmark\"><span class=\"screen-reader-text\">TP-Link EAP265HD Punto Acceso WiFi AC1750 Techo<\/span><\/a><\/p>\n","protected":false},"featured_media":19674,"template":"","meta":{"neve_meta_sidebar":"","neve_meta_container":"","neve_meta_enable_content_width":"","neve_meta_content_width":0,"neve_meta_title_alignment":"","neve_meta_author_avatar":"","neve_post_elements_order":"","neve_meta_disable_header":"","neve_meta_disable_footer":"","neve_meta_disable_title":""},"product_brand":[],"product_cat":[8770],"product_tag":[7091],"class_list":{"0":"post-19673","1":"product","2":"type-product","3":"status-publish","4":"has-post-thumbnail","6":"product_cat-puntos-de-acceso","7":"product_tag-eap265-hd","9":"first","10":"instock","11":"taxable","12":"shipping-taxable","13":"purchasable","14":"product-type-simple"},"yoast_head":"<!-- This site is optimized with the Yoast SEO plugin v26.0 - https:\/\/yoast.com\/wordpress\/plugins\/seo\/ -->\n<title>TP-Link EAP265HD Punto Acceso WiFi AC1750 Techo - Aivlisoft Inform\u00e1tica<\/title>\n<meta name=\"robots\" content=\"index, follow, max-snippet:-1, max-image-preview:large, max-video-preview:-1\" \/>\n<link rel=\"canonical\" href=\"https:\/\/aivlisoft.net\/shop\/producto\/tp-link-eap265hd-punto-acceso-wifi-ac1750-techo\/\" \/>\n<meta property=\"og:locale\" content=\"es_ES\" \/>\n<meta property=\"og:type\" content=\"article\" \/>\n<meta property=\"og:title\" content=\"TP-Link EAP265HD Punto Acceso WiFi AC1750 Techo - Aivlisoft Inform\u00e1tica\" \/>\n<meta property=\"og:description\" content=\"&nbsp; Marca TP-Link Modelo EAP265 HD Caracter&iacute;sticas de hardware &#8211; Interfaz: 2 puertos Gigabit Ethernet (RJ-45) (un puerto admite IEEE802.3af \/ en PoE y PoE pasivo)&#8211; Bloqueo de Seguridad F&iacute;sico&#8211; Botones: Reset&#8211; Fuente de Alimentaci&oacute;n:&nbsp; 802.3af \/ en PoE&nbsp; PoE pasivo de 48 V (+ 4,5 pines; -7,8 pines. Adaptador PoE incluido)&#8211; Consumo de Potencia:&hellip;&nbsp;TP-Link EAP265HD Punto Acceso WiFi AC1750 Techo\" \/>\n<meta property=\"og:url\" content=\"https:\/\/aivlisoft.net\/shop\/producto\/tp-link-eap265hd-punto-acceso-wifi-ac1750-techo\/\" \/>\n<meta property=\"og:site_name\" content=\"Aivlisoft Inform\u00e1tica\" \/>\n<meta property=\"article:modified_time\" content=\"2025-01-14T11:46:36+00:00\" \/>\n<meta property=\"og:image\" content=\"https:\/\/aivlisoft.net\/shop\/wp-content\/uploads\/2025\/01\/NSWPAC0435_800.jpg\" \/>\n\t<meta property=\"og:image:width\" content=\"800\" \/>\n\t<meta property=\"og:image:height\" content=\"800\" \/>\n\t<meta property=\"og:image:type\" content=\"image\/jpeg\" \/>\n<meta name=\"twitter:card\" content=\"summary_large_image\" \/>\n<meta name=\"twitter:label1\" content=\"Tiempo de lectura\" \/>\n\t<meta name=\"twitter:data1\" content=\"2 minutos\" \/>\n<script type=\"application\/ld+json\" class=\"yoast-schema-graph\">{\"@context\":\"https:\/\/schema.org\",\"@graph\":[{\"@type\":\"WebPage\",\"@id\":\"https:\/\/aivlisoft.net\/shop\/producto\/tp-link-eap265hd-punto-acceso-wifi-ac1750-techo\/\",\"url\":\"https:\/\/aivlisoft.net\/shop\/producto\/tp-link-eap265hd-punto-acceso-wifi-ac1750-techo\/\",\"name\":\"TP-Link EAP265HD Punto Acceso WiFi AC1750 Techo - Aivlisoft Inform\u00e1tica\",\"isPartOf\":{\"@id\":\"https:\/\/aivlisoft.net\/shop\/#website\"},\"primaryImageOfPage\":{\"@id\":\"https:\/\/aivlisoft.net\/shop\/producto\/tp-link-eap265hd-punto-acceso-wifi-ac1750-techo\/#primaryimage\"},\"image\":{\"@id\":\"https:\/\/aivlisoft.net\/shop\/producto\/tp-link-eap265hd-punto-acceso-wifi-ac1750-techo\/#primaryimage\"},\"thumbnailUrl\":\"https:\/\/aivlisoft.net\/shop\/wp-content\/uploads\/2025\/01\/NSWPAC0435_800.jpg\",\"datePublished\":\"2025-01-13T15:35:04+00:00\",\"dateModified\":\"2025-01-14T11:46:36+00:00\",\"breadcrumb\":{\"@id\":\"https:\/\/aivlisoft.net\/shop\/producto\/tp-link-eap265hd-punto-acceso-wifi-ac1750-techo\/#breadcrumb\"},\"inLanguage\":\"es\",\"potentialAction\":[{\"@type\":\"ReadAction\",\"target\":[\"https:\/\/aivlisoft.net\/shop\/producto\/tp-link-eap265hd-punto-acceso-wifi-ac1750-techo\/\"]}]},{\"@type\":\"ImageObject\",\"inLanguage\":\"es\",\"@id\":\"https:\/\/aivlisoft.net\/shop\/producto\/tp-link-eap265hd-punto-acceso-wifi-ac1750-techo\/#primaryimage\",\"url\":\"https:\/\/aivlisoft.net\/shop\/wp-content\/uploads\/2025\/01\/NSWPAC0435_800.jpg\",\"contentUrl\":\"https:\/\/aivlisoft.net\/shop\/wp-content\/uploads\/2025\/01\/NSWPAC0435_800.jpg\",\"width\":800,\"height\":800},{\"@type\":\"BreadcrumbList\",\"@id\":\"https:\/\/aivlisoft.net\/shop\/producto\/tp-link-eap265hd-punto-acceso-wifi-ac1750-techo\/#breadcrumb\",\"itemListElement\":[{\"@type\":\"ListItem\",\"position\":1,\"name\":\"Portada\",\"item\":\"https:\/\/aivlisoft.net\/shop\/\"},{\"@type\":\"ListItem\",\"position\":2,\"name\":\"Tienda\",\"item\":\"https:\/\/aivlisoft.net\/shop\/tienda\/\"},{\"@type\":\"ListItem\",\"position\":3,\"name\":\"TP-Link EAP265HD Punto Acceso WiFi AC1750 Techo\"}]},{\"@type\":\"WebSite\",\"@id\":\"https:\/\/aivlisoft.net\/shop\/#website\",\"url\":\"https:\/\/aivlisoft.net\/shop\/\",\"name\":\"Aivlisoft Inform\u00e1tica\",\"description\":\"En Aivlisoft Inform\u00e1tica ofrecemos soluciones tecnol\u00f3gicas para empresas: venta de ordenadores, consumibles, perif\u00e9ricos y m\u00e1s. Calidad, atenci\u00f3n personalizada y los mejores precios para tu negocio.\",\"publisher\":{\"@id\":\"https:\/\/aivlisoft.net\/shop\/#organization\"},\"potentialAction\":[{\"@type\":\"SearchAction\",\"target\":{\"@type\":\"EntryPoint\",\"urlTemplate\":\"https:\/\/aivlisoft.net\/shop\/?s={search_term_string}\"},\"query-input\":{\"@type\":\"PropertyValueSpecification\",\"valueRequired\":true,\"valueName\":\"search_term_string\"}}],\"inLanguage\":\"es\"},{\"@type\":\"Organization\",\"@id\":\"https:\/\/aivlisoft.net\/shop\/#organization\",\"name\":\"Aivlisoft Inform\u00e1tica\",\"url\":\"https:\/\/aivlisoft.net\/shop\/\",\"logo\":{\"@type\":\"ImageObject\",\"inLanguage\":\"es\",\"@id\":\"https:\/\/aivlisoft.net\/shop\/#\/schema\/logo\/image\/\",\"url\":\"https:\/\/aivlisoft.net\/shop\/wp-content\/uploads\/2024\/12\/removal.ai_5b848c54-0cdf-4140-95c5-c5536bb7573b-logodef.png\",\"contentUrl\":\"https:\/\/aivlisoft.net\/shop\/wp-content\/uploads\/2024\/12\/removal.ai_5b848c54-0cdf-4140-95c5-c5536bb7573b-logodef.png\",\"width\":484,\"height\":182,\"caption\":\"Aivlisoft Inform\u00e1tica\"},\"image\":{\"@id\":\"https:\/\/aivlisoft.net\/shop\/#\/schema\/logo\/image\/\"}}]}<\/script>\n<!-- \/ Yoast SEO plugin. -->","yoast_head_json":{"title":"TP-Link EAP265HD Punto Acceso WiFi AC1750 Techo - Aivlisoft Inform\u00e1tica","robots":{"index":"index","follow":"follow","max-snippet":"max-snippet:-1","max-image-preview":"max-image-preview:large","max-video-preview":"max-video-preview:-1"},"canonical":"https:\/\/aivlisoft.net\/shop\/producto\/tp-link-eap265hd-punto-acceso-wifi-ac1750-techo\/","og_locale":"es_ES","og_type":"article","og_title":"TP-Link EAP265HD Punto Acceso WiFi AC1750 Techo - Aivlisoft Inform\u00e1tica","og_description":"&nbsp; Marca TP-Link Modelo EAP265 HD Caracter&iacute;sticas de hardware &#8211; Interfaz: 2 puertos Gigabit Ethernet (RJ-45) (un puerto admite IEEE802.3af \/ en PoE y PoE pasivo)&#8211; Bloqueo de Seguridad F&iacute;sico&#8211; Botones: Reset&#8211; Fuente de Alimentaci&oacute;n:&nbsp; 802.3af \/ en PoE&nbsp; PoE pasivo de 48 V (+ 4,5 pines; -7,8 pines. Adaptador PoE incluido)&#8211; Consumo de Potencia:&hellip;&nbsp;TP-Link EAP265HD Punto Acceso WiFi AC1750 Techo","og_url":"https:\/\/aivlisoft.net\/shop\/producto\/tp-link-eap265hd-punto-acceso-wifi-ac1750-techo\/","og_site_name":"Aivlisoft Inform\u00e1tica","article_modified_time":"2025-01-14T11:46:36+00:00","og_image":[{"width":800,"height":800,"url":"https:\/\/aivlisoft.net\/shop\/wp-content\/uploads\/2025\/01\/NSWPAC0435_800.jpg","type":"image\/jpeg"}],"twitter_card":"summary_large_image","twitter_misc":{"Tiempo de lectura":"2 minutos"},"schema":{"@context":"https:\/\/schema.org","@graph":[{"@type":"WebPage","@id":"https:\/\/aivlisoft.net\/shop\/producto\/tp-link-eap265hd-punto-acceso-wifi-ac1750-techo\/","url":"https:\/\/aivlisoft.net\/shop\/producto\/tp-link-eap265hd-punto-acceso-wifi-ac1750-techo\/","name":"TP-Link EAP265HD Punto Acceso WiFi AC1750 Techo - Aivlisoft Inform\u00e1tica","isPartOf":{"@id":"https:\/\/aivlisoft.net\/shop\/#website"},"primaryImageOfPage":{"@id":"https:\/\/aivlisoft.net\/shop\/producto\/tp-link-eap265hd-punto-acceso-wifi-ac1750-techo\/#primaryimage"},"image":{"@id":"https:\/\/aivlisoft.net\/shop\/producto\/tp-link-eap265hd-punto-acceso-wifi-ac1750-techo\/#primaryimage"},"thumbnailUrl":"https:\/\/aivlisoft.net\/shop\/wp-content\/uploads\/2025\/01\/NSWPAC0435_800.jpg","datePublished":"2025-01-13T15:35:04+00:00","dateModified":"2025-01-14T11:46:36+00:00","breadcrumb":{"@id":"https:\/\/aivlisoft.net\/shop\/producto\/tp-link-eap265hd-punto-acceso-wifi-ac1750-techo\/#breadcrumb"},"inLanguage":"es","potentialAction":[{"@type":"ReadAction","target":["https:\/\/aivlisoft.net\/shop\/producto\/tp-link-eap265hd-punto-acceso-wifi-ac1750-techo\/"]}]},{"@type":"ImageObject","inLanguage":"es","@id":"https:\/\/aivlisoft.net\/shop\/producto\/tp-link-eap265hd-punto-acceso-wifi-ac1750-techo\/#primaryimage","url":"https:\/\/aivlisoft.net\/shop\/wp-content\/uploads\/2025\/01\/NSWPAC0435_800.jpg","contentUrl":"https:\/\/aivlisoft.net\/shop\/wp-content\/uploads\/2025\/01\/NSWPAC0435_800.jpg","width":800,"height":800},{"@type":"BreadcrumbList","@id":"https:\/\/aivlisoft.net\/shop\/producto\/tp-link-eap265hd-punto-acceso-wifi-ac1750-techo\/#breadcrumb","itemListElement":[{"@type":"ListItem","position":1,"name":"Portada","item":"https:\/\/aivlisoft.net\/shop\/"},{"@type":"ListItem","position":2,"name":"Tienda","item":"https:\/\/aivlisoft.net\/shop\/tienda\/"},{"@type":"ListItem","position":3,"name":"TP-Link EAP265HD Punto Acceso WiFi AC1750 Techo"}]},{"@type":"WebSite","@id":"https:\/\/aivlisoft.net\/shop\/#website","url":"https:\/\/aivlisoft.net\/shop\/","name":"Aivlisoft Inform\u00e1tica","description":"En Aivlisoft Inform\u00e1tica ofrecemos soluciones tecnol\u00f3gicas para empresas: venta de ordenadores, consumibles, perif\u00e9ricos y m\u00e1s. Calidad, atenci\u00f3n personalizada y los mejores precios para tu negocio.","publisher":{"@id":"https:\/\/aivlisoft.net\/shop\/#organization"},"potentialAction":[{"@type":"SearchAction","target":{"@type":"EntryPoint","urlTemplate":"https:\/\/aivlisoft.net\/shop\/?s={search_term_string}"},"query-input":{"@type":"PropertyValueSpecification","valueRequired":true,"valueName":"search_term_string"}}],"inLanguage":"es"},{"@type":"Organization","@id":"https:\/\/aivlisoft.net\/shop\/#organization","name":"Aivlisoft Inform\u00e1tica","url":"https:\/\/aivlisoft.net\/shop\/","logo":{"@type":"ImageObject","inLanguage":"es","@id":"https:\/\/aivlisoft.net\/shop\/#\/schema\/logo\/image\/","url":"https:\/\/aivlisoft.net\/shop\/wp-content\/uploads\/2024\/12\/removal.ai_5b848c54-0cdf-4140-95c5-c5536bb7573b-logodef.png","contentUrl":"https:\/\/aivlisoft.net\/shop\/wp-content\/uploads\/2024\/12\/removal.ai_5b848c54-0cdf-4140-95c5-c5536bb7573b-logodef.png","width":484,"height":182,"caption":"Aivlisoft Inform\u00e1tica"},"image":{"@id":"https:\/\/aivlisoft.net\/shop\/#\/schema\/logo\/image\/"}}]}},"_links":{"self":[{"href":"https:\/\/aivlisoft.net\/shop\/wp-json\/wp\/v2\/product\/19673","targetHints":{"allow":["GET"]}}],"collection":[{"href":"https:\/\/aivlisoft.net\/shop\/wp-json\/wp\/v2\/product"}],"about":[{"href":"https:\/\/aivlisoft.net\/shop\/wp-json\/wp\/v2\/types\/product"}],"wp:featuredmedia":[{"embeddable":true,"href":"https:\/\/aivlisoft.net\/shop\/wp-json\/wp\/v2\/media\/19674"}],"wp:attachment":[{"href":"https:\/\/aivlisoft.net\/shop\/wp-json\/wp\/v2\/media?parent=19673"}],"wp:term":[{"taxonomy":"product_brand","embeddable":true,"href":"https:\/\/aivlisoft.net\/shop\/wp-json\/wp\/v2\/product_brand?post=19673"},{"taxonomy":"product_cat","embeddable":true,"href":"https:\/\/aivlisoft.net\/shop\/wp-json\/wp\/v2\/product_cat?post=19673"},{"taxonomy":"product_tag","embeddable":true,"href":"https:\/\/aivlisoft.net\/shop\/wp-json\/wp\/v2\/product_tag?post=19673"}],"curies":[{"name":"wp","href":"https:\/\/api.w.org\/{rel}","templated":true}]}}