{"id":19653,"date":"2025-01-13T15:34:50","date_gmt":"2025-01-13T15:34:50","guid":{"rendered":"https:\/\/aivlisoft.com\/?post_type=product&#038;p=19653"},"modified":"2025-01-14T11:46:29","modified_gmt":"2025-01-14T11:46:29","slug":"edimax-pro-punto-acceso-oap1300-outdoor-dualba-poe","status":"publish","type":"product","link":"https:\/\/aivlisoft.net\/shop\/producto\/edimax-pro-punto-acceso-oap1300-outdoor-dualba-poe\/","title":{"rendered":"Edimax PRO Punto Acceso OAP1300 Outdoor DualBa PoE"},"content":{"rendered":"<p>&nbsp;<\/p>\n<table class=\"tabla_caracteristicas k-table\" width=\"100%\">\n<tbody>\n<tr>\n<td valign=\"top\"><strong>Marca<\/strong><\/td>\n<td>Edimax Pro<\/td>\n<\/tr>\n<tr>\n<td valign=\"top\"><strong>Modelo<\/strong><\/td>\n<td valign=\"top\"><strong>OAP1300<\/strong><\/td>\n<\/tr>\n<tr>\n<td valign=\"top\"><strong>Caracter&iacute;sticas de hardware<\/strong><\/td>\n<td>&#8211; Interfaz LAN: 2 Giga<br \/>&#8211; PoE: LAN: entrada PoE\/ salida PoE<br \/>&#8211; Antena: 2 externas<br \/>&#8211; Ganancia: 3.9 dBi (2.4 GHz) 4.4 dBi (5 GHz)<br \/>&#8211; Alimentaci&oacute;n: 802.3af (inyector PoE opcional)<br \/>&#8211; Dimensiones: 27.18 x 12.09 x 3.5 cm<br \/>&#8211; Peso: 592g<br \/>&#8211; Consumo de energ&iacute;a: 15W<br \/>&#8211; Montaje: Poste o Pared<br \/>&#8211; Restablecer<br \/>&#8211; Indicador LED: <br \/>&nbsp; LED de alimentaci&oacute;n<br \/>&nbsp; LED de diagn&oacute;stico, LAN (PD), LAN (PSE) 2.4 G, 5 G<br \/>&#8211; Ahorro de energ&iacute;a: 802.3az<br \/>&#8211; Zumbador interno<br \/>&#8211; Carcasa: Clasificaci&oacute;n de inflamabilidad IP56<\/td>\n<\/tr>\n<tr>\n<td valign=\"top\"><strong>Caracter&iacute;sticas de software<\/strong><\/td>\n<td><strong>Seguridad<\/strong><br \/>&#8211; Cifrado: WEP \/ WPA \/ WPA2<br \/>&#8211; Aislamiento inal&aacute;mbrico L2<br \/>&#8211; Aislamiento de estaci&oacute;n<br \/>&#8211; Autenticador IEEE 802.1x<br \/>&#8211; Autenticaci&oacute;n EAP: PEAP<br \/>&#8211; SSID oculto<br \/>&#8211; Filtro direcci&oacute;n MAC<br \/>&#8211; STA inal&aacute;mbrico<br \/>&#8211; Detecci&oacute;n AP oculta (con NMS)<\/td>\n<\/tr>\n<tr>\n<td valign=\"top\"><strong>Caracter&iacute;sticas inal&aacute;mbricas<\/strong><\/td>\n<td>&#8211; Est&aacute;ndar: Doble banda simult&aacute;nea 802.11 a\/b\/g\/n\/ac<br \/>&#8211; N.&ordm; de radios: 2<br \/>&#8211; Sensibilidad del receptor: &le; -93Bm<br \/>&#8211; Certificaci&oacute;n: CE \/ FCC<br \/>&#8211; N&uacute;mero de SSID: 16 (2.4GHz) + 16 (5GHz)<br \/><strong>Rendimiento<\/strong><br \/>&#8211; M&aacute;xima velocidad de datos: 400 + 866Mbps<br \/>&#8211; Clientes simult&aacute;neos: Hasta 100 por radio<\/td>\n<\/tr>\n<tr>\n<td valign=\"top\"><strong>Gesti&oacute;n<\/strong><\/td>\n<td>&#8211; Implementaci&oacute;n: Independiente<br \/>&#8211; Administrado por AP Controller, Edimax Pro Master AP con software NMS<br \/>&#8211; Administrado por Office 1-2-3 Master AP<br \/>&#8211; Configuraci&oacute;n:<br \/>&nbsp; HTTP \/ HTTPS<br \/>&nbsp; SNMP v1, v2c, v3<br \/>&nbsp; CLI (Telnet, SSH)<br \/>&#8211; Servidor RADIUS: Integrada<br \/>&#8211; Canal autom&aacute;tico<br \/>&#8211; MIB privado<\/td>\n<\/tr>\n<tr>\n<td valign=\"top\"><strong>Contenido<\/strong><\/td>\n<td>&#8211; Punto de acceso AC1300<br \/>&#8211; Kit de soporte para montaje en poste y pared<br \/>&#8211; Antena: 2.4 GHz\/ 5 GHz Omni x 2<br \/>&#8211; Cable: Cable Ethernet<br \/>&#8211; CD \/ Gu&iacute;a de instalaci&oacute;n r&aacute;pida: CD (Manual de usuario y Gu&iacute;a de instalaci&oacute;n r&aacute;pida multiling&uuml;e) \/ Gu&iacute;a de instalaci&oacute;n r&aacute;pida impresa en ingl&eacute;s<\/td>\n<\/tr>\n<tr>\n<td valign=\"top\"><strong>Fecha de revisi&oacute;n<\/strong><\/td>\n<td>22-10-2020 por MPM<\/td>\n<\/tr>\n<\/tbody>\n<\/table>\n","protected":false},"excerpt":{"rendered":"<p>&nbsp; Marca Edimax Pro Modelo OAP1300 Caracter&iacute;sticas de hardware &#8211; Interfaz LAN: 2 Giga&#8211; PoE: LAN: entrada PoE\/ salida PoE&#8211; Antena: 2 externas&#8211; Ganancia: 3.9 dBi (2.4 GHz) 4.4 dBi (5 GHz)&#8211; Alimentaci&oacute;n: 802.3af (inyector PoE opcional)&#8211; Dimensiones: 27.18 x 12.09 x 3.5 cm&#8211; Peso: 592g&#8211; Consumo de energ&iacute;a: 15W&#8211; Montaje: Poste o Pared&#8211; Restablecer&#8211;&hellip;&nbsp;<a href=\"https:\/\/aivlisoft.net\/shop\/producto\/edimax-pro-punto-acceso-oap1300-outdoor-dualba-poe\/\" rel=\"bookmark\"><span class=\"screen-reader-text\">Edimax PRO Punto Acceso OAP1300 Outdoor DualBa PoE<\/span><\/a><\/p>\n","protected":false},"featured_media":19654,"template":"","meta":{"neve_meta_sidebar":"","neve_meta_container":"","neve_meta_enable_content_width":"","neve_meta_content_width":0,"neve_meta_title_alignment":"","neve_meta_author_avatar":"","neve_post_elements_order":"","neve_meta_disable_header":"","neve_meta_disable_footer":"","neve_meta_disable_title":""},"product_brand":[],"product_cat":[8770],"product_tag":[7086],"class_list":{"0":"post-19653","1":"product","2":"type-product","3":"status-publish","4":"has-post-thumbnail","6":"product_cat-puntos-de-acceso","7":"product_tag-oap1300","9":"first","10":"instock","11":"taxable","12":"shipping-taxable","13":"purchasable","14":"product-type-simple"},"yoast_head":"<!-- This site is optimized with the Yoast SEO plugin v26.0 - https:\/\/yoast.com\/wordpress\/plugins\/seo\/ -->\n<title>Edimax PRO Punto Acceso OAP1300 Outdoor DualBa PoE - Aivlisoft Inform\u00e1tica<\/title>\n<meta name=\"robots\" content=\"index, follow, max-snippet:-1, max-image-preview:large, max-video-preview:-1\" \/>\n<link rel=\"canonical\" href=\"https:\/\/aivlisoft.net\/shop\/producto\/edimax-pro-punto-acceso-oap1300-outdoor-dualba-poe\/\" \/>\n<meta property=\"og:locale\" content=\"es_ES\" \/>\n<meta property=\"og:type\" content=\"article\" \/>\n<meta property=\"og:title\" content=\"Edimax PRO Punto Acceso OAP1300 Outdoor DualBa PoE - Aivlisoft Inform\u00e1tica\" \/>\n<meta property=\"og:description\" content=\"&nbsp; Marca Edimax Pro Modelo OAP1300 Caracter&iacute;sticas de hardware &#8211; Interfaz LAN: 2 Giga&#8211; PoE: LAN: entrada PoE\/ salida PoE&#8211; Antena: 2 externas&#8211; Ganancia: 3.9 dBi (2.4 GHz) 4.4 dBi (5 GHz)&#8211; Alimentaci&oacute;n: 802.3af (inyector PoE opcional)&#8211; Dimensiones: 27.18 x 12.09 x 3.5 cm&#8211; Peso: 592g&#8211; Consumo de energ&iacute;a: 15W&#8211; Montaje: Poste o Pared&#8211; Restablecer&#8211;&hellip;&nbsp;Edimax PRO Punto Acceso OAP1300 Outdoor DualBa PoE\" \/>\n<meta property=\"og:url\" content=\"https:\/\/aivlisoft.net\/shop\/producto\/edimax-pro-punto-acceso-oap1300-outdoor-dualba-poe\/\" \/>\n<meta property=\"og:site_name\" content=\"Aivlisoft Inform\u00e1tica\" \/>\n<meta property=\"article:modified_time\" content=\"2025-01-14T11:46:29+00:00\" \/>\n<meta property=\"og:image\" content=\"https:\/\/aivlisoft.net\/shop\/wp-content\/uploads\/2025\/01\/NSWPAC0426_800.jpg\" \/>\n\t<meta property=\"og:image:width\" content=\"800\" \/>\n\t<meta property=\"og:image:height\" content=\"800\" \/>\n\t<meta property=\"og:image:type\" content=\"image\/jpeg\" \/>\n<meta name=\"twitter:card\" content=\"summary_large_image\" \/>\n<meta name=\"twitter:label1\" content=\"Tiempo de lectura\" \/>\n\t<meta name=\"twitter:data1\" content=\"2 minutos\" \/>\n<script type=\"application\/ld+json\" class=\"yoast-schema-graph\">{\"@context\":\"https:\/\/schema.org\",\"@graph\":[{\"@type\":\"WebPage\",\"@id\":\"https:\/\/aivlisoft.net\/shop\/producto\/edimax-pro-punto-acceso-oap1300-outdoor-dualba-poe\/\",\"url\":\"https:\/\/aivlisoft.net\/shop\/producto\/edimax-pro-punto-acceso-oap1300-outdoor-dualba-poe\/\",\"name\":\"Edimax PRO Punto Acceso OAP1300 Outdoor DualBa PoE - Aivlisoft Inform\u00e1tica\",\"isPartOf\":{\"@id\":\"https:\/\/aivlisoft.net\/shop\/#website\"},\"primaryImageOfPage\":{\"@id\":\"https:\/\/aivlisoft.net\/shop\/producto\/edimax-pro-punto-acceso-oap1300-outdoor-dualba-poe\/#primaryimage\"},\"image\":{\"@id\":\"https:\/\/aivlisoft.net\/shop\/producto\/edimax-pro-punto-acceso-oap1300-outdoor-dualba-poe\/#primaryimage\"},\"thumbnailUrl\":\"https:\/\/aivlisoft.net\/shop\/wp-content\/uploads\/2025\/01\/NSWPAC0426_800.jpg\",\"datePublished\":\"2025-01-13T15:34:50+00:00\",\"dateModified\":\"2025-01-14T11:46:29+00:00\",\"breadcrumb\":{\"@id\":\"https:\/\/aivlisoft.net\/shop\/producto\/edimax-pro-punto-acceso-oap1300-outdoor-dualba-poe\/#breadcrumb\"},\"inLanguage\":\"es\",\"potentialAction\":[{\"@type\":\"ReadAction\",\"target\":[\"https:\/\/aivlisoft.net\/shop\/producto\/edimax-pro-punto-acceso-oap1300-outdoor-dualba-poe\/\"]}]},{\"@type\":\"ImageObject\",\"inLanguage\":\"es\",\"@id\":\"https:\/\/aivlisoft.net\/shop\/producto\/edimax-pro-punto-acceso-oap1300-outdoor-dualba-poe\/#primaryimage\",\"url\":\"https:\/\/aivlisoft.net\/shop\/wp-content\/uploads\/2025\/01\/NSWPAC0426_800.jpg\",\"contentUrl\":\"https:\/\/aivlisoft.net\/shop\/wp-content\/uploads\/2025\/01\/NSWPAC0426_800.jpg\",\"width\":800,\"height\":800},{\"@type\":\"BreadcrumbList\",\"@id\":\"https:\/\/aivlisoft.net\/shop\/producto\/edimax-pro-punto-acceso-oap1300-outdoor-dualba-poe\/#breadcrumb\",\"itemListElement\":[{\"@type\":\"ListItem\",\"position\":1,\"name\":\"Portada\",\"item\":\"https:\/\/aivlisoft.net\/shop\/\"},{\"@type\":\"ListItem\",\"position\":2,\"name\":\"Tienda\",\"item\":\"https:\/\/aivlisoft.net\/shop\/tienda\/\"},{\"@type\":\"ListItem\",\"position\":3,\"name\":\"Edimax PRO Punto Acceso OAP1300 Outdoor DualBa PoE\"}]},{\"@type\":\"WebSite\",\"@id\":\"https:\/\/aivlisoft.net\/shop\/#website\",\"url\":\"https:\/\/aivlisoft.net\/shop\/\",\"name\":\"Aivlisoft Inform\u00e1tica\",\"description\":\"En Aivlisoft Inform\u00e1tica ofrecemos soluciones tecnol\u00f3gicas para empresas: venta de ordenadores, consumibles, perif\u00e9ricos y m\u00e1s. Calidad, atenci\u00f3n personalizada y los mejores precios para tu negocio.\",\"publisher\":{\"@id\":\"https:\/\/aivlisoft.net\/shop\/#organization\"},\"potentialAction\":[{\"@type\":\"SearchAction\",\"target\":{\"@type\":\"EntryPoint\",\"urlTemplate\":\"https:\/\/aivlisoft.net\/shop\/?s={search_term_string}\"},\"query-input\":{\"@type\":\"PropertyValueSpecification\",\"valueRequired\":true,\"valueName\":\"search_term_string\"}}],\"inLanguage\":\"es\"},{\"@type\":\"Organization\",\"@id\":\"https:\/\/aivlisoft.net\/shop\/#organization\",\"name\":\"Aivlisoft Inform\u00e1tica\",\"url\":\"https:\/\/aivlisoft.net\/shop\/\",\"logo\":{\"@type\":\"ImageObject\",\"inLanguage\":\"es\",\"@id\":\"https:\/\/aivlisoft.net\/shop\/#\/schema\/logo\/image\/\",\"url\":\"https:\/\/aivlisoft.net\/shop\/wp-content\/uploads\/2024\/12\/removal.ai_5b848c54-0cdf-4140-95c5-c5536bb7573b-logodef.png\",\"contentUrl\":\"https:\/\/aivlisoft.net\/shop\/wp-content\/uploads\/2024\/12\/removal.ai_5b848c54-0cdf-4140-95c5-c5536bb7573b-logodef.png\",\"width\":484,\"height\":182,\"caption\":\"Aivlisoft Inform\u00e1tica\"},\"image\":{\"@id\":\"https:\/\/aivlisoft.net\/shop\/#\/schema\/logo\/image\/\"}}]}<\/script>\n<!-- \/ Yoast SEO plugin. -->","yoast_head_json":{"title":"Edimax PRO Punto Acceso OAP1300 Outdoor DualBa PoE - Aivlisoft Inform\u00e1tica","robots":{"index":"index","follow":"follow","max-snippet":"max-snippet:-1","max-image-preview":"max-image-preview:large","max-video-preview":"max-video-preview:-1"},"canonical":"https:\/\/aivlisoft.net\/shop\/producto\/edimax-pro-punto-acceso-oap1300-outdoor-dualba-poe\/","og_locale":"es_ES","og_type":"article","og_title":"Edimax PRO Punto Acceso OAP1300 Outdoor DualBa PoE - Aivlisoft Inform\u00e1tica","og_description":"&nbsp; Marca Edimax Pro Modelo OAP1300 Caracter&iacute;sticas de hardware &#8211; Interfaz LAN: 2 Giga&#8211; PoE: LAN: entrada PoE\/ salida PoE&#8211; Antena: 2 externas&#8211; Ganancia: 3.9 dBi (2.4 GHz) 4.4 dBi (5 GHz)&#8211; Alimentaci&oacute;n: 802.3af (inyector PoE opcional)&#8211; Dimensiones: 27.18 x 12.09 x 3.5 cm&#8211; Peso: 592g&#8211; Consumo de energ&iacute;a: 15W&#8211; Montaje: Poste o Pared&#8211; Restablecer&#8211;&hellip;&nbsp;Edimax PRO Punto Acceso OAP1300 Outdoor DualBa PoE","og_url":"https:\/\/aivlisoft.net\/shop\/producto\/edimax-pro-punto-acceso-oap1300-outdoor-dualba-poe\/","og_site_name":"Aivlisoft Inform\u00e1tica","article_modified_time":"2025-01-14T11:46:29+00:00","og_image":[{"width":800,"height":800,"url":"https:\/\/aivlisoft.net\/shop\/wp-content\/uploads\/2025\/01\/NSWPAC0426_800.jpg","type":"image\/jpeg"}],"twitter_card":"summary_large_image","twitter_misc":{"Tiempo de lectura":"2 minutos"},"schema":{"@context":"https:\/\/schema.org","@graph":[{"@type":"WebPage","@id":"https:\/\/aivlisoft.net\/shop\/producto\/edimax-pro-punto-acceso-oap1300-outdoor-dualba-poe\/","url":"https:\/\/aivlisoft.net\/shop\/producto\/edimax-pro-punto-acceso-oap1300-outdoor-dualba-poe\/","name":"Edimax PRO Punto Acceso OAP1300 Outdoor DualBa PoE - Aivlisoft Inform\u00e1tica","isPartOf":{"@id":"https:\/\/aivlisoft.net\/shop\/#website"},"primaryImageOfPage":{"@id":"https:\/\/aivlisoft.net\/shop\/producto\/edimax-pro-punto-acceso-oap1300-outdoor-dualba-poe\/#primaryimage"},"image":{"@id":"https:\/\/aivlisoft.net\/shop\/producto\/edimax-pro-punto-acceso-oap1300-outdoor-dualba-poe\/#primaryimage"},"thumbnailUrl":"https:\/\/aivlisoft.net\/shop\/wp-content\/uploads\/2025\/01\/NSWPAC0426_800.jpg","datePublished":"2025-01-13T15:34:50+00:00","dateModified":"2025-01-14T11:46:29+00:00","breadcrumb":{"@id":"https:\/\/aivlisoft.net\/shop\/producto\/edimax-pro-punto-acceso-oap1300-outdoor-dualba-poe\/#breadcrumb"},"inLanguage":"es","potentialAction":[{"@type":"ReadAction","target":["https:\/\/aivlisoft.net\/shop\/producto\/edimax-pro-punto-acceso-oap1300-outdoor-dualba-poe\/"]}]},{"@type":"ImageObject","inLanguage":"es","@id":"https:\/\/aivlisoft.net\/shop\/producto\/edimax-pro-punto-acceso-oap1300-outdoor-dualba-poe\/#primaryimage","url":"https:\/\/aivlisoft.net\/shop\/wp-content\/uploads\/2025\/01\/NSWPAC0426_800.jpg","contentUrl":"https:\/\/aivlisoft.net\/shop\/wp-content\/uploads\/2025\/01\/NSWPAC0426_800.jpg","width":800,"height":800},{"@type":"BreadcrumbList","@id":"https:\/\/aivlisoft.net\/shop\/producto\/edimax-pro-punto-acceso-oap1300-outdoor-dualba-poe\/#breadcrumb","itemListElement":[{"@type":"ListItem","position":1,"name":"Portada","item":"https:\/\/aivlisoft.net\/shop\/"},{"@type":"ListItem","position":2,"name":"Tienda","item":"https:\/\/aivlisoft.net\/shop\/tienda\/"},{"@type":"ListItem","position":3,"name":"Edimax PRO Punto Acceso OAP1300 Outdoor DualBa PoE"}]},{"@type":"WebSite","@id":"https:\/\/aivlisoft.net\/shop\/#website","url":"https:\/\/aivlisoft.net\/shop\/","name":"Aivlisoft Inform\u00e1tica","description":"En Aivlisoft Inform\u00e1tica ofrecemos soluciones tecnol\u00f3gicas para empresas: venta de ordenadores, consumibles, perif\u00e9ricos y m\u00e1s. Calidad, atenci\u00f3n personalizada y los mejores precios para tu negocio.","publisher":{"@id":"https:\/\/aivlisoft.net\/shop\/#organization"},"potentialAction":[{"@type":"SearchAction","target":{"@type":"EntryPoint","urlTemplate":"https:\/\/aivlisoft.net\/shop\/?s={search_term_string}"},"query-input":{"@type":"PropertyValueSpecification","valueRequired":true,"valueName":"search_term_string"}}],"inLanguage":"es"},{"@type":"Organization","@id":"https:\/\/aivlisoft.net\/shop\/#organization","name":"Aivlisoft Inform\u00e1tica","url":"https:\/\/aivlisoft.net\/shop\/","logo":{"@type":"ImageObject","inLanguage":"es","@id":"https:\/\/aivlisoft.net\/shop\/#\/schema\/logo\/image\/","url":"https:\/\/aivlisoft.net\/shop\/wp-content\/uploads\/2024\/12\/removal.ai_5b848c54-0cdf-4140-95c5-c5536bb7573b-logodef.png","contentUrl":"https:\/\/aivlisoft.net\/shop\/wp-content\/uploads\/2024\/12\/removal.ai_5b848c54-0cdf-4140-95c5-c5536bb7573b-logodef.png","width":484,"height":182,"caption":"Aivlisoft Inform\u00e1tica"},"image":{"@id":"https:\/\/aivlisoft.net\/shop\/#\/schema\/logo\/image\/"}}]}},"_links":{"self":[{"href":"https:\/\/aivlisoft.net\/shop\/wp-json\/wp\/v2\/product\/19653","targetHints":{"allow":["GET"]}}],"collection":[{"href":"https:\/\/aivlisoft.net\/shop\/wp-json\/wp\/v2\/product"}],"about":[{"href":"https:\/\/aivlisoft.net\/shop\/wp-json\/wp\/v2\/types\/product"}],"wp:featuredmedia":[{"embeddable":true,"href":"https:\/\/aivlisoft.net\/shop\/wp-json\/wp\/v2\/media\/19654"}],"wp:attachment":[{"href":"https:\/\/aivlisoft.net\/shop\/wp-json\/wp\/v2\/media?parent=19653"}],"wp:term":[{"taxonomy":"product_brand","embeddable":true,"href":"https:\/\/aivlisoft.net\/shop\/wp-json\/wp\/v2\/product_brand?post=19653"},{"taxonomy":"product_cat","embeddable":true,"href":"https:\/\/aivlisoft.net\/shop\/wp-json\/wp\/v2\/product_cat?post=19653"},{"taxonomy":"product_tag","embeddable":true,"href":"https:\/\/aivlisoft.net\/shop\/wp-json\/wp\/v2\/product_tag?post=19653"}],"curies":[{"name":"wp","href":"https:\/\/api.w.org\/{rel}","templated":true}]}}