{"id":19643,"date":"2025-01-13T15:34:44","date_gmt":"2025-01-13T15:34:44","guid":{"rendered":"https:\/\/aivlisoft.com\/?post_type=product&#038;p=19643"},"modified":"2025-01-14T11:46:27","modified_gmt":"2025-01-14T11:46:27","slug":"edimax-punto-acceso-techo-ax1800-wi-fi-6","status":"publish","type":"product","link":"https:\/\/aivlisoft.net\/shop\/producto\/edimax-punto-acceso-techo-ax1800-wi-fi-6\/","title":{"rendered":"Edimax Punto Acceso Techo AX1800 Wi-Fi 6"},"content":{"rendered":"<p><strong>CAX1800<\/strong><br \/>Punto de acceso AX1800 Wi-Fi 6 PoE de montaje en techo de doble banda<br \/>&#8211; AX1800 de alta velocidad: velocidad m&aacute;xima de Wi-Fi de hasta 1800Mbps (2.4GHz a 574Mbps y 5GHz a 1201Mbps).<br \/>&#8211; Eficiente MU-MIMO: Sirve m&uacute;ltiples dispositivos simult&aacute;neamente para la transmisi&oacute;n de datos con una capacidad mejorada para conexiones inal&aacute;mbricas.<br \/>&#8211; Wi-Fi de alto rendimiento: Beamforming, AirTime Fariness, Band Steering y 802.11r \/ k Fast Roaming mejoran el mejor rendimiento de Wi-Fi.<br \/>&#8211; Uso m&oacute;vil e IoT de alta densidad: admite hasta 256 usuarios simult&aacute;neamente, ideal para el lugar de trabajo BYOD.<br \/>&#8211; Wi-Fi seguro y confiable: se admite el cifrado WPA3 y WPA2-AES para un alto nivel de seguridad.<br \/>&#8211; Entornos comerciales: para oficinas, salas de reuniones para escuelas, campus y negocios de hosteler&iacute;a, como hoteles, restaurantes, centros comerciales, tiendas minoristas y hospitales.<\/p>\n<table class=\"tabla_caracteristicas k-table\" width=\"100%\">\n<tbody>\n<tr>\n<td><strong>Marca<\/strong><\/td>\n<td>Edimax<\/td>\n<\/tr>\n<tr>\n<td><strong>Modelo<\/strong><\/td>\n<td><strong>CAX1800<\/strong><\/td>\n<\/tr>\n<tr>\n<td><strong>Caracteristicas<\/strong><\/td>\n<td><strong>Hardware<\/strong><br \/>&#8211; Interfaz: 1 x puerto Ethernet RJ45 10\/100 \/ 1000Mbps (entrada PoE)<br \/>&#8211; Antena:<br \/>&nbsp; Tipo: 2 x PIFA incorporado (2 antenas de doble banda)<br \/>&nbsp; Ganancia: 2.2dBi (2.4GHz), 2.9dBi (5GHz) M&aacute;x.<br \/>&#8211; Alimentaci&oacute;n:<br \/>&nbsp; DC: 12V \/ 1A<br \/>&nbsp; 802.3af (inyector PoE opcional)<br \/>&#8211; Consumo de energ&iacute;a: 12W (carga completa)<br \/>&#8211; Ahorro de energ&iacute;a: 802.3az<br \/>&#8211; Montaje de techo<br \/>&#8211; Carcasa: Clasificaci&oacute;n de inflamabilidad UL94-5VB<br \/>&#8211; Dimensiones: 176.29 (D) x 32.75 (H) mm<br \/>&#8211; Peso: 372g<br \/><strong>Inal&aacute;mbrico<\/strong><br \/>&#8211; Est&aacute;ndar: 802.11 a \/ b \/ g \/ n \/ ac \/ ax Concurrente de doble banda<br \/>&#8211; Banda de frecuencia:<br \/>&nbsp; Radio I: 802.11b \/ g \/ n \/ ax 2.412 ~ 2.484 (GHz)<br \/>&nbsp; Radio II: 802.11a \/ n \/ ac \/ ax 5.15 ~ 5.25 (GHz), 5.25 ~ 5.35 (GHz), 5.470 ~ 5.725 (GHz)<br \/>&nbsp; (La banda de frecuencia admitida est&aacute; restringida por las reglamentaciones locales).<br \/>&#8211; Velocidad m&aacute;xima de datos: 2.4GHz: 574Mbps, 5GHz: 1201Mbps<br \/>&#8211; Canales de operaci&oacute;n:<br \/>&nbsp; 2.4GHz:<br \/>&nbsp;&nbsp;&nbsp; EE. UU. \/ Canad&aacute; 1-11; 2.412 ~ 2.462GHz<br \/>&nbsp;&nbsp;&nbsp; Europa 1-13; 2.412 ~ 2.472GHz<br \/>&nbsp; 5 GHz: depende del pa&iacute;s para los siguientes rangos:<br \/>&nbsp;&nbsp;&nbsp; EE. UU. \/ Canad&aacute;:<br \/>&nbsp;&nbsp;&nbsp; Banda 1: 36, 40, 44, 48; 5.180 ~ 5.240 (GHz)<br \/>&nbsp;&nbsp;&nbsp; Banda 4: 149, 153, 157, 161, 165; 5.745 ~ 5.825 (GHz)<br \/>&nbsp;&nbsp;&nbsp; Europa:<br \/>&nbsp;&nbsp;&nbsp; Banda 1: 36, 40, 44, 48; 5.180 ~ 5.240 (GHz)<br \/>&#8211; M&aacute;xima potencia de transmisi&oacute;n:<br \/>&nbsp; 802.11b<br \/>&nbsp;&nbsp;&nbsp; 17dBm @ 1Mbps, 17dBm @ 11Mbps<br \/>&nbsp; 802.11g<br \/>&nbsp;&nbsp;&nbsp; 17dBm @ 6Mbps, 15dBm @ 54Mbps<br \/>&nbsp; 802.11n (2.4G)<br \/>&nbsp;&nbsp;&nbsp; 17dBm @ MCS0 (HT20), 15dBm @ MCS7 (HT20), 12dBm @ MCS9 (HT40)<br \/>&nbsp; 802.11ax (2.4G)<br \/>&nbsp;&nbsp;&nbsp; 9dBm @ MCS11 (HT40), 15dBm @ MCS4 \/ 12, 15dBm @ MCS5 \/ 13<br \/>&nbsp;&nbsp;&nbsp; 14dBm @ MCS6 \/ 14, 14dBm @ MCS7 \/ 15<br \/>&nbsp; 802.11a<br \/>&nbsp;&nbsp;&nbsp; 17dBm @ 6Mbps, 16dBm @ 54Mbps<br \/>&nbsp; 802.11n (5G)<br \/>&nbsp;&nbsp;&nbsp; 17dBm @ MCS0 (HT20), 15dBm @ MCS7 (HT20)<br \/>&nbsp; 802.11ac<br \/>&nbsp;&nbsp;&nbsp; 17dBm @ MCS0 (VHT80), 15dBm @ MCS7 (VHT80), 14dBm @ MCS9 (VHT80)<br \/>&nbsp; 802.11ax (5G)<br \/>&nbsp;&nbsp;&nbsp; 10dBm @ MCS11 (HT80)<br \/>&nbsp; (CE: 20dBm o inferior, FCC: 23dBm o inferior)<br \/>&#8211; Sensibilidad del receptor:<br \/>&nbsp; 802.11b: &le;-88dBm @ 1Mbps, &le;-86dBm @ 11Mbps<br \/>&nbsp; 802.11g: &le;-88dBm @ 6Mbps, &le;-71dBm @ 54Mbps<br \/>&nbsp; 802.11gn (2.4G): &le;-88dBm @ MCS0, &le;-68dBm @ MCS7m, &le;-60dBm @ MCS9<br \/>&nbsp; 802.11ax (2.4G): &le;-53dBm @ MCS11<br \/>&nbsp; 802.11a: &le;-87dBm @ 6Mbp, &le;-68dBm @ 54Mbps<br \/>&nbsp; 802.11n (5G): &le;-87dBm @ MCS0, &le;-68dBm @ MCS7<br \/>&nbsp; 802.11ac: &le; -56dBm @ MCS9<br \/>&nbsp; 802.11a (5G): &le; -50dBm @ MCS11<br \/>&#8211; Clientes concurrentes hasta 100 por radio: No. de SSID 16 (2.4GHz) + 16 (5GHz)<br \/>&#8211; 802.11 r \/ k Roaming r&aacute;pido<br \/>&#8211; Direcci&oacute;n de banda<br \/>&#8211; AirTime Fariness<br \/>&#8211; Beamforming<br \/><strong>Software<\/strong><br \/>&#8211; Modo inal&aacute;mbrico AP \/ WDS AP \/ WDS Bridge<br \/>&#8211; 802.1q VLAN Y (VID = 1-4095)<br \/>&#8211; Spanning Tree STP<br \/>&#8211; QoS<br \/>&nbsp; WMM (802.11e)<br \/>&nbsp; Max n&uacute;mero de estaci&oacute;n asociada<br \/>&#8211; Paso a trav&eacute;s de IPv6 y VPN (PPTP, L2TP \/ IPsec)<br \/>&#8211; DSCP (802.1p) Y<br \/>&#8211; Velocidad de multidifusi&oacute;n de hasta 54 Mbps Y<br \/><strong>Seguridad<\/strong><br \/>&#8211; Cifrado WEP \/ WPA2-AES \/ WPA3<br \/>&#8211; Aislamiento inal&aacute;mbrico L2<br \/>&#8211; Aislamiento de estaci&oacute;n<br \/>&#8211; Autenticador IEEE 802.1x<br \/>&#8211; Autenticaci&oacute;n EAP PEAP<br \/>&#8211; SSID oculto<br \/>&#8211; Filtro de direcci&oacute;n MAC<br \/>&#8211; STA inal&aacute;mbrico<br \/>&#8211; Detecci&oacute;n Rogue AP (w \/ NMS)<br \/><strong>Gesti&oacute;n<\/strong><br \/>&#8211; Implementaci&oacute;n independiente (modo AP)<br \/>&#8211; Modo AP maestro: puede administrar 16 AP Edimax CAX1800 con NMS<br \/>&#8211; Modo AP administrado: sea administrado por el maestro AP Edimax CAX1800 con NMS<br \/>&#8211; Configuraci&oacute;n HTTP \/ HTTPS<br \/>&#8211; SNMP v1, v2c, v3<br \/>&#8211; CLI (Telnet, SSH)<br \/>&#8211; Servidor RADIUS incorporado<br \/>&#8211; Canal autom&aacute;tico<br \/>&#8211; MIB privado<br \/><strong>Otros<\/strong><br \/>&#8211; Certificaci&oacute;n CE, FCC<br \/>&#8211; Condici&oacute;n ambiental:<br \/>&nbsp; Temperatura de funcionamiento: 0 &deg; C ~ 40 &deg; C<br \/>&nbsp; Humedad de funcionamiento: 90% o menos<br \/><strong>Contenido<\/strong><br \/>&#8211; AX1800 Punto de acceso PoE de montaje en techo<br \/>&#8211; Kit de soporte para montaje en techo y riel en T<br \/>&#8211; Cable de ethernet<br \/>&#8211; Gu&iacute;a de Instalaci&oacute;n R&aacute;pida<\/td>\n<\/tr>\n<tr>\n<td><strong>Fecha de revisi&oacute;n<\/strong><\/td>\n<td>18-06-2020 por MSB<\/td>\n<\/tr>\n<\/tbody>\n<\/table>\n","protected":false},"excerpt":{"rendered":"<p>CAX1800Punto de acceso AX1800 Wi-Fi 6 PoE de montaje en techo de doble banda&#8211; AX1800 de alta velocidad: velocidad m&aacute;xima de Wi-Fi de hasta 1800Mbps (2.4GHz a 574Mbps y 5GHz a 1201Mbps).&#8211; Eficiente MU-MIMO: Sirve m&uacute;ltiples dispositivos simult&aacute;neamente para la transmisi&oacute;n de datos con una capacidad mejorada para conexiones inal&aacute;mbricas.&#8211; Wi-Fi de alto rendimiento: Beamforming,&hellip;&nbsp;<a href=\"https:\/\/aivlisoft.net\/shop\/producto\/edimax-punto-acceso-techo-ax1800-wi-fi-6\/\" rel=\"bookmark\"><span class=\"screen-reader-text\">Edimax Punto Acceso Techo AX1800 Wi-Fi 6<\/span><\/a><\/p>\n","protected":false},"featured_media":19644,"template":"","meta":{"neve_meta_sidebar":"","neve_meta_container":"","neve_meta_enable_content_width":"","neve_meta_content_width":0,"neve_meta_title_alignment":"","neve_meta_author_avatar":"","neve_post_elements_order":"","neve_meta_disable_header":"","neve_meta_disable_footer":"","neve_meta_disable_title":""},"product_brand":[],"product_cat":[8770],"product_tag":[7084],"class_list":{"0":"post-19643","1":"product","2":"type-product","3":"status-publish","4":"has-post-thumbnail","6":"product_cat-puntos-de-acceso","7":"product_tag-cax1800","9":"first","10":"instock","11":"taxable","12":"shipping-taxable","13":"purchasable","14":"product-type-simple"},"yoast_head":"<!-- This site is optimized with the Yoast SEO plugin v26.0 - https:\/\/yoast.com\/wordpress\/plugins\/seo\/ -->\n<title>Edimax Punto Acceso Techo AX1800 Wi-Fi 6 - Aivlisoft Inform\u00e1tica<\/title>\n<meta name=\"robots\" content=\"index, follow, max-snippet:-1, max-image-preview:large, max-video-preview:-1\" \/>\n<link rel=\"canonical\" href=\"https:\/\/aivlisoft.net\/shop\/producto\/edimax-punto-acceso-techo-ax1800-wi-fi-6\/\" \/>\n<meta property=\"og:locale\" content=\"es_ES\" \/>\n<meta property=\"og:type\" content=\"article\" \/>\n<meta property=\"og:title\" content=\"Edimax Punto Acceso Techo AX1800 Wi-Fi 6 - Aivlisoft Inform\u00e1tica\" \/>\n<meta property=\"og:description\" content=\"CAX1800Punto de acceso AX1800 Wi-Fi 6 PoE de montaje en techo de doble banda&#8211; AX1800 de alta velocidad: velocidad m&aacute;xima de Wi-Fi de hasta 1800Mbps (2.4GHz a 574Mbps y 5GHz a 1201Mbps).&#8211; Eficiente MU-MIMO: Sirve m&uacute;ltiples dispositivos simult&aacute;neamente para la transmisi&oacute;n de datos con una capacidad mejorada para conexiones inal&aacute;mbricas.&#8211; Wi-Fi de alto rendimiento: Beamforming,&hellip;&nbsp;Edimax Punto Acceso Techo AX1800 Wi-Fi 6\" \/>\n<meta property=\"og:url\" content=\"https:\/\/aivlisoft.net\/shop\/producto\/edimax-punto-acceso-techo-ax1800-wi-fi-6\/\" \/>\n<meta property=\"og:site_name\" content=\"Aivlisoft Inform\u00e1tica\" \/>\n<meta property=\"article:modified_time\" content=\"2025-01-14T11:46:27+00:00\" \/>\n<meta property=\"og:image\" content=\"https:\/\/aivlisoft.net\/shop\/wp-content\/uploads\/2025\/01\/NSWPAC0424_800.jpg\" \/>\n\t<meta property=\"og:image:width\" content=\"800\" \/>\n\t<meta property=\"og:image:height\" content=\"800\" \/>\n\t<meta property=\"og:image:type\" content=\"image\/jpeg\" \/>\n<meta name=\"twitter:card\" content=\"summary_large_image\" \/>\n<meta name=\"twitter:label1\" content=\"Tiempo de lectura\" \/>\n\t<meta name=\"twitter:data1\" content=\"4 minutos\" \/>\n<script type=\"application\/ld+json\" class=\"yoast-schema-graph\">{\"@context\":\"https:\/\/schema.org\",\"@graph\":[{\"@type\":\"WebPage\",\"@id\":\"https:\/\/aivlisoft.net\/shop\/producto\/edimax-punto-acceso-techo-ax1800-wi-fi-6\/\",\"url\":\"https:\/\/aivlisoft.net\/shop\/producto\/edimax-punto-acceso-techo-ax1800-wi-fi-6\/\",\"name\":\"Edimax Punto Acceso Techo AX1800 Wi-Fi 6 - Aivlisoft Inform\u00e1tica\",\"isPartOf\":{\"@id\":\"https:\/\/aivlisoft.net\/shop\/#website\"},\"primaryImageOfPage\":{\"@id\":\"https:\/\/aivlisoft.net\/shop\/producto\/edimax-punto-acceso-techo-ax1800-wi-fi-6\/#primaryimage\"},\"image\":{\"@id\":\"https:\/\/aivlisoft.net\/shop\/producto\/edimax-punto-acceso-techo-ax1800-wi-fi-6\/#primaryimage\"},\"thumbnailUrl\":\"https:\/\/aivlisoft.net\/shop\/wp-content\/uploads\/2025\/01\/NSWPAC0424_800.jpg\",\"datePublished\":\"2025-01-13T15:34:44+00:00\",\"dateModified\":\"2025-01-14T11:46:27+00:00\",\"breadcrumb\":{\"@id\":\"https:\/\/aivlisoft.net\/shop\/producto\/edimax-punto-acceso-techo-ax1800-wi-fi-6\/#breadcrumb\"},\"inLanguage\":\"es\",\"potentialAction\":[{\"@type\":\"ReadAction\",\"target\":[\"https:\/\/aivlisoft.net\/shop\/producto\/edimax-punto-acceso-techo-ax1800-wi-fi-6\/\"]}]},{\"@type\":\"ImageObject\",\"inLanguage\":\"es\",\"@id\":\"https:\/\/aivlisoft.net\/shop\/producto\/edimax-punto-acceso-techo-ax1800-wi-fi-6\/#primaryimage\",\"url\":\"https:\/\/aivlisoft.net\/shop\/wp-content\/uploads\/2025\/01\/NSWPAC0424_800.jpg\",\"contentUrl\":\"https:\/\/aivlisoft.net\/shop\/wp-content\/uploads\/2025\/01\/NSWPAC0424_800.jpg\",\"width\":800,\"height\":800},{\"@type\":\"BreadcrumbList\",\"@id\":\"https:\/\/aivlisoft.net\/shop\/producto\/edimax-punto-acceso-techo-ax1800-wi-fi-6\/#breadcrumb\",\"itemListElement\":[{\"@type\":\"ListItem\",\"position\":1,\"name\":\"Portada\",\"item\":\"https:\/\/aivlisoft.net\/shop\/\"},{\"@type\":\"ListItem\",\"position\":2,\"name\":\"Tienda\",\"item\":\"https:\/\/aivlisoft.net\/shop\/tienda\/\"},{\"@type\":\"ListItem\",\"position\":3,\"name\":\"Edimax Punto Acceso Techo AX1800 Wi-Fi 6\"}]},{\"@type\":\"WebSite\",\"@id\":\"https:\/\/aivlisoft.net\/shop\/#website\",\"url\":\"https:\/\/aivlisoft.net\/shop\/\",\"name\":\"Aivlisoft Inform\u00e1tica\",\"description\":\"En Aivlisoft Inform\u00e1tica ofrecemos soluciones tecnol\u00f3gicas para empresas: venta de ordenadores, consumibles, perif\u00e9ricos y m\u00e1s. Calidad, atenci\u00f3n personalizada y los mejores precios para tu negocio.\",\"publisher\":{\"@id\":\"https:\/\/aivlisoft.net\/shop\/#organization\"},\"potentialAction\":[{\"@type\":\"SearchAction\",\"target\":{\"@type\":\"EntryPoint\",\"urlTemplate\":\"https:\/\/aivlisoft.net\/shop\/?s={search_term_string}\"},\"query-input\":{\"@type\":\"PropertyValueSpecification\",\"valueRequired\":true,\"valueName\":\"search_term_string\"}}],\"inLanguage\":\"es\"},{\"@type\":\"Organization\",\"@id\":\"https:\/\/aivlisoft.net\/shop\/#organization\",\"name\":\"Aivlisoft Inform\u00e1tica\",\"url\":\"https:\/\/aivlisoft.net\/shop\/\",\"logo\":{\"@type\":\"ImageObject\",\"inLanguage\":\"es\",\"@id\":\"https:\/\/aivlisoft.net\/shop\/#\/schema\/logo\/image\/\",\"url\":\"https:\/\/aivlisoft.net\/shop\/wp-content\/uploads\/2024\/12\/removal.ai_5b848c54-0cdf-4140-95c5-c5536bb7573b-logodef.png\",\"contentUrl\":\"https:\/\/aivlisoft.net\/shop\/wp-content\/uploads\/2024\/12\/removal.ai_5b848c54-0cdf-4140-95c5-c5536bb7573b-logodef.png\",\"width\":484,\"height\":182,\"caption\":\"Aivlisoft Inform\u00e1tica\"},\"image\":{\"@id\":\"https:\/\/aivlisoft.net\/shop\/#\/schema\/logo\/image\/\"}}]}<\/script>\n<!-- \/ Yoast SEO plugin. -->","yoast_head_json":{"title":"Edimax Punto Acceso Techo AX1800 Wi-Fi 6 - Aivlisoft Inform\u00e1tica","robots":{"index":"index","follow":"follow","max-snippet":"max-snippet:-1","max-image-preview":"max-image-preview:large","max-video-preview":"max-video-preview:-1"},"canonical":"https:\/\/aivlisoft.net\/shop\/producto\/edimax-punto-acceso-techo-ax1800-wi-fi-6\/","og_locale":"es_ES","og_type":"article","og_title":"Edimax Punto Acceso Techo AX1800 Wi-Fi 6 - Aivlisoft Inform\u00e1tica","og_description":"CAX1800Punto de acceso AX1800 Wi-Fi 6 PoE de montaje en techo de doble banda&#8211; AX1800 de alta velocidad: velocidad m&aacute;xima de Wi-Fi de hasta 1800Mbps (2.4GHz a 574Mbps y 5GHz a 1201Mbps).&#8211; Eficiente MU-MIMO: Sirve m&uacute;ltiples dispositivos simult&aacute;neamente para la transmisi&oacute;n de datos con una capacidad mejorada para conexiones inal&aacute;mbricas.&#8211; Wi-Fi de alto rendimiento: Beamforming,&hellip;&nbsp;Edimax Punto Acceso Techo AX1800 Wi-Fi 6","og_url":"https:\/\/aivlisoft.net\/shop\/producto\/edimax-punto-acceso-techo-ax1800-wi-fi-6\/","og_site_name":"Aivlisoft Inform\u00e1tica","article_modified_time":"2025-01-14T11:46:27+00:00","og_image":[{"width":800,"height":800,"url":"https:\/\/aivlisoft.net\/shop\/wp-content\/uploads\/2025\/01\/NSWPAC0424_800.jpg","type":"image\/jpeg"}],"twitter_card":"summary_large_image","twitter_misc":{"Tiempo de lectura":"4 minutos"},"schema":{"@context":"https:\/\/schema.org","@graph":[{"@type":"WebPage","@id":"https:\/\/aivlisoft.net\/shop\/producto\/edimax-punto-acceso-techo-ax1800-wi-fi-6\/","url":"https:\/\/aivlisoft.net\/shop\/producto\/edimax-punto-acceso-techo-ax1800-wi-fi-6\/","name":"Edimax Punto Acceso Techo AX1800 Wi-Fi 6 - Aivlisoft Inform\u00e1tica","isPartOf":{"@id":"https:\/\/aivlisoft.net\/shop\/#website"},"primaryImageOfPage":{"@id":"https:\/\/aivlisoft.net\/shop\/producto\/edimax-punto-acceso-techo-ax1800-wi-fi-6\/#primaryimage"},"image":{"@id":"https:\/\/aivlisoft.net\/shop\/producto\/edimax-punto-acceso-techo-ax1800-wi-fi-6\/#primaryimage"},"thumbnailUrl":"https:\/\/aivlisoft.net\/shop\/wp-content\/uploads\/2025\/01\/NSWPAC0424_800.jpg","datePublished":"2025-01-13T15:34:44+00:00","dateModified":"2025-01-14T11:46:27+00:00","breadcrumb":{"@id":"https:\/\/aivlisoft.net\/shop\/producto\/edimax-punto-acceso-techo-ax1800-wi-fi-6\/#breadcrumb"},"inLanguage":"es","potentialAction":[{"@type":"ReadAction","target":["https:\/\/aivlisoft.net\/shop\/producto\/edimax-punto-acceso-techo-ax1800-wi-fi-6\/"]}]},{"@type":"ImageObject","inLanguage":"es","@id":"https:\/\/aivlisoft.net\/shop\/producto\/edimax-punto-acceso-techo-ax1800-wi-fi-6\/#primaryimage","url":"https:\/\/aivlisoft.net\/shop\/wp-content\/uploads\/2025\/01\/NSWPAC0424_800.jpg","contentUrl":"https:\/\/aivlisoft.net\/shop\/wp-content\/uploads\/2025\/01\/NSWPAC0424_800.jpg","width":800,"height":800},{"@type":"BreadcrumbList","@id":"https:\/\/aivlisoft.net\/shop\/producto\/edimax-punto-acceso-techo-ax1800-wi-fi-6\/#breadcrumb","itemListElement":[{"@type":"ListItem","position":1,"name":"Portada","item":"https:\/\/aivlisoft.net\/shop\/"},{"@type":"ListItem","position":2,"name":"Tienda","item":"https:\/\/aivlisoft.net\/shop\/tienda\/"},{"@type":"ListItem","position":3,"name":"Edimax Punto Acceso Techo AX1800 Wi-Fi 6"}]},{"@type":"WebSite","@id":"https:\/\/aivlisoft.net\/shop\/#website","url":"https:\/\/aivlisoft.net\/shop\/","name":"Aivlisoft Inform\u00e1tica","description":"En Aivlisoft Inform\u00e1tica ofrecemos soluciones tecnol\u00f3gicas para empresas: venta de ordenadores, consumibles, perif\u00e9ricos y m\u00e1s. Calidad, atenci\u00f3n personalizada y los mejores precios para tu negocio.","publisher":{"@id":"https:\/\/aivlisoft.net\/shop\/#organization"},"potentialAction":[{"@type":"SearchAction","target":{"@type":"EntryPoint","urlTemplate":"https:\/\/aivlisoft.net\/shop\/?s={search_term_string}"},"query-input":{"@type":"PropertyValueSpecification","valueRequired":true,"valueName":"search_term_string"}}],"inLanguage":"es"},{"@type":"Organization","@id":"https:\/\/aivlisoft.net\/shop\/#organization","name":"Aivlisoft Inform\u00e1tica","url":"https:\/\/aivlisoft.net\/shop\/","logo":{"@type":"ImageObject","inLanguage":"es","@id":"https:\/\/aivlisoft.net\/shop\/#\/schema\/logo\/image\/","url":"https:\/\/aivlisoft.net\/shop\/wp-content\/uploads\/2024\/12\/removal.ai_5b848c54-0cdf-4140-95c5-c5536bb7573b-logodef.png","contentUrl":"https:\/\/aivlisoft.net\/shop\/wp-content\/uploads\/2024\/12\/removal.ai_5b848c54-0cdf-4140-95c5-c5536bb7573b-logodef.png","width":484,"height":182,"caption":"Aivlisoft Inform\u00e1tica"},"image":{"@id":"https:\/\/aivlisoft.net\/shop\/#\/schema\/logo\/image\/"}}]}},"_links":{"self":[{"href":"https:\/\/aivlisoft.net\/shop\/wp-json\/wp\/v2\/product\/19643","targetHints":{"allow":["GET"]}}],"collection":[{"href":"https:\/\/aivlisoft.net\/shop\/wp-json\/wp\/v2\/product"}],"about":[{"href":"https:\/\/aivlisoft.net\/shop\/wp-json\/wp\/v2\/types\/product"}],"wp:featuredmedia":[{"embeddable":true,"href":"https:\/\/aivlisoft.net\/shop\/wp-json\/wp\/v2\/media\/19644"}],"wp:attachment":[{"href":"https:\/\/aivlisoft.net\/shop\/wp-json\/wp\/v2\/media?parent=19643"}],"wp:term":[{"taxonomy":"product_brand","embeddable":true,"href":"https:\/\/aivlisoft.net\/shop\/wp-json\/wp\/v2\/product_brand?post=19643"},{"taxonomy":"product_cat","embeddable":true,"href":"https:\/\/aivlisoft.net\/shop\/wp-json\/wp\/v2\/product_cat?post=19643"},{"taxonomy":"product_tag","embeddable":true,"href":"https:\/\/aivlisoft.net\/shop\/wp-json\/wp\/v2\/product_tag?post=19643"}],"curies":[{"name":"wp","href":"https:\/\/api.w.org\/{rel}","templated":true}]}}