{"id":19639,"date":"2025-01-13T15:34:42","date_gmt":"2025-01-13T15:34:42","guid":{"rendered":"https:\/\/aivlisoft.com\/?post_type=product&#038;p=19639"},"modified":"2025-01-14T11:46:26","modified_gmt":"2025-01-14T11:46:26","slug":"iggual-repetidor-wifi-300-mbps-rw-n300-ap-r","status":"publish","type":"product","link":"https:\/\/aivlisoft.net\/shop\/producto\/iggual-repetidor-wifi-300-mbps-rw-n300-ap-r\/","title":{"rendered":"iggual Repetidor WiFi 300 Mbps RW-N300-AP\/R"},"content":{"rendered":"<p>Aumenta la se&ntilde;al de tu red inal&aacute;mbrica, extiende la cobertura y optimiza la intensidad de la se&ntilde;al para eliminar las \u00abzonas muertas\u00bb con el Repetidor WiFi de iggual.<br \/>Tendr&aacute;s una recepci&oacute;n de se&ntilde;al estable para tus dispositivos inal&aacute;mbricos all&aacute; donde no llega la se&ntilde;al de tu router: pcs, tablets, port&aacute;tiles y smartphones.<br \/>Alcanza velocidades de hasta 300 Mbps.<br \/>F&aacute;cilmente configurable a trav&eacute;s de conexi&oacute;n WPS y con seguridad inal&aacute;mbrica WPA2 (802.11i) WPA y WEP (128\/64).<br \/>Es compatible con los est&aacute;ndares 802.11b\/g\/n, lo que facilita y agiliza la expansi&oacute;n y actualizaci&oacute;n de la red inal&aacute;mbrica.<br \/>Gracias a su puerto Fast Ethernet RJ45 integrado podr&aacute;s conectar tus dispositivos Ethernet (sin funci&oacute;n WLAN propia) mediante cable de red. Integra f&aacute;cilmente en la red dom&eacute;stica tus lectores Blu-Ray, videoconsolas, Smart TV&#8230;<br \/>Su dise&ntilde;o compacto y pr&aacute;ctico permite conectarlo en cualquier lugar.<br \/>Disfruta de la se&ntilde;al WiFi all&aacute; donde no llega la del router con el repetidor WiFi 300 Mbps RW-N300-AP\/R de iggual.<\/p>\n<table class=\"tabla_caracteristicas k-table\" width=\"100%\">\n<tbody>\n<tr>\n<td valign=\"top\"><strong>Marca<\/strong><\/td>\n<td>iggual<\/td>\n<\/tr>\n<tr>\n<td valign=\"top\"><strong>Modelo<\/strong><\/td>\n<td valign=\"top\"><strong>IGG316665<\/strong><\/td>\n<\/tr>\n<tr>\n<td valign=\"top\"><strong>Caracter&iacute;sticas<\/strong><\/td>\n<td>&#8211; 2 modos de funcionamiento: Punto de Acceso y Repetidor<br \/>&#8211; Est&aacute;ndares WiFi: IEEE 802.11n, IEEE 802.11g, IEEE 802.11b<br \/>&#8211; Est&aacute;ndares Ethernet: IEEE 802.3, IEEE 802.3u<br \/>&#8211; Velocidad de transferencia: 300 Mbps<br \/>&#8211; Interfaz de conexi&oacute;n Ethernet: puerto RJ45 10\/100 Mbps<br \/>&#8211; Banda de frecuencias: 2,4 &#8211; 2,4835 GHz<br \/>&#8211; Botones WPS y reset<br \/>&#8211; Antenas internas<br \/>&#8211; LEDs: encendido, WiFi, WPS, LAN<br \/>&#8211; Entrada: 100~240 V, 50\/60 Hz<br \/>&#8211; Salida: 5.0 V, 1.0 A<br \/>&#8211; Windows \/ macOS<\/td>\n<\/tr>\n<tr>\n<td valign=\"top\"><strong>Fecha de revisi&oacute;n<\/strong><\/td>\n<td>10-06-2020 por MSB<\/td>\n<\/tr>\n<\/tbody>\n<\/table>\n","protected":false},"excerpt":{"rendered":"<p>Aumenta la se&ntilde;al de tu red inal&aacute;mbrica, extiende la cobertura y optimiza la intensidad de la se&ntilde;al para eliminar las \u00abzonas muertas\u00bb con el Repetidor WiFi de iggual.Tendr&aacute;s una recepci&oacute;n de se&ntilde;al estable para tus dispositivos inal&aacute;mbricos all&aacute; donde no llega la se&ntilde;al de tu router: pcs, tablets, port&aacute;tiles y smartphones.Alcanza velocidades de hasta 300&hellip;&nbsp;<a href=\"https:\/\/aivlisoft.net\/shop\/producto\/iggual-repetidor-wifi-300-mbps-rw-n300-ap-r\/\" rel=\"bookmark\"><span class=\"screen-reader-text\">iggual Repetidor WiFi 300 Mbps RW-N300-AP\/R<\/span><\/a><\/p>\n","protected":false},"featured_media":19640,"template":"","meta":{"neve_meta_sidebar":"","neve_meta_container":"","neve_meta_enable_content_width":"","neve_meta_content_width":0,"neve_meta_title_alignment":"","neve_meta_author_avatar":"","neve_post_elements_order":"","neve_meta_disable_header":"","neve_meta_disable_footer":"","neve_meta_disable_title":""},"product_brand":[],"product_cat":[8770],"product_tag":[7083],"class_list":{"0":"post-19639","1":"product","2":"type-product","3":"status-publish","4":"has-post-thumbnail","6":"product_cat-puntos-de-acceso","7":"product_tag-igg316665","9":"first","10":"instock","11":"taxable","12":"shipping-taxable","13":"purchasable","14":"product-type-simple"},"yoast_head":"<!-- This site is optimized with the Yoast SEO plugin v26.0 - https:\/\/yoast.com\/wordpress\/plugins\/seo\/ -->\n<title>iggual Repetidor WiFi 300 Mbps RW-N300-AP\/R - Aivlisoft Inform\u00e1tica<\/title>\n<meta name=\"robots\" content=\"index, follow, max-snippet:-1, max-image-preview:large, max-video-preview:-1\" \/>\n<link rel=\"canonical\" href=\"https:\/\/aivlisoft.net\/shop\/producto\/iggual-repetidor-wifi-300-mbps-rw-n300-ap-r\/\" \/>\n<meta property=\"og:locale\" content=\"es_ES\" \/>\n<meta property=\"og:type\" content=\"article\" \/>\n<meta property=\"og:title\" content=\"iggual Repetidor WiFi 300 Mbps RW-N300-AP\/R - Aivlisoft Inform\u00e1tica\" \/>\n<meta property=\"og:description\" content=\"Aumenta la se&ntilde;al de tu red inal&aacute;mbrica, extiende la cobertura y optimiza la intensidad de la se&ntilde;al para eliminar las \u00abzonas muertas\u00bb con el Repetidor WiFi de iggual.Tendr&aacute;s una recepci&oacute;n de se&ntilde;al estable para tus dispositivos inal&aacute;mbricos all&aacute; donde no llega la se&ntilde;al de tu router: pcs, tablets, port&aacute;tiles y smartphones.Alcanza velocidades de hasta 300&hellip;&nbsp;iggual Repetidor WiFi 300 Mbps RW-N300-AP\/R\" \/>\n<meta property=\"og:url\" content=\"https:\/\/aivlisoft.net\/shop\/producto\/iggual-repetidor-wifi-300-mbps-rw-n300-ap-r\/\" \/>\n<meta property=\"og:site_name\" content=\"Aivlisoft Inform\u00e1tica\" \/>\n<meta property=\"article:modified_time\" content=\"2025-01-14T11:46:26+00:00\" \/>\n<meta property=\"og:image\" content=\"https:\/\/aivlisoft.net\/shop\/wp-content\/uploads\/2025\/01\/NSWPAC0422_800.jpg\" \/>\n\t<meta property=\"og:image:width\" content=\"800\" \/>\n\t<meta property=\"og:image:height\" content=\"800\" \/>\n\t<meta property=\"og:image:type\" content=\"image\/jpeg\" \/>\n<meta name=\"twitter:card\" content=\"summary_large_image\" \/>\n<meta name=\"twitter:label1\" content=\"Tiempo de lectura\" \/>\n\t<meta name=\"twitter:data1\" content=\"1 minuto\" \/>\n<script type=\"application\/ld+json\" class=\"yoast-schema-graph\">{\"@context\":\"https:\/\/schema.org\",\"@graph\":[{\"@type\":\"WebPage\",\"@id\":\"https:\/\/aivlisoft.net\/shop\/producto\/iggual-repetidor-wifi-300-mbps-rw-n300-ap-r\/\",\"url\":\"https:\/\/aivlisoft.net\/shop\/producto\/iggual-repetidor-wifi-300-mbps-rw-n300-ap-r\/\",\"name\":\"iggual Repetidor WiFi 300 Mbps RW-N300-AP\/R - Aivlisoft Inform\u00e1tica\",\"isPartOf\":{\"@id\":\"https:\/\/aivlisoft.net\/shop\/#website\"},\"primaryImageOfPage\":{\"@id\":\"https:\/\/aivlisoft.net\/shop\/producto\/iggual-repetidor-wifi-300-mbps-rw-n300-ap-r\/#primaryimage\"},\"image\":{\"@id\":\"https:\/\/aivlisoft.net\/shop\/producto\/iggual-repetidor-wifi-300-mbps-rw-n300-ap-r\/#primaryimage\"},\"thumbnailUrl\":\"https:\/\/aivlisoft.net\/shop\/wp-content\/uploads\/2025\/01\/NSWPAC0422_800.jpg\",\"datePublished\":\"2025-01-13T15:34:42+00:00\",\"dateModified\":\"2025-01-14T11:46:26+00:00\",\"breadcrumb\":{\"@id\":\"https:\/\/aivlisoft.net\/shop\/producto\/iggual-repetidor-wifi-300-mbps-rw-n300-ap-r\/#breadcrumb\"},\"inLanguage\":\"es\",\"potentialAction\":[{\"@type\":\"ReadAction\",\"target\":[\"https:\/\/aivlisoft.net\/shop\/producto\/iggual-repetidor-wifi-300-mbps-rw-n300-ap-r\/\"]}]},{\"@type\":\"ImageObject\",\"inLanguage\":\"es\",\"@id\":\"https:\/\/aivlisoft.net\/shop\/producto\/iggual-repetidor-wifi-300-mbps-rw-n300-ap-r\/#primaryimage\",\"url\":\"https:\/\/aivlisoft.net\/shop\/wp-content\/uploads\/2025\/01\/NSWPAC0422_800.jpg\",\"contentUrl\":\"https:\/\/aivlisoft.net\/shop\/wp-content\/uploads\/2025\/01\/NSWPAC0422_800.jpg\",\"width\":800,\"height\":800},{\"@type\":\"BreadcrumbList\",\"@id\":\"https:\/\/aivlisoft.net\/shop\/producto\/iggual-repetidor-wifi-300-mbps-rw-n300-ap-r\/#breadcrumb\",\"itemListElement\":[{\"@type\":\"ListItem\",\"position\":1,\"name\":\"Portada\",\"item\":\"https:\/\/aivlisoft.net\/shop\/\"},{\"@type\":\"ListItem\",\"position\":2,\"name\":\"Tienda\",\"item\":\"https:\/\/aivlisoft.net\/shop\/tienda\/\"},{\"@type\":\"ListItem\",\"position\":3,\"name\":\"iggual Repetidor WiFi 300 Mbps RW-N300-AP\/R\"}]},{\"@type\":\"WebSite\",\"@id\":\"https:\/\/aivlisoft.net\/shop\/#website\",\"url\":\"https:\/\/aivlisoft.net\/shop\/\",\"name\":\"Aivlisoft Inform\u00e1tica\",\"description\":\"En Aivlisoft Inform\u00e1tica ofrecemos soluciones tecnol\u00f3gicas para empresas: venta de ordenadores, consumibles, perif\u00e9ricos y m\u00e1s. Calidad, atenci\u00f3n personalizada y los mejores precios para tu negocio.\",\"publisher\":{\"@id\":\"https:\/\/aivlisoft.net\/shop\/#organization\"},\"potentialAction\":[{\"@type\":\"SearchAction\",\"target\":{\"@type\":\"EntryPoint\",\"urlTemplate\":\"https:\/\/aivlisoft.net\/shop\/?s={search_term_string}\"},\"query-input\":{\"@type\":\"PropertyValueSpecification\",\"valueRequired\":true,\"valueName\":\"search_term_string\"}}],\"inLanguage\":\"es\"},{\"@type\":\"Organization\",\"@id\":\"https:\/\/aivlisoft.net\/shop\/#organization\",\"name\":\"Aivlisoft Inform\u00e1tica\",\"url\":\"https:\/\/aivlisoft.net\/shop\/\",\"logo\":{\"@type\":\"ImageObject\",\"inLanguage\":\"es\",\"@id\":\"https:\/\/aivlisoft.net\/shop\/#\/schema\/logo\/image\/\",\"url\":\"https:\/\/aivlisoft.net\/shop\/wp-content\/uploads\/2024\/12\/removal.ai_5b848c54-0cdf-4140-95c5-c5536bb7573b-logodef.png\",\"contentUrl\":\"https:\/\/aivlisoft.net\/shop\/wp-content\/uploads\/2024\/12\/removal.ai_5b848c54-0cdf-4140-95c5-c5536bb7573b-logodef.png\",\"width\":484,\"height\":182,\"caption\":\"Aivlisoft Inform\u00e1tica\"},\"image\":{\"@id\":\"https:\/\/aivlisoft.net\/shop\/#\/schema\/logo\/image\/\"}}]}<\/script>\n<!-- \/ Yoast SEO plugin. -->","yoast_head_json":{"title":"iggual Repetidor WiFi 300 Mbps RW-N300-AP\/R - Aivlisoft Inform\u00e1tica","robots":{"index":"index","follow":"follow","max-snippet":"max-snippet:-1","max-image-preview":"max-image-preview:large","max-video-preview":"max-video-preview:-1"},"canonical":"https:\/\/aivlisoft.net\/shop\/producto\/iggual-repetidor-wifi-300-mbps-rw-n300-ap-r\/","og_locale":"es_ES","og_type":"article","og_title":"iggual Repetidor WiFi 300 Mbps RW-N300-AP\/R - Aivlisoft Inform\u00e1tica","og_description":"Aumenta la se&ntilde;al de tu red inal&aacute;mbrica, extiende la cobertura y optimiza la intensidad de la se&ntilde;al para eliminar las \u00abzonas muertas\u00bb con el Repetidor WiFi de iggual.Tendr&aacute;s una recepci&oacute;n de se&ntilde;al estable para tus dispositivos inal&aacute;mbricos all&aacute; donde no llega la se&ntilde;al de tu router: pcs, tablets, port&aacute;tiles y smartphones.Alcanza velocidades de hasta 300&hellip;&nbsp;iggual Repetidor WiFi 300 Mbps RW-N300-AP\/R","og_url":"https:\/\/aivlisoft.net\/shop\/producto\/iggual-repetidor-wifi-300-mbps-rw-n300-ap-r\/","og_site_name":"Aivlisoft Inform\u00e1tica","article_modified_time":"2025-01-14T11:46:26+00:00","og_image":[{"width":800,"height":800,"url":"https:\/\/aivlisoft.net\/shop\/wp-content\/uploads\/2025\/01\/NSWPAC0422_800.jpg","type":"image\/jpeg"}],"twitter_card":"summary_large_image","twitter_misc":{"Tiempo de lectura":"1 minuto"},"schema":{"@context":"https:\/\/schema.org","@graph":[{"@type":"WebPage","@id":"https:\/\/aivlisoft.net\/shop\/producto\/iggual-repetidor-wifi-300-mbps-rw-n300-ap-r\/","url":"https:\/\/aivlisoft.net\/shop\/producto\/iggual-repetidor-wifi-300-mbps-rw-n300-ap-r\/","name":"iggual Repetidor WiFi 300 Mbps RW-N300-AP\/R - Aivlisoft Inform\u00e1tica","isPartOf":{"@id":"https:\/\/aivlisoft.net\/shop\/#website"},"primaryImageOfPage":{"@id":"https:\/\/aivlisoft.net\/shop\/producto\/iggual-repetidor-wifi-300-mbps-rw-n300-ap-r\/#primaryimage"},"image":{"@id":"https:\/\/aivlisoft.net\/shop\/producto\/iggual-repetidor-wifi-300-mbps-rw-n300-ap-r\/#primaryimage"},"thumbnailUrl":"https:\/\/aivlisoft.net\/shop\/wp-content\/uploads\/2025\/01\/NSWPAC0422_800.jpg","datePublished":"2025-01-13T15:34:42+00:00","dateModified":"2025-01-14T11:46:26+00:00","breadcrumb":{"@id":"https:\/\/aivlisoft.net\/shop\/producto\/iggual-repetidor-wifi-300-mbps-rw-n300-ap-r\/#breadcrumb"},"inLanguage":"es","potentialAction":[{"@type":"ReadAction","target":["https:\/\/aivlisoft.net\/shop\/producto\/iggual-repetidor-wifi-300-mbps-rw-n300-ap-r\/"]}]},{"@type":"ImageObject","inLanguage":"es","@id":"https:\/\/aivlisoft.net\/shop\/producto\/iggual-repetidor-wifi-300-mbps-rw-n300-ap-r\/#primaryimage","url":"https:\/\/aivlisoft.net\/shop\/wp-content\/uploads\/2025\/01\/NSWPAC0422_800.jpg","contentUrl":"https:\/\/aivlisoft.net\/shop\/wp-content\/uploads\/2025\/01\/NSWPAC0422_800.jpg","width":800,"height":800},{"@type":"BreadcrumbList","@id":"https:\/\/aivlisoft.net\/shop\/producto\/iggual-repetidor-wifi-300-mbps-rw-n300-ap-r\/#breadcrumb","itemListElement":[{"@type":"ListItem","position":1,"name":"Portada","item":"https:\/\/aivlisoft.net\/shop\/"},{"@type":"ListItem","position":2,"name":"Tienda","item":"https:\/\/aivlisoft.net\/shop\/tienda\/"},{"@type":"ListItem","position":3,"name":"iggual Repetidor WiFi 300 Mbps RW-N300-AP\/R"}]},{"@type":"WebSite","@id":"https:\/\/aivlisoft.net\/shop\/#website","url":"https:\/\/aivlisoft.net\/shop\/","name":"Aivlisoft Inform\u00e1tica","description":"En Aivlisoft Inform\u00e1tica ofrecemos soluciones tecnol\u00f3gicas para empresas: venta de ordenadores, consumibles, perif\u00e9ricos y m\u00e1s. Calidad, atenci\u00f3n personalizada y los mejores precios para tu negocio.","publisher":{"@id":"https:\/\/aivlisoft.net\/shop\/#organization"},"potentialAction":[{"@type":"SearchAction","target":{"@type":"EntryPoint","urlTemplate":"https:\/\/aivlisoft.net\/shop\/?s={search_term_string}"},"query-input":{"@type":"PropertyValueSpecification","valueRequired":true,"valueName":"search_term_string"}}],"inLanguage":"es"},{"@type":"Organization","@id":"https:\/\/aivlisoft.net\/shop\/#organization","name":"Aivlisoft Inform\u00e1tica","url":"https:\/\/aivlisoft.net\/shop\/","logo":{"@type":"ImageObject","inLanguage":"es","@id":"https:\/\/aivlisoft.net\/shop\/#\/schema\/logo\/image\/","url":"https:\/\/aivlisoft.net\/shop\/wp-content\/uploads\/2024\/12\/removal.ai_5b848c54-0cdf-4140-95c5-c5536bb7573b-logodef.png","contentUrl":"https:\/\/aivlisoft.net\/shop\/wp-content\/uploads\/2024\/12\/removal.ai_5b848c54-0cdf-4140-95c5-c5536bb7573b-logodef.png","width":484,"height":182,"caption":"Aivlisoft Inform\u00e1tica"},"image":{"@id":"https:\/\/aivlisoft.net\/shop\/#\/schema\/logo\/image\/"}}]}},"_links":{"self":[{"href":"https:\/\/aivlisoft.net\/shop\/wp-json\/wp\/v2\/product\/19639","targetHints":{"allow":["GET"]}}],"collection":[{"href":"https:\/\/aivlisoft.net\/shop\/wp-json\/wp\/v2\/product"}],"about":[{"href":"https:\/\/aivlisoft.net\/shop\/wp-json\/wp\/v2\/types\/product"}],"wp:featuredmedia":[{"embeddable":true,"href":"https:\/\/aivlisoft.net\/shop\/wp-json\/wp\/v2\/media\/19640"}],"wp:attachment":[{"href":"https:\/\/aivlisoft.net\/shop\/wp-json\/wp\/v2\/media?parent=19639"}],"wp:term":[{"taxonomy":"product_brand","embeddable":true,"href":"https:\/\/aivlisoft.net\/shop\/wp-json\/wp\/v2\/product_brand?post=19639"},{"taxonomy":"product_cat","embeddable":true,"href":"https:\/\/aivlisoft.net\/shop\/wp-json\/wp\/v2\/product_cat?post=19639"},{"taxonomy":"product_tag","embeddable":true,"href":"https:\/\/aivlisoft.net\/shop\/wp-json\/wp\/v2\/product_tag?post=19639"}],"curies":[{"name":"wp","href":"https:\/\/api.w.org\/{rel}","templated":true}]}}