{"id":19635,"date":"2025-01-13T15:34:40","date_gmt":"2025-01-13T15:34:40","guid":{"rendered":"https:\/\/aivlisoft.com\/?post_type=product&#038;p=19635"},"modified":"2025-01-14T11:46:25","modified_gmt":"2025-01-14T11:46:25","slug":"ubiquiti-unifi-ap-in-wall-uap-iw-hd","status":"publish","type":"product","link":"https:\/\/aivlisoft.net\/shop\/producto\/ubiquiti-unifi-ap-in-wall-uap-iw-hd\/","title":{"rendered":"Ubiquiti UniFi AP In-Wall UAP-IW-HD"},"content":{"rendered":"<p><\/p>\n<table class=\"tabla_caracteristicas k-table\" width=\"100%\">\n<tbody>\n<tr>\n<td valign=\"top\"><strong>Marca<\/strong><\/td>\n<td>Ubiquiti<\/td>\n<\/tr>\n<tr>\n<td valign=\"top\"><strong>Modelo<\/strong><\/td>\n<td><strong>UAP-IW-HD<\/strong><\/td>\n<\/tr>\n<tr>\n<td valign=\"top\"><strong>Caracter&iacute;sticas<\/strong><\/td>\n<td>&#8211; Dimensiones: 139,7 x 86,7 x 25,75 mm (5,5 x 3,41 x 1,01 \u00ab)<br \/>&#8211; Peso: 210 g (7,41 oz)<br \/>&#8211; Interfaz de red: (5) puertos Ethernet 10\/100\/1000<br \/>&#8211; Botones: Reset<br \/>&#8211; M&eacute;todo de energ&iacute;a: 802.3af PoE<br \/>&nbsp; 802.3at PoE +<br \/>&#8211; Rango de voltaje admitido: 44 a 57 VCC<br \/>&#8211; Fuente de alimentaci&oacute;n: UniFi Switch (PoE)<br \/>&#8211; Salida PoE: Passthrough de 48V (Pines +1, 2; -3, 6)<br \/>&#8211; Ahorro de energ&iacute;a: compatible<br \/>&#8211; Beamforming: compatible<br \/>&#8211; Consumo m&aacute;ximo de energ&iacute;a: 11 W<br \/>&#8211; con PoE Passthrough: 23W Requiere conmutador 802.3at PoE +<br \/>&#8211; Poder TX:<br \/>&nbsp; 2,4 GHz: 23 dBm<br \/>&nbsp; 5 GHz: 26 dBm<br \/>&#8211; Antenas:<br \/>&nbsp; Doble banda: (2) antenas de doble banda de polaridad &uacute;nica y puerto &uacute;nico, 2,4 GHz: 1,8 dBi cada una, 5 GHz: 3,4 dBi cada una<br \/>&nbsp; Banda &uacute;nica: (2) antenas de un solo puerto, polaridad dual, banda &uacute;nica, 5 GHz: 6 dBi cada una<br \/>&#8211; Est&aacute;ndares de Wi-Fi: 802.11 a \/ b \/ g \/ n \/ ac \/ ac-wave2<br \/>&#8211; Seguridad inal&aacute;mbrica: WEP, WPA-PSK, WPA-Enterprise (WPA \/ WPA2, TKIP \/ AES) 802.11w \/ PMF<br \/>&#8211; BSSID: hasta 8 por radio<br \/>&#8211; Montaje: Caja de pared el&eacute;ctrica de 1 unidad (no incluida)<br \/>&#8211; Temperatura de funcionamiento: -10 a 60 &deg; C (14 a 140 &deg; F)<br \/>&#8211; Humedad de funcionamiento: 5 a 95% sin condensaci&oacute;n<br \/>&#8211; Certificaciones: CE, FCC, IC<br \/><strong>Gesti&oacute;n de tr&aacute;fico avanzada<\/strong><br \/>&#8211; VLAN: 802.1Q<br \/>&#8211; QoS avanzada: limitaci&oacute;n de la tasa por usuario<br \/>&#8211; Aislamiento de tr&aacute;fico de invitados: compatible<br \/>&#8211; WMM: voz, video, mejor esfuerzo y fondo<br \/>&#8211; Clientes concurrentes: 200+<br \/><strong>Tasas de datos admitidas (Mbps)<\/strong><br \/>&#8211; Est&aacute;ndar: Tasas de datos<br \/>&nbsp; 802.11a: 6, 9, 12, 18, 24, 36, 48, 54 Mbps<br \/>&nbsp; 802.11n: 6,5 Mbps a 300 Mbps (MCS0 &#8211; MCS15, HT 20\/40)<br \/>&nbsp; 802.11ac: 6.5 Mbps a 1.7 Gbps (MCS0 &#8211; MCS9 NSS1 \/ 2\/3\/4, VHT 20\/40\/80)<br \/>&nbsp; 802.11b: 1, 2, 5,5, 11 Mbps<br \/>&nbsp; 802.11g: 6, 9, 12, 18, 24, 36, 48, 54 Mbps<\/td>\n<\/tr>\n<tr>\n<td><strong>Fecha de revisi&oacute;n<\/strong><\/td>\n<td>30-10-2020 por MSB<\/td>\n<\/tr>\n<\/tbody>\n<\/table>\n","protected":false},"excerpt":{"rendered":"<p>Marca Ubiquiti Modelo UAP-IW-HD Caracter&iacute;sticas &#8211; Dimensiones: 139,7 x 86,7 x 25,75 mm (5,5 x 3,41 x 1,01 \u00ab)&#8211; Peso: 210 g (7,41 oz)&#8211; Interfaz de red: (5) puertos Ethernet 10\/100\/1000&#8211; Botones: Reset&#8211; M&eacute;todo de energ&iacute;a: 802.3af PoE&nbsp; 802.3at PoE +&#8211; Rango de voltaje admitido: 44 a 57 VCC&#8211; Fuente de alimentaci&oacute;n: UniFi Switch (PoE)&#8211;&hellip;&nbsp;<a href=\"https:\/\/aivlisoft.net\/shop\/producto\/ubiquiti-unifi-ap-in-wall-uap-iw-hd\/\" rel=\"bookmark\"><span class=\"screen-reader-text\">Ubiquiti UniFi AP In-Wall UAP-IW-HD<\/span><\/a><\/p>\n","protected":false},"featured_media":19636,"template":"","meta":{"neve_meta_sidebar":"","neve_meta_container":"","neve_meta_enable_content_width":"","neve_meta_content_width":0,"neve_meta_title_alignment":"","neve_meta_author_avatar":"","neve_post_elements_order":"","neve_meta_disable_header":"","neve_meta_disable_footer":"","neve_meta_disable_title":""},"product_brand":[],"product_cat":[8770],"product_tag":[7082],"class_list":{"0":"post-19635","1":"product","2":"type-product","3":"status-publish","4":"has-post-thumbnail","6":"product_cat-puntos-de-acceso","7":"product_tag-uap-iw-hd","9":"first","10":"instock","11":"taxable","12":"shipping-taxable","13":"purchasable","14":"product-type-simple"},"yoast_head":"<!-- This site is optimized with the Yoast SEO plugin v26.0 - https:\/\/yoast.com\/wordpress\/plugins\/seo\/ -->\n<title>Ubiquiti UniFi AP In-Wall UAP-IW-HD - Aivlisoft Inform\u00e1tica<\/title>\n<meta name=\"robots\" content=\"index, follow, max-snippet:-1, max-image-preview:large, max-video-preview:-1\" \/>\n<link rel=\"canonical\" href=\"https:\/\/aivlisoft.net\/shop\/producto\/ubiquiti-unifi-ap-in-wall-uap-iw-hd\/\" \/>\n<meta property=\"og:locale\" content=\"es_ES\" \/>\n<meta property=\"og:type\" content=\"article\" \/>\n<meta property=\"og:title\" content=\"Ubiquiti UniFi AP In-Wall UAP-IW-HD - Aivlisoft Inform\u00e1tica\" \/>\n<meta property=\"og:description\" content=\"Marca Ubiquiti Modelo UAP-IW-HD Caracter&iacute;sticas &#8211; Dimensiones: 139,7 x 86,7 x 25,75 mm (5,5 x 3,41 x 1,01 \u00ab)&#8211; Peso: 210 g (7,41 oz)&#8211; Interfaz de red: (5) puertos Ethernet 10\/100\/1000&#8211; Botones: Reset&#8211; M&eacute;todo de energ&iacute;a: 802.3af PoE&nbsp; 802.3at PoE +&#8211; Rango de voltaje admitido: 44 a 57 VCC&#8211; Fuente de alimentaci&oacute;n: UniFi Switch (PoE)&#8211;&hellip;&nbsp;Ubiquiti UniFi AP In-Wall UAP-IW-HD\" \/>\n<meta property=\"og:url\" content=\"https:\/\/aivlisoft.net\/shop\/producto\/ubiquiti-unifi-ap-in-wall-uap-iw-hd\/\" \/>\n<meta property=\"og:site_name\" content=\"Aivlisoft Inform\u00e1tica\" \/>\n<meta property=\"article:modified_time\" content=\"2025-01-14T11:46:25+00:00\" \/>\n<meta property=\"og:image\" content=\"https:\/\/aivlisoft.net\/shop\/wp-content\/uploads\/2025\/01\/NSWPAC0421_800.jpg\" \/>\n\t<meta property=\"og:image:width\" content=\"800\" \/>\n\t<meta property=\"og:image:height\" content=\"800\" \/>\n\t<meta property=\"og:image:type\" content=\"image\/jpeg\" \/>\n<meta name=\"twitter:card\" content=\"summary_large_image\" \/>\n<meta name=\"twitter:label1\" content=\"Tiempo de lectura\" \/>\n\t<meta name=\"twitter:data1\" content=\"1 minuto\" \/>\n<script type=\"application\/ld+json\" class=\"yoast-schema-graph\">{\"@context\":\"https:\/\/schema.org\",\"@graph\":[{\"@type\":\"WebPage\",\"@id\":\"https:\/\/aivlisoft.net\/shop\/producto\/ubiquiti-unifi-ap-in-wall-uap-iw-hd\/\",\"url\":\"https:\/\/aivlisoft.net\/shop\/producto\/ubiquiti-unifi-ap-in-wall-uap-iw-hd\/\",\"name\":\"Ubiquiti UniFi AP In-Wall UAP-IW-HD - Aivlisoft Inform\u00e1tica\",\"isPartOf\":{\"@id\":\"https:\/\/aivlisoft.net\/shop\/#website\"},\"primaryImageOfPage\":{\"@id\":\"https:\/\/aivlisoft.net\/shop\/producto\/ubiquiti-unifi-ap-in-wall-uap-iw-hd\/#primaryimage\"},\"image\":{\"@id\":\"https:\/\/aivlisoft.net\/shop\/producto\/ubiquiti-unifi-ap-in-wall-uap-iw-hd\/#primaryimage\"},\"thumbnailUrl\":\"https:\/\/aivlisoft.net\/shop\/wp-content\/uploads\/2025\/01\/NSWPAC0421_800.jpg\",\"datePublished\":\"2025-01-13T15:34:40+00:00\",\"dateModified\":\"2025-01-14T11:46:25+00:00\",\"breadcrumb\":{\"@id\":\"https:\/\/aivlisoft.net\/shop\/producto\/ubiquiti-unifi-ap-in-wall-uap-iw-hd\/#breadcrumb\"},\"inLanguage\":\"es\",\"potentialAction\":[{\"@type\":\"ReadAction\",\"target\":[\"https:\/\/aivlisoft.net\/shop\/producto\/ubiquiti-unifi-ap-in-wall-uap-iw-hd\/\"]}]},{\"@type\":\"ImageObject\",\"inLanguage\":\"es\",\"@id\":\"https:\/\/aivlisoft.net\/shop\/producto\/ubiquiti-unifi-ap-in-wall-uap-iw-hd\/#primaryimage\",\"url\":\"https:\/\/aivlisoft.net\/shop\/wp-content\/uploads\/2025\/01\/NSWPAC0421_800.jpg\",\"contentUrl\":\"https:\/\/aivlisoft.net\/shop\/wp-content\/uploads\/2025\/01\/NSWPAC0421_800.jpg\",\"width\":800,\"height\":800},{\"@type\":\"BreadcrumbList\",\"@id\":\"https:\/\/aivlisoft.net\/shop\/producto\/ubiquiti-unifi-ap-in-wall-uap-iw-hd\/#breadcrumb\",\"itemListElement\":[{\"@type\":\"ListItem\",\"position\":1,\"name\":\"Portada\",\"item\":\"https:\/\/aivlisoft.net\/shop\/\"},{\"@type\":\"ListItem\",\"position\":2,\"name\":\"Tienda\",\"item\":\"https:\/\/aivlisoft.net\/shop\/tienda\/\"},{\"@type\":\"ListItem\",\"position\":3,\"name\":\"Ubiquiti UniFi AP In-Wall UAP-IW-HD\"}]},{\"@type\":\"WebSite\",\"@id\":\"https:\/\/aivlisoft.net\/shop\/#website\",\"url\":\"https:\/\/aivlisoft.net\/shop\/\",\"name\":\"Aivlisoft Inform\u00e1tica\",\"description\":\"En Aivlisoft Inform\u00e1tica ofrecemos soluciones tecnol\u00f3gicas para empresas: venta de ordenadores, consumibles, perif\u00e9ricos y m\u00e1s. Calidad, atenci\u00f3n personalizada y los mejores precios para tu negocio.\",\"publisher\":{\"@id\":\"https:\/\/aivlisoft.net\/shop\/#organization\"},\"potentialAction\":[{\"@type\":\"SearchAction\",\"target\":{\"@type\":\"EntryPoint\",\"urlTemplate\":\"https:\/\/aivlisoft.net\/shop\/?s={search_term_string}\"},\"query-input\":{\"@type\":\"PropertyValueSpecification\",\"valueRequired\":true,\"valueName\":\"search_term_string\"}}],\"inLanguage\":\"es\"},{\"@type\":\"Organization\",\"@id\":\"https:\/\/aivlisoft.net\/shop\/#organization\",\"name\":\"Aivlisoft Inform\u00e1tica\",\"url\":\"https:\/\/aivlisoft.net\/shop\/\",\"logo\":{\"@type\":\"ImageObject\",\"inLanguage\":\"es\",\"@id\":\"https:\/\/aivlisoft.net\/shop\/#\/schema\/logo\/image\/\",\"url\":\"https:\/\/aivlisoft.net\/shop\/wp-content\/uploads\/2024\/12\/removal.ai_5b848c54-0cdf-4140-95c5-c5536bb7573b-logodef.png\",\"contentUrl\":\"https:\/\/aivlisoft.net\/shop\/wp-content\/uploads\/2024\/12\/removal.ai_5b848c54-0cdf-4140-95c5-c5536bb7573b-logodef.png\",\"width\":484,\"height\":182,\"caption\":\"Aivlisoft Inform\u00e1tica\"},\"image\":{\"@id\":\"https:\/\/aivlisoft.net\/shop\/#\/schema\/logo\/image\/\"}}]}<\/script>\n<!-- \/ Yoast SEO plugin. -->","yoast_head_json":{"title":"Ubiquiti UniFi AP In-Wall UAP-IW-HD - Aivlisoft Inform\u00e1tica","robots":{"index":"index","follow":"follow","max-snippet":"max-snippet:-1","max-image-preview":"max-image-preview:large","max-video-preview":"max-video-preview:-1"},"canonical":"https:\/\/aivlisoft.net\/shop\/producto\/ubiquiti-unifi-ap-in-wall-uap-iw-hd\/","og_locale":"es_ES","og_type":"article","og_title":"Ubiquiti UniFi AP In-Wall UAP-IW-HD - Aivlisoft Inform\u00e1tica","og_description":"Marca Ubiquiti Modelo UAP-IW-HD Caracter&iacute;sticas &#8211; Dimensiones: 139,7 x 86,7 x 25,75 mm (5,5 x 3,41 x 1,01 \u00ab)&#8211; Peso: 210 g (7,41 oz)&#8211; Interfaz de red: (5) puertos Ethernet 10\/100\/1000&#8211; Botones: Reset&#8211; M&eacute;todo de energ&iacute;a: 802.3af PoE&nbsp; 802.3at PoE +&#8211; Rango de voltaje admitido: 44 a 57 VCC&#8211; Fuente de alimentaci&oacute;n: UniFi Switch (PoE)&#8211;&hellip;&nbsp;Ubiquiti UniFi AP In-Wall UAP-IW-HD","og_url":"https:\/\/aivlisoft.net\/shop\/producto\/ubiquiti-unifi-ap-in-wall-uap-iw-hd\/","og_site_name":"Aivlisoft Inform\u00e1tica","article_modified_time":"2025-01-14T11:46:25+00:00","og_image":[{"width":800,"height":800,"url":"https:\/\/aivlisoft.net\/shop\/wp-content\/uploads\/2025\/01\/NSWPAC0421_800.jpg","type":"image\/jpeg"}],"twitter_card":"summary_large_image","twitter_misc":{"Tiempo de lectura":"1 minuto"},"schema":{"@context":"https:\/\/schema.org","@graph":[{"@type":"WebPage","@id":"https:\/\/aivlisoft.net\/shop\/producto\/ubiquiti-unifi-ap-in-wall-uap-iw-hd\/","url":"https:\/\/aivlisoft.net\/shop\/producto\/ubiquiti-unifi-ap-in-wall-uap-iw-hd\/","name":"Ubiquiti UniFi AP In-Wall UAP-IW-HD - Aivlisoft Inform\u00e1tica","isPartOf":{"@id":"https:\/\/aivlisoft.net\/shop\/#website"},"primaryImageOfPage":{"@id":"https:\/\/aivlisoft.net\/shop\/producto\/ubiquiti-unifi-ap-in-wall-uap-iw-hd\/#primaryimage"},"image":{"@id":"https:\/\/aivlisoft.net\/shop\/producto\/ubiquiti-unifi-ap-in-wall-uap-iw-hd\/#primaryimage"},"thumbnailUrl":"https:\/\/aivlisoft.net\/shop\/wp-content\/uploads\/2025\/01\/NSWPAC0421_800.jpg","datePublished":"2025-01-13T15:34:40+00:00","dateModified":"2025-01-14T11:46:25+00:00","breadcrumb":{"@id":"https:\/\/aivlisoft.net\/shop\/producto\/ubiquiti-unifi-ap-in-wall-uap-iw-hd\/#breadcrumb"},"inLanguage":"es","potentialAction":[{"@type":"ReadAction","target":["https:\/\/aivlisoft.net\/shop\/producto\/ubiquiti-unifi-ap-in-wall-uap-iw-hd\/"]}]},{"@type":"ImageObject","inLanguage":"es","@id":"https:\/\/aivlisoft.net\/shop\/producto\/ubiquiti-unifi-ap-in-wall-uap-iw-hd\/#primaryimage","url":"https:\/\/aivlisoft.net\/shop\/wp-content\/uploads\/2025\/01\/NSWPAC0421_800.jpg","contentUrl":"https:\/\/aivlisoft.net\/shop\/wp-content\/uploads\/2025\/01\/NSWPAC0421_800.jpg","width":800,"height":800},{"@type":"BreadcrumbList","@id":"https:\/\/aivlisoft.net\/shop\/producto\/ubiquiti-unifi-ap-in-wall-uap-iw-hd\/#breadcrumb","itemListElement":[{"@type":"ListItem","position":1,"name":"Portada","item":"https:\/\/aivlisoft.net\/shop\/"},{"@type":"ListItem","position":2,"name":"Tienda","item":"https:\/\/aivlisoft.net\/shop\/tienda\/"},{"@type":"ListItem","position":3,"name":"Ubiquiti UniFi AP In-Wall UAP-IW-HD"}]},{"@type":"WebSite","@id":"https:\/\/aivlisoft.net\/shop\/#website","url":"https:\/\/aivlisoft.net\/shop\/","name":"Aivlisoft Inform\u00e1tica","description":"En Aivlisoft Inform\u00e1tica ofrecemos soluciones tecnol\u00f3gicas para empresas: venta de ordenadores, consumibles, perif\u00e9ricos y m\u00e1s. Calidad, atenci\u00f3n personalizada y los mejores precios para tu negocio.","publisher":{"@id":"https:\/\/aivlisoft.net\/shop\/#organization"},"potentialAction":[{"@type":"SearchAction","target":{"@type":"EntryPoint","urlTemplate":"https:\/\/aivlisoft.net\/shop\/?s={search_term_string}"},"query-input":{"@type":"PropertyValueSpecification","valueRequired":true,"valueName":"search_term_string"}}],"inLanguage":"es"},{"@type":"Organization","@id":"https:\/\/aivlisoft.net\/shop\/#organization","name":"Aivlisoft Inform\u00e1tica","url":"https:\/\/aivlisoft.net\/shop\/","logo":{"@type":"ImageObject","inLanguage":"es","@id":"https:\/\/aivlisoft.net\/shop\/#\/schema\/logo\/image\/","url":"https:\/\/aivlisoft.net\/shop\/wp-content\/uploads\/2024\/12\/removal.ai_5b848c54-0cdf-4140-95c5-c5536bb7573b-logodef.png","contentUrl":"https:\/\/aivlisoft.net\/shop\/wp-content\/uploads\/2024\/12\/removal.ai_5b848c54-0cdf-4140-95c5-c5536bb7573b-logodef.png","width":484,"height":182,"caption":"Aivlisoft Inform\u00e1tica"},"image":{"@id":"https:\/\/aivlisoft.net\/shop\/#\/schema\/logo\/image\/"}}]}},"_links":{"self":[{"href":"https:\/\/aivlisoft.net\/shop\/wp-json\/wp\/v2\/product\/19635","targetHints":{"allow":["GET"]}}],"collection":[{"href":"https:\/\/aivlisoft.net\/shop\/wp-json\/wp\/v2\/product"}],"about":[{"href":"https:\/\/aivlisoft.net\/shop\/wp-json\/wp\/v2\/types\/product"}],"wp:featuredmedia":[{"embeddable":true,"href":"https:\/\/aivlisoft.net\/shop\/wp-json\/wp\/v2\/media\/19636"}],"wp:attachment":[{"href":"https:\/\/aivlisoft.net\/shop\/wp-json\/wp\/v2\/media?parent=19635"}],"wp:term":[{"taxonomy":"product_brand","embeddable":true,"href":"https:\/\/aivlisoft.net\/shop\/wp-json\/wp\/v2\/product_brand?post=19635"},{"taxonomy":"product_cat","embeddable":true,"href":"https:\/\/aivlisoft.net\/shop\/wp-json\/wp\/v2\/product_cat?post=19635"},{"taxonomy":"product_tag","embeddable":true,"href":"https:\/\/aivlisoft.net\/shop\/wp-json\/wp\/v2\/product_tag?post=19635"}],"curies":[{"name":"wp","href":"https:\/\/api.w.org\/{rel}","templated":true}]}}