{"id":19574,"date":"2025-01-13T15:34:03","date_gmt":"2025-01-13T15:34:03","guid":{"rendered":"https:\/\/aivlisoft.com\/?post_type=product&#038;p=19574"},"modified":"2025-01-14T11:46:04","modified_gmt":"2025-01-14T11:46:04","slug":"ubiquiti-unifi-uap-nanohd-dual-band-poe","status":"publish","type":"product","link":"https:\/\/aivlisoft.net\/shop\/producto\/ubiquiti-unifi-uap-nanohd-dual-band-poe\/","title":{"rendered":"Ubiquiti UniFi UAP-nanoHD Dual Band PoE"},"content":{"rendered":"<p><strong>Ubiquiti Networks UBIQUITI UAP-NANOHD- 4&#215;4 MU-MIMO Wave 2 802.11ac Enterprise Wi-Fi Access Point,<\/strong><br \/>La tecnolog&iacute;a 802.11AC Wave 1 SU-MIMO implementada en la generaci&oacute;n anterior, posibilitaba la comunicaci&oacute;n con un &uacute;nico cliente a la vez. La tecnolog&iacute;a 802.11AC Wave 2 MU-MIMO (Multi-User, M&uacute;ltiple Input, M&uacute;ltiple Output), permite la comunicaci&oacute;n con m&uacute;ltiples clientes simult&aacute;neamente, lo que se traduce en un significativo aumento en el ancho de banda y en la experiencia general. Bajo las mismas circunstancias con MU-MIMO, los equipos con Wave 2 proporcionan una mejora de hasta el 75% respecto a un equipo Wave 1. Dicha mejora permite incrementar el rendimiento y\/o soportar mas clientes con el mismo rendimiento.<\/p>\n<p><strong>Caracter&iacute;sticas de Hardware<\/strong><br \/>Utiliza los nuevos UniFi nanoHD en entornos de alta densidad donde se requiera el m&aacute;ximo rendimiento inal&aacute;mbrico. El UniFi nanoHD dispone de doble banda simultanea, 4&#215;4 MU-MIMO y compatibilidad con el est&aacute;ndar PoE 802.3af.<\/p>\n<p><strong>F&aacute;cil integraci&oacute;n<\/strong><br \/>El soporte para techo opcional o las diferentes carcasas (tambi&eacute;n opcionales), permite una integraci&oacute;n discreta en cualquier entorno gracias tambien al peque&ntilde;o tama&ntilde;o del dispositivo, hasta un 30% mas peque&ntilde;o que el modelo UAP-AC-PRO.<\/p>\n<table class=\"tabla_caracteristicas k-table\" width=\"100%\">\n<tbody>\n<tr>\n<td valign=\"top\"><strong>Marca<\/strong><\/td>\n<td>UBIQUITI<\/td>\n<\/tr>\n<tr>\n<td valign=\"top\"><strong>Modelo<\/strong><\/td>\n<td><strong>UAP-nanoHD<\/strong><\/td>\n<\/tr>\n<tr>\n<td valign=\"top\"><strong>Caracter&iacute;sticas<\/strong><\/td>\n<td><strong>Desempe&ntilde;o<\/strong><br \/>&#8211; Ethernet LAN, velocidad de transferencia de datos: 10,100,1000&nbsp; Mbit\/s<br \/>&#8211; Tasa de transferencia (m&aacute;x): 1733&nbsp; Mbit\/s<br \/>&#8211; 2,4 GHz: Si &nbsp;<br \/>&#8211; 5 GHz: Si &nbsp;<br \/>&#8211; N&uacute;mero de usuarios: 200&nbsp; usuario(s)<br \/>&#8211; Calidad de servicio (QoS) soporte: Si &nbsp;<br \/>&#8211; Soporte VLAN: Si &nbsp;<br \/>&#8211; Est&aacute;ndares de red: IEEE 802.11a,IEEE 802.11ac,IEEE 802.11b,IEEE \/ 802.11g,IEEE 802.11n,IEEE 802.1Q &nbsp;<br \/>&#8211; Wi-Fi Multimedia (WMM)\/(WME): Si &nbsp;<br \/>&#8211; Aislamiento inal&aacute;mbrico: Si &nbsp;<br \/>&#8211; Rendimiento: 300 Mbps\/1733 Mbps &nbsp;<br \/>&#8211; Bot&oacute;n de restaurar: Si &nbsp;<br \/>&#8211; Certificaci&oacute;n: CE, FCC, IC &nbsp;<br \/><strong>Puertos e Interfaces<\/strong><br \/>&#8211; Ethernet LAN (RJ-45) cantidad de puertos: 1 &nbsp;<br \/>&#8211; Jack de entrada CD: Si &nbsp;<br \/><strong>Seguridad<\/strong><br \/>&#8211; Algoritmos de seguridad soportados: AES,TKIP,WEP,WPA,WPA-Enterprise,WPA-PSK,WPA2 &nbsp;<br \/>&#8211; N&uacute;mero de SSID admitidos: 8 &nbsp;<br \/>&#8211; Difusi&oacute;n de SSID encendido\/apagado: Si &nbsp;<br \/><strong>Antena<\/strong><br \/>&#8211; Ganancia de la antena (max): 3 dBi<br \/>&#8211; Antena integrada: Si &nbsp;<br \/><strong>Control de energ&iacute;a<\/strong><br \/>&#8211; Consumo energ&eacute;tico: 10.5 W<br \/>&#8211; Voltaje de entrada: 44 &#8211; 57 V<br \/>&#8211; Energ&iacute;a sobre Ethernet (PoE): Si &nbsp;<br \/><strong>Dise&ntilde;o<\/strong><br \/>&#8211; Interno: Si &nbsp;<br \/>&#8211; Color del producto: White &nbsp;<br \/>&#8211; Ubicaci&oacute;n: Ceiling,Wall &nbsp;<br \/><strong>Condiciones ambientales<\/strong><br \/>&#8211; Intervalo de humedad relativa para funcionamiento: 5 &#8211; 95%<br \/>&#8211; Intervalo de temperatura operativa: -10 &#8211; 70&deg;C<br \/><strong>Peso y dimensiones<\/strong><br \/>&#8211; Ancho: 160 mm<br \/>&#8211; Profundidad: 160 mm<br \/>&#8211; Altura: 32.65 mm<br \/>&#8211; Peso: 300 g<\/td>\n<\/tr>\n<tr>\n<td><strong>Fecha de revisi&oacute;n<\/strong><\/td>\n<td>02-04-2019 por AVN<\/td>\n<\/tr>\n<\/tbody>\n<\/table>\n","protected":false},"excerpt":{"rendered":"<p>Ubiquiti Networks UBIQUITI UAP-NANOHD- 4&#215;4 MU-MIMO Wave 2 802.11ac Enterprise Wi-Fi Access Point,La tecnolog&iacute;a 802.11AC Wave 1 SU-MIMO implementada en la generaci&oacute;n anterior, posibilitaba la comunicaci&oacute;n con un &uacute;nico cliente a la vez. La tecnolog&iacute;a 802.11AC Wave 2 MU-MIMO (Multi-User, M&uacute;ltiple Input, M&uacute;ltiple Output), permite la comunicaci&oacute;n con m&uacute;ltiples clientes simult&aacute;neamente, lo que se traduce&hellip;&nbsp;<a href=\"https:\/\/aivlisoft.net\/shop\/producto\/ubiquiti-unifi-uap-nanohd-dual-band-poe\/\" rel=\"bookmark\"><span class=\"screen-reader-text\">Ubiquiti UniFi UAP-nanoHD Dual Band PoE<\/span><\/a><\/p>\n","protected":false},"featured_media":19575,"template":"","meta":{"neve_meta_sidebar":"","neve_meta_container":"","neve_meta_enable_content_width":"","neve_meta_content_width":0,"neve_meta_title_alignment":"","neve_meta_author_avatar":"","neve_post_elements_order":"","neve_meta_disable_header":"","neve_meta_disable_footer":"","neve_meta_disable_title":""},"product_brand":[],"product_cat":[8770],"product_tag":[7067],"class_list":{"0":"post-19574","1":"product","2":"type-product","3":"status-publish","4":"has-post-thumbnail","6":"product_cat-puntos-de-acceso","7":"product_tag-uap-nanohd","9":"first","10":"instock","11":"taxable","12":"shipping-taxable","13":"purchasable","14":"product-type-simple"},"yoast_head":"<!-- This site is optimized with the Yoast SEO plugin v26.0 - https:\/\/yoast.com\/wordpress\/plugins\/seo\/ -->\n<title>Ubiquiti UniFi UAP-nanoHD Dual Band PoE - Aivlisoft Inform\u00e1tica<\/title>\n<meta name=\"robots\" content=\"index, follow, max-snippet:-1, max-image-preview:large, max-video-preview:-1\" \/>\n<link rel=\"canonical\" href=\"https:\/\/aivlisoft.net\/shop\/producto\/ubiquiti-unifi-uap-nanohd-dual-band-poe\/\" \/>\n<meta property=\"og:locale\" content=\"es_ES\" \/>\n<meta property=\"og:type\" content=\"article\" \/>\n<meta property=\"og:title\" content=\"Ubiquiti UniFi UAP-nanoHD Dual Band PoE - Aivlisoft Inform\u00e1tica\" \/>\n<meta property=\"og:description\" content=\"Ubiquiti Networks UBIQUITI UAP-NANOHD- 4&#215;4 MU-MIMO Wave 2 802.11ac Enterprise Wi-Fi Access Point,La tecnolog&iacute;a 802.11AC Wave 1 SU-MIMO implementada en la generaci&oacute;n anterior, posibilitaba la comunicaci&oacute;n con un &uacute;nico cliente a la vez. La tecnolog&iacute;a 802.11AC Wave 2 MU-MIMO (Multi-User, M&uacute;ltiple Input, M&uacute;ltiple Output), permite la comunicaci&oacute;n con m&uacute;ltiples clientes simult&aacute;neamente, lo que se traduce&hellip;&nbsp;Ubiquiti UniFi UAP-nanoHD Dual Band PoE\" \/>\n<meta property=\"og:url\" content=\"https:\/\/aivlisoft.net\/shop\/producto\/ubiquiti-unifi-uap-nanohd-dual-band-poe\/\" \/>\n<meta property=\"og:site_name\" content=\"Aivlisoft Inform\u00e1tica\" \/>\n<meta property=\"article:modified_time\" content=\"2025-01-14T11:46:04+00:00\" \/>\n<meta property=\"og:image\" content=\"https:\/\/aivlisoft.net\/shop\/wp-content\/uploads\/2025\/01\/NSWPAC0385_800.jpg\" \/>\n\t<meta property=\"og:image:width\" content=\"800\" \/>\n\t<meta property=\"og:image:height\" content=\"800\" \/>\n\t<meta property=\"og:image:type\" content=\"image\/jpeg\" \/>\n<meta name=\"twitter:card\" content=\"summary_large_image\" \/>\n<meta name=\"twitter:label1\" content=\"Tiempo de lectura\" \/>\n\t<meta name=\"twitter:data1\" content=\"2 minutos\" \/>\n<script type=\"application\/ld+json\" class=\"yoast-schema-graph\">{\"@context\":\"https:\/\/schema.org\",\"@graph\":[{\"@type\":\"WebPage\",\"@id\":\"https:\/\/aivlisoft.net\/shop\/producto\/ubiquiti-unifi-uap-nanohd-dual-band-poe\/\",\"url\":\"https:\/\/aivlisoft.net\/shop\/producto\/ubiquiti-unifi-uap-nanohd-dual-band-poe\/\",\"name\":\"Ubiquiti UniFi UAP-nanoHD Dual Band PoE - Aivlisoft Inform\u00e1tica\",\"isPartOf\":{\"@id\":\"https:\/\/aivlisoft.net\/shop\/#website\"},\"primaryImageOfPage\":{\"@id\":\"https:\/\/aivlisoft.net\/shop\/producto\/ubiquiti-unifi-uap-nanohd-dual-band-poe\/#primaryimage\"},\"image\":{\"@id\":\"https:\/\/aivlisoft.net\/shop\/producto\/ubiquiti-unifi-uap-nanohd-dual-band-poe\/#primaryimage\"},\"thumbnailUrl\":\"https:\/\/aivlisoft.net\/shop\/wp-content\/uploads\/2025\/01\/NSWPAC0385_800.jpg\",\"datePublished\":\"2025-01-13T15:34:03+00:00\",\"dateModified\":\"2025-01-14T11:46:04+00:00\",\"breadcrumb\":{\"@id\":\"https:\/\/aivlisoft.net\/shop\/producto\/ubiquiti-unifi-uap-nanohd-dual-band-poe\/#breadcrumb\"},\"inLanguage\":\"es\",\"potentialAction\":[{\"@type\":\"ReadAction\",\"target\":[\"https:\/\/aivlisoft.net\/shop\/producto\/ubiquiti-unifi-uap-nanohd-dual-band-poe\/\"]}]},{\"@type\":\"ImageObject\",\"inLanguage\":\"es\",\"@id\":\"https:\/\/aivlisoft.net\/shop\/producto\/ubiquiti-unifi-uap-nanohd-dual-band-poe\/#primaryimage\",\"url\":\"https:\/\/aivlisoft.net\/shop\/wp-content\/uploads\/2025\/01\/NSWPAC0385_800.jpg\",\"contentUrl\":\"https:\/\/aivlisoft.net\/shop\/wp-content\/uploads\/2025\/01\/NSWPAC0385_800.jpg\",\"width\":800,\"height\":800},{\"@type\":\"BreadcrumbList\",\"@id\":\"https:\/\/aivlisoft.net\/shop\/producto\/ubiquiti-unifi-uap-nanohd-dual-band-poe\/#breadcrumb\",\"itemListElement\":[{\"@type\":\"ListItem\",\"position\":1,\"name\":\"Portada\",\"item\":\"https:\/\/aivlisoft.net\/shop\/\"},{\"@type\":\"ListItem\",\"position\":2,\"name\":\"Tienda\",\"item\":\"https:\/\/aivlisoft.net\/shop\/tienda\/\"},{\"@type\":\"ListItem\",\"position\":3,\"name\":\"Ubiquiti UniFi UAP-nanoHD Dual Band PoE\"}]},{\"@type\":\"WebSite\",\"@id\":\"https:\/\/aivlisoft.net\/shop\/#website\",\"url\":\"https:\/\/aivlisoft.net\/shop\/\",\"name\":\"Aivlisoft Inform\u00e1tica\",\"description\":\"En Aivlisoft Inform\u00e1tica ofrecemos soluciones tecnol\u00f3gicas para empresas: venta de ordenadores, consumibles, perif\u00e9ricos y m\u00e1s. Calidad, atenci\u00f3n personalizada y los mejores precios para tu negocio.\",\"publisher\":{\"@id\":\"https:\/\/aivlisoft.net\/shop\/#organization\"},\"potentialAction\":[{\"@type\":\"SearchAction\",\"target\":{\"@type\":\"EntryPoint\",\"urlTemplate\":\"https:\/\/aivlisoft.net\/shop\/?s={search_term_string}\"},\"query-input\":{\"@type\":\"PropertyValueSpecification\",\"valueRequired\":true,\"valueName\":\"search_term_string\"}}],\"inLanguage\":\"es\"},{\"@type\":\"Organization\",\"@id\":\"https:\/\/aivlisoft.net\/shop\/#organization\",\"name\":\"Aivlisoft Inform\u00e1tica\",\"url\":\"https:\/\/aivlisoft.net\/shop\/\",\"logo\":{\"@type\":\"ImageObject\",\"inLanguage\":\"es\",\"@id\":\"https:\/\/aivlisoft.net\/shop\/#\/schema\/logo\/image\/\",\"url\":\"https:\/\/aivlisoft.net\/shop\/wp-content\/uploads\/2024\/12\/removal.ai_5b848c54-0cdf-4140-95c5-c5536bb7573b-logodef.png\",\"contentUrl\":\"https:\/\/aivlisoft.net\/shop\/wp-content\/uploads\/2024\/12\/removal.ai_5b848c54-0cdf-4140-95c5-c5536bb7573b-logodef.png\",\"width\":484,\"height\":182,\"caption\":\"Aivlisoft Inform\u00e1tica\"},\"image\":{\"@id\":\"https:\/\/aivlisoft.net\/shop\/#\/schema\/logo\/image\/\"}}]}<\/script>\n<!-- \/ Yoast SEO plugin. -->","yoast_head_json":{"title":"Ubiquiti UniFi UAP-nanoHD Dual Band PoE - Aivlisoft Inform\u00e1tica","robots":{"index":"index","follow":"follow","max-snippet":"max-snippet:-1","max-image-preview":"max-image-preview:large","max-video-preview":"max-video-preview:-1"},"canonical":"https:\/\/aivlisoft.net\/shop\/producto\/ubiquiti-unifi-uap-nanohd-dual-band-poe\/","og_locale":"es_ES","og_type":"article","og_title":"Ubiquiti UniFi UAP-nanoHD Dual Band PoE - Aivlisoft Inform\u00e1tica","og_description":"Ubiquiti Networks UBIQUITI UAP-NANOHD- 4&#215;4 MU-MIMO Wave 2 802.11ac Enterprise Wi-Fi Access Point,La tecnolog&iacute;a 802.11AC Wave 1 SU-MIMO implementada en la generaci&oacute;n anterior, posibilitaba la comunicaci&oacute;n con un &uacute;nico cliente a la vez. La tecnolog&iacute;a 802.11AC Wave 2 MU-MIMO (Multi-User, M&uacute;ltiple Input, M&uacute;ltiple Output), permite la comunicaci&oacute;n con m&uacute;ltiples clientes simult&aacute;neamente, lo que se traduce&hellip;&nbsp;Ubiquiti UniFi UAP-nanoHD Dual Band PoE","og_url":"https:\/\/aivlisoft.net\/shop\/producto\/ubiquiti-unifi-uap-nanohd-dual-band-poe\/","og_site_name":"Aivlisoft Inform\u00e1tica","article_modified_time":"2025-01-14T11:46:04+00:00","og_image":[{"width":800,"height":800,"url":"https:\/\/aivlisoft.net\/shop\/wp-content\/uploads\/2025\/01\/NSWPAC0385_800.jpg","type":"image\/jpeg"}],"twitter_card":"summary_large_image","twitter_misc":{"Tiempo de lectura":"2 minutos"},"schema":{"@context":"https:\/\/schema.org","@graph":[{"@type":"WebPage","@id":"https:\/\/aivlisoft.net\/shop\/producto\/ubiquiti-unifi-uap-nanohd-dual-band-poe\/","url":"https:\/\/aivlisoft.net\/shop\/producto\/ubiquiti-unifi-uap-nanohd-dual-band-poe\/","name":"Ubiquiti UniFi UAP-nanoHD Dual Band PoE - Aivlisoft Inform\u00e1tica","isPartOf":{"@id":"https:\/\/aivlisoft.net\/shop\/#website"},"primaryImageOfPage":{"@id":"https:\/\/aivlisoft.net\/shop\/producto\/ubiquiti-unifi-uap-nanohd-dual-band-poe\/#primaryimage"},"image":{"@id":"https:\/\/aivlisoft.net\/shop\/producto\/ubiquiti-unifi-uap-nanohd-dual-band-poe\/#primaryimage"},"thumbnailUrl":"https:\/\/aivlisoft.net\/shop\/wp-content\/uploads\/2025\/01\/NSWPAC0385_800.jpg","datePublished":"2025-01-13T15:34:03+00:00","dateModified":"2025-01-14T11:46:04+00:00","breadcrumb":{"@id":"https:\/\/aivlisoft.net\/shop\/producto\/ubiquiti-unifi-uap-nanohd-dual-band-poe\/#breadcrumb"},"inLanguage":"es","potentialAction":[{"@type":"ReadAction","target":["https:\/\/aivlisoft.net\/shop\/producto\/ubiquiti-unifi-uap-nanohd-dual-band-poe\/"]}]},{"@type":"ImageObject","inLanguage":"es","@id":"https:\/\/aivlisoft.net\/shop\/producto\/ubiquiti-unifi-uap-nanohd-dual-band-poe\/#primaryimage","url":"https:\/\/aivlisoft.net\/shop\/wp-content\/uploads\/2025\/01\/NSWPAC0385_800.jpg","contentUrl":"https:\/\/aivlisoft.net\/shop\/wp-content\/uploads\/2025\/01\/NSWPAC0385_800.jpg","width":800,"height":800},{"@type":"BreadcrumbList","@id":"https:\/\/aivlisoft.net\/shop\/producto\/ubiquiti-unifi-uap-nanohd-dual-band-poe\/#breadcrumb","itemListElement":[{"@type":"ListItem","position":1,"name":"Portada","item":"https:\/\/aivlisoft.net\/shop\/"},{"@type":"ListItem","position":2,"name":"Tienda","item":"https:\/\/aivlisoft.net\/shop\/tienda\/"},{"@type":"ListItem","position":3,"name":"Ubiquiti UniFi UAP-nanoHD Dual Band PoE"}]},{"@type":"WebSite","@id":"https:\/\/aivlisoft.net\/shop\/#website","url":"https:\/\/aivlisoft.net\/shop\/","name":"Aivlisoft Inform\u00e1tica","description":"En Aivlisoft Inform\u00e1tica ofrecemos soluciones tecnol\u00f3gicas para empresas: venta de ordenadores, consumibles, perif\u00e9ricos y m\u00e1s. Calidad, atenci\u00f3n personalizada y los mejores precios para tu negocio.","publisher":{"@id":"https:\/\/aivlisoft.net\/shop\/#organization"},"potentialAction":[{"@type":"SearchAction","target":{"@type":"EntryPoint","urlTemplate":"https:\/\/aivlisoft.net\/shop\/?s={search_term_string}"},"query-input":{"@type":"PropertyValueSpecification","valueRequired":true,"valueName":"search_term_string"}}],"inLanguage":"es"},{"@type":"Organization","@id":"https:\/\/aivlisoft.net\/shop\/#organization","name":"Aivlisoft Inform\u00e1tica","url":"https:\/\/aivlisoft.net\/shop\/","logo":{"@type":"ImageObject","inLanguage":"es","@id":"https:\/\/aivlisoft.net\/shop\/#\/schema\/logo\/image\/","url":"https:\/\/aivlisoft.net\/shop\/wp-content\/uploads\/2024\/12\/removal.ai_5b848c54-0cdf-4140-95c5-c5536bb7573b-logodef.png","contentUrl":"https:\/\/aivlisoft.net\/shop\/wp-content\/uploads\/2024\/12\/removal.ai_5b848c54-0cdf-4140-95c5-c5536bb7573b-logodef.png","width":484,"height":182,"caption":"Aivlisoft Inform\u00e1tica"},"image":{"@id":"https:\/\/aivlisoft.net\/shop\/#\/schema\/logo\/image\/"}}]}},"_links":{"self":[{"href":"https:\/\/aivlisoft.net\/shop\/wp-json\/wp\/v2\/product\/19574","targetHints":{"allow":["GET"]}}],"collection":[{"href":"https:\/\/aivlisoft.net\/shop\/wp-json\/wp\/v2\/product"}],"about":[{"href":"https:\/\/aivlisoft.net\/shop\/wp-json\/wp\/v2\/types\/product"}],"wp:featuredmedia":[{"embeddable":true,"href":"https:\/\/aivlisoft.net\/shop\/wp-json\/wp\/v2\/media\/19575"}],"wp:attachment":[{"href":"https:\/\/aivlisoft.net\/shop\/wp-json\/wp\/v2\/media?parent=19574"}],"wp:term":[{"taxonomy":"product_brand","embeddable":true,"href":"https:\/\/aivlisoft.net\/shop\/wp-json\/wp\/v2\/product_brand?post=19574"},{"taxonomy":"product_cat","embeddable":true,"href":"https:\/\/aivlisoft.net\/shop\/wp-json\/wp\/v2\/product_cat?post=19574"},{"taxonomy":"product_tag","embeddable":true,"href":"https:\/\/aivlisoft.net\/shop\/wp-json\/wp\/v2\/product_tag?post=19574"}],"curies":[{"name":"wp","href":"https:\/\/api.w.org\/{rel}","templated":true}]}}