{"id":19544,"date":"2025-01-13T15:33:45","date_gmt":"2025-01-13T15:33:45","guid":{"rendered":"https:\/\/aivlisoft.com\/?post_type=product&#038;p=19544"},"modified":"2025-01-14T11:45:53","modified_gmt":"2025-01-14T11:45:53","slug":"ubiquiti-airfiber-5x-af5xhd-6-2ghz-1-gbps","status":"publish","type":"product","link":"https:\/\/aivlisoft.net\/shop\/producto\/ubiquiti-airfiber-5x-af5xhd-6-2ghz-1-gbps\/","title":{"rendered":"Ubiquiti AirFiber 5X AF5XHD 6.2GHz 1+ Gbps"},"content":{"rendered":"<p><strong>El AF-5XHD ofrece las siguientes caracter&iacute;sticas avanzadas<\/strong><\/p>\n<p>&#8211; Potencia de transmisi&oacute;n programable<br \/>El nivel de potencia de transmisi&oacute;n de la radio se puede programar.<br \/>&#8211; Ciclo de servicio programable (marcos sincronizados con GPS)<br \/>El AF-5XHD permite la configuraci&oacute;n de ciclos asim&eacute;tricos de servicio TX y RX. Las proporciones de TX incluyen 25%, 33%, 50%, 66.7% y 75%.<br \/>&#8211; Sincronizaci&oacute;n GPS configurable<br \/>El AF-5XHD ofrece soporte configurable para cuadros de 2, 2.5, 4 y 5 ms. El tiempo es compatible con todos los dem&aacute;s sistemas s&iacute;ncronos.<br \/>&#8211; Split TX y RX (*)<br \/>El equipo puede operar en diferentes frecuencias para TX y RX, lo que permite una gran flexibilidad para evitar interferencias.<br \/>&#8211; Ancho de banda de canal TX y RX dividido*<br \/>El soporte para diferentes anchos de banda de canal para TX y RX permite a los usuarios escalar la capacidad de datos requerida de manera m&aacute;s eficiente.<br \/>&#8211; Modulaci&oacute;n adaptable hasta 1024QAM<br \/>Se admiten velocidades de modulaci&oacute;n adaptativas de hasta 1024QAM (4096QAM con actualizaci&oacute;n espec&iacute;fica).<br \/>&#8211; Puertos Dual Gigabit Ethernet redundantes con PoE<br \/>El AF-5XHD tiene dos puertos Gigabit Ethernet que se pueden utilizar para proporcionar potencia PoE redundante.<br \/>&#8211; Soporte de OFDM y OFDMA(*)<br \/>La radio ofrece programaci&oacute;n flexible para 2, 4 u 8 subcanales.<br \/>&#8211; Configuraci&oacute;n inal&aacute;mbrica de Bluetooth y app UNMS<br \/>Use la interfaz Bluetooth incorporada para la configuraci&oacute;n inal&aacute;mbrica.<br \/>&#8211; AlignLock (Supervisi&oacute;n de orientaci&oacute;n y alineamiento)<br \/>Esto alerta al usuario cuando se cambia el objetivo de la antena o la radio debido a alteraciones, impactos o da&ntilde;os por tormentas.<br \/>&#8211; Mitigaci&oacute;n de interferencias configurable por el usuario<br \/>Tres perfiles seleccionables por el usuario admiten implementaciones de alta interferencia y greenfield para un rendimiento robusto y &oacute;ptimo.<br \/>&#8211; Im&aacute;genes redundantes para una configuraci&oacute;n a prueba de fallas<br \/>La creaci&oacute;n de im&aacute;genes de firmware de respaldo garantiza una configuraci&oacute;n a prueba de fallas y mejora la confiabilidad.<br \/>&#8211; An&aacute;lisis de espectro persistente con RX dedicado<br \/>Realice un an&aacute;lisis espectral en tiempo real para toda la banda en enlaces en vivo sin interrumpir la operaci&oacute;n de enlace.<br \/>&#8211; Amplio rango de voltaje, protecci&oacute;n contra sobretensiones mejorada<br \/>El AF-5XHD tiene un rango de voltaje operativo de 19-50VDC(**) y proporciona una protecci&oacute;n contra sobretensiones mejorada.<\/p>\n<table class=\"tabla_caracteristicas k-table\" width=\"100%\">\n<tbody>\n<tr>\n<td><strong>Marca<\/strong><\/td>\n<td>Ubiquiti<\/td>\n<\/tr>\n<tr>\n<td valign=\"top\"><strong>Modelo<\/strong><\/td>\n<td><strong>AF-5XHD<\/strong><\/td>\n<\/tr>\n<tr>\n<td valign=\"top\"><strong>Sistema<\/strong><\/td>\n<td>&#8211; Procesador: airFiber LTU IC<br \/>&#8211; Throughput M&aacute;ximo: 1.34 Gbps<br \/>&#8211; Rango m&aacute;ximo: 100 km <br \/>&#8211; PPS: 2+ millones <br \/>&#8211; Latencia: 1.5 ms &#8211; 3.5 ms <br \/>&#8211; Encriptaci&oacute;n: AES-256<br \/>&#8211; OS: airFiber-airOS 8<br \/>&#8211; Modos wireless: Master\/Slave <\/td>\n<\/tr>\n<tr>\n<td valign=\"top\"><strong>Interfaces de red<\/strong><\/td>\n<td>&#8211; Puerto de datos: (1) Puerto Ethernet 10\/100\/1000<br \/>&#8211; Puerto de gesti&oacute;n: (1) Puerto Ethernet 10\/100\/1000<br \/>&#8211; Bluetooth: Bluetooth v4.0<\/td>\n<\/tr>\n<tr>\n<td valign=\"top\"><strong>Radio<\/strong><\/td>\n<td>&#8211; Rango de frecuencia: 4.8 GHz &#8211; 6.2 GHz* (Seg&uacute;n normativa regional)<br \/>&#8211; Precisi&oacute;n de frecuencia: &lt; 2 ppm<br \/>&#8211; Ancho de banda de canal: 10\/20\/30\/40\/50\/60\/80\/100 MHz<br \/>&#8211; Ciclos programables Uplink y Downlink<\/td>\n<\/tr>\n<tr>\n<td valign=\"top\"><strong>Caracteristicas<\/strong><\/td>\n<td>&#8211; Dimensiones: 224 x 82 x 48 mm (8.82 x 3.23 x 1.89&#8243;)<br \/>&#8211; Peso: 0.35 kg (12.3 oz)<br \/>&#8211; Conectores RF: (2) RP-SMA Weatherproof (CH0, CH1) (1) SMA Weatherproof (GPS)<br \/>&#8211; Antena GPS: Externa, Base magn&eacute;tica<br \/>&#8211; Alimentaci&oacute;n: 24V, 1A Gigabit Adaptador PoE pasivo (Incluido)<br \/>&#8211; M&eacute;todo de alimentaci&oacute;n: Power over Ethernet Pasivo<br \/>&#8211; Pines (1, 2, 4, 5 (+) y Pines 7, 8, 3, 6 (-)<br \/>&#8211; Consumo m&aacute;ximo: 6-12W <br \/>&#8211; Voltaje soportado: 19-50VDC <br \/>&#8211; Montaje: airFiber X Mount (Rocket Mount Compatible)<br \/>&#8211; GPS Pole Mount (Incluido)<br \/>&#8211; Temperatura funcionamiento: -40 to 55&deg; C (-40 to 131&deg; F)<br \/>&#8211; Resistencia a la intemperie: IP67 (requiere kit opcional AF-X-IP67)<br \/>&#8211; Certificaciones: CE, FCC, IC<\/td>\n<\/tr>\n<tr>\n<td><strong>Fecha de revisi&oacute;n<\/strong><\/td>\n<td>20-03-2018 por AVN<\/td>\n<\/tr>\n<\/tbody>\n<\/table>\n","protected":false},"excerpt":{"rendered":"<p>El AF-5XHD ofrece las siguientes caracter&iacute;sticas avanzadas &#8211; Potencia de transmisi&oacute;n programableEl nivel de potencia de transmisi&oacute;n de la radio se puede programar.&#8211; Ciclo de servicio programable (marcos sincronizados con GPS)El AF-5XHD permite la configuraci&oacute;n de ciclos asim&eacute;tricos de servicio TX y RX. Las proporciones de TX incluyen 25%, 33%, 50%, 66.7% y 75%.&#8211; Sincronizaci&oacute;n&hellip;&nbsp;<a href=\"https:\/\/aivlisoft.net\/shop\/producto\/ubiquiti-airfiber-5x-af5xhd-6-2ghz-1-gbps\/\" rel=\"bookmark\"><span class=\"screen-reader-text\">Ubiquiti AirFiber 5X AF5XHD 6.2GHz 1+ Gbps<\/span><\/a><\/p>\n","protected":false},"featured_media":19545,"template":"","meta":{"neve_meta_sidebar":"","neve_meta_container":"","neve_meta_enable_content_width":"","neve_meta_content_width":0,"neve_meta_title_alignment":"","neve_meta_author_avatar":"","neve_post_elements_order":"","neve_meta_disable_header":"","neve_meta_disable_footer":"","neve_meta_disable_title":""},"product_brand":[],"product_cat":[8770],"product_tag":[7059],"class_list":{"0":"post-19544","1":"product","2":"type-product","3":"status-publish","4":"has-post-thumbnail","6":"product_cat-puntos-de-acceso","7":"product_tag-af-5xhd","9":"first","10":"instock","11":"taxable","12":"shipping-taxable","13":"purchasable","14":"product-type-simple"},"yoast_head":"<!-- This site is optimized with the Yoast SEO plugin v26.0 - https:\/\/yoast.com\/wordpress\/plugins\/seo\/ -->\n<title>Ubiquiti AirFiber 5X AF5XHD 6.2GHz 1+ Gbps - Aivlisoft Inform\u00e1tica<\/title>\n<meta name=\"robots\" content=\"index, follow, max-snippet:-1, max-image-preview:large, max-video-preview:-1\" \/>\n<link rel=\"canonical\" href=\"https:\/\/aivlisoft.net\/shop\/producto\/ubiquiti-airfiber-5x-af5xhd-6-2ghz-1-gbps\/\" \/>\n<meta property=\"og:locale\" content=\"es_ES\" \/>\n<meta property=\"og:type\" content=\"article\" \/>\n<meta property=\"og:title\" content=\"Ubiquiti AirFiber 5X AF5XHD 6.2GHz 1+ Gbps - Aivlisoft Inform\u00e1tica\" \/>\n<meta property=\"og:description\" content=\"El AF-5XHD ofrece las siguientes caracter&iacute;sticas avanzadas &#8211; Potencia de transmisi&oacute;n programableEl nivel de potencia de transmisi&oacute;n de la radio se puede programar.&#8211; Ciclo de servicio programable (marcos sincronizados con GPS)El AF-5XHD permite la configuraci&oacute;n de ciclos asim&eacute;tricos de servicio TX y RX. Las proporciones de TX incluyen 25%, 33%, 50%, 66.7% y 75%.&#8211; Sincronizaci&oacute;n&hellip;&nbsp;Ubiquiti AirFiber 5X AF5XHD 6.2GHz 1+ Gbps\" \/>\n<meta property=\"og:url\" content=\"https:\/\/aivlisoft.net\/shop\/producto\/ubiquiti-airfiber-5x-af5xhd-6-2ghz-1-gbps\/\" \/>\n<meta property=\"og:site_name\" content=\"Aivlisoft Inform\u00e1tica\" \/>\n<meta property=\"article:modified_time\" content=\"2025-01-14T11:45:53+00:00\" \/>\n<meta property=\"og:image\" content=\"https:\/\/aivlisoft.net\/shop\/wp-content\/uploads\/2025\/01\/NSWPAC0341_800.jpg\" \/>\n\t<meta property=\"og:image:width\" content=\"800\" \/>\n\t<meta property=\"og:image:height\" content=\"800\" \/>\n\t<meta property=\"og:image:type\" content=\"image\/jpeg\" \/>\n<meta name=\"twitter:card\" content=\"summary_large_image\" \/>\n<meta name=\"twitter:label1\" content=\"Tiempo de lectura\" \/>\n\t<meta name=\"twitter:data1\" content=\"3 minutos\" \/>\n<script type=\"application\/ld+json\" class=\"yoast-schema-graph\">{\"@context\":\"https:\/\/schema.org\",\"@graph\":[{\"@type\":\"WebPage\",\"@id\":\"https:\/\/aivlisoft.net\/shop\/producto\/ubiquiti-airfiber-5x-af5xhd-6-2ghz-1-gbps\/\",\"url\":\"https:\/\/aivlisoft.net\/shop\/producto\/ubiquiti-airfiber-5x-af5xhd-6-2ghz-1-gbps\/\",\"name\":\"Ubiquiti AirFiber 5X AF5XHD 6.2GHz 1+ Gbps - Aivlisoft Inform\u00e1tica\",\"isPartOf\":{\"@id\":\"https:\/\/aivlisoft.net\/shop\/#website\"},\"primaryImageOfPage\":{\"@id\":\"https:\/\/aivlisoft.net\/shop\/producto\/ubiquiti-airfiber-5x-af5xhd-6-2ghz-1-gbps\/#primaryimage\"},\"image\":{\"@id\":\"https:\/\/aivlisoft.net\/shop\/producto\/ubiquiti-airfiber-5x-af5xhd-6-2ghz-1-gbps\/#primaryimage\"},\"thumbnailUrl\":\"https:\/\/aivlisoft.net\/shop\/wp-content\/uploads\/2025\/01\/NSWPAC0341_800.jpg\",\"datePublished\":\"2025-01-13T15:33:45+00:00\",\"dateModified\":\"2025-01-14T11:45:53+00:00\",\"breadcrumb\":{\"@id\":\"https:\/\/aivlisoft.net\/shop\/producto\/ubiquiti-airfiber-5x-af5xhd-6-2ghz-1-gbps\/#breadcrumb\"},\"inLanguage\":\"es\",\"potentialAction\":[{\"@type\":\"ReadAction\",\"target\":[\"https:\/\/aivlisoft.net\/shop\/producto\/ubiquiti-airfiber-5x-af5xhd-6-2ghz-1-gbps\/\"]}]},{\"@type\":\"ImageObject\",\"inLanguage\":\"es\",\"@id\":\"https:\/\/aivlisoft.net\/shop\/producto\/ubiquiti-airfiber-5x-af5xhd-6-2ghz-1-gbps\/#primaryimage\",\"url\":\"https:\/\/aivlisoft.net\/shop\/wp-content\/uploads\/2025\/01\/NSWPAC0341_800.jpg\",\"contentUrl\":\"https:\/\/aivlisoft.net\/shop\/wp-content\/uploads\/2025\/01\/NSWPAC0341_800.jpg\",\"width\":800,\"height\":800},{\"@type\":\"BreadcrumbList\",\"@id\":\"https:\/\/aivlisoft.net\/shop\/producto\/ubiquiti-airfiber-5x-af5xhd-6-2ghz-1-gbps\/#breadcrumb\",\"itemListElement\":[{\"@type\":\"ListItem\",\"position\":1,\"name\":\"Portada\",\"item\":\"https:\/\/aivlisoft.net\/shop\/\"},{\"@type\":\"ListItem\",\"position\":2,\"name\":\"Tienda\",\"item\":\"https:\/\/aivlisoft.net\/shop\/tienda\/\"},{\"@type\":\"ListItem\",\"position\":3,\"name\":\"Ubiquiti AirFiber 5X AF5XHD 6.2GHz 1+ Gbps\"}]},{\"@type\":\"WebSite\",\"@id\":\"https:\/\/aivlisoft.net\/shop\/#website\",\"url\":\"https:\/\/aivlisoft.net\/shop\/\",\"name\":\"Aivlisoft Inform\u00e1tica\",\"description\":\"En Aivlisoft Inform\u00e1tica ofrecemos soluciones tecnol\u00f3gicas para empresas: venta de ordenadores, consumibles, perif\u00e9ricos y m\u00e1s. Calidad, atenci\u00f3n personalizada y los mejores precios para tu negocio.\",\"publisher\":{\"@id\":\"https:\/\/aivlisoft.net\/shop\/#organization\"},\"potentialAction\":[{\"@type\":\"SearchAction\",\"target\":{\"@type\":\"EntryPoint\",\"urlTemplate\":\"https:\/\/aivlisoft.net\/shop\/?s={search_term_string}\"},\"query-input\":{\"@type\":\"PropertyValueSpecification\",\"valueRequired\":true,\"valueName\":\"search_term_string\"}}],\"inLanguage\":\"es\"},{\"@type\":\"Organization\",\"@id\":\"https:\/\/aivlisoft.net\/shop\/#organization\",\"name\":\"Aivlisoft Inform\u00e1tica\",\"url\":\"https:\/\/aivlisoft.net\/shop\/\",\"logo\":{\"@type\":\"ImageObject\",\"inLanguage\":\"es\",\"@id\":\"https:\/\/aivlisoft.net\/shop\/#\/schema\/logo\/image\/\",\"url\":\"https:\/\/aivlisoft.net\/shop\/wp-content\/uploads\/2024\/12\/removal.ai_5b848c54-0cdf-4140-95c5-c5536bb7573b-logodef.png\",\"contentUrl\":\"https:\/\/aivlisoft.net\/shop\/wp-content\/uploads\/2024\/12\/removal.ai_5b848c54-0cdf-4140-95c5-c5536bb7573b-logodef.png\",\"width\":484,\"height\":182,\"caption\":\"Aivlisoft Inform\u00e1tica\"},\"image\":{\"@id\":\"https:\/\/aivlisoft.net\/shop\/#\/schema\/logo\/image\/\"}}]}<\/script>\n<!-- \/ Yoast SEO plugin. -->","yoast_head_json":{"title":"Ubiquiti AirFiber 5X AF5XHD 6.2GHz 1+ Gbps - Aivlisoft Inform\u00e1tica","robots":{"index":"index","follow":"follow","max-snippet":"max-snippet:-1","max-image-preview":"max-image-preview:large","max-video-preview":"max-video-preview:-1"},"canonical":"https:\/\/aivlisoft.net\/shop\/producto\/ubiquiti-airfiber-5x-af5xhd-6-2ghz-1-gbps\/","og_locale":"es_ES","og_type":"article","og_title":"Ubiquiti AirFiber 5X AF5XHD 6.2GHz 1+ Gbps - Aivlisoft Inform\u00e1tica","og_description":"El AF-5XHD ofrece las siguientes caracter&iacute;sticas avanzadas &#8211; Potencia de transmisi&oacute;n programableEl nivel de potencia de transmisi&oacute;n de la radio se puede programar.&#8211; Ciclo de servicio programable (marcos sincronizados con GPS)El AF-5XHD permite la configuraci&oacute;n de ciclos asim&eacute;tricos de servicio TX y RX. Las proporciones de TX incluyen 25%, 33%, 50%, 66.7% y 75%.&#8211; Sincronizaci&oacute;n&hellip;&nbsp;Ubiquiti AirFiber 5X AF5XHD 6.2GHz 1+ Gbps","og_url":"https:\/\/aivlisoft.net\/shop\/producto\/ubiquiti-airfiber-5x-af5xhd-6-2ghz-1-gbps\/","og_site_name":"Aivlisoft Inform\u00e1tica","article_modified_time":"2025-01-14T11:45:53+00:00","og_image":[{"width":800,"height":800,"url":"https:\/\/aivlisoft.net\/shop\/wp-content\/uploads\/2025\/01\/NSWPAC0341_800.jpg","type":"image\/jpeg"}],"twitter_card":"summary_large_image","twitter_misc":{"Tiempo de lectura":"3 minutos"},"schema":{"@context":"https:\/\/schema.org","@graph":[{"@type":"WebPage","@id":"https:\/\/aivlisoft.net\/shop\/producto\/ubiquiti-airfiber-5x-af5xhd-6-2ghz-1-gbps\/","url":"https:\/\/aivlisoft.net\/shop\/producto\/ubiquiti-airfiber-5x-af5xhd-6-2ghz-1-gbps\/","name":"Ubiquiti AirFiber 5X AF5XHD 6.2GHz 1+ Gbps - Aivlisoft Inform\u00e1tica","isPartOf":{"@id":"https:\/\/aivlisoft.net\/shop\/#website"},"primaryImageOfPage":{"@id":"https:\/\/aivlisoft.net\/shop\/producto\/ubiquiti-airfiber-5x-af5xhd-6-2ghz-1-gbps\/#primaryimage"},"image":{"@id":"https:\/\/aivlisoft.net\/shop\/producto\/ubiquiti-airfiber-5x-af5xhd-6-2ghz-1-gbps\/#primaryimage"},"thumbnailUrl":"https:\/\/aivlisoft.net\/shop\/wp-content\/uploads\/2025\/01\/NSWPAC0341_800.jpg","datePublished":"2025-01-13T15:33:45+00:00","dateModified":"2025-01-14T11:45:53+00:00","breadcrumb":{"@id":"https:\/\/aivlisoft.net\/shop\/producto\/ubiquiti-airfiber-5x-af5xhd-6-2ghz-1-gbps\/#breadcrumb"},"inLanguage":"es","potentialAction":[{"@type":"ReadAction","target":["https:\/\/aivlisoft.net\/shop\/producto\/ubiquiti-airfiber-5x-af5xhd-6-2ghz-1-gbps\/"]}]},{"@type":"ImageObject","inLanguage":"es","@id":"https:\/\/aivlisoft.net\/shop\/producto\/ubiquiti-airfiber-5x-af5xhd-6-2ghz-1-gbps\/#primaryimage","url":"https:\/\/aivlisoft.net\/shop\/wp-content\/uploads\/2025\/01\/NSWPAC0341_800.jpg","contentUrl":"https:\/\/aivlisoft.net\/shop\/wp-content\/uploads\/2025\/01\/NSWPAC0341_800.jpg","width":800,"height":800},{"@type":"BreadcrumbList","@id":"https:\/\/aivlisoft.net\/shop\/producto\/ubiquiti-airfiber-5x-af5xhd-6-2ghz-1-gbps\/#breadcrumb","itemListElement":[{"@type":"ListItem","position":1,"name":"Portada","item":"https:\/\/aivlisoft.net\/shop\/"},{"@type":"ListItem","position":2,"name":"Tienda","item":"https:\/\/aivlisoft.net\/shop\/tienda\/"},{"@type":"ListItem","position":3,"name":"Ubiquiti AirFiber 5X AF5XHD 6.2GHz 1+ Gbps"}]},{"@type":"WebSite","@id":"https:\/\/aivlisoft.net\/shop\/#website","url":"https:\/\/aivlisoft.net\/shop\/","name":"Aivlisoft Inform\u00e1tica","description":"En Aivlisoft Inform\u00e1tica ofrecemos soluciones tecnol\u00f3gicas para empresas: venta de ordenadores, consumibles, perif\u00e9ricos y m\u00e1s. Calidad, atenci\u00f3n personalizada y los mejores precios para tu negocio.","publisher":{"@id":"https:\/\/aivlisoft.net\/shop\/#organization"},"potentialAction":[{"@type":"SearchAction","target":{"@type":"EntryPoint","urlTemplate":"https:\/\/aivlisoft.net\/shop\/?s={search_term_string}"},"query-input":{"@type":"PropertyValueSpecification","valueRequired":true,"valueName":"search_term_string"}}],"inLanguage":"es"},{"@type":"Organization","@id":"https:\/\/aivlisoft.net\/shop\/#organization","name":"Aivlisoft Inform\u00e1tica","url":"https:\/\/aivlisoft.net\/shop\/","logo":{"@type":"ImageObject","inLanguage":"es","@id":"https:\/\/aivlisoft.net\/shop\/#\/schema\/logo\/image\/","url":"https:\/\/aivlisoft.net\/shop\/wp-content\/uploads\/2024\/12\/removal.ai_5b848c54-0cdf-4140-95c5-c5536bb7573b-logodef.png","contentUrl":"https:\/\/aivlisoft.net\/shop\/wp-content\/uploads\/2024\/12\/removal.ai_5b848c54-0cdf-4140-95c5-c5536bb7573b-logodef.png","width":484,"height":182,"caption":"Aivlisoft Inform\u00e1tica"},"image":{"@id":"https:\/\/aivlisoft.net\/shop\/#\/schema\/logo\/image\/"}}]}},"_links":{"self":[{"href":"https:\/\/aivlisoft.net\/shop\/wp-json\/wp\/v2\/product\/19544","targetHints":{"allow":["GET"]}}],"collection":[{"href":"https:\/\/aivlisoft.net\/shop\/wp-json\/wp\/v2\/product"}],"about":[{"href":"https:\/\/aivlisoft.net\/shop\/wp-json\/wp\/v2\/types\/product"}],"wp:featuredmedia":[{"embeddable":true,"href":"https:\/\/aivlisoft.net\/shop\/wp-json\/wp\/v2\/media\/19545"}],"wp:attachment":[{"href":"https:\/\/aivlisoft.net\/shop\/wp-json\/wp\/v2\/media?parent=19544"}],"wp:term":[{"taxonomy":"product_brand","embeddable":true,"href":"https:\/\/aivlisoft.net\/shop\/wp-json\/wp\/v2\/product_brand?post=19544"},{"taxonomy":"product_cat","embeddable":true,"href":"https:\/\/aivlisoft.net\/shop\/wp-json\/wp\/v2\/product_cat?post=19544"},{"taxonomy":"product_tag","embeddable":true,"href":"https:\/\/aivlisoft.net\/shop\/wp-json\/wp\/v2\/product_tag?post=19544"}],"curies":[{"name":"wp","href":"https:\/\/api.w.org\/{rel}","templated":true}]}}