{"id":19394,"date":"2025-01-13T15:32:07","date_gmt":"2025-01-13T15:32:07","guid":{"rendered":"https:\/\/aivlisoft.com\/?post_type=product&#038;p=19394"},"modified":"2025-01-14T11:44:57","modified_gmt":"2025-01-14T11:44:57","slug":"ubiquiti-unifi-uap-ac-lite-dual-band-poe","status":"publish","type":"product","link":"https:\/\/aivlisoft.net\/shop\/producto\/ubiquiti-unifi-uap-ac-lite-dual-band-poe\/","title":{"rendered":"Ubiquiti UniFi UAP-AC-LITE Dual Band PoE"},"content":{"rendered":"<div>\n<div>El UniFi AC Lite AP cuenta con la &uacute;ltima tecnolog&iacute;a 802.11ac Wi-Fi con un dise&ntilde;o industrial refinado ideal para despliegues rentables de redes inal&aacute;mbricas de alto rendimiento.<\/div>\n<div><strong>Dual-Radio con velocidades Gigabit<\/strong><br \/>El Unifi AC Lite AP ofrece un rendimiento 5 veces mayor que el de la primera generaci&oacute;n de Unifi AP.<\/div>\n<div><strong>Dise&ntilde;o elegante y ultra-compacto<\/strong><br \/>El UniFi AC Lite AP tiene un dise&ntilde;o m&aacute;s limpio en un espacio reducido, ocupando la mitad de tama&ntilde;o comparado con el UniFi AP est&aacute;ndar.<\/div>\n<div><strong>Dise&ntilde;ado para un rendimiento &oacute;ptimo de RF<\/strong><br \/>El nuevo controlador UniFi esta especialmente dise&ntilde;ado para un optimo rendimiento de RF.<\/div>\n<div><strong>Escalable y con gestion WiFi<\/strong><br \/>El software UniFi Controller v4 es ideal para implementaciones de alta densidad de clientes que requieren baja latencia y alto rendimiento. Permite una escalabilidad ilimitada bajo un controlador &uacute;nico con acceso remoto.<\/div>\n<\/div>\n<p><\/p>\n<table class=\"tabla_caracteristicas\" width=\"100%\">\n<tbody>\n<tr>\n<td><strong>Marca<\/strong><\/td>\n<td>Ubiquiti<\/td>\n<\/tr>\n<tr>\n<td><strong>Modelo<\/strong><\/td>\n<td><strong>UAP-AC-LITE<\/strong><\/td>\n<\/tr>\n<tr>\n<td valign=\"top\"><strong>Interfaces<\/strong><\/td>\n<td>&#8211; 1 x 10\/100\/1000 Puertos ethernet<\/td>\n<\/tr>\n<tr>\n<td valign=\"top\"><strong>Standards<\/strong><\/td>\n<td>&#8211; 802.11 a\/b\/g\/n\/ac<\/td>\n<\/tr>\n<tr>\n<td valign=\"top\"><strong>Especificaciones<\/strong><\/td>\n<td>\n<div>&#8211; Dimensiones: 160 x 160 x 31.45 mm<br \/>\t\t\t&#8211; Peso: 508 g (566g con kit de montaje)<br \/>\t\t\t&#8211; Botones: Reset<br \/>\t\t\t&#8211; M&eacute;todo de alimentaci&oacute;n: PoE (48V),<\/div>\n<div>&nbsp; (Pares 4, 5+; 7, 8 Retorno)<br \/>\t\t\t&#8211; Fuente de alimentaci&oacute;n:<\/div>\n<div>&nbsp; 24V, 0.5A, PoE Gigabit Adaptador incluido<br \/>\t\t\t&#8211; Consumo m&aacute;x: 6.5W<br \/>\t\t\t&#8211; BSSID: Hasta 4 por radio<br \/>\t\t\t&#8211; Power Save: Soportado<br \/>\t\t\t&#8211; Seguridad Wireless: WEP, WPA-PSK,<\/div>\n<div>&nbsp; WPA-TKIP, WPA2 AES, 802.11i<br \/>\t\t\t&#8211; Certificaciones: CE, FCC, IC<br \/>\t\t\t&#8211; Montaje: Techo\/Pared (Kits Incluidos)<br \/>\t\t\t&#8211; Temperatura de operaci&oacute;n: -10 a 55&deg;C<br \/>\t\t\t&#8211; Humedad de operaci&oacute;n: 5 &#8211; 80% Condensaci&oacute;n<\/div>\n<\/td>\n<\/tr>\n<tr>\n<td valign=\"top\"><strong>Otras caracter&iacute;sticas<\/strong><\/td>\n<td>\n<div><strong>Antenas<\/strong><\/div>\n<div>&#8211; Dual band<br \/>\t\t\t&#8211; 2.4 GHz: 3 dBi<br \/>\t\t\t&#8211; 5 GHz: 3 dBi<br \/>\t\t\t<strong>Max TX Power<\/strong><br \/>\t\t\t&#8211; 2.4 GHz: 20 dBm<br \/>\t\t\t&#8211; 5 Ghz: 20 dBm<br \/>\t\t\t<strong>Gesti&oacute;n de tr&aacute;fico avanzada<\/strong><br \/>\t\t\t&#8211; VLAN: 802.1Q<br \/>\t\t\t&#8211; QoS avanzado: Limitaci&oacute;n de velocidad por usuario<br \/>\t\t\t&#8211; Aislamiento de tr&aacute;fico de invitados: Soportado<br \/>\t\t\t&#8211; WMM: Voice, Video, Best Effort, and Background<br \/>\t\t\t&#8211; Concurrent Clients: 200+<br \/>\t\t\t<strong>Velocidad de datos compatible (Mbps)<\/strong><\/div>\n<div>&#8211; 802.11a: 6, 9, 12, 18, 24, 36, 48, 54 Mbps<br \/>\t\t\t&#8211; 802.11n: 6.5 Mbps to 300 Mbps<\/div>\n<div>&nbsp; (MCS0 &#8211; MCS15, HT 20\/40)<br \/>\t\t\t&#8211; 802.11b: 1, 2, 5.5, 11 Mbps<br \/>\t\t\t&#8211; 802.11g: 6, 9, 12, 18, 24, 36, 48, 54 Mbps<\/div>\n<\/td>\n<\/tr>\n<tr>\n<td valign=\"top\"><strong>Folleto t&eacute;cnico<\/strong><\/td>\n<td><a href=\"https:\/\/dl.ubnt.com\/datasheets\/unifi\/UniFi_AC_APs_DS.pdf\" target=\"_blank\">https:\/\/dl.ubnt.com\/datasheets\/unifi\/UniFi_AC_APs_DS.pdf<\/a><\/td>\n<\/tr>\n<tr>\n<td valign=\"top\"><strong>Gu&iacute;a de instalaci&oacute;n<\/strong><\/td>\n<td><a href=\"https:\/\/dl.ubnt.com\/guides\/UniFi\/UniFi_AP-AC-Lite_QSG.pdf\" target=\"_blank\">https:\/\/dl.ubnt.com\/guides\/UniFi\/UniFi_AP-AC-Lite_QSG.pdf<\/a><\/td>\n<\/tr>\n<tr>\n<td><strong>Fecha Revisi&oacute;n<\/strong><\/td>\n<td>04-02-2016 por MSB<\/td>\n<\/tr>\n<\/tbody>\n<\/table>\n","protected":false},"excerpt":{"rendered":"<p>El UniFi AC Lite AP cuenta con la &uacute;ltima tecnolog&iacute;a 802.11ac Wi-Fi con un dise&ntilde;o industrial refinado ideal para despliegues rentables de redes inal&aacute;mbricas de alto rendimiento. Dual-Radio con velocidades GigabitEl Unifi AC Lite AP ofrece un rendimiento 5 veces mayor que el de la primera generaci&oacute;n de Unifi AP. Dise&ntilde;o elegante y ultra-compactoEl UniFi&hellip;&nbsp;<a href=\"https:\/\/aivlisoft.net\/shop\/producto\/ubiquiti-unifi-uap-ac-lite-dual-band-poe\/\" rel=\"bookmark\"><span class=\"screen-reader-text\">Ubiquiti UniFi UAP-AC-LITE Dual Band PoE<\/span><\/a><\/p>\n","protected":false},"featured_media":19395,"template":"","meta":{"neve_meta_sidebar":"","neve_meta_container":"","neve_meta_enable_content_width":"","neve_meta_content_width":0,"neve_meta_title_alignment":"","neve_meta_author_avatar":"","neve_post_elements_order":"","neve_meta_disable_header":"","neve_meta_disable_footer":"","neve_meta_disable_title":""},"product_brand":[],"product_cat":[8770],"product_tag":[7010],"class_list":{"0":"post-19394","1":"product","2":"type-product","3":"status-publish","4":"has-post-thumbnail","6":"product_cat-puntos-de-acceso","7":"product_tag-uap-ac-lite","9":"first","10":"instock","11":"taxable","12":"shipping-taxable","13":"purchasable","14":"product-type-simple"},"yoast_head":"<!-- This site is optimized with the Yoast SEO plugin v26.0 - https:\/\/yoast.com\/wordpress\/plugins\/seo\/ -->\n<title>Ubiquiti UniFi UAP-AC-LITE Dual Band PoE - Aivlisoft Inform\u00e1tica<\/title>\n<meta name=\"robots\" content=\"index, follow, max-snippet:-1, max-image-preview:large, max-video-preview:-1\" \/>\n<link rel=\"canonical\" href=\"https:\/\/aivlisoft.net\/shop\/producto\/ubiquiti-unifi-uap-ac-lite-dual-band-poe\/\" \/>\n<meta property=\"og:locale\" content=\"es_ES\" \/>\n<meta property=\"og:type\" content=\"article\" \/>\n<meta property=\"og:title\" content=\"Ubiquiti UniFi UAP-AC-LITE Dual Band PoE - Aivlisoft Inform\u00e1tica\" \/>\n<meta property=\"og:description\" content=\"El UniFi AC Lite AP cuenta con la &uacute;ltima tecnolog&iacute;a 802.11ac Wi-Fi con un dise&ntilde;o industrial refinado ideal para despliegues rentables de redes inal&aacute;mbricas de alto rendimiento. Dual-Radio con velocidades GigabitEl Unifi AC Lite AP ofrece un rendimiento 5 veces mayor que el de la primera generaci&oacute;n de Unifi AP. Dise&ntilde;o elegante y ultra-compactoEl UniFi&hellip;&nbsp;Ubiquiti UniFi UAP-AC-LITE Dual Band PoE\" \/>\n<meta property=\"og:url\" content=\"https:\/\/aivlisoft.net\/shop\/producto\/ubiquiti-unifi-uap-ac-lite-dual-band-poe\/\" \/>\n<meta property=\"og:site_name\" content=\"Aivlisoft Inform\u00e1tica\" \/>\n<meta property=\"article:modified_time\" content=\"2025-01-14T11:44:57+00:00\" \/>\n<meta property=\"og:image\" content=\"https:\/\/aivlisoft.net\/shop\/wp-content\/uploads\/2025\/01\/NSWPAC0186_large.jpg\" \/>\n\t<meta property=\"og:image:width\" content=\"400\" \/>\n\t<meta property=\"og:image:height\" content=\"400\" \/>\n\t<meta property=\"og:image:type\" content=\"image\/jpeg\" \/>\n<meta name=\"twitter:card\" content=\"summary_large_image\" \/>\n<meta name=\"twitter:label1\" content=\"Tiempo de lectura\" \/>\n\t<meta name=\"twitter:data1\" content=\"2 minutos\" \/>\n<script type=\"application\/ld+json\" class=\"yoast-schema-graph\">{\"@context\":\"https:\/\/schema.org\",\"@graph\":[{\"@type\":\"WebPage\",\"@id\":\"https:\/\/aivlisoft.net\/shop\/producto\/ubiquiti-unifi-uap-ac-lite-dual-band-poe\/\",\"url\":\"https:\/\/aivlisoft.net\/shop\/producto\/ubiquiti-unifi-uap-ac-lite-dual-band-poe\/\",\"name\":\"Ubiquiti UniFi UAP-AC-LITE Dual Band PoE - Aivlisoft Inform\u00e1tica\",\"isPartOf\":{\"@id\":\"https:\/\/aivlisoft.net\/shop\/#website\"},\"primaryImageOfPage\":{\"@id\":\"https:\/\/aivlisoft.net\/shop\/producto\/ubiquiti-unifi-uap-ac-lite-dual-band-poe\/#primaryimage\"},\"image\":{\"@id\":\"https:\/\/aivlisoft.net\/shop\/producto\/ubiquiti-unifi-uap-ac-lite-dual-band-poe\/#primaryimage\"},\"thumbnailUrl\":\"https:\/\/aivlisoft.net\/shop\/wp-content\/uploads\/2025\/01\/NSWPAC0186_large.jpg\",\"datePublished\":\"2025-01-13T15:32:07+00:00\",\"dateModified\":\"2025-01-14T11:44:57+00:00\",\"breadcrumb\":{\"@id\":\"https:\/\/aivlisoft.net\/shop\/producto\/ubiquiti-unifi-uap-ac-lite-dual-band-poe\/#breadcrumb\"},\"inLanguage\":\"es\",\"potentialAction\":[{\"@type\":\"ReadAction\",\"target\":[\"https:\/\/aivlisoft.net\/shop\/producto\/ubiquiti-unifi-uap-ac-lite-dual-band-poe\/\"]}]},{\"@type\":\"ImageObject\",\"inLanguage\":\"es\",\"@id\":\"https:\/\/aivlisoft.net\/shop\/producto\/ubiquiti-unifi-uap-ac-lite-dual-band-poe\/#primaryimage\",\"url\":\"https:\/\/aivlisoft.net\/shop\/wp-content\/uploads\/2025\/01\/NSWPAC0186_large.jpg\",\"contentUrl\":\"https:\/\/aivlisoft.net\/shop\/wp-content\/uploads\/2025\/01\/NSWPAC0186_large.jpg\",\"width\":400,\"height\":400},{\"@type\":\"BreadcrumbList\",\"@id\":\"https:\/\/aivlisoft.net\/shop\/producto\/ubiquiti-unifi-uap-ac-lite-dual-band-poe\/#breadcrumb\",\"itemListElement\":[{\"@type\":\"ListItem\",\"position\":1,\"name\":\"Portada\",\"item\":\"https:\/\/aivlisoft.net\/shop\/\"},{\"@type\":\"ListItem\",\"position\":2,\"name\":\"Tienda\",\"item\":\"https:\/\/aivlisoft.net\/shop\/tienda\/\"},{\"@type\":\"ListItem\",\"position\":3,\"name\":\"Ubiquiti UniFi UAP-AC-LITE Dual Band PoE\"}]},{\"@type\":\"WebSite\",\"@id\":\"https:\/\/aivlisoft.net\/shop\/#website\",\"url\":\"https:\/\/aivlisoft.net\/shop\/\",\"name\":\"Aivlisoft Inform\u00e1tica\",\"description\":\"En Aivlisoft Inform\u00e1tica ofrecemos soluciones tecnol\u00f3gicas para empresas: venta de ordenadores, consumibles, perif\u00e9ricos y m\u00e1s. Calidad, atenci\u00f3n personalizada y los mejores precios para tu negocio.\",\"publisher\":{\"@id\":\"https:\/\/aivlisoft.net\/shop\/#organization\"},\"potentialAction\":[{\"@type\":\"SearchAction\",\"target\":{\"@type\":\"EntryPoint\",\"urlTemplate\":\"https:\/\/aivlisoft.net\/shop\/?s={search_term_string}\"},\"query-input\":{\"@type\":\"PropertyValueSpecification\",\"valueRequired\":true,\"valueName\":\"search_term_string\"}}],\"inLanguage\":\"es\"},{\"@type\":\"Organization\",\"@id\":\"https:\/\/aivlisoft.net\/shop\/#organization\",\"name\":\"Aivlisoft Inform\u00e1tica\",\"url\":\"https:\/\/aivlisoft.net\/shop\/\",\"logo\":{\"@type\":\"ImageObject\",\"inLanguage\":\"es\",\"@id\":\"https:\/\/aivlisoft.net\/shop\/#\/schema\/logo\/image\/\",\"url\":\"https:\/\/aivlisoft.net\/shop\/wp-content\/uploads\/2024\/12\/removal.ai_5b848c54-0cdf-4140-95c5-c5536bb7573b-logodef.png\",\"contentUrl\":\"https:\/\/aivlisoft.net\/shop\/wp-content\/uploads\/2024\/12\/removal.ai_5b848c54-0cdf-4140-95c5-c5536bb7573b-logodef.png\",\"width\":484,\"height\":182,\"caption\":\"Aivlisoft Inform\u00e1tica\"},\"image\":{\"@id\":\"https:\/\/aivlisoft.net\/shop\/#\/schema\/logo\/image\/\"}}]}<\/script>\n<!-- \/ Yoast SEO plugin. -->","yoast_head_json":{"title":"Ubiquiti UniFi UAP-AC-LITE Dual Band PoE - Aivlisoft Inform\u00e1tica","robots":{"index":"index","follow":"follow","max-snippet":"max-snippet:-1","max-image-preview":"max-image-preview:large","max-video-preview":"max-video-preview:-1"},"canonical":"https:\/\/aivlisoft.net\/shop\/producto\/ubiquiti-unifi-uap-ac-lite-dual-band-poe\/","og_locale":"es_ES","og_type":"article","og_title":"Ubiquiti UniFi UAP-AC-LITE Dual Band PoE - Aivlisoft Inform\u00e1tica","og_description":"El UniFi AC Lite AP cuenta con la &uacute;ltima tecnolog&iacute;a 802.11ac Wi-Fi con un dise&ntilde;o industrial refinado ideal para despliegues rentables de redes inal&aacute;mbricas de alto rendimiento. Dual-Radio con velocidades GigabitEl Unifi AC Lite AP ofrece un rendimiento 5 veces mayor que el de la primera generaci&oacute;n de Unifi AP. Dise&ntilde;o elegante y ultra-compactoEl UniFi&hellip;&nbsp;Ubiquiti UniFi UAP-AC-LITE Dual Band PoE","og_url":"https:\/\/aivlisoft.net\/shop\/producto\/ubiquiti-unifi-uap-ac-lite-dual-band-poe\/","og_site_name":"Aivlisoft Inform\u00e1tica","article_modified_time":"2025-01-14T11:44:57+00:00","og_image":[{"width":400,"height":400,"url":"https:\/\/aivlisoft.net\/shop\/wp-content\/uploads\/2025\/01\/NSWPAC0186_large.jpg","type":"image\/jpeg"}],"twitter_card":"summary_large_image","twitter_misc":{"Tiempo de lectura":"2 minutos"},"schema":{"@context":"https:\/\/schema.org","@graph":[{"@type":"WebPage","@id":"https:\/\/aivlisoft.net\/shop\/producto\/ubiquiti-unifi-uap-ac-lite-dual-band-poe\/","url":"https:\/\/aivlisoft.net\/shop\/producto\/ubiquiti-unifi-uap-ac-lite-dual-band-poe\/","name":"Ubiquiti UniFi UAP-AC-LITE Dual Band PoE - Aivlisoft Inform\u00e1tica","isPartOf":{"@id":"https:\/\/aivlisoft.net\/shop\/#website"},"primaryImageOfPage":{"@id":"https:\/\/aivlisoft.net\/shop\/producto\/ubiquiti-unifi-uap-ac-lite-dual-band-poe\/#primaryimage"},"image":{"@id":"https:\/\/aivlisoft.net\/shop\/producto\/ubiquiti-unifi-uap-ac-lite-dual-band-poe\/#primaryimage"},"thumbnailUrl":"https:\/\/aivlisoft.net\/shop\/wp-content\/uploads\/2025\/01\/NSWPAC0186_large.jpg","datePublished":"2025-01-13T15:32:07+00:00","dateModified":"2025-01-14T11:44:57+00:00","breadcrumb":{"@id":"https:\/\/aivlisoft.net\/shop\/producto\/ubiquiti-unifi-uap-ac-lite-dual-band-poe\/#breadcrumb"},"inLanguage":"es","potentialAction":[{"@type":"ReadAction","target":["https:\/\/aivlisoft.net\/shop\/producto\/ubiquiti-unifi-uap-ac-lite-dual-band-poe\/"]}]},{"@type":"ImageObject","inLanguage":"es","@id":"https:\/\/aivlisoft.net\/shop\/producto\/ubiquiti-unifi-uap-ac-lite-dual-band-poe\/#primaryimage","url":"https:\/\/aivlisoft.net\/shop\/wp-content\/uploads\/2025\/01\/NSWPAC0186_large.jpg","contentUrl":"https:\/\/aivlisoft.net\/shop\/wp-content\/uploads\/2025\/01\/NSWPAC0186_large.jpg","width":400,"height":400},{"@type":"BreadcrumbList","@id":"https:\/\/aivlisoft.net\/shop\/producto\/ubiquiti-unifi-uap-ac-lite-dual-band-poe\/#breadcrumb","itemListElement":[{"@type":"ListItem","position":1,"name":"Portada","item":"https:\/\/aivlisoft.net\/shop\/"},{"@type":"ListItem","position":2,"name":"Tienda","item":"https:\/\/aivlisoft.net\/shop\/tienda\/"},{"@type":"ListItem","position":3,"name":"Ubiquiti UniFi UAP-AC-LITE Dual Band PoE"}]},{"@type":"WebSite","@id":"https:\/\/aivlisoft.net\/shop\/#website","url":"https:\/\/aivlisoft.net\/shop\/","name":"Aivlisoft Inform\u00e1tica","description":"En Aivlisoft Inform\u00e1tica ofrecemos soluciones tecnol\u00f3gicas para empresas: venta de ordenadores, consumibles, perif\u00e9ricos y m\u00e1s. Calidad, atenci\u00f3n personalizada y los mejores precios para tu negocio.","publisher":{"@id":"https:\/\/aivlisoft.net\/shop\/#organization"},"potentialAction":[{"@type":"SearchAction","target":{"@type":"EntryPoint","urlTemplate":"https:\/\/aivlisoft.net\/shop\/?s={search_term_string}"},"query-input":{"@type":"PropertyValueSpecification","valueRequired":true,"valueName":"search_term_string"}}],"inLanguage":"es"},{"@type":"Organization","@id":"https:\/\/aivlisoft.net\/shop\/#organization","name":"Aivlisoft Inform\u00e1tica","url":"https:\/\/aivlisoft.net\/shop\/","logo":{"@type":"ImageObject","inLanguage":"es","@id":"https:\/\/aivlisoft.net\/shop\/#\/schema\/logo\/image\/","url":"https:\/\/aivlisoft.net\/shop\/wp-content\/uploads\/2024\/12\/removal.ai_5b848c54-0cdf-4140-95c5-c5536bb7573b-logodef.png","contentUrl":"https:\/\/aivlisoft.net\/shop\/wp-content\/uploads\/2024\/12\/removal.ai_5b848c54-0cdf-4140-95c5-c5536bb7573b-logodef.png","width":484,"height":182,"caption":"Aivlisoft Inform\u00e1tica"},"image":{"@id":"https:\/\/aivlisoft.net\/shop\/#\/schema\/logo\/image\/"}}]}},"_links":{"self":[{"href":"https:\/\/aivlisoft.net\/shop\/wp-json\/wp\/v2\/product\/19394","targetHints":{"allow":["GET"]}}],"collection":[{"href":"https:\/\/aivlisoft.net\/shop\/wp-json\/wp\/v2\/product"}],"about":[{"href":"https:\/\/aivlisoft.net\/shop\/wp-json\/wp\/v2\/types\/product"}],"wp:featuredmedia":[{"embeddable":true,"href":"https:\/\/aivlisoft.net\/shop\/wp-json\/wp\/v2\/media\/19395"}],"wp:attachment":[{"href":"https:\/\/aivlisoft.net\/shop\/wp-json\/wp\/v2\/media?parent=19394"}],"wp:term":[{"taxonomy":"product_brand","embeddable":true,"href":"https:\/\/aivlisoft.net\/shop\/wp-json\/wp\/v2\/product_brand?post=19394"},{"taxonomy":"product_cat","embeddable":true,"href":"https:\/\/aivlisoft.net\/shop\/wp-json\/wp\/v2\/product_cat?post=19394"},{"taxonomy":"product_tag","embeddable":true,"href":"https:\/\/aivlisoft.net\/shop\/wp-json\/wp\/v2\/product_tag?post=19394"}],"curies":[{"name":"wp","href":"https:\/\/api.w.org\/{rel}","templated":true}]}}