{"id":19387,"date":"2025-01-13T15:32:01","date_gmt":"2025-01-13T15:32:01","guid":{"rendered":"https:\/\/aivlisoft.com\/?post_type=product&#038;p=19387"},"modified":"2025-01-14T11:44:53","modified_gmt":"2025-01-14T11:44:53","slug":"tp-link-re450-repetidor-wifi-dual-ac1750","status":"publish","type":"product","link":"https:\/\/aivlisoft.net\/shop\/producto\/tp-link-re450-repetidor-wifi-dual-ac1750\/","title":{"rendered":"TP-LINK RE450 Repetidor WiFi Dual AC1750"},"content":{"rendered":"<p>&#8211; Expande la red Wi-Fi para un m&aacute;ximo rendimiento<br \/>&#8211; Velocidades de 450Mbps en 2.4GHz y 1300Mbps en 5GHz llegando a alcanzar a velocidades Wi-Fi&nbsp; de hasta 1750Mbps<br \/>&#8211; Tres antenas externas ajustables que proporcionan conexiones Wi-Fi &oacute;ptimas de cobertura y fiabilidad<br \/>&#8211; Puerto Ethernet Gigabit que act&uacute;a como un adaptador inal&aacute;mbrico para conectar un dispositivo a su red a velocidad gigabit<br \/>&#8211; La luz de se&ntilde;al inteligente ayuda a encontrar la mejor ubicaci&oacute;n de cobertura Wi-Fi &oacute;ptima al mostrar la fuerza de la se&ntilde;al<br \/>&#8211; Funciona con cualquier router Wi-Fi o punto de acceso inal&aacute;mbrico<\/p>\n<div>&nbsp;<\/div>\n<table class=\"tabla_caracteristicas\" width=\"100%\">\n<tr>\n<td valign=\"top\"><strong>Marca<\/strong><\/td>\n<td>TP-Link<\/td>\n<\/tr>\n<tr>\n<td valign=\"top\"><strong>Modelo<\/strong><\/td>\n<td><strong>RE450<\/strong><\/td>\n<\/tr>\n<tr>\n<td valign=\"top\"><strong>Caracter&iacute;sticas<\/strong><\/td>\n<td>\n<div>&#8211; Tipo de Enchufe: EU, UK, US<br \/>\t\t\t&#8211; Est&aacute;ndares y Protocolos: IEEE802.11ac,<\/div>\n<div>&nbsp; IEEE 802.11n, IEEE 802.11g, IEEE 802.11b<br \/>\t\t\t&#8211; Interfaces:<\/div>\n<div>&nbsp; 1 Puerto Ethernet * 10\/100\/1000Mbps (RJ45)<br \/>\t\t\t&#8211; Bot&oacute;n: Bot&oacute;n RE (Extensor de Rango),<\/div>\n<div>&nbsp; Bot&oacute;n Reset, Bot&oacute;n LED, Bot&oacute;n de Encendido<br \/>\t\t\t&#8211; Dimensiones: 163 x 76.4 x 66.5mm<br \/>\t\t\t&#8211; Consumo de Potencia:<\/div>\n<div>&nbsp; 9W?Consumo m&aacute;ximo de potencia?<br \/>\t\t\t&#8211; Antena: 3* Externas<br \/>\t\t\t<strong>Caracter&iacute;sticas Inal&aacute;mbricas<\/strong><br \/>\t\t\t&#8211; Frecuencia: 2.4GHz &amp; 5GHz(11ac)<br \/>\t\t\t&#8211; Tasa de Se&ntilde;al: 5GHz: Hasta 1300Mbps<br \/>\t\t\t&nbsp; 2.4GHz: Hasta 450Mpbs<br \/>\t\t\t&#8211; Sensibilidad de Recepci&oacute;n:<br \/>\t\t\t&nbsp; 5GHz?<br \/>\t\t\t&nbsp; 11a 6Mbps:-93dBm@10% PER<br \/>\t\t\t&nbsp; 11a 54Mbps: -76dBm@10% PER<br \/>\t\t\t&nbsp; 11ac HT20 mcs8: -68dBm@10% PER<br \/>\t\t\t&nbsp; 11ac HT40 mcs9: -64dBm@10% PER<br \/>\t\t\t&nbsp; 11ac HT80 mcs9: -61dBm@10% PER<br \/>\t\t\t&nbsp; 2.4GHz<br \/>\t\t\t&nbsp; 11g 54M: -77dBm@10% PER<br \/>\t\t\t&nbsp; 11n HT20 mcs7: -73dBm@10% PER<br \/>\t\t\t&nbsp; 11n HT40 mcs7: -70dBm@10% PER<br \/>\t\t\t&#8211; Modo Inal&aacute;mbrico: Extensor de Cobertura<br \/>\t\t\t&#8211; Funciones Inal&aacute;mbricas:<\/div>\n<div>&nbsp; Estad&iacute;sticas Inal&aacute;mbricas<br \/>\t\t\t&nbsp; Impulso modo concurrente tanto en<\/div>\n<div>&nbsp; la banda WiFi 2.4GHz \/ 5GHz<br \/>\t\t\t&nbsp; Modo de Alta Velocidad para una gran<\/div>\n<div>&nbsp; velocidad para juego y video HD<br \/>\t\t\t&nbsp; Control de Acceso<br \/>\t\t\t&nbsp; Control LED<br \/>\t\t\t&nbsp; Funci&oacute;n de Acceso por Dominio<br \/>\t\t\t&#8211; Securidad Inal&aacute;mbrica: 64\/128-bit WEP<br \/>\t\t\t&nbsp; WPA-PSK \/ WPA2-PSK<br \/>\t\t\t&#8211; Potencia de Transmisi&oacute;n: &lt;20dBm(2.4GHz)<br \/>\t\t\t&nbsp; &lt;23dBm(5GHz)<\/div>\n<\/td>\n<\/tr>\n<tr>\n<td valign=\"top\"><strong>Otras Caracter&iacute;sticas<\/strong><\/td>\n<td>\n<div>&#8211; Certificaciones: CE, FCC, RoHS<br \/>\t\t\t&#8211; Contenido del Paquete:<\/div>\n<div>&nbsp; Extensor de Rango Wi-Fi AC1750 RE450<br \/>\t\t\t&nbsp; Cable Ethernet RJ-45<br \/>\t\t\t&nbsp; Gu&iacute;a de Instalaci&oacute;n R&aacute;pida<br \/>\t\t\t&#8211; Dimensiones de la Caja: 202x 125 x 86mm<br \/>\t\t\t&#8211; Requisitos del sistema:<\/div>\n<div>&nbsp; Microsoft&reg; Windows&reg; 98SE, NT, 2000, XP,<\/div>\n<div>&nbsp; Vista or Windows 7, 8, Mac&reg; OS, NetWare&reg;,<\/div>\n<div>&nbsp; UNIX&reg; or Linux.<br \/>\t\t\t&#8211; Ambiente:<\/div>\n<div>&nbsp; Temperatura de Funcionamiento:<\/div>\n<div>&nbsp; 0&deg;C~30&deg;C (32&deg;F~86&deg;F)<br \/>\t\t\t&nbsp; Temperatura de Almacenamiento:<\/div>\n<div>&nbsp; -40&deg;C~70&deg;C (-40&deg;F~158&deg;F)<br \/>\t\t\t&nbsp; Humedad de Funcionamiento:<\/div>\n<div>&nbsp; 10%~90% sin condensaci&oacute;n<br \/>\t\t\t&nbsp; Humedad de Almacenamiento:<\/div>\n<div>&nbsp; 5%~90% sin condensaci&oacute;n<\/div>\n<\/td>\n<\/tr>\n<tr>\n<td><strong>Fecha de revisi&oacute;n<\/strong><\/td>\n<td>10-11-2015 por MSB<\/td>\n<\/tr>\n<\/table>\n","protected":false},"excerpt":{"rendered":"<p>&#8211; Expande la red Wi-Fi para un m&aacute;ximo rendimiento&#8211; Velocidades de 450Mbps en 2.4GHz y 1300Mbps en 5GHz llegando a alcanzar a velocidades Wi-Fi&nbsp; de hasta 1750Mbps&#8211; Tres antenas externas ajustables que proporcionan conexiones Wi-Fi &oacute;ptimas de cobertura y fiabilidad&#8211; Puerto Ethernet Gigabit que act&uacute;a como un adaptador inal&aacute;mbrico para conectar un dispositivo a su&hellip;&nbsp;<a href=\"https:\/\/aivlisoft.net\/shop\/producto\/tp-link-re450-repetidor-wifi-dual-ac1750\/\" rel=\"bookmark\"><span class=\"screen-reader-text\">TP-LINK RE450 Repetidor WiFi Dual AC1750<\/span><\/a><\/p>\n","protected":false},"featured_media":19388,"template":"","meta":{"neve_meta_sidebar":"","neve_meta_container":"","neve_meta_enable_content_width":"","neve_meta_content_width":0,"neve_meta_title_alignment":"","neve_meta_author_avatar":"","neve_post_elements_order":"","neve_meta_disable_header":"","neve_meta_disable_footer":"","neve_meta_disable_title":""},"product_brand":[],"product_cat":[8770],"product_tag":[7007],"class_list":{"0":"post-19387","1":"product","2":"type-product","3":"status-publish","4":"has-post-thumbnail","6":"product_cat-puntos-de-acceso","7":"product_tag-re450","9":"first","10":"instock","11":"taxable","12":"shipping-taxable","13":"purchasable","14":"product-type-simple"},"yoast_head":"<!-- This site is optimized with the Yoast SEO plugin v26.0 - https:\/\/yoast.com\/wordpress\/plugins\/seo\/ -->\n<title>TP-LINK RE450 Repetidor WiFi Dual AC1750 - Aivlisoft Inform\u00e1tica<\/title>\n<meta name=\"robots\" content=\"index, follow, max-snippet:-1, max-image-preview:large, max-video-preview:-1\" \/>\n<link rel=\"canonical\" href=\"https:\/\/aivlisoft.net\/shop\/producto\/tp-link-re450-repetidor-wifi-dual-ac1750\/\" \/>\n<meta property=\"og:locale\" content=\"es_ES\" \/>\n<meta property=\"og:type\" content=\"article\" \/>\n<meta property=\"og:title\" content=\"TP-LINK RE450 Repetidor WiFi Dual AC1750 - Aivlisoft Inform\u00e1tica\" \/>\n<meta property=\"og:description\" content=\"&#8211; Expande la red Wi-Fi para un m&aacute;ximo rendimiento&#8211; Velocidades de 450Mbps en 2.4GHz y 1300Mbps en 5GHz llegando a alcanzar a velocidades Wi-Fi&nbsp; de hasta 1750Mbps&#8211; Tres antenas externas ajustables que proporcionan conexiones Wi-Fi &oacute;ptimas de cobertura y fiabilidad&#8211; Puerto Ethernet Gigabit que act&uacute;a como un adaptador inal&aacute;mbrico para conectar un dispositivo a su&hellip;&nbsp;TP-LINK RE450 Repetidor WiFi Dual AC1750\" \/>\n<meta property=\"og:url\" content=\"https:\/\/aivlisoft.net\/shop\/producto\/tp-link-re450-repetidor-wifi-dual-ac1750\/\" \/>\n<meta property=\"og:site_name\" content=\"Aivlisoft Inform\u00e1tica\" \/>\n<meta property=\"article:modified_time\" content=\"2025-01-14T11:44:53+00:00\" \/>\n<meta property=\"og:image\" content=\"https:\/\/aivlisoft.net\/shop\/wp-content\/uploads\/2025\/01\/NSWPAC0174_large.jpg\" \/>\n\t<meta property=\"og:image:width\" content=\"400\" \/>\n\t<meta property=\"og:image:height\" content=\"400\" \/>\n\t<meta property=\"og:image:type\" content=\"image\/jpeg\" \/>\n<meta name=\"twitter:card\" content=\"summary_large_image\" \/>\n<meta name=\"twitter:label1\" content=\"Tiempo de lectura\" \/>\n\t<meta name=\"twitter:data1\" content=\"2 minutos\" \/>\n<script type=\"application\/ld+json\" class=\"yoast-schema-graph\">{\"@context\":\"https:\/\/schema.org\",\"@graph\":[{\"@type\":\"WebPage\",\"@id\":\"https:\/\/aivlisoft.net\/shop\/producto\/tp-link-re450-repetidor-wifi-dual-ac1750\/\",\"url\":\"https:\/\/aivlisoft.net\/shop\/producto\/tp-link-re450-repetidor-wifi-dual-ac1750\/\",\"name\":\"TP-LINK RE450 Repetidor WiFi Dual AC1750 - Aivlisoft Inform\u00e1tica\",\"isPartOf\":{\"@id\":\"https:\/\/aivlisoft.net\/shop\/#website\"},\"primaryImageOfPage\":{\"@id\":\"https:\/\/aivlisoft.net\/shop\/producto\/tp-link-re450-repetidor-wifi-dual-ac1750\/#primaryimage\"},\"image\":{\"@id\":\"https:\/\/aivlisoft.net\/shop\/producto\/tp-link-re450-repetidor-wifi-dual-ac1750\/#primaryimage\"},\"thumbnailUrl\":\"https:\/\/aivlisoft.net\/shop\/wp-content\/uploads\/2025\/01\/NSWPAC0174_large.jpg\",\"datePublished\":\"2025-01-13T15:32:01+00:00\",\"dateModified\":\"2025-01-14T11:44:53+00:00\",\"breadcrumb\":{\"@id\":\"https:\/\/aivlisoft.net\/shop\/producto\/tp-link-re450-repetidor-wifi-dual-ac1750\/#breadcrumb\"},\"inLanguage\":\"es\",\"potentialAction\":[{\"@type\":\"ReadAction\",\"target\":[\"https:\/\/aivlisoft.net\/shop\/producto\/tp-link-re450-repetidor-wifi-dual-ac1750\/\"]}]},{\"@type\":\"ImageObject\",\"inLanguage\":\"es\",\"@id\":\"https:\/\/aivlisoft.net\/shop\/producto\/tp-link-re450-repetidor-wifi-dual-ac1750\/#primaryimage\",\"url\":\"https:\/\/aivlisoft.net\/shop\/wp-content\/uploads\/2025\/01\/NSWPAC0174_large.jpg\",\"contentUrl\":\"https:\/\/aivlisoft.net\/shop\/wp-content\/uploads\/2025\/01\/NSWPAC0174_large.jpg\",\"width\":400,\"height\":400},{\"@type\":\"BreadcrumbList\",\"@id\":\"https:\/\/aivlisoft.net\/shop\/producto\/tp-link-re450-repetidor-wifi-dual-ac1750\/#breadcrumb\",\"itemListElement\":[{\"@type\":\"ListItem\",\"position\":1,\"name\":\"Portada\",\"item\":\"https:\/\/aivlisoft.net\/shop\/\"},{\"@type\":\"ListItem\",\"position\":2,\"name\":\"Tienda\",\"item\":\"https:\/\/aivlisoft.net\/shop\/tienda\/\"},{\"@type\":\"ListItem\",\"position\":3,\"name\":\"TP-LINK RE450 Repetidor WiFi Dual AC1750\"}]},{\"@type\":\"WebSite\",\"@id\":\"https:\/\/aivlisoft.net\/shop\/#website\",\"url\":\"https:\/\/aivlisoft.net\/shop\/\",\"name\":\"Aivlisoft Inform\u00e1tica\",\"description\":\"En Aivlisoft Inform\u00e1tica ofrecemos soluciones tecnol\u00f3gicas para empresas: venta de ordenadores, consumibles, perif\u00e9ricos y m\u00e1s. Calidad, atenci\u00f3n personalizada y los mejores precios para tu negocio.\",\"publisher\":{\"@id\":\"https:\/\/aivlisoft.net\/shop\/#organization\"},\"potentialAction\":[{\"@type\":\"SearchAction\",\"target\":{\"@type\":\"EntryPoint\",\"urlTemplate\":\"https:\/\/aivlisoft.net\/shop\/?s={search_term_string}\"},\"query-input\":{\"@type\":\"PropertyValueSpecification\",\"valueRequired\":true,\"valueName\":\"search_term_string\"}}],\"inLanguage\":\"es\"},{\"@type\":\"Organization\",\"@id\":\"https:\/\/aivlisoft.net\/shop\/#organization\",\"name\":\"Aivlisoft Inform\u00e1tica\",\"url\":\"https:\/\/aivlisoft.net\/shop\/\",\"logo\":{\"@type\":\"ImageObject\",\"inLanguage\":\"es\",\"@id\":\"https:\/\/aivlisoft.net\/shop\/#\/schema\/logo\/image\/\",\"url\":\"https:\/\/aivlisoft.net\/shop\/wp-content\/uploads\/2024\/12\/removal.ai_5b848c54-0cdf-4140-95c5-c5536bb7573b-logodef.png\",\"contentUrl\":\"https:\/\/aivlisoft.net\/shop\/wp-content\/uploads\/2024\/12\/removal.ai_5b848c54-0cdf-4140-95c5-c5536bb7573b-logodef.png\",\"width\":484,\"height\":182,\"caption\":\"Aivlisoft Inform\u00e1tica\"},\"image\":{\"@id\":\"https:\/\/aivlisoft.net\/shop\/#\/schema\/logo\/image\/\"}}]}<\/script>\n<!-- \/ Yoast SEO plugin. -->","yoast_head_json":{"title":"TP-LINK RE450 Repetidor WiFi Dual AC1750 - Aivlisoft Inform\u00e1tica","robots":{"index":"index","follow":"follow","max-snippet":"max-snippet:-1","max-image-preview":"max-image-preview:large","max-video-preview":"max-video-preview:-1"},"canonical":"https:\/\/aivlisoft.net\/shop\/producto\/tp-link-re450-repetidor-wifi-dual-ac1750\/","og_locale":"es_ES","og_type":"article","og_title":"TP-LINK RE450 Repetidor WiFi Dual AC1750 - Aivlisoft Inform\u00e1tica","og_description":"&#8211; Expande la red Wi-Fi para un m&aacute;ximo rendimiento&#8211; Velocidades de 450Mbps en 2.4GHz y 1300Mbps en 5GHz llegando a alcanzar a velocidades Wi-Fi&nbsp; de hasta 1750Mbps&#8211; Tres antenas externas ajustables que proporcionan conexiones Wi-Fi &oacute;ptimas de cobertura y fiabilidad&#8211; Puerto Ethernet Gigabit que act&uacute;a como un adaptador inal&aacute;mbrico para conectar un dispositivo a su&hellip;&nbsp;TP-LINK RE450 Repetidor WiFi Dual AC1750","og_url":"https:\/\/aivlisoft.net\/shop\/producto\/tp-link-re450-repetidor-wifi-dual-ac1750\/","og_site_name":"Aivlisoft Inform\u00e1tica","article_modified_time":"2025-01-14T11:44:53+00:00","og_image":[{"width":400,"height":400,"url":"https:\/\/aivlisoft.net\/shop\/wp-content\/uploads\/2025\/01\/NSWPAC0174_large.jpg","type":"image\/jpeg"}],"twitter_card":"summary_large_image","twitter_misc":{"Tiempo de lectura":"2 minutos"},"schema":{"@context":"https:\/\/schema.org","@graph":[{"@type":"WebPage","@id":"https:\/\/aivlisoft.net\/shop\/producto\/tp-link-re450-repetidor-wifi-dual-ac1750\/","url":"https:\/\/aivlisoft.net\/shop\/producto\/tp-link-re450-repetidor-wifi-dual-ac1750\/","name":"TP-LINK RE450 Repetidor WiFi Dual AC1750 - Aivlisoft Inform\u00e1tica","isPartOf":{"@id":"https:\/\/aivlisoft.net\/shop\/#website"},"primaryImageOfPage":{"@id":"https:\/\/aivlisoft.net\/shop\/producto\/tp-link-re450-repetidor-wifi-dual-ac1750\/#primaryimage"},"image":{"@id":"https:\/\/aivlisoft.net\/shop\/producto\/tp-link-re450-repetidor-wifi-dual-ac1750\/#primaryimage"},"thumbnailUrl":"https:\/\/aivlisoft.net\/shop\/wp-content\/uploads\/2025\/01\/NSWPAC0174_large.jpg","datePublished":"2025-01-13T15:32:01+00:00","dateModified":"2025-01-14T11:44:53+00:00","breadcrumb":{"@id":"https:\/\/aivlisoft.net\/shop\/producto\/tp-link-re450-repetidor-wifi-dual-ac1750\/#breadcrumb"},"inLanguage":"es","potentialAction":[{"@type":"ReadAction","target":["https:\/\/aivlisoft.net\/shop\/producto\/tp-link-re450-repetidor-wifi-dual-ac1750\/"]}]},{"@type":"ImageObject","inLanguage":"es","@id":"https:\/\/aivlisoft.net\/shop\/producto\/tp-link-re450-repetidor-wifi-dual-ac1750\/#primaryimage","url":"https:\/\/aivlisoft.net\/shop\/wp-content\/uploads\/2025\/01\/NSWPAC0174_large.jpg","contentUrl":"https:\/\/aivlisoft.net\/shop\/wp-content\/uploads\/2025\/01\/NSWPAC0174_large.jpg","width":400,"height":400},{"@type":"BreadcrumbList","@id":"https:\/\/aivlisoft.net\/shop\/producto\/tp-link-re450-repetidor-wifi-dual-ac1750\/#breadcrumb","itemListElement":[{"@type":"ListItem","position":1,"name":"Portada","item":"https:\/\/aivlisoft.net\/shop\/"},{"@type":"ListItem","position":2,"name":"Tienda","item":"https:\/\/aivlisoft.net\/shop\/tienda\/"},{"@type":"ListItem","position":3,"name":"TP-LINK RE450 Repetidor WiFi Dual AC1750"}]},{"@type":"WebSite","@id":"https:\/\/aivlisoft.net\/shop\/#website","url":"https:\/\/aivlisoft.net\/shop\/","name":"Aivlisoft Inform\u00e1tica","description":"En Aivlisoft Inform\u00e1tica ofrecemos soluciones tecnol\u00f3gicas para empresas: venta de ordenadores, consumibles, perif\u00e9ricos y m\u00e1s. Calidad, atenci\u00f3n personalizada y los mejores precios para tu negocio.","publisher":{"@id":"https:\/\/aivlisoft.net\/shop\/#organization"},"potentialAction":[{"@type":"SearchAction","target":{"@type":"EntryPoint","urlTemplate":"https:\/\/aivlisoft.net\/shop\/?s={search_term_string}"},"query-input":{"@type":"PropertyValueSpecification","valueRequired":true,"valueName":"search_term_string"}}],"inLanguage":"es"},{"@type":"Organization","@id":"https:\/\/aivlisoft.net\/shop\/#organization","name":"Aivlisoft Inform\u00e1tica","url":"https:\/\/aivlisoft.net\/shop\/","logo":{"@type":"ImageObject","inLanguage":"es","@id":"https:\/\/aivlisoft.net\/shop\/#\/schema\/logo\/image\/","url":"https:\/\/aivlisoft.net\/shop\/wp-content\/uploads\/2024\/12\/removal.ai_5b848c54-0cdf-4140-95c5-c5536bb7573b-logodef.png","contentUrl":"https:\/\/aivlisoft.net\/shop\/wp-content\/uploads\/2024\/12\/removal.ai_5b848c54-0cdf-4140-95c5-c5536bb7573b-logodef.png","width":484,"height":182,"caption":"Aivlisoft Inform\u00e1tica"},"image":{"@id":"https:\/\/aivlisoft.net\/shop\/#\/schema\/logo\/image\/"}}]}},"_links":{"self":[{"href":"https:\/\/aivlisoft.net\/shop\/wp-json\/wp\/v2\/product\/19387","targetHints":{"allow":["GET"]}}],"collection":[{"href":"https:\/\/aivlisoft.net\/shop\/wp-json\/wp\/v2\/product"}],"about":[{"href":"https:\/\/aivlisoft.net\/shop\/wp-json\/wp\/v2\/types\/product"}],"wp:featuredmedia":[{"embeddable":true,"href":"https:\/\/aivlisoft.net\/shop\/wp-json\/wp\/v2\/media\/19388"}],"wp:attachment":[{"href":"https:\/\/aivlisoft.net\/shop\/wp-json\/wp\/v2\/media?parent=19387"}],"wp:term":[{"taxonomy":"product_brand","embeddable":true,"href":"https:\/\/aivlisoft.net\/shop\/wp-json\/wp\/v2\/product_brand?post=19387"},{"taxonomy":"product_cat","embeddable":true,"href":"https:\/\/aivlisoft.net\/shop\/wp-json\/wp\/v2\/product_cat?post=19387"},{"taxonomy":"product_tag","embeddable":true,"href":"https:\/\/aivlisoft.net\/shop\/wp-json\/wp\/v2\/product_tag?post=19387"}],"curies":[{"name":"wp","href":"https:\/\/api.w.org\/{rel}","templated":true}]}}