{"id":19382,"date":"2025-01-13T15:31:58","date_gmt":"2025-01-13T15:31:58","guid":{"rendered":"https:\/\/aivlisoft.com\/?post_type=product&#038;p=19382"},"modified":"2025-01-14T11:44:48","modified_gmt":"2025-01-14T11:44:48","slug":"ubiquiti-powerbeam-pbe-m5-400-5ghz-25dbi","status":"publish","type":"product","link":"https:\/\/aivlisoft.net\/shop\/producto\/ubiquiti-powerbeam-pbe-m5-400-5ghz-25dbi\/","title":{"rendered":"Ubiquiti PowerBeam PBE-M5-400 5GHz 25dBi"},"content":{"rendered":"<div>\n<div>Ubiquiti NanoBeam M5-400 reinventa el concepto de CPE con un ancho de haz uniforme, eficiente y un procesador m&aacute;s r&aacute;pido, unido a una facilidad extrema de montaje del plato sin tornillos. La Tecnolog&iacute;a InnerFeed de Ubiquiti integra el radio en el Feed de alimentaci&oacute;n de una antena , as&iacute; que no hay necesidad de utilizar cables.<\/div>\n<div><strong>Caracter&iacute;sticas principales<\/strong><br \/>Procesador m&aacute;s r&aacute;pido que aumenta el rendimiento<br \/>Montaje en m&aacute;stil o pared<br \/>Dise&ntilde;ado sin tornillos<br \/>100 % soldado ultras&oacute;nicamente para un sellado resistente a la intemperie<br \/>Rendimiento de antena doble sobre NanoStation<br \/>Ancho de haz uniforme, mejora la inmunidad al ruido<br \/>Huella m&aacute;s Eficiente<br \/>F&aacute;cil montaje e instalaci&oacute;n<\/div>\n<div>El NanoBeam M5 dirige la energ&iacute;a de RF en un ancho de haz m&aacute;s fuerte. Con el foco en una direcci&oacute;n, la inmunidad al ruido se mejora por el bloqueo NanoBeam espacialmente para filtrar el ruido. Esta caracter&iacute;stica es especialmente importante en un &aacute;rea llena de otras se&ntilde;ales de RF de la misma o similar frecuencia.<\/div>\n<div>El NanoBeam utiliza la tecnolog&iacute;a AirMax, un protocolo Time Division Multiple Access de Ubiquiti (TDMA) que permite a cada cliente enviar y recibir datos a trav&eacute;s de los intervalos de tiempo predesignados y programados por un controlador inteligente AP. Este m&eacute;todo de multiplicaci&oacute;n del tiempo, elimina las colisiones de nodo ocultas y maximiza la eficiencia del tiempo. Proporciona mejoras de rendimiento significativas en la latencia , el rendimiento y la escalabilidad en comparaci&oacute;n con todos los dem&aacute;s sistemas de exterior en su clase. Prioridad QoS inteligente que se da a la voz \/ v&iacute;deo para la transmisi&oacute;n sin fisuras.<\/div>\n<\/div>\n<p><\/p>\n<table>\n<tbody>\n<tr>\n<td><strong>Marca<\/strong><\/td>\n<td>Ubiquiti<\/td>\n<\/tr>\n<tr>\n<td><strong>Modelo<\/strong><\/td>\n<td><strong>PowerBeam M5 400 (PBE-M5-400)<\/strong><\/td>\n<\/tr>\n<tr>\n<td><strong>Caracter&iacute;sticas<\/strong><\/td>\n<td>\n<div>\n<p><strong>&#8211; Procesador: Atheros MIPS 74KC, 560MHz<br \/>\t\t\t&#8211; Memoria: 64MB SDRAM, 8MB Flash<br \/>\t\t\t&#8211; Interfaz de red: 1&#215;10\/100\/1000 BASE-TX<br \/>\t\t\t&#8211; Est&aacute;ndares inal&aacute;mbricos: 802.11 a\/n<br \/>\t\t\t&#8211; Banda de frecuencia: 5 GHz<br \/>\t\t\t&#8211; Antena: Integrada 2&#215;2 MiMo de 25 dBi, polarizaci&oacute;n dual<br \/>\t\t\t&#8211; Throughput TCP\/IP: hasta 150Mbit\/s<\/strong><br \/>\t\t\t<strong>&#8211; Potencia de transmisi&oacute;n: max. 26dBm +\/-2dB en 11a\/n<br \/>\t\t\t&#8211; Alcance: Hasta 25 Km<\/strong><\/p>\n<\/p><\/div>\n<\/td>\n<\/tr>\n<tr>\n<td><strong>Caracter&iacute;sticas adicionales<\/strong><\/td>\n<td>\n<div>&#8211; Dimensiones: 420x420x273 mm<\/div>\n<div>&#8211; Peso: 1.75 kg<\/div>\n<div>&#8211; Regulaci&oacute;n: FCC Part 15.247, CE, IC RS210, RoHS<\/div>\n<div>&#8211; Consumo m&aacute;ximo de potencia: 8 W<br \/>\t\t\t&#8211; Adaptador de corriente: 24V, 0.5A<br \/>\t\t\t&#8211; Modo de alimentaci&oacute;n: Passive Power over Ethernet (hilos 4,5+; 7,8 de retorno)<\/div>\n<div>&#8211; Humedad de operaci&oacute;n: 5 a 95% sin condensaci&oacute;n<br \/>\t\t\t&#8211; Temperatura de operaci&oacute;n: -40&deg;C +70&deg;C<br \/>\t\t\t&#8211; Sistema operativo: AirOS V<\/div>\n<\/td>\n<\/tr>\n<tr>\n<td valign=\"top\"><strong>Folleto t&eacute;cnico<\/strong><\/td>\n<td><a href=\"https:\/\/www.ubnt.com\/downloads\/datasheets\/powerbeam\/PowerBeam_DS.pdf\" target=\"_blank\">https:\/\/www.ubnt.com\/downloads\/datasheets\/powerbeam\/PowerBeam_DS.pdf<\/a><\/td>\n<\/tr>\n<tr>\n<td valign=\"top\"><strong>Gu&iacute;a de instalaci&oacute;n<\/strong><\/td>\n<td><a href=\"https:\/\/www.ubnt.com\/downloads\/guides\/powerbeam\/PowerBeam_PBE-M5-400_QSG.pdf\" target=\"_blank\">https:\/\/www.ubnt.com\/downloads\/guides\/powerbeam\/PowerBeam_PBE-M5-400_QSG.pdf<\/a><\/td>\n<\/tr>\n<tr>\n<td><strong>Fecha de revisi&oacute;n<\/strong><\/td>\n<td>16-12-2015 por DLS<\/td>\n<\/tr>\n<\/tbody>\n<\/table>\n","protected":false},"excerpt":{"rendered":"<p>Ubiquiti NanoBeam M5-400 reinventa el concepto de CPE con un ancho de haz uniforme, eficiente y un procesador m&aacute;s r&aacute;pido, unido a una facilidad extrema de montaje del plato sin tornillos. La Tecnolog&iacute;a InnerFeed de Ubiquiti integra el radio en el Feed de alimentaci&oacute;n de una antena , as&iacute; que no hay necesidad de utilizar&hellip;&nbsp;<a href=\"https:\/\/aivlisoft.net\/shop\/producto\/ubiquiti-powerbeam-pbe-m5-400-5ghz-25dbi\/\" rel=\"bookmark\"><span class=\"screen-reader-text\">Ubiquiti PowerBeam PBE-M5-400 5GHz 25dBi<\/span><\/a><\/p>\n","protected":false},"featured_media":19383,"template":"","meta":{"neve_meta_sidebar":"","neve_meta_container":"","neve_meta_enable_content_width":"","neve_meta_content_width":0,"neve_meta_title_alignment":"","neve_meta_author_avatar":"","neve_post_elements_order":"","neve_meta_disable_header":"","neve_meta_disable_footer":"","neve_meta_disable_title":""},"product_brand":[],"product_cat":[8770],"product_tag":[7005],"class_list":{"0":"post-19382","1":"product","2":"type-product","3":"status-publish","4":"has-post-thumbnail","6":"product_cat-puntos-de-acceso","7":"product_tag-pbe-m5-400","9":"first","10":"instock","11":"taxable","12":"shipping-taxable","13":"purchasable","14":"product-type-simple"},"yoast_head":"<!-- This site is optimized with the Yoast SEO plugin v26.0 - https:\/\/yoast.com\/wordpress\/plugins\/seo\/ -->\n<title>Ubiquiti PowerBeam PBE-M5-400 5GHz 25dBi - Aivlisoft Inform\u00e1tica<\/title>\n<meta name=\"robots\" content=\"index, follow, max-snippet:-1, max-image-preview:large, max-video-preview:-1\" \/>\n<link rel=\"canonical\" href=\"https:\/\/aivlisoft.net\/shop\/producto\/ubiquiti-powerbeam-pbe-m5-400-5ghz-25dbi\/\" \/>\n<meta property=\"og:locale\" content=\"es_ES\" \/>\n<meta property=\"og:type\" content=\"article\" \/>\n<meta property=\"og:title\" content=\"Ubiquiti PowerBeam PBE-M5-400 5GHz 25dBi - Aivlisoft Inform\u00e1tica\" \/>\n<meta property=\"og:description\" content=\"Ubiquiti NanoBeam M5-400 reinventa el concepto de CPE con un ancho de haz uniforme, eficiente y un procesador m&aacute;s r&aacute;pido, unido a una facilidad extrema de montaje del plato sin tornillos. La Tecnolog&iacute;a InnerFeed de Ubiquiti integra el radio en el Feed de alimentaci&oacute;n de una antena , as&iacute; que no hay necesidad de utilizar&hellip;&nbsp;Ubiquiti PowerBeam PBE-M5-400 5GHz 25dBi\" \/>\n<meta property=\"og:url\" content=\"https:\/\/aivlisoft.net\/shop\/producto\/ubiquiti-powerbeam-pbe-m5-400-5ghz-25dbi\/\" \/>\n<meta property=\"og:site_name\" content=\"Aivlisoft Inform\u00e1tica\" \/>\n<meta property=\"article:modified_time\" content=\"2025-01-14T11:44:48+00:00\" \/>\n<meta property=\"og:image\" content=\"https:\/\/aivlisoft.net\/shop\/wp-content\/uploads\/2025\/01\/NSWPAC0161_800.jpg\" \/>\n\t<meta property=\"og:image:width\" content=\"800\" \/>\n\t<meta property=\"og:image:height\" content=\"800\" \/>\n\t<meta property=\"og:image:type\" content=\"image\/jpeg\" \/>\n<meta name=\"twitter:card\" content=\"summary_large_image\" \/>\n<meta name=\"twitter:label1\" content=\"Tiempo de lectura\" \/>\n\t<meta name=\"twitter:data1\" content=\"2 minutos\" \/>\n<script type=\"application\/ld+json\" class=\"yoast-schema-graph\">{\"@context\":\"https:\/\/schema.org\",\"@graph\":[{\"@type\":\"WebPage\",\"@id\":\"https:\/\/aivlisoft.net\/shop\/producto\/ubiquiti-powerbeam-pbe-m5-400-5ghz-25dbi\/\",\"url\":\"https:\/\/aivlisoft.net\/shop\/producto\/ubiquiti-powerbeam-pbe-m5-400-5ghz-25dbi\/\",\"name\":\"Ubiquiti PowerBeam PBE-M5-400 5GHz 25dBi - Aivlisoft Inform\u00e1tica\",\"isPartOf\":{\"@id\":\"https:\/\/aivlisoft.net\/shop\/#website\"},\"primaryImageOfPage\":{\"@id\":\"https:\/\/aivlisoft.net\/shop\/producto\/ubiquiti-powerbeam-pbe-m5-400-5ghz-25dbi\/#primaryimage\"},\"image\":{\"@id\":\"https:\/\/aivlisoft.net\/shop\/producto\/ubiquiti-powerbeam-pbe-m5-400-5ghz-25dbi\/#primaryimage\"},\"thumbnailUrl\":\"https:\/\/aivlisoft.net\/shop\/wp-content\/uploads\/2025\/01\/NSWPAC0161_800.jpg\",\"datePublished\":\"2025-01-13T15:31:58+00:00\",\"dateModified\":\"2025-01-14T11:44:48+00:00\",\"breadcrumb\":{\"@id\":\"https:\/\/aivlisoft.net\/shop\/producto\/ubiquiti-powerbeam-pbe-m5-400-5ghz-25dbi\/#breadcrumb\"},\"inLanguage\":\"es\",\"potentialAction\":[{\"@type\":\"ReadAction\",\"target\":[\"https:\/\/aivlisoft.net\/shop\/producto\/ubiquiti-powerbeam-pbe-m5-400-5ghz-25dbi\/\"]}]},{\"@type\":\"ImageObject\",\"inLanguage\":\"es\",\"@id\":\"https:\/\/aivlisoft.net\/shop\/producto\/ubiquiti-powerbeam-pbe-m5-400-5ghz-25dbi\/#primaryimage\",\"url\":\"https:\/\/aivlisoft.net\/shop\/wp-content\/uploads\/2025\/01\/NSWPAC0161_800.jpg\",\"contentUrl\":\"https:\/\/aivlisoft.net\/shop\/wp-content\/uploads\/2025\/01\/NSWPAC0161_800.jpg\",\"width\":800,\"height\":800},{\"@type\":\"BreadcrumbList\",\"@id\":\"https:\/\/aivlisoft.net\/shop\/producto\/ubiquiti-powerbeam-pbe-m5-400-5ghz-25dbi\/#breadcrumb\",\"itemListElement\":[{\"@type\":\"ListItem\",\"position\":1,\"name\":\"Portada\",\"item\":\"https:\/\/aivlisoft.net\/shop\/\"},{\"@type\":\"ListItem\",\"position\":2,\"name\":\"Tienda\",\"item\":\"https:\/\/aivlisoft.net\/shop\/tienda\/\"},{\"@type\":\"ListItem\",\"position\":3,\"name\":\"Ubiquiti PowerBeam PBE-M5-400 5GHz 25dBi\"}]},{\"@type\":\"WebSite\",\"@id\":\"https:\/\/aivlisoft.net\/shop\/#website\",\"url\":\"https:\/\/aivlisoft.net\/shop\/\",\"name\":\"Aivlisoft Inform\u00e1tica\",\"description\":\"En Aivlisoft Inform\u00e1tica ofrecemos soluciones tecnol\u00f3gicas para empresas: venta de ordenadores, consumibles, perif\u00e9ricos y m\u00e1s. Calidad, atenci\u00f3n personalizada y los mejores precios para tu negocio.\",\"publisher\":{\"@id\":\"https:\/\/aivlisoft.net\/shop\/#organization\"},\"potentialAction\":[{\"@type\":\"SearchAction\",\"target\":{\"@type\":\"EntryPoint\",\"urlTemplate\":\"https:\/\/aivlisoft.net\/shop\/?s={search_term_string}\"},\"query-input\":{\"@type\":\"PropertyValueSpecification\",\"valueRequired\":true,\"valueName\":\"search_term_string\"}}],\"inLanguage\":\"es\"},{\"@type\":\"Organization\",\"@id\":\"https:\/\/aivlisoft.net\/shop\/#organization\",\"name\":\"Aivlisoft Inform\u00e1tica\",\"url\":\"https:\/\/aivlisoft.net\/shop\/\",\"logo\":{\"@type\":\"ImageObject\",\"inLanguage\":\"es\",\"@id\":\"https:\/\/aivlisoft.net\/shop\/#\/schema\/logo\/image\/\",\"url\":\"https:\/\/aivlisoft.net\/shop\/wp-content\/uploads\/2024\/12\/removal.ai_5b848c54-0cdf-4140-95c5-c5536bb7573b-logodef.png\",\"contentUrl\":\"https:\/\/aivlisoft.net\/shop\/wp-content\/uploads\/2024\/12\/removal.ai_5b848c54-0cdf-4140-95c5-c5536bb7573b-logodef.png\",\"width\":484,\"height\":182,\"caption\":\"Aivlisoft Inform\u00e1tica\"},\"image\":{\"@id\":\"https:\/\/aivlisoft.net\/shop\/#\/schema\/logo\/image\/\"}}]}<\/script>\n<!-- \/ Yoast SEO plugin. -->","yoast_head_json":{"title":"Ubiquiti PowerBeam PBE-M5-400 5GHz 25dBi - Aivlisoft Inform\u00e1tica","robots":{"index":"index","follow":"follow","max-snippet":"max-snippet:-1","max-image-preview":"max-image-preview:large","max-video-preview":"max-video-preview:-1"},"canonical":"https:\/\/aivlisoft.net\/shop\/producto\/ubiquiti-powerbeam-pbe-m5-400-5ghz-25dbi\/","og_locale":"es_ES","og_type":"article","og_title":"Ubiquiti PowerBeam PBE-M5-400 5GHz 25dBi - Aivlisoft Inform\u00e1tica","og_description":"Ubiquiti NanoBeam M5-400 reinventa el concepto de CPE con un ancho de haz uniforme, eficiente y un procesador m&aacute;s r&aacute;pido, unido a una facilidad extrema de montaje del plato sin tornillos. La Tecnolog&iacute;a InnerFeed de Ubiquiti integra el radio en el Feed de alimentaci&oacute;n de una antena , as&iacute; que no hay necesidad de utilizar&hellip;&nbsp;Ubiquiti PowerBeam PBE-M5-400 5GHz 25dBi","og_url":"https:\/\/aivlisoft.net\/shop\/producto\/ubiquiti-powerbeam-pbe-m5-400-5ghz-25dbi\/","og_site_name":"Aivlisoft Inform\u00e1tica","article_modified_time":"2025-01-14T11:44:48+00:00","og_image":[{"width":800,"height":800,"url":"https:\/\/aivlisoft.net\/shop\/wp-content\/uploads\/2025\/01\/NSWPAC0161_800.jpg","type":"image\/jpeg"}],"twitter_card":"summary_large_image","twitter_misc":{"Tiempo de lectura":"2 minutos"},"schema":{"@context":"https:\/\/schema.org","@graph":[{"@type":"WebPage","@id":"https:\/\/aivlisoft.net\/shop\/producto\/ubiquiti-powerbeam-pbe-m5-400-5ghz-25dbi\/","url":"https:\/\/aivlisoft.net\/shop\/producto\/ubiquiti-powerbeam-pbe-m5-400-5ghz-25dbi\/","name":"Ubiquiti PowerBeam PBE-M5-400 5GHz 25dBi - Aivlisoft Inform\u00e1tica","isPartOf":{"@id":"https:\/\/aivlisoft.net\/shop\/#website"},"primaryImageOfPage":{"@id":"https:\/\/aivlisoft.net\/shop\/producto\/ubiquiti-powerbeam-pbe-m5-400-5ghz-25dbi\/#primaryimage"},"image":{"@id":"https:\/\/aivlisoft.net\/shop\/producto\/ubiquiti-powerbeam-pbe-m5-400-5ghz-25dbi\/#primaryimage"},"thumbnailUrl":"https:\/\/aivlisoft.net\/shop\/wp-content\/uploads\/2025\/01\/NSWPAC0161_800.jpg","datePublished":"2025-01-13T15:31:58+00:00","dateModified":"2025-01-14T11:44:48+00:00","breadcrumb":{"@id":"https:\/\/aivlisoft.net\/shop\/producto\/ubiquiti-powerbeam-pbe-m5-400-5ghz-25dbi\/#breadcrumb"},"inLanguage":"es","potentialAction":[{"@type":"ReadAction","target":["https:\/\/aivlisoft.net\/shop\/producto\/ubiquiti-powerbeam-pbe-m5-400-5ghz-25dbi\/"]}]},{"@type":"ImageObject","inLanguage":"es","@id":"https:\/\/aivlisoft.net\/shop\/producto\/ubiquiti-powerbeam-pbe-m5-400-5ghz-25dbi\/#primaryimage","url":"https:\/\/aivlisoft.net\/shop\/wp-content\/uploads\/2025\/01\/NSWPAC0161_800.jpg","contentUrl":"https:\/\/aivlisoft.net\/shop\/wp-content\/uploads\/2025\/01\/NSWPAC0161_800.jpg","width":800,"height":800},{"@type":"BreadcrumbList","@id":"https:\/\/aivlisoft.net\/shop\/producto\/ubiquiti-powerbeam-pbe-m5-400-5ghz-25dbi\/#breadcrumb","itemListElement":[{"@type":"ListItem","position":1,"name":"Portada","item":"https:\/\/aivlisoft.net\/shop\/"},{"@type":"ListItem","position":2,"name":"Tienda","item":"https:\/\/aivlisoft.net\/shop\/tienda\/"},{"@type":"ListItem","position":3,"name":"Ubiquiti PowerBeam PBE-M5-400 5GHz 25dBi"}]},{"@type":"WebSite","@id":"https:\/\/aivlisoft.net\/shop\/#website","url":"https:\/\/aivlisoft.net\/shop\/","name":"Aivlisoft Inform\u00e1tica","description":"En Aivlisoft Inform\u00e1tica ofrecemos soluciones tecnol\u00f3gicas para empresas: venta de ordenadores, consumibles, perif\u00e9ricos y m\u00e1s. Calidad, atenci\u00f3n personalizada y los mejores precios para tu negocio.","publisher":{"@id":"https:\/\/aivlisoft.net\/shop\/#organization"},"potentialAction":[{"@type":"SearchAction","target":{"@type":"EntryPoint","urlTemplate":"https:\/\/aivlisoft.net\/shop\/?s={search_term_string}"},"query-input":{"@type":"PropertyValueSpecification","valueRequired":true,"valueName":"search_term_string"}}],"inLanguage":"es"},{"@type":"Organization","@id":"https:\/\/aivlisoft.net\/shop\/#organization","name":"Aivlisoft Inform\u00e1tica","url":"https:\/\/aivlisoft.net\/shop\/","logo":{"@type":"ImageObject","inLanguage":"es","@id":"https:\/\/aivlisoft.net\/shop\/#\/schema\/logo\/image\/","url":"https:\/\/aivlisoft.net\/shop\/wp-content\/uploads\/2024\/12\/removal.ai_5b848c54-0cdf-4140-95c5-c5536bb7573b-logodef.png","contentUrl":"https:\/\/aivlisoft.net\/shop\/wp-content\/uploads\/2024\/12\/removal.ai_5b848c54-0cdf-4140-95c5-c5536bb7573b-logodef.png","width":484,"height":182,"caption":"Aivlisoft Inform\u00e1tica"},"image":{"@id":"https:\/\/aivlisoft.net\/shop\/#\/schema\/logo\/image\/"}}]}},"_links":{"self":[{"href":"https:\/\/aivlisoft.net\/shop\/wp-json\/wp\/v2\/product\/19382","targetHints":{"allow":["GET"]}}],"collection":[{"href":"https:\/\/aivlisoft.net\/shop\/wp-json\/wp\/v2\/product"}],"about":[{"href":"https:\/\/aivlisoft.net\/shop\/wp-json\/wp\/v2\/types\/product"}],"wp:featuredmedia":[{"embeddable":true,"href":"https:\/\/aivlisoft.net\/shop\/wp-json\/wp\/v2\/media\/19383"}],"wp:attachment":[{"href":"https:\/\/aivlisoft.net\/shop\/wp-json\/wp\/v2\/media?parent=19382"}],"wp:term":[{"taxonomy":"product_brand","embeddable":true,"href":"https:\/\/aivlisoft.net\/shop\/wp-json\/wp\/v2\/product_brand?post=19382"},{"taxonomy":"product_cat","embeddable":true,"href":"https:\/\/aivlisoft.net\/shop\/wp-json\/wp\/v2\/product_cat?post=19382"},{"taxonomy":"product_tag","embeddable":true,"href":"https:\/\/aivlisoft.net\/shop\/wp-json\/wp\/v2\/product_tag?post=19382"}],"curies":[{"name":"wp","href":"https:\/\/api.w.org\/{rel}","templated":true}]}}