{"id":19352,"date":"2025-01-13T15:31:37","date_gmt":"2025-01-13T15:31:37","guid":{"rendered":"https:\/\/aivlisoft.com\/?post_type=product&#038;p=19352"},"modified":"2025-01-14T11:44:36","modified_gmt":"2025-01-14T11:44:36","slug":"edimax-ew-7438rpn-repetidor-wifi-n300-3en1-mini","status":"publish","type":"product","link":"https:\/\/aivlisoft.net\/shop\/producto\/edimax-ew-7438rpn-repetidor-wifi-n300-3en1-mini\/","title":{"rendered":"Edimax EW-7438RPN Repetidor WiFi N300 3en1 Mini"},"content":{"rendered":"<div>\n<div style=\"text-align: justify;\"><span style=\"font-size:11px;\"><span style=\"font-family: tahoma,geneva,sans-serif;\"><strong>EW-7438RPn Mini<br \/>Extensor Wi-Fi\/Punto de acceso\/Puente Wi-Fi N300 Mini<\/strong><\/span><\/span><\/div>\n<div style=\"text-align: justify;\"><span style=\"font-size:11px;\"><span style=\"font-family: tahoma,geneva,sans-serif;\">&#8211; Ampl&iacute;a el alcance de las redes Wi-Fi 802.11b\/g\/n existentes<br \/>&#8211; iQ Setup para una extensi&oacute;n f&aacute;cil del Wi-Fi<br \/>&#8211; Control y an&aacute;lisis inteligente de aplicaciones: Aplicaci&oacute;n gratuita EdiRange con an&aacute;lisis de entorno local Wi-Fi, programaci&oacute;n Wi-Fi y red para invitados<br \/>&#8211; Modo inteligente 3 en 1: punto de acceso, extensor Wi-Fi y puente Wi-Fi<br \/>&#8211; Dise&ntilde;o compacto y delgado de enchufe para toma de corriente de pared para una c&oacute;moda colocaci&oacute;n<br \/>&#8211; Encuentra el mejor lugar de instalaci&oacute;n para una &oacute;ptima cobertura Wi-Fi mediante el led indicador de intensidad de se&ntilde;al<br \/>&#8211; Dotado de bot&oacute;n de hardware WPS (configuraci&oacute;n Wi-Fi protegida)<\/span><\/span><\/div>\n<div style=\"text-align: justify;\">&nbsp;<\/div>\n<div style=\"text-align: justify;\"><span style=\"font-size:11px;\"><span style=\"font-family: tahoma,geneva,sans-serif;\">El extensor Wi-Fi EW-7438RPn Mini de Edimax es un extensor Wi-Fi con adaptador de corriente incorporado, de dise&ntilde;o compacto, que puede enchufarse directamente en una toma de corriente. El ES-7438RPn Mini viene con una aplicaci&oacute;n gu&iacute;a para smartphones con iOS y Android, para controlar la programaci&oacute;n Wi-Fi y la red de invitados. En una ubicaci&oacute;n adecuada, permite aumentar la cobertura de la se&ntilde;al de la red Wi-Fi y obtener una mejor calidad de Wi-Fi. El EW-7438RPn Mini dispone de iQ Setup inteligente, por lo que su instalaci&oacute;n es f&aacute;cil y veloz, y de modo de funcionamiento 3-in-1, con modos de funcionamiento extensor, punto de acceso y puente Wi-Fi. Solo tiene que configurar el modo que necesite para su entorno de red. Adem&aacute;s, cumple los est&aacute;ndares de transmisi&oacute;n inal&aacute;mbrica 802.11b\/g\/n y proporciona una velocidad de transmisi&oacute;n de datos de hasta 300 Mbps. Con el EW-7438RPn Mini de Edimax podr&aacute; disfrutar de una red inal&aacute;mbrica de alta velocidad en todo su hogar, sin cables adicionales.<\/span><\/span><\/div>\n<div style=\"text-align: justify;\">&nbsp;<\/div>\n<div style=\"text-align: justify;\"><span style=\"font-size:11px;\"><span style=\"font-family: tahoma,geneva,sans-serif;\">Elimine las zonas Wi-Fi muertas y duplique la cobertura Wi-Fi con facilidad<br \/>Enchufe el extensor directamente en una toma de corriente y el EW-7438RPn Mini de Edimax extender&aacute; f&aacute;cilmente la cobertura Wi-Fi hacia las zonas muertas donde no llega su se&ntilde;al Wi-Fi actual y aumentar&aacute; la cobertura de la se&ntilde;al de su red inal&aacute;mbrica para una mejor calidad del Wi-Fi.<\/span><\/span><\/div>\n<div style=\"text-align: justify;\">&nbsp;<\/div>\n<div style=\"text-align: justify;\"><span style=\"font-size:11px;\"><span style=\"font-family: tahoma,geneva,sans-serif;\"><strong>Extensor, punto de acceso y puente inteligente 3 en 1<\/strong><br \/>El EW-7438RPn Mini puede funcionar como extensor Wi-Fi, punto de acceso y puente inal&aacute;mbrico. Solo tiene que configurar el modo que necesite para su entorno de red usando el asistente de instalaci&oacute;n inteligente iQ Setup y podr&aacute; disfrutar navegando por la web.<br \/>&nbsp;<br \/><strong>Aplicaci&oacute;n inteligente de control y an&aacute;lisis<\/strong><br \/>El extensor funciona junto con nuestra aplicaci&oacute;n gratuita para smartphone EdiRange que muestra el entorno Wi-Fi local y proporciona an&aacute;lisis f&aacute;ciles de entender. Adem&aacute;s, podr&aacute; gestionar la red inal&aacute;mbrica del extensor y funciones tales como programaci&oacute;n y red para invitados.<\/span><\/span><\/div>\n<div style=\"text-align: justify;\">&nbsp;<\/div>\n<div style=\"text-align: justify;\"><span style=\"font-size:11px;\"><span style=\"font-family: tahoma,geneva,sans-serif;\"><strong>Dise&ntilde;o de enchufe de pared compacto y delgado<\/strong><br \/>Se enchufa directamente en una toma de corriente existente, sin necesidad de ning&uacute;n otro cable. El EW-7438RPn Mini de Edimax no solo es compacto y delgado, sino que tambi&eacute;n ha sido dise&ntilde;ado con un adaptador de corriente integrado. Esto le permite enchufarlo directamente en una toma de corriente, evitando tener que usar otro cable de alimentaci&oacute;n. Podr&aacute; instalarlo f&aacute;cilmente en donde tenga que mejorar la se&ntilde;al Wi-Fi y disfrutar de una prestaci&oacute;n inal&aacute;mbrica de alta velocidad sin ning&uacute;n problema.<br \/>&nbsp;<br \/><strong>Funciona con cualquier enrutador inal&aacute;mbrico<\/strong><br \/>Compatibilidad universal y f&aacute;cil configuraci&oacute;n iQ Setup basada en web para una instalaci&oacute;n f&aacute;cil y r&aacute;pida.<\/span><\/span><\/div>\n<div style=\"text-align: justify;\">&nbsp;<\/div>\n<div style=\"text-align: justify;\"><span style=\"font-size:11px;\"><span style=\"font-family: tahoma,geneva,sans-serif;\"><strong>Configuraci&oacute;n inteligente iQ Setup<\/strong><br \/>Dotado de una sencilla configuraci&oacute;n iQ Setup basada en navegador para una instalaci&oacute;n inteligente, autom&aacute;tica y veloz. iQ Setup detecta autom&aacute;ticamente las redes Wi-Fi disponibles en las proximidades y le ayuda a establecer una conexi&oacute;n en unos segundos.<\/span><\/span><\/div>\n<div style=\"text-align: justify;\">&nbsp;<\/div>\n<div style=\"text-align: justify;\"><span style=\"font-size:11px;\"><span style=\"font-family: tahoma,geneva,sans-serif;\"><strong>Instalaci&oacute;n WPS veloz y f&aacute;cil<\/strong><br \/>El bot&oacute;n WPS (configuraci&oacute;n Wi-Fi protegida) permite que el extensor EW-7438RPn Mini alcance una red inal&aacute;mbrica existente con solo pulsar un bot&oacute;n.<\/span><\/span><\/div>\n<div style=\"text-align: justify;\"><span style=\"font-size:11px;\"><span style=\"font-family: tahoma,geneva,sans-serif;\">Est&aacute;ndar de transmisi&oacute;n inal&aacute;mbrica 802.11n (velocidad de datos de hasta 300 Mbps)<br \/>El EW-7438RPn Mini incorpora la tecnolog&iacute;a 802.11n para ampliar la cobertura inal&aacute;mbrica y eliminar puntos muertos dentro del alcance inal&aacute;mbrico. El EW-7438RPn Mini tambi&eacute;n es compatible con versiones anteriores a los est&aacute;ndares inal&aacute;mbricos 802.11b\/g\/n y puede alcanzar una velocidad de transmisi&oacute;n de datos de hasta 300 Mbps cuando se conecta a dispositivos inal&aacute;mbricos 802.11n, proporcionando conexiones inal&aacute;mbricas m&aacute;s veloces y fiables que las redes inal&aacute;mbricas 802.11b\/g.<\/span><\/span><\/div>\n<div style=\"text-align: justify;\">&nbsp;<\/div>\n<div style=\"text-align: justify;\"><span style=\"font-size:11px;\"><span style=\"font-family: tahoma,geneva,sans-serif;\"><strong>Programaci&oacute;n Wi-Fi*<\/strong><br \/>La funci&oacute;n adicional de programaci&oacute;n de Wi-Fi hace posible la programaci&oacute;n inteligente para gestionar la disponibilidad Wi-Fi y el uso de corriente de acuerdo con su rutina dom&eacute;stica. (*Solo en modo extensor Wi-Fi)<\/span><\/span><\/div>\n<div style=\"text-align: justify;\">&nbsp;<\/div>\n<div style=\"text-align: justify;\"><span style=\"font-size:11px;\"><span style=\"font-family: tahoma,geneva,sans-serif;\"><strong>Red para invitados*<\/strong><br \/>El EW-7438RPn Mini tambi&eacute;n dispone de una red para invitados, que pueden usar los visitantes y que mantiene su Wi-Fi dom&eacute;stico privado y seguro. (*Solo en modo extensor Wi-Fi)<\/span><\/span><\/div>\n<div style=\"text-align: justify;\">&nbsp;<\/div>\n<div style=\"text-align: justify;\"><span style=\"font-size:11px;\"><span style=\"font-family: tahoma,geneva,sans-serif;\"><strong>Indicador led de intensidad de se&ntilde;al<\/strong><br \/>Dise&ntilde;ado con un led indicador de intensidad de se&ntilde;al que le ayudar&aacute; a encontrar la mejor ubicaci&oacute;n posible de instalaci&oacute;n para disfrutar de una &oacute;ptima cobertura Wi-Fi.<\/span><\/span><br \/>&nbsp;<\/div>\n<div>&nbsp;<\/div>\n<\/div>\n<p><\/p>\n<table class=\"tabla_caracteristicas\" width=\"100%\">\n<tbody>\n<tr>\n<td valign=\"top\" width=\"35%\"><span style=\"font-size:11px;\"><span style=\"font-family: tahoma,geneva,sans-serif;\"><b><small><font style=\"font-size: 11px\">Marca<\/font><\/small><\/b><\/span><\/span><\/td>\n<td><span style=\"font-size:11px;\"><span style=\"font-family: tahoma,geneva,sans-serif;\">Edimax<\/span><\/span><\/td>\n<\/tr>\n<tr>\n<td valign=\"top\" width=\"35%\"><span style=\"font-size:11px;\"><span style=\"font-family: tahoma,geneva,sans-serif;\"><b><small><font style=\"font-size: 11px\">Modelo<\/font><\/small><\/b><\/span><\/span><\/td>\n<td>\n<div><span style=\"font-size:11px;\"><span style=\"font-family: tahoma,geneva,sans-serif;\">EW-7438RPN Mini<\/span><\/span><\/div>\n<\/td>\n<\/tr>\n<tr>\n<td valign=\"top\" width=\"35%\"><span style=\"font-size:11px;\"><span style=\"font-family: tahoma,geneva,sans-serif;\"><b><small><font style=\"font-size: 11px\">Caracter&iacute;sticas<\/font><\/small><\/b><\/span><\/span><\/td>\n<td>\n<div><span style=\"font-size:11px;\"><span style=\"font-family: tahoma,geneva,sans-serif;\">&nbsp;BANDA DE FRECUENCIA<\/span><\/span>\t\t\t<\/p>\n<div><span style=\"font-size:11px;\"><span style=\"font-family: tahoma,geneva,sans-serif;\">&#8211; 2.4GHz<br \/>\t\t\tEST&Aacute;NDARES DE TRANSMISI&Oacute;N INAL&Aacute;MBRICA Y VELOCIDAD DE DATOS<br \/>\t\t\t&#8211; IEEE 802.11n (hasta 300 Mbps)<br \/>\t\t\t&#8211; IEEE 802.11g (hasta 54 Mbps)<br \/>\t\t\t&#8211; IEEE 802.11b (hasta 11 Mbps)<br \/>\t\t\tINTERFAZ DE HARDWARE<br \/>\t\t\t&#8211; Puerto LAN Ethernet 10\/100 Mbps<br \/>\t\t\t&#8211; Bot&oacute;n WPS<br \/>\t\t\t&#8211; Leds: Intensidad de se&ntilde;al, conexi&oacute;n inal&aacute;mbrica, alimentaci&oacute;n, WPS, LAN<br \/>\t\t\tGESTI&Oacute;N<br \/>\t\t\t&#8211; Interfaz de usuario en 16 idiomas<br \/>\t\t\t&#8211; Firmware actualizable<br \/>\t\t\tSEGURIDAD<br \/>\t\t\t&#8211; Cifrado WEP de 64\/128-bits y seguridad WPA-PSK y WPA2-PSK<br \/>\t\t\t&#8211; Autenticaci&oacute;n 802.1x<br \/>\t\t\t&#8211; WPS (Configuraci&oacute;n Wi-Fi protegida)<br \/>\t\t\t&#8211; Control de acceso de usuario (direcci&oacute;n MAC)<br \/>\t\t\tANTENA<br \/>\t\t\t&#8211; 2 antenas internas&nbsp;<\/span><\/span><\/div>\n<\/p><\/div>\n<\/td>\n<\/tr>\n<tr>\n<td valign=\"top\" width=\"35%\"><span style=\"font-size:11px;\"><span style=\"font-family: tahoma,geneva,sans-serif;\"><b><small><font style=\"font-size: 11px\">Otras Caracter&iacute;sticas<\/font><\/small><\/b><\/span><\/span><\/td>\n<td>\n<div>\n<div>\n<div><span style=\"font-size:11px;\"><span style=\"font-family: tahoma,geneva,sans-serif;\">REQUISITOS DEL SISTEMA<br \/>\t\t\t&#8211; Red inal&aacute;mbrica dom&eacute;stica existente (2.4 GHz) para extensor de alcance\/ modo puente inal&aacute;mbrico o m&oacute;dem enrutador cable\/DSL para modo punto de acceso<br \/>\t\t\t&#8211; Ordenador con capacidad Wi-Fi de 2.4 GHz b\/g\/n y navegador web para configuraci&oacute;n de software (versi&oacute;n m&aacute;s reciente de Internet Explorer&reg;, Google Chrome&reg;, Firefox&reg; o Safari&reg;)<br \/>\t\t\t&#8211; iOS 5 o Android 4.o superiores para aplicaciones m&oacute;viles<br \/>\t\t\tINSTALACI&Oacute;N<br \/>\t\t\t&#8211; Configuraci&oacute;n iQ Setup multiling&uuml;e (interfaz navegador)<br \/>\t\t\t&#8211; Bot&oacute;n de hardware WPS<br \/>\t\t\tADAPTADOR DE CORRIENTE<br \/>\t\t\t&#8211; M&oacute;dulo de alimentaci&oacute;n integrado de CA 100-240 V, 50-60 Hz<br \/>\t\t\tHUMEDAD Y TEMPERATURA<br \/>\t\t\t&#8211; 10-90 % (sin condensaci&oacute;n)<br \/>\t\t\t&#8211; 0-40 &#8451; (32-104 &deg;F)<br \/>\t\t\tDIMENSIONES Y PESO<br \/>\t\t\t&#8211; 65 (H) x 42 (A) x 38 (L) mm<br \/>\t\t\t&#8211; Tipo de enchufe UE: 70 g<br \/>\t\t\t&#8211; Tipo de enchufe UK: 72 g<br \/>\t\t\t&#8211; Tipo de enchufe US: 64 g<br \/>\t\t\tCERTIFICACIONES<br \/>\t\t\t&#8211; FCC, CE<\/span><\/span><\/div>\n<\/p><\/div>\n<\/p><\/div>\n<\/td>\n<\/tr>\n<tr>\n<td valign=\"top\" width=\"35%\"><span style=\"font-size:11px;\"><span style=\"font-family: tahoma,geneva,sans-serif;\"><b><small><font style=\"font-size: 11px\">Fecha de revisi&oacute;n<\/font><\/small><\/b><\/span><\/span><\/td>\n<td><span style=\"font-size:11px;\"><span style=\"font-family: tahoma,geneva,sans-serif;\">12-09-2014 por FE4<\/span><\/span><\/td>\n<\/tr>\n<\/tbody>\n<\/table>\n","protected":false},"excerpt":{"rendered":"<p>EW-7438RPn MiniExtensor Wi-Fi\/Punto de acceso\/Puente Wi-Fi N300 Mini &#8211; Ampl&iacute;a el alcance de las redes Wi-Fi 802.11b\/g\/n existentes&#8211; iQ Setup para una extensi&oacute;n f&aacute;cil del Wi-Fi&#8211; Control y an&aacute;lisis inteligente de aplicaciones: Aplicaci&oacute;n gratuita EdiRange con an&aacute;lisis de entorno local Wi-Fi, programaci&oacute;n Wi-Fi y red para invitados&#8211; Modo inteligente 3 en 1: punto de acceso,&hellip;&nbsp;<a href=\"https:\/\/aivlisoft.net\/shop\/producto\/edimax-ew-7438rpn-repetidor-wifi-n300-3en1-mini\/\" rel=\"bookmark\"><span class=\"screen-reader-text\">Edimax EW-7438RPN Repetidor WiFi N300 3en1 Mini<\/span><\/a><\/p>\n","protected":false},"featured_media":19353,"template":"","meta":{"neve_meta_sidebar":"","neve_meta_container":"","neve_meta_enable_content_width":"","neve_meta_content_width":0,"neve_meta_title_alignment":"","neve_meta_author_avatar":"","neve_post_elements_order":"","neve_meta_disable_header":"","neve_meta_disable_footer":"","neve_meta_disable_title":""},"product_brand":[],"product_cat":[8770],"product_tag":[6997],"class_list":{"0":"post-19352","1":"product","2":"type-product","3":"status-publish","4":"has-post-thumbnail","6":"product_cat-puntos-de-acceso","7":"product_tag-ew-7438rpn-mini","9":"first","10":"instock","11":"taxable","12":"shipping-taxable","13":"purchasable","14":"product-type-simple"},"yoast_head":"<!-- This site is optimized with the Yoast SEO plugin v26.0 - https:\/\/yoast.com\/wordpress\/plugins\/seo\/ -->\n<title>Edimax EW-7438RPN Repetidor WiFi N300 3en1 Mini - Aivlisoft Inform\u00e1tica<\/title>\n<meta name=\"robots\" content=\"index, follow, max-snippet:-1, max-image-preview:large, max-video-preview:-1\" \/>\n<link rel=\"canonical\" href=\"https:\/\/aivlisoft.net\/shop\/producto\/edimax-ew-7438rpn-repetidor-wifi-n300-3en1-mini\/\" \/>\n<meta property=\"og:locale\" content=\"es_ES\" \/>\n<meta property=\"og:type\" content=\"article\" \/>\n<meta property=\"og:title\" content=\"Edimax EW-7438RPN Repetidor WiFi N300 3en1 Mini - Aivlisoft Inform\u00e1tica\" \/>\n<meta property=\"og:description\" content=\"EW-7438RPn MiniExtensor Wi-Fi\/Punto de acceso\/Puente Wi-Fi N300 Mini &#8211; Ampl&iacute;a el alcance de las redes Wi-Fi 802.11b\/g\/n existentes&#8211; iQ Setup para una extensi&oacute;n f&aacute;cil del Wi-Fi&#8211; Control y an&aacute;lisis inteligente de aplicaciones: Aplicaci&oacute;n gratuita EdiRange con an&aacute;lisis de entorno local Wi-Fi, programaci&oacute;n Wi-Fi y red para invitados&#8211; Modo inteligente 3 en 1: punto de acceso,&hellip;&nbsp;Edimax EW-7438RPN Repetidor WiFi N300 3en1 Mini\" \/>\n<meta property=\"og:url\" content=\"https:\/\/aivlisoft.net\/shop\/producto\/edimax-ew-7438rpn-repetidor-wifi-n300-3en1-mini\/\" \/>\n<meta property=\"og:site_name\" content=\"Aivlisoft Inform\u00e1tica\" \/>\n<meta property=\"article:modified_time\" content=\"2025-01-14T11:44:36+00:00\" \/>\n<meta property=\"og:image\" content=\"https:\/\/aivlisoft.net\/shop\/wp-content\/uploads\/2025\/01\/NSWPAC0114_800.jpg\" \/>\n\t<meta property=\"og:image:width\" content=\"800\" \/>\n\t<meta property=\"og:image:height\" content=\"800\" \/>\n\t<meta property=\"og:image:type\" content=\"image\/jpeg\" \/>\n<meta name=\"twitter:card\" content=\"summary_large_image\" \/>\n<meta name=\"twitter:label1\" content=\"Tiempo de lectura\" \/>\n\t<meta name=\"twitter:data1\" content=\"7 minutos\" \/>\n<script type=\"application\/ld+json\" class=\"yoast-schema-graph\">{\"@context\":\"https:\/\/schema.org\",\"@graph\":[{\"@type\":\"WebPage\",\"@id\":\"https:\/\/aivlisoft.net\/shop\/producto\/edimax-ew-7438rpn-repetidor-wifi-n300-3en1-mini\/\",\"url\":\"https:\/\/aivlisoft.net\/shop\/producto\/edimax-ew-7438rpn-repetidor-wifi-n300-3en1-mini\/\",\"name\":\"Edimax EW-7438RPN Repetidor WiFi N300 3en1 Mini - Aivlisoft Inform\u00e1tica\",\"isPartOf\":{\"@id\":\"https:\/\/aivlisoft.net\/shop\/#website\"},\"primaryImageOfPage\":{\"@id\":\"https:\/\/aivlisoft.net\/shop\/producto\/edimax-ew-7438rpn-repetidor-wifi-n300-3en1-mini\/#primaryimage\"},\"image\":{\"@id\":\"https:\/\/aivlisoft.net\/shop\/producto\/edimax-ew-7438rpn-repetidor-wifi-n300-3en1-mini\/#primaryimage\"},\"thumbnailUrl\":\"https:\/\/aivlisoft.net\/shop\/wp-content\/uploads\/2025\/01\/NSWPAC0114_800.jpg\",\"datePublished\":\"2025-01-13T15:31:37+00:00\",\"dateModified\":\"2025-01-14T11:44:36+00:00\",\"breadcrumb\":{\"@id\":\"https:\/\/aivlisoft.net\/shop\/producto\/edimax-ew-7438rpn-repetidor-wifi-n300-3en1-mini\/#breadcrumb\"},\"inLanguage\":\"es\",\"potentialAction\":[{\"@type\":\"ReadAction\",\"target\":[\"https:\/\/aivlisoft.net\/shop\/producto\/edimax-ew-7438rpn-repetidor-wifi-n300-3en1-mini\/\"]}]},{\"@type\":\"ImageObject\",\"inLanguage\":\"es\",\"@id\":\"https:\/\/aivlisoft.net\/shop\/producto\/edimax-ew-7438rpn-repetidor-wifi-n300-3en1-mini\/#primaryimage\",\"url\":\"https:\/\/aivlisoft.net\/shop\/wp-content\/uploads\/2025\/01\/NSWPAC0114_800.jpg\",\"contentUrl\":\"https:\/\/aivlisoft.net\/shop\/wp-content\/uploads\/2025\/01\/NSWPAC0114_800.jpg\",\"width\":800,\"height\":800},{\"@type\":\"BreadcrumbList\",\"@id\":\"https:\/\/aivlisoft.net\/shop\/producto\/edimax-ew-7438rpn-repetidor-wifi-n300-3en1-mini\/#breadcrumb\",\"itemListElement\":[{\"@type\":\"ListItem\",\"position\":1,\"name\":\"Portada\",\"item\":\"https:\/\/aivlisoft.net\/shop\/\"},{\"@type\":\"ListItem\",\"position\":2,\"name\":\"Tienda\",\"item\":\"https:\/\/aivlisoft.net\/shop\/tienda\/\"},{\"@type\":\"ListItem\",\"position\":3,\"name\":\"Edimax EW-7438RPN Repetidor WiFi N300 3en1 Mini\"}]},{\"@type\":\"WebSite\",\"@id\":\"https:\/\/aivlisoft.net\/shop\/#website\",\"url\":\"https:\/\/aivlisoft.net\/shop\/\",\"name\":\"Aivlisoft Inform\u00e1tica\",\"description\":\"En Aivlisoft Inform\u00e1tica ofrecemos soluciones tecnol\u00f3gicas para empresas: venta de ordenadores, consumibles, perif\u00e9ricos y m\u00e1s. Calidad, atenci\u00f3n personalizada y los mejores precios para tu negocio.\",\"publisher\":{\"@id\":\"https:\/\/aivlisoft.net\/shop\/#organization\"},\"potentialAction\":[{\"@type\":\"SearchAction\",\"target\":{\"@type\":\"EntryPoint\",\"urlTemplate\":\"https:\/\/aivlisoft.net\/shop\/?s={search_term_string}\"},\"query-input\":{\"@type\":\"PropertyValueSpecification\",\"valueRequired\":true,\"valueName\":\"search_term_string\"}}],\"inLanguage\":\"es\"},{\"@type\":\"Organization\",\"@id\":\"https:\/\/aivlisoft.net\/shop\/#organization\",\"name\":\"Aivlisoft Inform\u00e1tica\",\"url\":\"https:\/\/aivlisoft.net\/shop\/\",\"logo\":{\"@type\":\"ImageObject\",\"inLanguage\":\"es\",\"@id\":\"https:\/\/aivlisoft.net\/shop\/#\/schema\/logo\/image\/\",\"url\":\"https:\/\/aivlisoft.net\/shop\/wp-content\/uploads\/2024\/12\/removal.ai_5b848c54-0cdf-4140-95c5-c5536bb7573b-logodef.png\",\"contentUrl\":\"https:\/\/aivlisoft.net\/shop\/wp-content\/uploads\/2024\/12\/removal.ai_5b848c54-0cdf-4140-95c5-c5536bb7573b-logodef.png\",\"width\":484,\"height\":182,\"caption\":\"Aivlisoft Inform\u00e1tica\"},\"image\":{\"@id\":\"https:\/\/aivlisoft.net\/shop\/#\/schema\/logo\/image\/\"}}]}<\/script>\n<!-- \/ Yoast SEO plugin. -->","yoast_head_json":{"title":"Edimax EW-7438RPN Repetidor WiFi N300 3en1 Mini - Aivlisoft Inform\u00e1tica","robots":{"index":"index","follow":"follow","max-snippet":"max-snippet:-1","max-image-preview":"max-image-preview:large","max-video-preview":"max-video-preview:-1"},"canonical":"https:\/\/aivlisoft.net\/shop\/producto\/edimax-ew-7438rpn-repetidor-wifi-n300-3en1-mini\/","og_locale":"es_ES","og_type":"article","og_title":"Edimax EW-7438RPN Repetidor WiFi N300 3en1 Mini - Aivlisoft Inform\u00e1tica","og_description":"EW-7438RPn MiniExtensor Wi-Fi\/Punto de acceso\/Puente Wi-Fi N300 Mini &#8211; Ampl&iacute;a el alcance de las redes Wi-Fi 802.11b\/g\/n existentes&#8211; iQ Setup para una extensi&oacute;n f&aacute;cil del Wi-Fi&#8211; Control y an&aacute;lisis inteligente de aplicaciones: Aplicaci&oacute;n gratuita EdiRange con an&aacute;lisis de entorno local Wi-Fi, programaci&oacute;n Wi-Fi y red para invitados&#8211; Modo inteligente 3 en 1: punto de acceso,&hellip;&nbsp;Edimax EW-7438RPN Repetidor WiFi N300 3en1 Mini","og_url":"https:\/\/aivlisoft.net\/shop\/producto\/edimax-ew-7438rpn-repetidor-wifi-n300-3en1-mini\/","og_site_name":"Aivlisoft Inform\u00e1tica","article_modified_time":"2025-01-14T11:44:36+00:00","og_image":[{"width":800,"height":800,"url":"https:\/\/aivlisoft.net\/shop\/wp-content\/uploads\/2025\/01\/NSWPAC0114_800.jpg","type":"image\/jpeg"}],"twitter_card":"summary_large_image","twitter_misc":{"Tiempo de lectura":"7 minutos"},"schema":{"@context":"https:\/\/schema.org","@graph":[{"@type":"WebPage","@id":"https:\/\/aivlisoft.net\/shop\/producto\/edimax-ew-7438rpn-repetidor-wifi-n300-3en1-mini\/","url":"https:\/\/aivlisoft.net\/shop\/producto\/edimax-ew-7438rpn-repetidor-wifi-n300-3en1-mini\/","name":"Edimax EW-7438RPN Repetidor WiFi N300 3en1 Mini - Aivlisoft Inform\u00e1tica","isPartOf":{"@id":"https:\/\/aivlisoft.net\/shop\/#website"},"primaryImageOfPage":{"@id":"https:\/\/aivlisoft.net\/shop\/producto\/edimax-ew-7438rpn-repetidor-wifi-n300-3en1-mini\/#primaryimage"},"image":{"@id":"https:\/\/aivlisoft.net\/shop\/producto\/edimax-ew-7438rpn-repetidor-wifi-n300-3en1-mini\/#primaryimage"},"thumbnailUrl":"https:\/\/aivlisoft.net\/shop\/wp-content\/uploads\/2025\/01\/NSWPAC0114_800.jpg","datePublished":"2025-01-13T15:31:37+00:00","dateModified":"2025-01-14T11:44:36+00:00","breadcrumb":{"@id":"https:\/\/aivlisoft.net\/shop\/producto\/edimax-ew-7438rpn-repetidor-wifi-n300-3en1-mini\/#breadcrumb"},"inLanguage":"es","potentialAction":[{"@type":"ReadAction","target":["https:\/\/aivlisoft.net\/shop\/producto\/edimax-ew-7438rpn-repetidor-wifi-n300-3en1-mini\/"]}]},{"@type":"ImageObject","inLanguage":"es","@id":"https:\/\/aivlisoft.net\/shop\/producto\/edimax-ew-7438rpn-repetidor-wifi-n300-3en1-mini\/#primaryimage","url":"https:\/\/aivlisoft.net\/shop\/wp-content\/uploads\/2025\/01\/NSWPAC0114_800.jpg","contentUrl":"https:\/\/aivlisoft.net\/shop\/wp-content\/uploads\/2025\/01\/NSWPAC0114_800.jpg","width":800,"height":800},{"@type":"BreadcrumbList","@id":"https:\/\/aivlisoft.net\/shop\/producto\/edimax-ew-7438rpn-repetidor-wifi-n300-3en1-mini\/#breadcrumb","itemListElement":[{"@type":"ListItem","position":1,"name":"Portada","item":"https:\/\/aivlisoft.net\/shop\/"},{"@type":"ListItem","position":2,"name":"Tienda","item":"https:\/\/aivlisoft.net\/shop\/tienda\/"},{"@type":"ListItem","position":3,"name":"Edimax EW-7438RPN Repetidor WiFi N300 3en1 Mini"}]},{"@type":"WebSite","@id":"https:\/\/aivlisoft.net\/shop\/#website","url":"https:\/\/aivlisoft.net\/shop\/","name":"Aivlisoft Inform\u00e1tica","description":"En Aivlisoft Inform\u00e1tica ofrecemos soluciones tecnol\u00f3gicas para empresas: venta de ordenadores, consumibles, perif\u00e9ricos y m\u00e1s. Calidad, atenci\u00f3n personalizada y los mejores precios para tu negocio.","publisher":{"@id":"https:\/\/aivlisoft.net\/shop\/#organization"},"potentialAction":[{"@type":"SearchAction","target":{"@type":"EntryPoint","urlTemplate":"https:\/\/aivlisoft.net\/shop\/?s={search_term_string}"},"query-input":{"@type":"PropertyValueSpecification","valueRequired":true,"valueName":"search_term_string"}}],"inLanguage":"es"},{"@type":"Organization","@id":"https:\/\/aivlisoft.net\/shop\/#organization","name":"Aivlisoft Inform\u00e1tica","url":"https:\/\/aivlisoft.net\/shop\/","logo":{"@type":"ImageObject","inLanguage":"es","@id":"https:\/\/aivlisoft.net\/shop\/#\/schema\/logo\/image\/","url":"https:\/\/aivlisoft.net\/shop\/wp-content\/uploads\/2024\/12\/removal.ai_5b848c54-0cdf-4140-95c5-c5536bb7573b-logodef.png","contentUrl":"https:\/\/aivlisoft.net\/shop\/wp-content\/uploads\/2024\/12\/removal.ai_5b848c54-0cdf-4140-95c5-c5536bb7573b-logodef.png","width":484,"height":182,"caption":"Aivlisoft Inform\u00e1tica"},"image":{"@id":"https:\/\/aivlisoft.net\/shop\/#\/schema\/logo\/image\/"}}]}},"_links":{"self":[{"href":"https:\/\/aivlisoft.net\/shop\/wp-json\/wp\/v2\/product\/19352","targetHints":{"allow":["GET"]}}],"collection":[{"href":"https:\/\/aivlisoft.net\/shop\/wp-json\/wp\/v2\/product"}],"about":[{"href":"https:\/\/aivlisoft.net\/shop\/wp-json\/wp\/v2\/types\/product"}],"wp:featuredmedia":[{"embeddable":true,"href":"https:\/\/aivlisoft.net\/shop\/wp-json\/wp\/v2\/media\/19353"}],"wp:attachment":[{"href":"https:\/\/aivlisoft.net\/shop\/wp-json\/wp\/v2\/media?parent=19352"}],"wp:term":[{"taxonomy":"product_brand","embeddable":true,"href":"https:\/\/aivlisoft.net\/shop\/wp-json\/wp\/v2\/product_brand?post=19352"},{"taxonomy":"product_cat","embeddable":true,"href":"https:\/\/aivlisoft.net\/shop\/wp-json\/wp\/v2\/product_cat?post=19352"},{"taxonomy":"product_tag","embeddable":true,"href":"https:\/\/aivlisoft.net\/shop\/wp-json\/wp\/v2\/product_tag?post=19352"}],"curies":[{"name":"wp","href":"https:\/\/api.w.org\/{rel}","templated":true}]}}