{"id":19267,"date":"2025-01-13T15:30:44","date_gmt":"2025-01-13T15:30:44","guid":{"rendered":"https:\/\/aivlisoft.com\/?post_type=product&#038;p=19267"},"modified":"2025-01-14T19:55:37","modified_gmt":"2025-01-14T19:55:37","slug":"fritzbox-5530-fiber-xgs-pon","status":"publish","type":"product","link":"https:\/\/aivlisoft.net\/shop\/producto\/fritzbox-5530-fiber-xgs-pon\/","title":{"rendered":"FRITZ!Box 5530 Fiber XGS-PON"},"content":{"rendered":"<p><\/p>\n<table class=\"tabla_caracteristicas\" width=\"100%\">\n<tr>\n<td valign=\"top\"><strong>Marca<\/strong><\/td>\n<td>FRITZ!Box<\/td>\n<\/tr>\n<tr>\n<td valign=\"top\"><strong>Modelo<\/strong><\/td>\n<td><strong>20002959<\/strong><\/td>\n<\/tr>\n<tr>\n<td valign=\"top\"><strong>Caracter&iacute;sticas<\/strong><\/td>\n<td><strong>Conexiones<\/strong><br \/>\t\t\t&#8211; Router Wi-Fi con ranura SFP para un m&oacute;dulo de fibra &oacute;ptica<br \/>\t\t\t&#8211; <strong>1 x puerto LAN de 2,5 Gbps<\/strong> (est&aacute;ndar IEEE 802.3bz, NBase-T)<br \/>\t\t\t&#8211; <strong>2 x puertos LAN de 1 Gpbs<\/strong><br \/>\t\t\t&#8211; Redes inal&aacute;mbricas basadas en 802.11ax (5 GHz, 2,4 GHz)<br \/>\t\t\t&#8211; Base DECT integrada para hasta seis tel&eacute;fonos inal&aacute;mbricos<br \/>\t\t\t&#8211; <strong>1 x puerto a\/b<\/strong> (TAE\/RJ11) para tel&eacute;fonos anal&oacute;gicos, contestador autom&aacute;tico y fax<br \/>\t\t\t<strong>Internet<\/strong><br \/>\t\t\t&#8211; Router de fibra &oacute;ptica con cortafuegos\/NAT, servidor DHCP, Cliente DynDNS, UPnP AV<br \/>\t\t\t&#8211; Adecuado para conexiones XGS-PON<br \/>\t\t\t&#8211; Funcionamiento como router: a trav&eacute;s de WAN\/LAN con el m&oacute;dem del proveedor o un terminal de fibra &oacute;ptica<br \/>\t\t\t&#8211; Soporta IPv6<br \/>\t\t\t&#8211; Cortafuegos de inspecci&oacute;n activa de paquetes (SPI, Stateful Packet Inspection) con redireccionamiento de puertos para navegar de forma segura en Internet<br \/>\t\t\t&#8211; Acceso remoto seguro, acoplamiento LAN-LAN y conexi&oacute;n a la red empresarial con VPN (WireGuard e IPSec)<br \/>\t\t\t<strong>Wi-Fi<\/strong><br \/>\t\t\t&#8211; Wi-Fi 6 2 x 2 con MIMO<br \/>\t\t\t&#8211; Wi-Fi 6 para utilizar simult&aacute;neamente las bandas de 2,4 GHz y de 5 GHz<br \/>\t\t\t&#8211; Velocidades de transmisi&oacute;n de hasta 2400 Mbps (5 GHz) y 600 Mbps (2,4 GHz)<br \/>\t\t\t&#8211; Compatible con Wi-Fi 802.11ac (Wi-Fi 5), n (Wi-Fi 4), g y a<br \/>\t\t\t&#8211; Ampl&iacute;a la red local con Wi-Fi Mesh<br \/>\t\t\t&#8211; Seguridad gracias al cifrado WPA2 activado de f&aacute;brica, WPA3 disponible adicionalmente<br \/>\t\t\t&#8211; Wi-Fi Protected Setup (WPS)<br \/>\t\t\t&#8211; Acceso de invitados a la red inal&aacute;mbrica : m&aacute;xima seguridad para sus amigos e invitados al navegar en Internet<br \/>\t\t\t&#8211; Canal Wi-Fi autom&aacute;tico: b&uacute;squeda autom&aacute;tica de un canal inal&aacute;mbrico sin interferencias<br \/>\t\t\t&#8211; Modo Wi-Fi Eco para conseguir el mejor rendimiento con el menor consumo de energ&iacute;a<br \/>\t\t\t&#8211; Integra iPhones y smartphones Android a la red local a trav&eacute;s de la red inal&aacute;mbrica (Wi-Fi).<br \/>\t\t\t<strong>Telefon&iacute;a<\/strong><br \/>\t\t\t&#8211; Centralita con estaci&oacute;n base DECT, a la que se pueden conectar hasta seis tel&eacute;fonos inal&aacute;mbricos<br \/>\t\t\t&#8211; Cifrado de la transmisi&oacute;n de voz configurado de f&aacute;brica<br \/>\t\t\t&#8211; Puerto para la conexi&oacute;n de un tel&eacute;fono anal&oacute;gico, contestador autom&aacute;tico o fax<br \/>\t\t\t&#8211; Soporta telefon&iacute;a HD para un sonido natural<br \/>\t\t\t&#8211; DECT Eco: desconexi&oacute;n de la red para una ergonom&iacute;a m&aacute;xima<br \/>\t\t\t&#8211; 5 contestadores autom&aacute;ticos integrados que incluyen la funci&oacute;n de reenv&iacute;o de los mensajes de voz a un correo electr&oacute;nico (voice to mail)<br \/>\t\t\t&#8211; Funci&oacute;n de fax que incluye el reenv&iacute;o de correos electr&oacute;nicos (fax to mail)<br \/>\t\t\t&#8211; Desv&iacute;o de llamadas, llamadas internas, conferencias, transmisi&oacute;n de llamadas<br \/>\t\t\t&#8211; Bloqueo de llamadas, alarma, vigilabeb&eacute;s, llamadas VIP y bloqueo de timbre<br \/>\t\t\t&#8211; Telefon&iacute;a sobre IP conforme con SIP seg&uacute;n RFC 3261<br \/>\t\t\t&#8211; Posibilidad de conectar tel&eacute;fonos IP (LAN\/Wi-Fi) seg&uacute;n el est&aacute;ndar SIP<br \/>\t\t\t&#8211; FRITZ!App Fon para realizar llamadas con smartphone a trav&eacute;s de la red de telefon&iacute;a fija<br \/>\t\t\tComodidad para la red local<br \/>\t\t\t&#8211; Con MyFRITZ! podr&aacute; acceder a su propio FRITZ!Box desde cualquier lugar<br \/>\t\t\t&#8211; Procesador eficiente: para utilizar aplicaciones en red como IPTV, v&iacute;deo bajo demanda y reproducci&oacute;n de m&uacute;sica en streaming<br \/>\t\t\t&#8211; Control parental, servicio de notificaciones, contactos de la nube, almacenamiento en l&iacute;nea<br \/>\t\t\t&#8211; Acceso de invitado: m&aacute;xima seguridad para sus amigos e invitados al navegar en Internet (Wi-Fi)<br \/>\t\t\t&#8211; Posibilidad de utilizar el acceso a Internet existente a trav&eacute;s de LAN<br \/>\t\t\t&#8211; \u00abWake on LAN\u00bb a trav&eacute;s de Internet<br \/>\t\t\t<strong>FRITZ!OS<\/strong><br \/>\t\t\t&#8211; \u00abfritz.box\u00bb: interfaz de usuario clara, uso intuitivo con ayuda del navegador.<br \/>\t\t\t&#8211; Interfaz de usuario optimizada para smartphones y tablets (dise&ntilde;o web adaptable).<br \/>\t\t\t&#8211; Actualizaciones gratuitas de nuevas funciones y caracter&iacute;sticas de seguridad.<br \/>\t\t\t&#8211; Las pr&aacute;cticas FRITZ!Apps para su smartphone: MyFRITZ!App para disfrutar la comodidad que ofrece FRITZ! tambi&eacute;n estando fuera de casa y FRITZ!App WLAN la inteligente ayuda Wi-Fi<br \/>\t\t\t&#8211; Funci&oacute;n de ayuda con b&uacute;squeda de texto completo<br \/>\t\t\t&#8211; Funciones de dom&oacute;tica integradas en la interfaz de usuario<br \/>\t\t\t&#8211; El FRITZ!Box funciona a la perfecci&oacute;n combinado con los dispositivos de dom&oacute;tica de FRITZ! y tambi&eacute;n es compatible con aparatos de otros fabricantes compatibles con tecnolog&iacute;a DECT-ULE\/HAN-FUN<br \/>\t\t\t&#8211; Los dispositivos dom&oacute;ticos se pueden conectar dentro de la red dom&eacute;stica a trav&eacute;s de Internet tanto de forma manual como autom&aacute;tica<\/td>\n<\/tr>\n<tr>\n<td valign=\"top\"><strong>Fecha de revisi&oacute;n<\/strong><\/td>\n<td>20-09-2024 por RTY<\/td>\n<\/tr>\n<\/table>\n","protected":false},"excerpt":{"rendered":"<p>Marca FRITZ!Box Modelo 20002959 Caracter&iacute;sticas Conexiones &#8211; Router Wi-Fi con ranura SFP para un m&oacute;dulo de fibra &oacute;ptica &#8211; 1 x puerto LAN de 2,5 Gbps (est&aacute;ndar IEEE 802.3bz, NBase-T) &#8211; 2 x puertos LAN de 1 Gpbs &#8211; Redes inal&aacute;mbricas basadas en 802.11ax (5 GHz, 2,4 GHz) &#8211; Base DECT integrada para hasta seis&hellip;&nbsp;<a href=\"https:\/\/aivlisoft.net\/shop\/producto\/fritzbox-5530-fiber-xgs-pon\/\" rel=\"bookmark\"><span class=\"screen-reader-text\">FRITZ!Box 5530 Fiber XGS-PON<\/span><\/a><\/p>\n","protected":false},"featured_media":19268,"template":"","meta":{"neve_meta_sidebar":"","neve_meta_container":"","neve_meta_enable_content_width":"","neve_meta_content_width":0,"neve_meta_title_alignment":"","neve_meta_author_avatar":"","neve_post_elements_order":"","neve_meta_disable_header":"","neve_meta_disable_footer":"","neve_meta_disable_title":""},"product_brand":[],"product_cat":[15,8768,6832],"product_tag":[6972],"class_list":{"0":"post-19267","1":"product","2":"type-product","3":"status-publish","4":"has-post-thumbnail","6":"product_cat-sin-categorizar","7":"product_cat-routers-adsl","8":"product_cat-routers-modems","9":"product_tag-6972","11":"first","12":"instock","13":"taxable","14":"shipping-taxable","15":"purchasable","16":"product-type-simple"},"yoast_head":"<!-- This site is optimized with the Yoast SEO plugin v26.0 - https:\/\/yoast.com\/wordpress\/plugins\/seo\/ -->\n<title>FRITZ!Box 5530 Fiber XGS-PON - Aivlisoft Inform\u00e1tica<\/title>\n<meta name=\"robots\" content=\"index, follow, max-snippet:-1, max-image-preview:large, max-video-preview:-1\" \/>\n<link rel=\"canonical\" href=\"https:\/\/aivlisoft.net\/shop\/producto\/fritzbox-5530-fiber-xgs-pon\/\" \/>\n<meta property=\"og:locale\" content=\"es_ES\" \/>\n<meta property=\"og:type\" content=\"article\" \/>\n<meta property=\"og:title\" content=\"FRITZ!Box 5530 Fiber XGS-PON - Aivlisoft Inform\u00e1tica\" \/>\n<meta property=\"og:description\" content=\"Marca FRITZ!Box Modelo 20002959 Caracter&iacute;sticas Conexiones &#8211; Router Wi-Fi con ranura SFP para un m&oacute;dulo de fibra &oacute;ptica &#8211; 1 x puerto LAN de 2,5 Gbps (est&aacute;ndar IEEE 802.3bz, NBase-T) &#8211; 2 x puertos LAN de 1 Gpbs &#8211; Redes inal&aacute;mbricas basadas en 802.11ax (5 GHz, 2,4 GHz) &#8211; Base DECT integrada para hasta seis&hellip;&nbsp;FRITZ!Box 5530 Fiber XGS-PON\" \/>\n<meta property=\"og:url\" content=\"https:\/\/aivlisoft.net\/shop\/producto\/fritzbox-5530-fiber-xgs-pon\/\" \/>\n<meta property=\"og:site_name\" content=\"Aivlisoft Inform\u00e1tica\" \/>\n<meta property=\"article:modified_time\" content=\"2025-01-14T19:55:37+00:00\" \/>\n<meta property=\"og:image\" content=\"https:\/\/aivlisoft.net\/shop\/wp-content\/uploads\/2025\/01\/NROINA0406_800.jpg\" \/>\n\t<meta property=\"og:image:width\" content=\"800\" \/>\n\t<meta property=\"og:image:height\" content=\"800\" \/>\n\t<meta property=\"og:image:type\" content=\"image\/jpeg\" \/>\n<meta name=\"twitter:card\" content=\"summary_large_image\" \/>\n<meta name=\"twitter:label1\" content=\"Tiempo de lectura\" \/>\n\t<meta name=\"twitter:data1\" content=\"4 minutos\" \/>\n<script type=\"application\/ld+json\" class=\"yoast-schema-graph\">{\"@context\":\"https:\/\/schema.org\",\"@graph\":[{\"@type\":\"WebPage\",\"@id\":\"https:\/\/aivlisoft.net\/shop\/producto\/fritzbox-5530-fiber-xgs-pon\/\",\"url\":\"https:\/\/aivlisoft.net\/shop\/producto\/fritzbox-5530-fiber-xgs-pon\/\",\"name\":\"FRITZ!Box 5530 Fiber XGS-PON - Aivlisoft Inform\u00e1tica\",\"isPartOf\":{\"@id\":\"https:\/\/aivlisoft.net\/shop\/#website\"},\"primaryImageOfPage\":{\"@id\":\"https:\/\/aivlisoft.net\/shop\/producto\/fritzbox-5530-fiber-xgs-pon\/#primaryimage\"},\"image\":{\"@id\":\"https:\/\/aivlisoft.net\/shop\/producto\/fritzbox-5530-fiber-xgs-pon\/#primaryimage\"},\"thumbnailUrl\":\"https:\/\/aivlisoft.net\/shop\/wp-content\/uploads\/2025\/01\/NROINA0406_800.jpg\",\"datePublished\":\"2025-01-13T15:30:44+00:00\",\"dateModified\":\"2025-01-14T19:55:37+00:00\",\"breadcrumb\":{\"@id\":\"https:\/\/aivlisoft.net\/shop\/producto\/fritzbox-5530-fiber-xgs-pon\/#breadcrumb\"},\"inLanguage\":\"es\",\"potentialAction\":[{\"@type\":\"ReadAction\",\"target\":[\"https:\/\/aivlisoft.net\/shop\/producto\/fritzbox-5530-fiber-xgs-pon\/\"]}]},{\"@type\":\"ImageObject\",\"inLanguage\":\"es\",\"@id\":\"https:\/\/aivlisoft.net\/shop\/producto\/fritzbox-5530-fiber-xgs-pon\/#primaryimage\",\"url\":\"https:\/\/aivlisoft.net\/shop\/wp-content\/uploads\/2025\/01\/NROINA0406_800.jpg\",\"contentUrl\":\"https:\/\/aivlisoft.net\/shop\/wp-content\/uploads\/2025\/01\/NROINA0406_800.jpg\",\"width\":800,\"height\":800},{\"@type\":\"BreadcrumbList\",\"@id\":\"https:\/\/aivlisoft.net\/shop\/producto\/fritzbox-5530-fiber-xgs-pon\/#breadcrumb\",\"itemListElement\":[{\"@type\":\"ListItem\",\"position\":1,\"name\":\"Portada\",\"item\":\"https:\/\/aivlisoft.net\/shop\/\"},{\"@type\":\"ListItem\",\"position\":2,\"name\":\"Tienda\",\"item\":\"https:\/\/aivlisoft.net\/shop\/tienda\/\"},{\"@type\":\"ListItem\",\"position\":3,\"name\":\"FRITZ!Box 5530 Fiber XGS-PON\"}]},{\"@type\":\"WebSite\",\"@id\":\"https:\/\/aivlisoft.net\/shop\/#website\",\"url\":\"https:\/\/aivlisoft.net\/shop\/\",\"name\":\"Aivlisoft Inform\u00e1tica\",\"description\":\"En Aivlisoft Inform\u00e1tica ofrecemos soluciones tecnol\u00f3gicas para empresas: venta de ordenadores, consumibles, perif\u00e9ricos y m\u00e1s. Calidad, atenci\u00f3n personalizada y los mejores precios para tu negocio.\",\"publisher\":{\"@id\":\"https:\/\/aivlisoft.net\/shop\/#organization\"},\"potentialAction\":[{\"@type\":\"SearchAction\",\"target\":{\"@type\":\"EntryPoint\",\"urlTemplate\":\"https:\/\/aivlisoft.net\/shop\/?s={search_term_string}\"},\"query-input\":{\"@type\":\"PropertyValueSpecification\",\"valueRequired\":true,\"valueName\":\"search_term_string\"}}],\"inLanguage\":\"es\"},{\"@type\":\"Organization\",\"@id\":\"https:\/\/aivlisoft.net\/shop\/#organization\",\"name\":\"Aivlisoft Inform\u00e1tica\",\"url\":\"https:\/\/aivlisoft.net\/shop\/\",\"logo\":{\"@type\":\"ImageObject\",\"inLanguage\":\"es\",\"@id\":\"https:\/\/aivlisoft.net\/shop\/#\/schema\/logo\/image\/\",\"url\":\"https:\/\/aivlisoft.net\/shop\/wp-content\/uploads\/2024\/12\/removal.ai_5b848c54-0cdf-4140-95c5-c5536bb7573b-logodef.png\",\"contentUrl\":\"https:\/\/aivlisoft.net\/shop\/wp-content\/uploads\/2024\/12\/removal.ai_5b848c54-0cdf-4140-95c5-c5536bb7573b-logodef.png\",\"width\":484,\"height\":182,\"caption\":\"Aivlisoft Inform\u00e1tica\"},\"image\":{\"@id\":\"https:\/\/aivlisoft.net\/shop\/#\/schema\/logo\/image\/\"}}]}<\/script>\n<!-- \/ Yoast SEO plugin. -->","yoast_head_json":{"title":"FRITZ!Box 5530 Fiber XGS-PON - Aivlisoft Inform\u00e1tica","robots":{"index":"index","follow":"follow","max-snippet":"max-snippet:-1","max-image-preview":"max-image-preview:large","max-video-preview":"max-video-preview:-1"},"canonical":"https:\/\/aivlisoft.net\/shop\/producto\/fritzbox-5530-fiber-xgs-pon\/","og_locale":"es_ES","og_type":"article","og_title":"FRITZ!Box 5530 Fiber XGS-PON - Aivlisoft Inform\u00e1tica","og_description":"Marca FRITZ!Box Modelo 20002959 Caracter&iacute;sticas Conexiones &#8211; Router Wi-Fi con ranura SFP para un m&oacute;dulo de fibra &oacute;ptica &#8211; 1 x puerto LAN de 2,5 Gbps (est&aacute;ndar IEEE 802.3bz, NBase-T) &#8211; 2 x puertos LAN de 1 Gpbs &#8211; Redes inal&aacute;mbricas basadas en 802.11ax (5 GHz, 2,4 GHz) &#8211; Base DECT integrada para hasta seis&hellip;&nbsp;FRITZ!Box 5530 Fiber XGS-PON","og_url":"https:\/\/aivlisoft.net\/shop\/producto\/fritzbox-5530-fiber-xgs-pon\/","og_site_name":"Aivlisoft Inform\u00e1tica","article_modified_time":"2025-01-14T19:55:37+00:00","og_image":[{"width":800,"height":800,"url":"https:\/\/aivlisoft.net\/shop\/wp-content\/uploads\/2025\/01\/NROINA0406_800.jpg","type":"image\/jpeg"}],"twitter_card":"summary_large_image","twitter_misc":{"Tiempo de lectura":"4 minutos"},"schema":{"@context":"https:\/\/schema.org","@graph":[{"@type":"WebPage","@id":"https:\/\/aivlisoft.net\/shop\/producto\/fritzbox-5530-fiber-xgs-pon\/","url":"https:\/\/aivlisoft.net\/shop\/producto\/fritzbox-5530-fiber-xgs-pon\/","name":"FRITZ!Box 5530 Fiber XGS-PON - Aivlisoft Inform\u00e1tica","isPartOf":{"@id":"https:\/\/aivlisoft.net\/shop\/#website"},"primaryImageOfPage":{"@id":"https:\/\/aivlisoft.net\/shop\/producto\/fritzbox-5530-fiber-xgs-pon\/#primaryimage"},"image":{"@id":"https:\/\/aivlisoft.net\/shop\/producto\/fritzbox-5530-fiber-xgs-pon\/#primaryimage"},"thumbnailUrl":"https:\/\/aivlisoft.net\/shop\/wp-content\/uploads\/2025\/01\/NROINA0406_800.jpg","datePublished":"2025-01-13T15:30:44+00:00","dateModified":"2025-01-14T19:55:37+00:00","breadcrumb":{"@id":"https:\/\/aivlisoft.net\/shop\/producto\/fritzbox-5530-fiber-xgs-pon\/#breadcrumb"},"inLanguage":"es","potentialAction":[{"@type":"ReadAction","target":["https:\/\/aivlisoft.net\/shop\/producto\/fritzbox-5530-fiber-xgs-pon\/"]}]},{"@type":"ImageObject","inLanguage":"es","@id":"https:\/\/aivlisoft.net\/shop\/producto\/fritzbox-5530-fiber-xgs-pon\/#primaryimage","url":"https:\/\/aivlisoft.net\/shop\/wp-content\/uploads\/2025\/01\/NROINA0406_800.jpg","contentUrl":"https:\/\/aivlisoft.net\/shop\/wp-content\/uploads\/2025\/01\/NROINA0406_800.jpg","width":800,"height":800},{"@type":"BreadcrumbList","@id":"https:\/\/aivlisoft.net\/shop\/producto\/fritzbox-5530-fiber-xgs-pon\/#breadcrumb","itemListElement":[{"@type":"ListItem","position":1,"name":"Portada","item":"https:\/\/aivlisoft.net\/shop\/"},{"@type":"ListItem","position":2,"name":"Tienda","item":"https:\/\/aivlisoft.net\/shop\/tienda\/"},{"@type":"ListItem","position":3,"name":"FRITZ!Box 5530 Fiber XGS-PON"}]},{"@type":"WebSite","@id":"https:\/\/aivlisoft.net\/shop\/#website","url":"https:\/\/aivlisoft.net\/shop\/","name":"Aivlisoft Inform\u00e1tica","description":"En Aivlisoft Inform\u00e1tica ofrecemos soluciones tecnol\u00f3gicas para empresas: venta de ordenadores, consumibles, perif\u00e9ricos y m\u00e1s. Calidad, atenci\u00f3n personalizada y los mejores precios para tu negocio.","publisher":{"@id":"https:\/\/aivlisoft.net\/shop\/#organization"},"potentialAction":[{"@type":"SearchAction","target":{"@type":"EntryPoint","urlTemplate":"https:\/\/aivlisoft.net\/shop\/?s={search_term_string}"},"query-input":{"@type":"PropertyValueSpecification","valueRequired":true,"valueName":"search_term_string"}}],"inLanguage":"es"},{"@type":"Organization","@id":"https:\/\/aivlisoft.net\/shop\/#organization","name":"Aivlisoft Inform\u00e1tica","url":"https:\/\/aivlisoft.net\/shop\/","logo":{"@type":"ImageObject","inLanguage":"es","@id":"https:\/\/aivlisoft.net\/shop\/#\/schema\/logo\/image\/","url":"https:\/\/aivlisoft.net\/shop\/wp-content\/uploads\/2024\/12\/removal.ai_5b848c54-0cdf-4140-95c5-c5536bb7573b-logodef.png","contentUrl":"https:\/\/aivlisoft.net\/shop\/wp-content\/uploads\/2024\/12\/removal.ai_5b848c54-0cdf-4140-95c5-c5536bb7573b-logodef.png","width":484,"height":182,"caption":"Aivlisoft Inform\u00e1tica"},"image":{"@id":"https:\/\/aivlisoft.net\/shop\/#\/schema\/logo\/image\/"}}]}},"_links":{"self":[{"href":"https:\/\/aivlisoft.net\/shop\/wp-json\/wp\/v2\/product\/19267","targetHints":{"allow":["GET"]}}],"collection":[{"href":"https:\/\/aivlisoft.net\/shop\/wp-json\/wp\/v2\/product"}],"about":[{"href":"https:\/\/aivlisoft.net\/shop\/wp-json\/wp\/v2\/types\/product"}],"wp:featuredmedia":[{"embeddable":true,"href":"https:\/\/aivlisoft.net\/shop\/wp-json\/wp\/v2\/media\/19268"}],"wp:attachment":[{"href":"https:\/\/aivlisoft.net\/shop\/wp-json\/wp\/v2\/media?parent=19267"}],"wp:term":[{"taxonomy":"product_brand","embeddable":true,"href":"https:\/\/aivlisoft.net\/shop\/wp-json\/wp\/v2\/product_brand?post=19267"},{"taxonomy":"product_cat","embeddable":true,"href":"https:\/\/aivlisoft.net\/shop\/wp-json\/wp\/v2\/product_cat?post=19267"},{"taxonomy":"product_tag","embeddable":true,"href":"https:\/\/aivlisoft.net\/shop\/wp-json\/wp\/v2\/product_tag?post=19267"}],"curies":[{"name":"wp","href":"https:\/\/api.w.org\/{rel}","templated":true}]}}