{"id":19249,"date":"2025-01-13T15:30:30","date_gmt":"2025-01-13T15:30:30","guid":{"rendered":"https:\/\/aivlisoft.com\/?post_type=product&#038;p=19249"},"modified":"2025-01-14T19:55:40","modified_gmt":"2025-01-14T19:55:40","slug":"tp-link-nx510v-router-voip-5g-wi-fi-6-ax3000-2xgbe","status":"publish","type":"product","link":"https:\/\/aivlisoft.net\/shop\/producto\/tp-link-nx510v-router-voip-5g-wi-fi-6-ax3000-2xgbe\/","title":{"rendered":"TP-Link NX510v Router VoIP 5G Wi-Fi 6 AX3000 2xGbE"},"content":{"rendered":"<p><\/p>\n<table class=\"tabla_caracteristicas\" width=\"100%\">\n<tr>\n<td valign=\"top\"><strong>Marca<\/strong><\/td>\n<td>TP-Link<\/td>\n<\/tr>\n<tr>\n<td valign=\"top\"><strong>Modelo<\/strong><\/td>\n<td valign=\"top\"><strong>NX510V<\/strong><\/td>\n<\/tr>\n<tr>\n<td valign=\"top\"><strong>Caracter&iacute;sticas de hardware<\/strong><\/td>\n<td>&#8211; CPU: 1 GHz Dual-Core CPU<br \/>\t\t\t&#8211; Interfaz:<br \/>\t\t\t&nbsp; 3 &times; 10\/100\/1000 Mbps RJ45 LAN Ports<br \/>\t\t\t&nbsp; (1 port for WAN\/LAN auto-sensing)<br \/>\t\t\t&#8211; Botones: 1 x bot&oacute;n RESET\/WIFI multiplex y 1 x bot&oacute;n WPS<br \/>\t\t\t&#8211; Fuente de Alimentaci&oacute;n Externa:<br \/>\t\t\t&nbsp; Salida: 12V\/2A<br \/>\t\t\t&nbsp; Entrada: 100-240V~50-60Hz 0.8A<br \/>\t\t\t&#8211; Antenas:<br \/>\t\t\t&nbsp; Antenas WIFI internas<br \/>\t\t\t&nbsp; Antenas LTE\/5G internas\/externas opcionales<\/td>\n<\/tr>\n<tr>\n<td valign=\"top\"><strong>Caracter&iacute;sticas inal&aacute;mbricas<\/strong><\/td>\n<td>&#8211; Est&aacute;ndares Inal&aacute;mbricos:<br \/>\t\t\t&nbsp; IEEE 802.11a\/n\/ac\/ax 5GHz<br \/>\t\t\t&nbsp; IEEE 802.11b\/g\/n\/ax 2.4GHz<br \/>\t\t\t&#8211; Frecuencia: 2.4GHz y 5GHz<br \/>\t\t\t&#8211; Tasa de Se&ntilde;al:<br \/>\t\t\t&nbsp; 5G SA: 2,4 Gbps (descendente) \/ 900 Mbps (ascendente)<br \/>\t\t\t&nbsp; 5G NSA: 3,4 Gbps (de bajada) \/ 550 Mbps (de subida)<br \/>\t\t\t&nbsp; LTE: 1,6 Gbps (de bajada) \/ 200 Mbps (de subida)<br \/>\t\t\t&#8211; Potencia de Transmisi&oacute;n CE:<br \/>\t\t\t&nbsp;&le;20dbm(2,4 GHz)<br \/>\t\t\t&nbsp; &le;23dbm(5G banda1\/banda2)<br \/>\t\t\t&nbsp; &le;30dbm(banda 5G3)<br \/>\t\t\t&#8211; Potencia de Transmisi&oacute;n RCM:<br \/>\t\t\t&nbsp; &le;30dbm(2,4 GHz)<br \/>\t\t\t&nbsp; &le;23dbm(5G banda1\/banda2)<br \/>\t\t\t&nbsp; &le;30dbm(5G banda 3\/banda 4)<br \/>\t\t\t&#8211; Seguridad Inal&aacute;mbrica: Cifrado WPA\/WPA2-PSK\/WPA3<br \/>\t\t\t&#8211; Tipo de Red: <br \/>\t\t\t&nbsp; 5G:N1\/N3\/N5\/N7\/N8\/N20\/N28\/N38\/N40\/N41\/N77\/N78<br \/>\t\t\t&nbsp; 4G:FDD-LTE:B1\/B3\/B5\/B7\/B8\/B20\/B28<br \/>\t\t\t&nbsp; TDD-LTE: B38\/B40\/B41\/B42\/B43<br \/>\t\t\t&nbsp; 3G: DC-HSDPA, HSPA+, HSDPA, HSUPA,WCDMA B1\/B5\/B8<br \/>\t\t\t&#8211; Tecnolog&iacute;a Mesh: 802.11k\/v\/r, compatible con EasyMesh<\/td>\n<\/tr>\n<tr>\n<td valign=\"top\"><strong>Caracter&iacute;sticas de software<\/strong><\/td>\n<td>&#8211; Modo de trabajo: 5G\/4G\/3G, Wi-Fi Router<br \/>\t\t\t&#8211; Multi SSID: 3 redes m&aacute;s de 2,4 GHz\/5 GHz<br \/>\t\t\t&#8211; Tipo de WAN: IP din&aacute;mica\/IP est&aacute;tica\/PPPoE\/L2TP\/PPTP<br \/>\t\t\t&#8211; Protocolos: Soporta IPv4 e IPv6<br \/>\t\t\t<strong>Caracter&iacute;sticas <\/strong><br \/>\t\t\t&#8211; Controles parentales<br \/>\t\t\t&#8211; QoS (Calidad de servicio)<br \/>\t\t\t&#8211; Direcci&oacute;n<br \/>\t\t\t&#8211; Reserva<br \/>\t\t\t&#8211; Reenv&iacute;o de Puertos<br \/>\t\t\t&#8211; DDNS Din&aacute;mico<br \/>\t\t\t&#8211; SIM<br \/>\t\t\t&#8211; Gesti&oacute;n<br \/>\t\t\t&#8211; SMS<br \/>\t\t\t&#8211; Actualizaci&oacute;n en la nube<br \/>\t\t\t&#8211; EasyMesh<br \/>\t\t\t&#8211; VoLTE<br \/>\t\t\t&#8211; IPTV<br \/>\t\t\t&#8211; IPv6<br \/>\t\t\t&#8211; Reenv&iacute;o NAT<br \/>\t\t\t&#8211; Firewall<br \/>\t\t\t&#8211; Control LED<br \/>\t\t\t&#8211; Red<br \/>\t\t\t&#8211; Diagn&oacute;stico<br \/>\t\t\t&#8211; CWMP<br \/>\t\t\t&#8211; SNMP<br \/>\t\t\t&#8211; Estad&iacute;sticas de tr&aacute;fico<br \/>\t\t\t&#8211; WPS<br \/>\t\t\t&#8211; 1024-QAM<br \/>\t\t\t&#8211; OFDMA<br \/>\t\t\t&#8211; IPSEC VPN<br \/>\t\t\t&#8211; Control remoto WEB<\/td>\n<\/tr>\n<tr>\n<td valign=\"top\"><strong>Otras <\/strong> <strong>caracter&iacute;sticas<\/strong><\/td>\n<td>&#8211; Certificaciones: CE, RoHS<br \/>\t\t\t&#8211; Requisitos del sistema:<br \/>\t\t\t&nbsp; Microsoft Windows 98SE, NT, 2000, XP, Vista<br \/>\t\t\t&nbsp; Windows7, 8, 8.1,10<br \/>\t\t\t&nbsp; MAC OS, NetWare, UNIX o Linux Internet<br \/>\t\t\t&nbsp; Navegadores Explorer 11, Firefox 12.0, Chrome 20.0, Safari 4.0 o superior<br \/>\t\t\t&#8211; Temperatura de funcionamiento: 0&ordm; &#8211; 40&ordm;<br \/>\t\t\t&#8211; Temperatura de almacenamiento: -40&ordm; &#8211; 70&ordm;<br \/>\t\t\t&#8211; Humedad de funcionamiento: 10% &#8211; 90% sin condensaci&oacute;n<br \/>\t\t\t&#8211; Humedad de almacenamiento: 5% &#8211; 90% sin condensaci&oacute;n<br \/>\t\t\t<strong>Dimensiones y peso<\/strong><br \/>\t\t\t&#8211; 99 &times; 99 &times; 192 mm<br \/>\t\t\t<strong>Contenido del paquete<\/strong><br \/>\t\t\t&#8211; Router Telefon&iacute;a 5G AX3000 Wifi6 NX510v<br \/>\t\t\t&#8211; 1 x cable Ethernet RJ45<br \/>\t\t\t&#8211; 1 x adaptador de corriente<br \/>\t\t\t&#8211; 1 x cable RJ11<br \/>\t\t\t&#8211; 1 x Gu&iacute;a de instalaci&oacute;n r&aacute;pida<\/td>\n<\/tr>\n<tr>\n<td valign=\"top\"><strong>Fecha de revisi&oacute;n<\/strong><\/td>\n<td>03-09-2024 por RTY<\/td>\n<\/tr>\n<\/table>\n","protected":false},"excerpt":{"rendered":"<p>Marca TP-Link Modelo NX510V Caracter&iacute;sticas de hardware &#8211; CPU: 1 GHz Dual-Core CPU &#8211; Interfaz: &nbsp; 3 &times; 10\/100\/1000 Mbps RJ45 LAN Ports &nbsp; (1 port for WAN\/LAN auto-sensing) &#8211; Botones: 1 x bot&oacute;n RESET\/WIFI multiplex y 1 x bot&oacute;n WPS &#8211; Fuente de Alimentaci&oacute;n Externa: &nbsp; Salida: 12V\/2A &nbsp; Entrada: 100-240V~50-60Hz 0.8A &#8211; Antenas:&hellip;&nbsp;<a href=\"https:\/\/aivlisoft.net\/shop\/producto\/tp-link-nx510v-router-voip-5g-wi-fi-6-ax3000-2xgbe\/\" rel=\"bookmark\"><span class=\"screen-reader-text\">TP-Link NX510v Router VoIP 5G Wi-Fi 6 AX3000 2xGbE<\/span><\/a><\/p>\n","protected":false},"featured_media":19250,"template":"","meta":{"neve_meta_sidebar":"","neve_meta_container":"","neve_meta_enable_content_width":"","neve_meta_content_width":0,"neve_meta_title_alignment":"","neve_meta_author_avatar":"","neve_post_elements_order":"","neve_meta_disable_header":"","neve_meta_disable_footer":"","neve_meta_disable_title":""},"product_brand":[],"product_cat":[15,8768,6832],"product_tag":[6967],"class_list":{"0":"post-19249","1":"product","2":"type-product","3":"status-publish","4":"has-post-thumbnail","6":"product_cat-sin-categorizar","7":"product_cat-routers-adsl","8":"product_cat-routers-modems","9":"product_tag-nx510v","11":"first","12":"instock","13":"taxable","14":"shipping-taxable","15":"purchasable","16":"product-type-simple"},"yoast_head":"<!-- This site is optimized with the Yoast SEO plugin v26.0 - https:\/\/yoast.com\/wordpress\/plugins\/seo\/ -->\n<title>TP-Link NX510v Router VoIP 5G Wi-Fi 6 AX3000 2xGbE - Aivlisoft Inform\u00e1tica<\/title>\n<meta name=\"robots\" content=\"index, follow, max-snippet:-1, max-image-preview:large, max-video-preview:-1\" \/>\n<link rel=\"canonical\" href=\"https:\/\/aivlisoft.net\/shop\/producto\/tp-link-nx510v-router-voip-5g-wi-fi-6-ax3000-2xgbe\/\" \/>\n<meta property=\"og:locale\" content=\"es_ES\" \/>\n<meta property=\"og:type\" content=\"article\" \/>\n<meta property=\"og:title\" content=\"TP-Link NX510v Router VoIP 5G Wi-Fi 6 AX3000 2xGbE - Aivlisoft Inform\u00e1tica\" \/>\n<meta property=\"og:description\" content=\"Marca TP-Link Modelo NX510V Caracter&iacute;sticas de hardware &#8211; CPU: 1 GHz Dual-Core CPU &#8211; Interfaz: &nbsp; 3 &times; 10\/100\/1000 Mbps RJ45 LAN Ports &nbsp; (1 port for WAN\/LAN auto-sensing) &#8211; Botones: 1 x bot&oacute;n RESET\/WIFI multiplex y 1 x bot&oacute;n WPS &#8211; Fuente de Alimentaci&oacute;n Externa: &nbsp; Salida: 12V\/2A &nbsp; Entrada: 100-240V~50-60Hz 0.8A &#8211; Antenas:&hellip;&nbsp;TP-Link NX510v Router VoIP 5G Wi-Fi 6 AX3000 2xGbE\" \/>\n<meta property=\"og:url\" content=\"https:\/\/aivlisoft.net\/shop\/producto\/tp-link-nx510v-router-voip-5g-wi-fi-6-ax3000-2xgbe\/\" \/>\n<meta property=\"og:site_name\" content=\"Aivlisoft Inform\u00e1tica\" \/>\n<meta property=\"article:modified_time\" content=\"2025-01-14T19:55:40+00:00\" \/>\n<meta property=\"og:image\" content=\"https:\/\/aivlisoft.net\/shop\/wp-content\/uploads\/2025\/01\/NROINA0401_800.jpg\" \/>\n\t<meta property=\"og:image:width\" content=\"800\" \/>\n\t<meta property=\"og:image:height\" content=\"800\" \/>\n\t<meta property=\"og:image:type\" content=\"image\/jpeg\" \/>\n<meta name=\"twitter:card\" content=\"summary_large_image\" \/>\n<meta name=\"twitter:label1\" content=\"Tiempo de lectura\" \/>\n\t<meta name=\"twitter:data1\" content=\"3 minutos\" \/>\n<script type=\"application\/ld+json\" class=\"yoast-schema-graph\">{\"@context\":\"https:\/\/schema.org\",\"@graph\":[{\"@type\":\"WebPage\",\"@id\":\"https:\/\/aivlisoft.net\/shop\/producto\/tp-link-nx510v-router-voip-5g-wi-fi-6-ax3000-2xgbe\/\",\"url\":\"https:\/\/aivlisoft.net\/shop\/producto\/tp-link-nx510v-router-voip-5g-wi-fi-6-ax3000-2xgbe\/\",\"name\":\"TP-Link NX510v Router VoIP 5G Wi-Fi 6 AX3000 2xGbE - Aivlisoft Inform\u00e1tica\",\"isPartOf\":{\"@id\":\"https:\/\/aivlisoft.net\/shop\/#website\"},\"primaryImageOfPage\":{\"@id\":\"https:\/\/aivlisoft.net\/shop\/producto\/tp-link-nx510v-router-voip-5g-wi-fi-6-ax3000-2xgbe\/#primaryimage\"},\"image\":{\"@id\":\"https:\/\/aivlisoft.net\/shop\/producto\/tp-link-nx510v-router-voip-5g-wi-fi-6-ax3000-2xgbe\/#primaryimage\"},\"thumbnailUrl\":\"https:\/\/aivlisoft.net\/shop\/wp-content\/uploads\/2025\/01\/NROINA0401_800.jpg\",\"datePublished\":\"2025-01-13T15:30:30+00:00\",\"dateModified\":\"2025-01-14T19:55:40+00:00\",\"breadcrumb\":{\"@id\":\"https:\/\/aivlisoft.net\/shop\/producto\/tp-link-nx510v-router-voip-5g-wi-fi-6-ax3000-2xgbe\/#breadcrumb\"},\"inLanguage\":\"es\",\"potentialAction\":[{\"@type\":\"ReadAction\",\"target\":[\"https:\/\/aivlisoft.net\/shop\/producto\/tp-link-nx510v-router-voip-5g-wi-fi-6-ax3000-2xgbe\/\"]}]},{\"@type\":\"ImageObject\",\"inLanguage\":\"es\",\"@id\":\"https:\/\/aivlisoft.net\/shop\/producto\/tp-link-nx510v-router-voip-5g-wi-fi-6-ax3000-2xgbe\/#primaryimage\",\"url\":\"https:\/\/aivlisoft.net\/shop\/wp-content\/uploads\/2025\/01\/NROINA0401_800.jpg\",\"contentUrl\":\"https:\/\/aivlisoft.net\/shop\/wp-content\/uploads\/2025\/01\/NROINA0401_800.jpg\",\"width\":800,\"height\":800},{\"@type\":\"BreadcrumbList\",\"@id\":\"https:\/\/aivlisoft.net\/shop\/producto\/tp-link-nx510v-router-voip-5g-wi-fi-6-ax3000-2xgbe\/#breadcrumb\",\"itemListElement\":[{\"@type\":\"ListItem\",\"position\":1,\"name\":\"Portada\",\"item\":\"https:\/\/aivlisoft.net\/shop\/\"},{\"@type\":\"ListItem\",\"position\":2,\"name\":\"Tienda\",\"item\":\"https:\/\/aivlisoft.net\/shop\/tienda\/\"},{\"@type\":\"ListItem\",\"position\":3,\"name\":\"TP-Link NX510v Router VoIP 5G Wi-Fi 6 AX3000 2xGbE\"}]},{\"@type\":\"WebSite\",\"@id\":\"https:\/\/aivlisoft.net\/shop\/#website\",\"url\":\"https:\/\/aivlisoft.net\/shop\/\",\"name\":\"Aivlisoft Inform\u00e1tica\",\"description\":\"En Aivlisoft Inform\u00e1tica ofrecemos soluciones tecnol\u00f3gicas para empresas: venta de ordenadores, consumibles, perif\u00e9ricos y m\u00e1s. Calidad, atenci\u00f3n personalizada y los mejores precios para tu negocio.\",\"publisher\":{\"@id\":\"https:\/\/aivlisoft.net\/shop\/#organization\"},\"potentialAction\":[{\"@type\":\"SearchAction\",\"target\":{\"@type\":\"EntryPoint\",\"urlTemplate\":\"https:\/\/aivlisoft.net\/shop\/?s={search_term_string}\"},\"query-input\":{\"@type\":\"PropertyValueSpecification\",\"valueRequired\":true,\"valueName\":\"search_term_string\"}}],\"inLanguage\":\"es\"},{\"@type\":\"Organization\",\"@id\":\"https:\/\/aivlisoft.net\/shop\/#organization\",\"name\":\"Aivlisoft Inform\u00e1tica\",\"url\":\"https:\/\/aivlisoft.net\/shop\/\",\"logo\":{\"@type\":\"ImageObject\",\"inLanguage\":\"es\",\"@id\":\"https:\/\/aivlisoft.net\/shop\/#\/schema\/logo\/image\/\",\"url\":\"https:\/\/aivlisoft.net\/shop\/wp-content\/uploads\/2024\/12\/removal.ai_5b848c54-0cdf-4140-95c5-c5536bb7573b-logodef.png\",\"contentUrl\":\"https:\/\/aivlisoft.net\/shop\/wp-content\/uploads\/2024\/12\/removal.ai_5b848c54-0cdf-4140-95c5-c5536bb7573b-logodef.png\",\"width\":484,\"height\":182,\"caption\":\"Aivlisoft Inform\u00e1tica\"},\"image\":{\"@id\":\"https:\/\/aivlisoft.net\/shop\/#\/schema\/logo\/image\/\"}}]}<\/script>\n<!-- \/ Yoast SEO plugin. -->","yoast_head_json":{"title":"TP-Link NX510v Router VoIP 5G Wi-Fi 6 AX3000 2xGbE - Aivlisoft Inform\u00e1tica","robots":{"index":"index","follow":"follow","max-snippet":"max-snippet:-1","max-image-preview":"max-image-preview:large","max-video-preview":"max-video-preview:-1"},"canonical":"https:\/\/aivlisoft.net\/shop\/producto\/tp-link-nx510v-router-voip-5g-wi-fi-6-ax3000-2xgbe\/","og_locale":"es_ES","og_type":"article","og_title":"TP-Link NX510v Router VoIP 5G Wi-Fi 6 AX3000 2xGbE - Aivlisoft Inform\u00e1tica","og_description":"Marca TP-Link Modelo NX510V Caracter&iacute;sticas de hardware &#8211; CPU: 1 GHz Dual-Core CPU &#8211; Interfaz: &nbsp; 3 &times; 10\/100\/1000 Mbps RJ45 LAN Ports &nbsp; (1 port for WAN\/LAN auto-sensing) &#8211; Botones: 1 x bot&oacute;n RESET\/WIFI multiplex y 1 x bot&oacute;n WPS &#8211; Fuente de Alimentaci&oacute;n Externa: &nbsp; Salida: 12V\/2A &nbsp; Entrada: 100-240V~50-60Hz 0.8A &#8211; Antenas:&hellip;&nbsp;TP-Link NX510v Router VoIP 5G Wi-Fi 6 AX3000 2xGbE","og_url":"https:\/\/aivlisoft.net\/shop\/producto\/tp-link-nx510v-router-voip-5g-wi-fi-6-ax3000-2xgbe\/","og_site_name":"Aivlisoft Inform\u00e1tica","article_modified_time":"2025-01-14T19:55:40+00:00","og_image":[{"width":800,"height":800,"url":"https:\/\/aivlisoft.net\/shop\/wp-content\/uploads\/2025\/01\/NROINA0401_800.jpg","type":"image\/jpeg"}],"twitter_card":"summary_large_image","twitter_misc":{"Tiempo de lectura":"3 minutos"},"schema":{"@context":"https:\/\/schema.org","@graph":[{"@type":"WebPage","@id":"https:\/\/aivlisoft.net\/shop\/producto\/tp-link-nx510v-router-voip-5g-wi-fi-6-ax3000-2xgbe\/","url":"https:\/\/aivlisoft.net\/shop\/producto\/tp-link-nx510v-router-voip-5g-wi-fi-6-ax3000-2xgbe\/","name":"TP-Link NX510v Router VoIP 5G Wi-Fi 6 AX3000 2xGbE - Aivlisoft Inform\u00e1tica","isPartOf":{"@id":"https:\/\/aivlisoft.net\/shop\/#website"},"primaryImageOfPage":{"@id":"https:\/\/aivlisoft.net\/shop\/producto\/tp-link-nx510v-router-voip-5g-wi-fi-6-ax3000-2xgbe\/#primaryimage"},"image":{"@id":"https:\/\/aivlisoft.net\/shop\/producto\/tp-link-nx510v-router-voip-5g-wi-fi-6-ax3000-2xgbe\/#primaryimage"},"thumbnailUrl":"https:\/\/aivlisoft.net\/shop\/wp-content\/uploads\/2025\/01\/NROINA0401_800.jpg","datePublished":"2025-01-13T15:30:30+00:00","dateModified":"2025-01-14T19:55:40+00:00","breadcrumb":{"@id":"https:\/\/aivlisoft.net\/shop\/producto\/tp-link-nx510v-router-voip-5g-wi-fi-6-ax3000-2xgbe\/#breadcrumb"},"inLanguage":"es","potentialAction":[{"@type":"ReadAction","target":["https:\/\/aivlisoft.net\/shop\/producto\/tp-link-nx510v-router-voip-5g-wi-fi-6-ax3000-2xgbe\/"]}]},{"@type":"ImageObject","inLanguage":"es","@id":"https:\/\/aivlisoft.net\/shop\/producto\/tp-link-nx510v-router-voip-5g-wi-fi-6-ax3000-2xgbe\/#primaryimage","url":"https:\/\/aivlisoft.net\/shop\/wp-content\/uploads\/2025\/01\/NROINA0401_800.jpg","contentUrl":"https:\/\/aivlisoft.net\/shop\/wp-content\/uploads\/2025\/01\/NROINA0401_800.jpg","width":800,"height":800},{"@type":"BreadcrumbList","@id":"https:\/\/aivlisoft.net\/shop\/producto\/tp-link-nx510v-router-voip-5g-wi-fi-6-ax3000-2xgbe\/#breadcrumb","itemListElement":[{"@type":"ListItem","position":1,"name":"Portada","item":"https:\/\/aivlisoft.net\/shop\/"},{"@type":"ListItem","position":2,"name":"Tienda","item":"https:\/\/aivlisoft.net\/shop\/tienda\/"},{"@type":"ListItem","position":3,"name":"TP-Link NX510v Router VoIP 5G Wi-Fi 6 AX3000 2xGbE"}]},{"@type":"WebSite","@id":"https:\/\/aivlisoft.net\/shop\/#website","url":"https:\/\/aivlisoft.net\/shop\/","name":"Aivlisoft Inform\u00e1tica","description":"En Aivlisoft Inform\u00e1tica ofrecemos soluciones tecnol\u00f3gicas para empresas: venta de ordenadores, consumibles, perif\u00e9ricos y m\u00e1s. Calidad, atenci\u00f3n personalizada y los mejores precios para tu negocio.","publisher":{"@id":"https:\/\/aivlisoft.net\/shop\/#organization"},"potentialAction":[{"@type":"SearchAction","target":{"@type":"EntryPoint","urlTemplate":"https:\/\/aivlisoft.net\/shop\/?s={search_term_string}"},"query-input":{"@type":"PropertyValueSpecification","valueRequired":true,"valueName":"search_term_string"}}],"inLanguage":"es"},{"@type":"Organization","@id":"https:\/\/aivlisoft.net\/shop\/#organization","name":"Aivlisoft Inform\u00e1tica","url":"https:\/\/aivlisoft.net\/shop\/","logo":{"@type":"ImageObject","inLanguage":"es","@id":"https:\/\/aivlisoft.net\/shop\/#\/schema\/logo\/image\/","url":"https:\/\/aivlisoft.net\/shop\/wp-content\/uploads\/2024\/12\/removal.ai_5b848c54-0cdf-4140-95c5-c5536bb7573b-logodef.png","contentUrl":"https:\/\/aivlisoft.net\/shop\/wp-content\/uploads\/2024\/12\/removal.ai_5b848c54-0cdf-4140-95c5-c5536bb7573b-logodef.png","width":484,"height":182,"caption":"Aivlisoft Inform\u00e1tica"},"image":{"@id":"https:\/\/aivlisoft.net\/shop\/#\/schema\/logo\/image\/"}}]}},"_links":{"self":[{"href":"https:\/\/aivlisoft.net\/shop\/wp-json\/wp\/v2\/product\/19249","targetHints":{"allow":["GET"]}}],"collection":[{"href":"https:\/\/aivlisoft.net\/shop\/wp-json\/wp\/v2\/product"}],"about":[{"href":"https:\/\/aivlisoft.net\/shop\/wp-json\/wp\/v2\/types\/product"}],"wp:featuredmedia":[{"embeddable":true,"href":"https:\/\/aivlisoft.net\/shop\/wp-json\/wp\/v2\/media\/19250"}],"wp:attachment":[{"href":"https:\/\/aivlisoft.net\/shop\/wp-json\/wp\/v2\/media?parent=19249"}],"wp:term":[{"taxonomy":"product_brand","embeddable":true,"href":"https:\/\/aivlisoft.net\/shop\/wp-json\/wp\/v2\/product_brand?post=19249"},{"taxonomy":"product_cat","embeddable":true,"href":"https:\/\/aivlisoft.net\/shop\/wp-json\/wp\/v2\/product_cat?post=19249"},{"taxonomy":"product_tag","embeddable":true,"href":"https:\/\/aivlisoft.net\/shop\/wp-json\/wp\/v2\/product_tag?post=19249"}],"curies":[{"name":"wp","href":"https:\/\/api.w.org\/{rel}","templated":true}]}}