{"id":19207,"date":"2025-01-13T15:29:59","date_gmt":"2025-01-13T15:29:59","guid":{"rendered":"https:\/\/aivlisoft.com\/?post_type=product&#038;p=19207"},"modified":"2025-01-14T19:57:34","modified_gmt":"2025-01-14T19:57:34","slug":"tp-link-archer-c20-router-wifi-ac750-1xwan-4xlan","status":"publish","type":"product","link":"https:\/\/aivlisoft.net\/shop\/producto\/tp-link-archer-c20-router-wifi-ac750-1xwan-4xlan\/","title":{"rendered":"TP-Link Archer C20 Router WiFi AC750 1xWAN 4xLAN"},"content":{"rendered":"<p><\/p>\n<table class=\"tabla_caracteristicas k-table\" width=\"100%\">\n<tr>\n<td valign=\"top\"><strong>Marca<\/strong><\/td>\n<td valign=\"top\">TP-Link<\/td>\n<\/tr>\n<tr>\n<td valign=\"top\"><strong>Modelo<\/strong><\/td>\n<td valign=\"top\"><strong>Archer C20<\/strong><\/td>\n<\/tr>\n<tr>\n<td valign=\"top\"><strong>Caracteristicas Hardware<\/strong><\/td>\n<td valign=\"top\">&#8211; Interfaz:<br \/>\t\t\t&nbsp; 4 x puertos LAN de 10\/100Mbps<br \/>\t\t\t&nbsp; 1 x puerto WAN de 10\/100 Mbps<br \/>\t\t\t&#8211; Botones: bot&oacute;n de reinicio, bot&oacute;n de encendido\/apagado, bot&oacute;n Wi-Fi\/WPS<br \/>\t\t\t&#8211; Antenas: 3 x antenas omnidireccionales fijas<br \/>\t\t\t&#8211; Fuente de Alimentaci&oacute;n Externa: 9VDC\/0.6A<br \/>\t\t\t&#8211; Dimensiones: 230 x 144 x 35 mm (9,1 x 5,7 x 1,4 pulg.)<\/td>\n<\/tr>\n<tr>\n<td valign=\"top\"><strong>Caracteristicas Inal&aacute;mbricas<\/strong><\/td>\n<td valign=\"top\">&#8211; Est&aacute;ndares inal&aacute;mbricos: IEEE 802.11ac\/n\/a 5 GHz, IEEE 802.11b\/g\/n 2,4 GHz<br \/>\t\t\t&#8211; Frecuencia: 2.4GHz y 5GHz<br \/>\t\t\t&#8211; Tasa de se&ntilde;al:<br \/>\t\t\t&nbsp; 5GHz: Hasta 433Mbps<br \/>\t\t\t&nbsp; 2,4 GHz: hasta 300 Mbps<br \/>\t\t\t&#8211; Sensibilidad de recepci&oacute;n 5GHz:<br \/>\t\t\t&nbsp; 11a 54M: -76dBm; 11ac VHT20 MCS8: -70dBm;<br \/>\t\t\t&nbsp; 11ac VHT40 MCS9: -65,5 dBm; 11ac VHT80 MCS9: -61,5 dBm<br \/>\t\t\t&#8211; Sensibilidad de recepci&oacute;n 2.5GHz:<br \/>\t\t\t&nbsp; 11g 54M: -76dBm11n; HT20 MCS7: -74dBm;<br \/>\t\t\t&nbsp; 11n HT40 MCS7: -71dBm<br \/>\t\t\t&#8211; Funci&oacute;n inal&aacute;mbrica: habilitar\/deshabilitar radio inal&aacute;mbrica, puente WDS, WMM, estad&iacute;sticas inal&aacute;mbricas<br \/>\t\t\t&#8211; Seguridad inal&aacute;mbrica: cifrado WEP, WPA\/WPA2, WPA-PSK\/ WPA2-PSK de 64\/128 bits<\/td>\n<\/tr>\n<tr>\n<td valign=\"top\"><strong>Otras<\/strong><\/td>\n<td valign=\"top\">&#8211; Certificaciones: CE, FCC, RoHS<br \/>\t\t\t&#8211; Requisitos del sistema:<br \/>\t\t\t&nbsp; Microsoft Windows 10\/8.1\/8\/7\/Vista\/XP\/2000\/NT\/98SE, SO MAC, NetWare, UNIX o Linux<br \/>\t\t\t&nbsp; Internet Explorer 11, Firefox 12.0, Chrome 20.0, Safari 4.0 u otros navegador habilitado para Java<br \/>\t\t\t&nbsp; M&oacute;dem por cable o DSL<br \/>\t\t\t&nbsp; Suscripci&oacute;n con un proveedor de servicios de Internet (para acceso a Internet)<br \/>\t\t\t&#8211; Factores Ambientales: Temperatura de funcionamiento: 0&ordm;C~40&ordm;C<br \/>\t\t\t&nbsp; Temperatura de almacenamiento: -40&ordm;C~70&ordm;C<br \/>\t\t\t&nbsp; Humedad de Funcionamiento: 10%~90% sin condensaci&oacute;n<br \/>\t\t\t&nbsp; Humedad de Almacenamiento: 5%~90% sin condensaci&oacute;n<br \/>\t\t\t<strong>Caracteristicas Software<\/strong><br \/>\t\t\t&#8211; Tipo de WAN: IP din&aacute;mica, IP est&aacute;tica, PPPoE, PPTP (Acceso dual), L2TP (Acceso dual) acceso), estanque grande<br \/>\t\t\t&#8211; DHCP: servidor, lista de clientes DHCP, reserva de direcciones<br \/>\t\t\t&#8211; Calidad de Servicio: WMM, Control de Ancho de Banda<br \/>\t\t\t&#8211; Reenv&iacute;o de puertos: servidor virtual, activaci&oacute;n de puertos, UPnP, DMZ<br \/>\t\t\t&#8211; DNS Din&aacute;mico: DynDns, NO-IP<br \/>\t\t\t&#8211; Control de acceso: control parental, control de gesti&oacute;n local, lista de hosts, Calendario de acceso, gesti&oacute;n de reglas<br \/>\t\t\t&#8211; Seguridad de cortafuegos: DoS, cortafuegos SPI, filtro de direcci&oacute;n IP\/direcci&oacute;n MAC, Filtro\/Filtro de dominio, enlace de direcci&oacute;n IP y MAC<br \/>\t\t\t&#8211; Protocolos: IPv4, IPv6<br \/>\t\t\t&#8211; Gesti&oacute;n: Control de Acceso, Gesti&oacute;n Local, Gesti&oacute;n Remota<br \/>\t\t\t&#8211; Red de invitados: red de invitados de 2,4 GHz, red de invitados de 5 GHz<br \/>\t\t\t<strong>Contenido<\/strong><br \/>\t\t\t&#8211; Router Inal&aacute;mbrico Archer C20<br \/>\t\t\t&#8211; Adaptador de corriente<br \/>\t\t\t&#8211; Cable Ethernet RJ-45<br \/>\t\t\t&#8211; Gu&iacute;a de Instalaci&oacute;n R&aacute;pida<\/td>\n<\/tr>\n<tr>\n<td valign=\"top\"><strong>Fecha de revisi&oacute;n<\/strong><\/td>\n<td valign=\"top\">04-07-2023 por RTY<\/td>\n<\/tr>\n<\/table>\n","protected":false},"excerpt":{"rendered":"<p>Marca TP-Link Modelo Archer C20 Caracteristicas Hardware &#8211; Interfaz: &nbsp; 4 x puertos LAN de 10\/100Mbps &nbsp; 1 x puerto WAN de 10\/100 Mbps &#8211; Botones: bot&oacute;n de reinicio, bot&oacute;n de encendido\/apagado, bot&oacute;n Wi-Fi\/WPS &#8211; Antenas: 3 x antenas omnidireccionales fijas &#8211; Fuente de Alimentaci&oacute;n Externa: 9VDC\/0.6A &#8211; Dimensiones: 230 x 144 x 35 mm&hellip;&nbsp;<a href=\"https:\/\/aivlisoft.net\/shop\/producto\/tp-link-archer-c20-router-wifi-ac750-1xwan-4xlan\/\" rel=\"bookmark\"><span class=\"screen-reader-text\">TP-Link Archer C20 Router WiFi AC750 1xWAN 4xLAN<\/span><\/a><\/p>\n","protected":false},"featured_media":19208,"template":"","meta":{"neve_meta_sidebar":"","neve_meta_container":"","neve_meta_enable_content_width":"","neve_meta_content_width":0,"neve_meta_title_alignment":"","neve_meta_author_avatar":"","neve_post_elements_order":"","neve_meta_disable_header":"","neve_meta_disable_footer":"","neve_meta_disable_title":""},"product_brand":[],"product_cat":[15,8768,6832],"product_tag":[6950],"class_list":{"0":"post-19207","1":"product","2":"type-product","3":"status-publish","4":"has-post-thumbnail","6":"product_cat-sin-categorizar","7":"product_cat-routers-adsl","8":"product_cat-routers-modems","9":"product_tag-archer-c20","11":"first","12":"instock","13":"taxable","14":"shipping-taxable","15":"purchasable","16":"product-type-simple"},"yoast_head":"<!-- This site is optimized with the Yoast SEO plugin v26.0 - https:\/\/yoast.com\/wordpress\/plugins\/seo\/ -->\n<title>TP-Link Archer C20 Router WiFi AC750 1xWAN 4xLAN - Aivlisoft Inform\u00e1tica<\/title>\n<meta name=\"robots\" content=\"index, follow, max-snippet:-1, max-image-preview:large, max-video-preview:-1\" \/>\n<link rel=\"canonical\" href=\"https:\/\/aivlisoft.net\/shop\/producto\/tp-link-archer-c20-router-wifi-ac750-1xwan-4xlan\/\" \/>\n<meta property=\"og:locale\" content=\"es_ES\" \/>\n<meta property=\"og:type\" content=\"article\" \/>\n<meta property=\"og:title\" content=\"TP-Link Archer C20 Router WiFi AC750 1xWAN 4xLAN - Aivlisoft Inform\u00e1tica\" \/>\n<meta property=\"og:description\" content=\"Marca TP-Link Modelo Archer C20 Caracteristicas Hardware &#8211; Interfaz: &nbsp; 4 x puertos LAN de 10\/100Mbps &nbsp; 1 x puerto WAN de 10\/100 Mbps &#8211; Botones: bot&oacute;n de reinicio, bot&oacute;n de encendido\/apagado, bot&oacute;n Wi-Fi\/WPS &#8211; Antenas: 3 x antenas omnidireccionales fijas &#8211; Fuente de Alimentaci&oacute;n Externa: 9VDC\/0.6A &#8211; Dimensiones: 230 x 144 x 35 mm&hellip;&nbsp;TP-Link Archer C20 Router WiFi AC750 1xWAN 4xLAN\" \/>\n<meta property=\"og:url\" content=\"https:\/\/aivlisoft.net\/shop\/producto\/tp-link-archer-c20-router-wifi-ac750-1xwan-4xlan\/\" \/>\n<meta property=\"og:site_name\" content=\"Aivlisoft Inform\u00e1tica\" \/>\n<meta property=\"article:modified_time\" content=\"2025-01-14T19:57:34+00:00\" \/>\n<meta property=\"og:image\" content=\"https:\/\/aivlisoft.net\/shop\/wp-content\/uploads\/2025\/01\/NROINA0383_800.jpg\" \/>\n\t<meta property=\"og:image:width\" content=\"800\" \/>\n\t<meta property=\"og:image:height\" content=\"800\" \/>\n\t<meta property=\"og:image:type\" content=\"image\/jpeg\" \/>\n<meta name=\"twitter:card\" content=\"summary_large_image\" \/>\n<meta name=\"twitter:label1\" content=\"Tiempo de lectura\" \/>\n\t<meta name=\"twitter:data1\" content=\"2 minutos\" \/>\n<script type=\"application\/ld+json\" class=\"yoast-schema-graph\">{\"@context\":\"https:\/\/schema.org\",\"@graph\":[{\"@type\":\"WebPage\",\"@id\":\"https:\/\/aivlisoft.net\/shop\/producto\/tp-link-archer-c20-router-wifi-ac750-1xwan-4xlan\/\",\"url\":\"https:\/\/aivlisoft.net\/shop\/producto\/tp-link-archer-c20-router-wifi-ac750-1xwan-4xlan\/\",\"name\":\"TP-Link Archer C20 Router WiFi AC750 1xWAN 4xLAN - Aivlisoft Inform\u00e1tica\",\"isPartOf\":{\"@id\":\"https:\/\/aivlisoft.net\/shop\/#website\"},\"primaryImageOfPage\":{\"@id\":\"https:\/\/aivlisoft.net\/shop\/producto\/tp-link-archer-c20-router-wifi-ac750-1xwan-4xlan\/#primaryimage\"},\"image\":{\"@id\":\"https:\/\/aivlisoft.net\/shop\/producto\/tp-link-archer-c20-router-wifi-ac750-1xwan-4xlan\/#primaryimage\"},\"thumbnailUrl\":\"https:\/\/aivlisoft.net\/shop\/wp-content\/uploads\/2025\/01\/NROINA0383_800.jpg\",\"datePublished\":\"2025-01-13T15:29:59+00:00\",\"dateModified\":\"2025-01-14T19:57:34+00:00\",\"breadcrumb\":{\"@id\":\"https:\/\/aivlisoft.net\/shop\/producto\/tp-link-archer-c20-router-wifi-ac750-1xwan-4xlan\/#breadcrumb\"},\"inLanguage\":\"es\",\"potentialAction\":[{\"@type\":\"ReadAction\",\"target\":[\"https:\/\/aivlisoft.net\/shop\/producto\/tp-link-archer-c20-router-wifi-ac750-1xwan-4xlan\/\"]}]},{\"@type\":\"ImageObject\",\"inLanguage\":\"es\",\"@id\":\"https:\/\/aivlisoft.net\/shop\/producto\/tp-link-archer-c20-router-wifi-ac750-1xwan-4xlan\/#primaryimage\",\"url\":\"https:\/\/aivlisoft.net\/shop\/wp-content\/uploads\/2025\/01\/NROINA0383_800.jpg\",\"contentUrl\":\"https:\/\/aivlisoft.net\/shop\/wp-content\/uploads\/2025\/01\/NROINA0383_800.jpg\",\"width\":800,\"height\":800},{\"@type\":\"BreadcrumbList\",\"@id\":\"https:\/\/aivlisoft.net\/shop\/producto\/tp-link-archer-c20-router-wifi-ac750-1xwan-4xlan\/#breadcrumb\",\"itemListElement\":[{\"@type\":\"ListItem\",\"position\":1,\"name\":\"Portada\",\"item\":\"https:\/\/aivlisoft.net\/shop\/\"},{\"@type\":\"ListItem\",\"position\":2,\"name\":\"Tienda\",\"item\":\"https:\/\/aivlisoft.net\/shop\/tienda\/\"},{\"@type\":\"ListItem\",\"position\":3,\"name\":\"TP-Link Archer C20 Router WiFi AC750 1xWAN 4xLAN\"}]},{\"@type\":\"WebSite\",\"@id\":\"https:\/\/aivlisoft.net\/shop\/#website\",\"url\":\"https:\/\/aivlisoft.net\/shop\/\",\"name\":\"Aivlisoft Inform\u00e1tica\",\"description\":\"En Aivlisoft Inform\u00e1tica ofrecemos soluciones tecnol\u00f3gicas para empresas: venta de ordenadores, consumibles, perif\u00e9ricos y m\u00e1s. Calidad, atenci\u00f3n personalizada y los mejores precios para tu negocio.\",\"publisher\":{\"@id\":\"https:\/\/aivlisoft.net\/shop\/#organization\"},\"potentialAction\":[{\"@type\":\"SearchAction\",\"target\":{\"@type\":\"EntryPoint\",\"urlTemplate\":\"https:\/\/aivlisoft.net\/shop\/?s={search_term_string}\"},\"query-input\":{\"@type\":\"PropertyValueSpecification\",\"valueRequired\":true,\"valueName\":\"search_term_string\"}}],\"inLanguage\":\"es\"},{\"@type\":\"Organization\",\"@id\":\"https:\/\/aivlisoft.net\/shop\/#organization\",\"name\":\"Aivlisoft Inform\u00e1tica\",\"url\":\"https:\/\/aivlisoft.net\/shop\/\",\"logo\":{\"@type\":\"ImageObject\",\"inLanguage\":\"es\",\"@id\":\"https:\/\/aivlisoft.net\/shop\/#\/schema\/logo\/image\/\",\"url\":\"https:\/\/aivlisoft.net\/shop\/wp-content\/uploads\/2024\/12\/removal.ai_5b848c54-0cdf-4140-95c5-c5536bb7573b-logodef.png\",\"contentUrl\":\"https:\/\/aivlisoft.net\/shop\/wp-content\/uploads\/2024\/12\/removal.ai_5b848c54-0cdf-4140-95c5-c5536bb7573b-logodef.png\",\"width\":484,\"height\":182,\"caption\":\"Aivlisoft Inform\u00e1tica\"},\"image\":{\"@id\":\"https:\/\/aivlisoft.net\/shop\/#\/schema\/logo\/image\/\"}}]}<\/script>\n<!-- \/ Yoast SEO plugin. -->","yoast_head_json":{"title":"TP-Link Archer C20 Router WiFi AC750 1xWAN 4xLAN - Aivlisoft Inform\u00e1tica","robots":{"index":"index","follow":"follow","max-snippet":"max-snippet:-1","max-image-preview":"max-image-preview:large","max-video-preview":"max-video-preview:-1"},"canonical":"https:\/\/aivlisoft.net\/shop\/producto\/tp-link-archer-c20-router-wifi-ac750-1xwan-4xlan\/","og_locale":"es_ES","og_type":"article","og_title":"TP-Link Archer C20 Router WiFi AC750 1xWAN 4xLAN - Aivlisoft Inform\u00e1tica","og_description":"Marca TP-Link Modelo Archer C20 Caracteristicas Hardware &#8211; Interfaz: &nbsp; 4 x puertos LAN de 10\/100Mbps &nbsp; 1 x puerto WAN de 10\/100 Mbps &#8211; Botones: bot&oacute;n de reinicio, bot&oacute;n de encendido\/apagado, bot&oacute;n Wi-Fi\/WPS &#8211; Antenas: 3 x antenas omnidireccionales fijas &#8211; Fuente de Alimentaci&oacute;n Externa: 9VDC\/0.6A &#8211; Dimensiones: 230 x 144 x 35 mm&hellip;&nbsp;TP-Link Archer C20 Router WiFi AC750 1xWAN 4xLAN","og_url":"https:\/\/aivlisoft.net\/shop\/producto\/tp-link-archer-c20-router-wifi-ac750-1xwan-4xlan\/","og_site_name":"Aivlisoft Inform\u00e1tica","article_modified_time":"2025-01-14T19:57:34+00:00","og_image":[{"width":800,"height":800,"url":"https:\/\/aivlisoft.net\/shop\/wp-content\/uploads\/2025\/01\/NROINA0383_800.jpg","type":"image\/jpeg"}],"twitter_card":"summary_large_image","twitter_misc":{"Tiempo de lectura":"2 minutos"},"schema":{"@context":"https:\/\/schema.org","@graph":[{"@type":"WebPage","@id":"https:\/\/aivlisoft.net\/shop\/producto\/tp-link-archer-c20-router-wifi-ac750-1xwan-4xlan\/","url":"https:\/\/aivlisoft.net\/shop\/producto\/tp-link-archer-c20-router-wifi-ac750-1xwan-4xlan\/","name":"TP-Link Archer C20 Router WiFi AC750 1xWAN 4xLAN - Aivlisoft Inform\u00e1tica","isPartOf":{"@id":"https:\/\/aivlisoft.net\/shop\/#website"},"primaryImageOfPage":{"@id":"https:\/\/aivlisoft.net\/shop\/producto\/tp-link-archer-c20-router-wifi-ac750-1xwan-4xlan\/#primaryimage"},"image":{"@id":"https:\/\/aivlisoft.net\/shop\/producto\/tp-link-archer-c20-router-wifi-ac750-1xwan-4xlan\/#primaryimage"},"thumbnailUrl":"https:\/\/aivlisoft.net\/shop\/wp-content\/uploads\/2025\/01\/NROINA0383_800.jpg","datePublished":"2025-01-13T15:29:59+00:00","dateModified":"2025-01-14T19:57:34+00:00","breadcrumb":{"@id":"https:\/\/aivlisoft.net\/shop\/producto\/tp-link-archer-c20-router-wifi-ac750-1xwan-4xlan\/#breadcrumb"},"inLanguage":"es","potentialAction":[{"@type":"ReadAction","target":["https:\/\/aivlisoft.net\/shop\/producto\/tp-link-archer-c20-router-wifi-ac750-1xwan-4xlan\/"]}]},{"@type":"ImageObject","inLanguage":"es","@id":"https:\/\/aivlisoft.net\/shop\/producto\/tp-link-archer-c20-router-wifi-ac750-1xwan-4xlan\/#primaryimage","url":"https:\/\/aivlisoft.net\/shop\/wp-content\/uploads\/2025\/01\/NROINA0383_800.jpg","contentUrl":"https:\/\/aivlisoft.net\/shop\/wp-content\/uploads\/2025\/01\/NROINA0383_800.jpg","width":800,"height":800},{"@type":"BreadcrumbList","@id":"https:\/\/aivlisoft.net\/shop\/producto\/tp-link-archer-c20-router-wifi-ac750-1xwan-4xlan\/#breadcrumb","itemListElement":[{"@type":"ListItem","position":1,"name":"Portada","item":"https:\/\/aivlisoft.net\/shop\/"},{"@type":"ListItem","position":2,"name":"Tienda","item":"https:\/\/aivlisoft.net\/shop\/tienda\/"},{"@type":"ListItem","position":3,"name":"TP-Link Archer C20 Router WiFi AC750 1xWAN 4xLAN"}]},{"@type":"WebSite","@id":"https:\/\/aivlisoft.net\/shop\/#website","url":"https:\/\/aivlisoft.net\/shop\/","name":"Aivlisoft Inform\u00e1tica","description":"En Aivlisoft Inform\u00e1tica ofrecemos soluciones tecnol\u00f3gicas para empresas: venta de ordenadores, consumibles, perif\u00e9ricos y m\u00e1s. Calidad, atenci\u00f3n personalizada y los mejores precios para tu negocio.","publisher":{"@id":"https:\/\/aivlisoft.net\/shop\/#organization"},"potentialAction":[{"@type":"SearchAction","target":{"@type":"EntryPoint","urlTemplate":"https:\/\/aivlisoft.net\/shop\/?s={search_term_string}"},"query-input":{"@type":"PropertyValueSpecification","valueRequired":true,"valueName":"search_term_string"}}],"inLanguage":"es"},{"@type":"Organization","@id":"https:\/\/aivlisoft.net\/shop\/#organization","name":"Aivlisoft Inform\u00e1tica","url":"https:\/\/aivlisoft.net\/shop\/","logo":{"@type":"ImageObject","inLanguage":"es","@id":"https:\/\/aivlisoft.net\/shop\/#\/schema\/logo\/image\/","url":"https:\/\/aivlisoft.net\/shop\/wp-content\/uploads\/2024\/12\/removal.ai_5b848c54-0cdf-4140-95c5-c5536bb7573b-logodef.png","contentUrl":"https:\/\/aivlisoft.net\/shop\/wp-content\/uploads\/2024\/12\/removal.ai_5b848c54-0cdf-4140-95c5-c5536bb7573b-logodef.png","width":484,"height":182,"caption":"Aivlisoft Inform\u00e1tica"},"image":{"@id":"https:\/\/aivlisoft.net\/shop\/#\/schema\/logo\/image\/"}}]}},"_links":{"self":[{"href":"https:\/\/aivlisoft.net\/shop\/wp-json\/wp\/v2\/product\/19207","targetHints":{"allow":["GET"]}}],"collection":[{"href":"https:\/\/aivlisoft.net\/shop\/wp-json\/wp\/v2\/product"}],"about":[{"href":"https:\/\/aivlisoft.net\/shop\/wp-json\/wp\/v2\/types\/product"}],"wp:featuredmedia":[{"embeddable":true,"href":"https:\/\/aivlisoft.net\/shop\/wp-json\/wp\/v2\/media\/19208"}],"wp:attachment":[{"href":"https:\/\/aivlisoft.net\/shop\/wp-json\/wp\/v2\/media?parent=19207"}],"wp:term":[{"taxonomy":"product_brand","embeddable":true,"href":"https:\/\/aivlisoft.net\/shop\/wp-json\/wp\/v2\/product_brand?post=19207"},{"taxonomy":"product_cat","embeddable":true,"href":"https:\/\/aivlisoft.net\/shop\/wp-json\/wp\/v2\/product_cat?post=19207"},{"taxonomy":"product_tag","embeddable":true,"href":"https:\/\/aivlisoft.net\/shop\/wp-json\/wp\/v2\/product_tag?post=19207"}],"curies":[{"name":"wp","href":"https:\/\/api.w.org\/{rel}","templated":true}]}}