{"id":19194,"date":"2025-01-13T15:29:51","date_gmt":"2025-01-13T15:29:51","guid":{"rendered":"https:\/\/aivlisoft.com\/?post_type=product&#038;p=19194"},"modified":"2025-01-14T19:57:35","modified_gmt":"2025-01-14T19:57:35","slug":"asus-rt-axe7800-router-wifi6e-tribanda-axe7800","status":"publish","type":"product","link":"https:\/\/aivlisoft.net\/shop\/producto\/asus-rt-axe7800-router-wifi6e-tribanda-axe7800\/","title":{"rendered":"Asus RT-AXE7800 Router Wifi6E Tribanda AXE7800"},"content":{"rendered":"<p><\/p>\n<table class=\"tabla_caracteristicas\" width=\"100%\">\n<tr>\n<td><strong>Marca<\/strong><\/td>\n<td><strong>ASUS<\/strong><\/td>\n<\/tr>\n<tr>\n<td valign=\"top\"><strong>Modelo<\/strong><\/td>\n<td><strong>90IG07B0-MU9B00<\/strong><\/td>\n<\/tr>\n<tr>\n<td valign=\"top\"><strong>Caracter&iacute;sticas<\/strong><\/td>\n<td>\n<div>&#8211; Procesador: 1.7GHz quad-core<\/div>\n<div>&#8211; Tama&ntilde;o de RAM:<strong> <\/strong>256 MB Flash y 512 MB DDR4<br \/>\t\t\t<strong>Puertos<\/strong><br \/>\t\t\t&#8211; 1 x 2.5G Mbps for WAN\/LAN<br \/>\t\t\t&#8211; 1 x RJ45 10\/100\/1000Mbps for WAN\/LAN<br \/>\t\t\t&#8211; 3 x RJ45 10\/100\/1000Mbps for LAN<br \/>\t\t\t&#8211; 1 x USB 3.2 Gen 1<\/div>\n<div><strong>Est&aacute;ndares de red<\/strong><br \/>\t\t\t&#8211; IEEE 802.11a<br \/>\t\t\t&#8211; IEEE 802.11b<br \/>\t\t\t&#8211; IEEE 802.11g<br \/>\t\t\t&#8211; IEEE 802.11n<br \/>\t\t\t&#8211; IEEE 802.11ac<br \/>\t\t\t&#8211; IEEE 802.11ax<br \/>\t\t\t&#8211; WiFi 6E (802.11ax)<br \/>\t\t\t&#8211; IPv4<br \/>\t\t\t&#8211; IPv6<\/div>\n<div><strong>Bandas de frecuencia<\/strong><br \/>\t\t\t&#8211; 2,4 GHz 2 x 2<br \/>\t\t\t&#8211; 5 GHz 4 x 4<br \/>\t\t\t&#8211; 6GHz 2&#215;2<\/div>\n<\/td>\n<\/tr>\n<tr>\n<td valign=\"top\">\n<div><strong>Caracter&iacute;sticas<br \/>\t\t\tadicionales<\/strong><\/div>\n<\/td>\n<td>\n<div>&#8211; AiMesh<br \/>\t\t\t&#8211; AiProtection Pro<br \/>\t\t\t&#8211; Control parental<br \/>\t\t\t&#8211; OFDMA (acceso m&uacute;ltiple por divisi&oacute;n de frecuencia ortogonal)<br \/>\t\t\t&#8211; Beamforming: est&aacute;ndar y universal 1024-QAM alta velocidad de datos 20\/40\/80\/160 MHz ancho de banda<br \/>\t\t\t&#8211; Alimentaci&oacute;n: AC Input : 110V~240V(50~60Hz) DC Output: 12 V with max. 3.0 A current<br \/>\t\t\t&#8211; Dimensiones: 230x90x25 mm<br \/>\t\t\t&#8211; Peso: 1033g<\/div>\n<\/td>\n<\/tr>\n<tr>\n<td><strong>Fecha de revisi&oacute;n<\/strong><\/td>\n<td>29-03-2023 por HBG<\/td>\n<\/tr>\n<\/table>\n","protected":false},"excerpt":{"rendered":"<p>Marca ASUS Modelo 90IG07B0-MU9B00 Caracter&iacute;sticas &#8211; Procesador: 1.7GHz quad-core &#8211; Tama&ntilde;o de RAM: 256 MB Flash y 512 MB DDR4 Puertos &#8211; 1 x 2.5G Mbps for WAN\/LAN &#8211; 1 x RJ45 10\/100\/1000Mbps for WAN\/LAN &#8211; 3 x RJ45 10\/100\/1000Mbps for LAN &#8211; 1 x USB 3.2 Gen 1 Est&aacute;ndares de red &#8211; IEEE 802.11a&hellip;&nbsp;<a href=\"https:\/\/aivlisoft.net\/shop\/producto\/asus-rt-axe7800-router-wifi6e-tribanda-axe7800\/\" rel=\"bookmark\"><span class=\"screen-reader-text\">Asus RT-AXE7800 Router Wifi6E Tribanda AXE7800<\/span><\/a><\/p>\n","protected":false},"featured_media":19195,"template":"","meta":{"neve_meta_sidebar":"","neve_meta_container":"","neve_meta_enable_content_width":"","neve_meta_content_width":0,"neve_meta_title_alignment":"","neve_meta_author_avatar":"","neve_post_elements_order":"","neve_meta_disable_header":"","neve_meta_disable_footer":"","neve_meta_disable_title":""},"product_brand":[],"product_cat":[15,8768,6832],"product_tag":[6947],"class_list":{"0":"post-19194","1":"product","2":"type-product","3":"status-publish","4":"has-post-thumbnail","6":"product_cat-sin-categorizar","7":"product_cat-routers-adsl","8":"product_cat-routers-modems","9":"product_tag-90ig07b0-mu9b00","11":"first","12":"instock","13":"taxable","14":"shipping-taxable","15":"purchasable","16":"product-type-simple"},"yoast_head":"<!-- This site is optimized with the Yoast SEO plugin v26.0 - https:\/\/yoast.com\/wordpress\/plugins\/seo\/ -->\n<title>Asus RT-AXE7800 Router Wifi6E Tribanda AXE7800 - Aivlisoft Inform\u00e1tica<\/title>\n<meta name=\"robots\" content=\"index, follow, max-snippet:-1, max-image-preview:large, max-video-preview:-1\" \/>\n<link rel=\"canonical\" href=\"https:\/\/aivlisoft.net\/shop\/producto\/asus-rt-axe7800-router-wifi6e-tribanda-axe7800\/\" \/>\n<meta property=\"og:locale\" content=\"es_ES\" \/>\n<meta property=\"og:type\" content=\"article\" \/>\n<meta property=\"og:title\" content=\"Asus RT-AXE7800 Router Wifi6E Tribanda AXE7800 - Aivlisoft Inform\u00e1tica\" \/>\n<meta property=\"og:description\" content=\"Marca ASUS Modelo 90IG07B0-MU9B00 Caracter&iacute;sticas &#8211; Procesador: 1.7GHz quad-core &#8211; Tama&ntilde;o de RAM: 256 MB Flash y 512 MB DDR4 Puertos &#8211; 1 x 2.5G Mbps for WAN\/LAN &#8211; 1 x RJ45 10\/100\/1000Mbps for WAN\/LAN &#8211; 3 x RJ45 10\/100\/1000Mbps for LAN &#8211; 1 x USB 3.2 Gen 1 Est&aacute;ndares de red &#8211; IEEE 802.11a&hellip;&nbsp;Asus RT-AXE7800 Router Wifi6E Tribanda AXE7800\" \/>\n<meta property=\"og:url\" content=\"https:\/\/aivlisoft.net\/shop\/producto\/asus-rt-axe7800-router-wifi6e-tribanda-axe7800\/\" \/>\n<meta property=\"og:site_name\" content=\"Aivlisoft Inform\u00e1tica\" \/>\n<meta property=\"article:modified_time\" content=\"2025-01-14T19:57:35+00:00\" \/>\n<meta property=\"og:image\" content=\"https:\/\/aivlisoft.net\/shop\/wp-content\/uploads\/2025\/01\/NROINA0380_800.jpg\" \/>\n\t<meta property=\"og:image:width\" content=\"800\" \/>\n\t<meta property=\"og:image:height\" content=\"800\" \/>\n\t<meta property=\"og:image:type\" content=\"image\/jpeg\" \/>\n<meta name=\"twitter:card\" content=\"summary_large_image\" \/>\n<meta name=\"twitter:label1\" content=\"Tiempo de lectura\" \/>\n\t<meta name=\"twitter:data1\" content=\"1 minuto\" \/>\n<script type=\"application\/ld+json\" class=\"yoast-schema-graph\">{\"@context\":\"https:\/\/schema.org\",\"@graph\":[{\"@type\":\"WebPage\",\"@id\":\"https:\/\/aivlisoft.net\/shop\/producto\/asus-rt-axe7800-router-wifi6e-tribanda-axe7800\/\",\"url\":\"https:\/\/aivlisoft.net\/shop\/producto\/asus-rt-axe7800-router-wifi6e-tribanda-axe7800\/\",\"name\":\"Asus RT-AXE7800 Router Wifi6E Tribanda AXE7800 - Aivlisoft Inform\u00e1tica\",\"isPartOf\":{\"@id\":\"https:\/\/aivlisoft.net\/shop\/#website\"},\"primaryImageOfPage\":{\"@id\":\"https:\/\/aivlisoft.net\/shop\/producto\/asus-rt-axe7800-router-wifi6e-tribanda-axe7800\/#primaryimage\"},\"image\":{\"@id\":\"https:\/\/aivlisoft.net\/shop\/producto\/asus-rt-axe7800-router-wifi6e-tribanda-axe7800\/#primaryimage\"},\"thumbnailUrl\":\"https:\/\/aivlisoft.net\/shop\/wp-content\/uploads\/2025\/01\/NROINA0380_800.jpg\",\"datePublished\":\"2025-01-13T15:29:51+00:00\",\"dateModified\":\"2025-01-14T19:57:35+00:00\",\"breadcrumb\":{\"@id\":\"https:\/\/aivlisoft.net\/shop\/producto\/asus-rt-axe7800-router-wifi6e-tribanda-axe7800\/#breadcrumb\"},\"inLanguage\":\"es\",\"potentialAction\":[{\"@type\":\"ReadAction\",\"target\":[\"https:\/\/aivlisoft.net\/shop\/producto\/asus-rt-axe7800-router-wifi6e-tribanda-axe7800\/\"]}]},{\"@type\":\"ImageObject\",\"inLanguage\":\"es\",\"@id\":\"https:\/\/aivlisoft.net\/shop\/producto\/asus-rt-axe7800-router-wifi6e-tribanda-axe7800\/#primaryimage\",\"url\":\"https:\/\/aivlisoft.net\/shop\/wp-content\/uploads\/2025\/01\/NROINA0380_800.jpg\",\"contentUrl\":\"https:\/\/aivlisoft.net\/shop\/wp-content\/uploads\/2025\/01\/NROINA0380_800.jpg\",\"width\":800,\"height\":800},{\"@type\":\"BreadcrumbList\",\"@id\":\"https:\/\/aivlisoft.net\/shop\/producto\/asus-rt-axe7800-router-wifi6e-tribanda-axe7800\/#breadcrumb\",\"itemListElement\":[{\"@type\":\"ListItem\",\"position\":1,\"name\":\"Portada\",\"item\":\"https:\/\/aivlisoft.net\/shop\/\"},{\"@type\":\"ListItem\",\"position\":2,\"name\":\"Tienda\",\"item\":\"https:\/\/aivlisoft.net\/shop\/tienda\/\"},{\"@type\":\"ListItem\",\"position\":3,\"name\":\"Asus RT-AXE7800 Router Wifi6E Tribanda AXE7800\"}]},{\"@type\":\"WebSite\",\"@id\":\"https:\/\/aivlisoft.net\/shop\/#website\",\"url\":\"https:\/\/aivlisoft.net\/shop\/\",\"name\":\"Aivlisoft Inform\u00e1tica\",\"description\":\"En Aivlisoft Inform\u00e1tica ofrecemos soluciones tecnol\u00f3gicas para empresas: venta de ordenadores, consumibles, perif\u00e9ricos y m\u00e1s. Calidad, atenci\u00f3n personalizada y los mejores precios para tu negocio.\",\"publisher\":{\"@id\":\"https:\/\/aivlisoft.net\/shop\/#organization\"},\"potentialAction\":[{\"@type\":\"SearchAction\",\"target\":{\"@type\":\"EntryPoint\",\"urlTemplate\":\"https:\/\/aivlisoft.net\/shop\/?s={search_term_string}\"},\"query-input\":{\"@type\":\"PropertyValueSpecification\",\"valueRequired\":true,\"valueName\":\"search_term_string\"}}],\"inLanguage\":\"es\"},{\"@type\":\"Organization\",\"@id\":\"https:\/\/aivlisoft.net\/shop\/#organization\",\"name\":\"Aivlisoft Inform\u00e1tica\",\"url\":\"https:\/\/aivlisoft.net\/shop\/\",\"logo\":{\"@type\":\"ImageObject\",\"inLanguage\":\"es\",\"@id\":\"https:\/\/aivlisoft.net\/shop\/#\/schema\/logo\/image\/\",\"url\":\"https:\/\/aivlisoft.net\/shop\/wp-content\/uploads\/2024\/12\/removal.ai_5b848c54-0cdf-4140-95c5-c5536bb7573b-logodef.png\",\"contentUrl\":\"https:\/\/aivlisoft.net\/shop\/wp-content\/uploads\/2024\/12\/removal.ai_5b848c54-0cdf-4140-95c5-c5536bb7573b-logodef.png\",\"width\":484,\"height\":182,\"caption\":\"Aivlisoft Inform\u00e1tica\"},\"image\":{\"@id\":\"https:\/\/aivlisoft.net\/shop\/#\/schema\/logo\/image\/\"}}]}<\/script>\n<!-- \/ Yoast SEO plugin. -->","yoast_head_json":{"title":"Asus RT-AXE7800 Router Wifi6E Tribanda AXE7800 - Aivlisoft Inform\u00e1tica","robots":{"index":"index","follow":"follow","max-snippet":"max-snippet:-1","max-image-preview":"max-image-preview:large","max-video-preview":"max-video-preview:-1"},"canonical":"https:\/\/aivlisoft.net\/shop\/producto\/asus-rt-axe7800-router-wifi6e-tribanda-axe7800\/","og_locale":"es_ES","og_type":"article","og_title":"Asus RT-AXE7800 Router Wifi6E Tribanda AXE7800 - Aivlisoft Inform\u00e1tica","og_description":"Marca ASUS Modelo 90IG07B0-MU9B00 Caracter&iacute;sticas &#8211; Procesador: 1.7GHz quad-core &#8211; Tama&ntilde;o de RAM: 256 MB Flash y 512 MB DDR4 Puertos &#8211; 1 x 2.5G Mbps for WAN\/LAN &#8211; 1 x RJ45 10\/100\/1000Mbps for WAN\/LAN &#8211; 3 x RJ45 10\/100\/1000Mbps for LAN &#8211; 1 x USB 3.2 Gen 1 Est&aacute;ndares de red &#8211; IEEE 802.11a&hellip;&nbsp;Asus RT-AXE7800 Router Wifi6E Tribanda AXE7800","og_url":"https:\/\/aivlisoft.net\/shop\/producto\/asus-rt-axe7800-router-wifi6e-tribanda-axe7800\/","og_site_name":"Aivlisoft Inform\u00e1tica","article_modified_time":"2025-01-14T19:57:35+00:00","og_image":[{"width":800,"height":800,"url":"https:\/\/aivlisoft.net\/shop\/wp-content\/uploads\/2025\/01\/NROINA0380_800.jpg","type":"image\/jpeg"}],"twitter_card":"summary_large_image","twitter_misc":{"Tiempo de lectura":"1 minuto"},"schema":{"@context":"https:\/\/schema.org","@graph":[{"@type":"WebPage","@id":"https:\/\/aivlisoft.net\/shop\/producto\/asus-rt-axe7800-router-wifi6e-tribanda-axe7800\/","url":"https:\/\/aivlisoft.net\/shop\/producto\/asus-rt-axe7800-router-wifi6e-tribanda-axe7800\/","name":"Asus RT-AXE7800 Router Wifi6E Tribanda AXE7800 - Aivlisoft Inform\u00e1tica","isPartOf":{"@id":"https:\/\/aivlisoft.net\/shop\/#website"},"primaryImageOfPage":{"@id":"https:\/\/aivlisoft.net\/shop\/producto\/asus-rt-axe7800-router-wifi6e-tribanda-axe7800\/#primaryimage"},"image":{"@id":"https:\/\/aivlisoft.net\/shop\/producto\/asus-rt-axe7800-router-wifi6e-tribanda-axe7800\/#primaryimage"},"thumbnailUrl":"https:\/\/aivlisoft.net\/shop\/wp-content\/uploads\/2025\/01\/NROINA0380_800.jpg","datePublished":"2025-01-13T15:29:51+00:00","dateModified":"2025-01-14T19:57:35+00:00","breadcrumb":{"@id":"https:\/\/aivlisoft.net\/shop\/producto\/asus-rt-axe7800-router-wifi6e-tribanda-axe7800\/#breadcrumb"},"inLanguage":"es","potentialAction":[{"@type":"ReadAction","target":["https:\/\/aivlisoft.net\/shop\/producto\/asus-rt-axe7800-router-wifi6e-tribanda-axe7800\/"]}]},{"@type":"ImageObject","inLanguage":"es","@id":"https:\/\/aivlisoft.net\/shop\/producto\/asus-rt-axe7800-router-wifi6e-tribanda-axe7800\/#primaryimage","url":"https:\/\/aivlisoft.net\/shop\/wp-content\/uploads\/2025\/01\/NROINA0380_800.jpg","contentUrl":"https:\/\/aivlisoft.net\/shop\/wp-content\/uploads\/2025\/01\/NROINA0380_800.jpg","width":800,"height":800},{"@type":"BreadcrumbList","@id":"https:\/\/aivlisoft.net\/shop\/producto\/asus-rt-axe7800-router-wifi6e-tribanda-axe7800\/#breadcrumb","itemListElement":[{"@type":"ListItem","position":1,"name":"Portada","item":"https:\/\/aivlisoft.net\/shop\/"},{"@type":"ListItem","position":2,"name":"Tienda","item":"https:\/\/aivlisoft.net\/shop\/tienda\/"},{"@type":"ListItem","position":3,"name":"Asus RT-AXE7800 Router Wifi6E Tribanda AXE7800"}]},{"@type":"WebSite","@id":"https:\/\/aivlisoft.net\/shop\/#website","url":"https:\/\/aivlisoft.net\/shop\/","name":"Aivlisoft Inform\u00e1tica","description":"En Aivlisoft Inform\u00e1tica ofrecemos soluciones tecnol\u00f3gicas para empresas: venta de ordenadores, consumibles, perif\u00e9ricos y m\u00e1s. Calidad, atenci\u00f3n personalizada y los mejores precios para tu negocio.","publisher":{"@id":"https:\/\/aivlisoft.net\/shop\/#organization"},"potentialAction":[{"@type":"SearchAction","target":{"@type":"EntryPoint","urlTemplate":"https:\/\/aivlisoft.net\/shop\/?s={search_term_string}"},"query-input":{"@type":"PropertyValueSpecification","valueRequired":true,"valueName":"search_term_string"}}],"inLanguage":"es"},{"@type":"Organization","@id":"https:\/\/aivlisoft.net\/shop\/#organization","name":"Aivlisoft Inform\u00e1tica","url":"https:\/\/aivlisoft.net\/shop\/","logo":{"@type":"ImageObject","inLanguage":"es","@id":"https:\/\/aivlisoft.net\/shop\/#\/schema\/logo\/image\/","url":"https:\/\/aivlisoft.net\/shop\/wp-content\/uploads\/2024\/12\/removal.ai_5b848c54-0cdf-4140-95c5-c5536bb7573b-logodef.png","contentUrl":"https:\/\/aivlisoft.net\/shop\/wp-content\/uploads\/2024\/12\/removal.ai_5b848c54-0cdf-4140-95c5-c5536bb7573b-logodef.png","width":484,"height":182,"caption":"Aivlisoft Inform\u00e1tica"},"image":{"@id":"https:\/\/aivlisoft.net\/shop\/#\/schema\/logo\/image\/"}}]}},"_links":{"self":[{"href":"https:\/\/aivlisoft.net\/shop\/wp-json\/wp\/v2\/product\/19194","targetHints":{"allow":["GET"]}}],"collection":[{"href":"https:\/\/aivlisoft.net\/shop\/wp-json\/wp\/v2\/product"}],"about":[{"href":"https:\/\/aivlisoft.net\/shop\/wp-json\/wp\/v2\/types\/product"}],"wp:featuredmedia":[{"embeddable":true,"href":"https:\/\/aivlisoft.net\/shop\/wp-json\/wp\/v2\/media\/19195"}],"wp:attachment":[{"href":"https:\/\/aivlisoft.net\/shop\/wp-json\/wp\/v2\/media?parent=19194"}],"wp:term":[{"taxonomy":"product_brand","embeddable":true,"href":"https:\/\/aivlisoft.net\/shop\/wp-json\/wp\/v2\/product_brand?post=19194"},{"taxonomy":"product_cat","embeddable":true,"href":"https:\/\/aivlisoft.net\/shop\/wp-json\/wp\/v2\/product_cat?post=19194"},{"taxonomy":"product_tag","embeddable":true,"href":"https:\/\/aivlisoft.net\/shop\/wp-json\/wp\/v2\/product_tag?post=19194"}],"curies":[{"name":"wp","href":"https:\/\/api.w.org\/{rel}","templated":true}]}}