{"id":19154,"date":"2025-01-13T15:29:29","date_gmt":"2025-01-13T15:29:29","guid":{"rendered":"https:\/\/aivlisoft.com\/?post_type=product&#038;p=19154"},"modified":"2025-01-14T19:57:41","modified_gmt":"2025-01-14T19:57:41","slug":"d-link-g416-eagle-pro-ai-ax1500-4g-smart-router","status":"publish","type":"product","link":"https:\/\/aivlisoft.net\/shop\/producto\/d-link-g416-eagle-pro-ai-ax1500-4g-smart-router\/","title":{"rendered":"D-Link G416 EAGLE PRO AI AX1500 4G+ Smart Router"},"content":{"rendered":"<p>Combinando la &uacute;ltima tecnolog&iacute;a Wi-Fi 6 con IA y una red de respaldo 4G+ Cat 6, el router inteligente EAGLE PRO AI AX1500 4G+ ofrece una incre&iacute;ble cobertura Wi-Fi y una velocidad que siempre se optimiza y mejora, para una cobertura de Internet fiable, r&aacute;pida y eficiente que le mantiene conectado.<\/p>\n<p><strong>Redes de alto rendimiento desde 4G<\/strong><br \/>El router inteligente G416 le permite acceder y compartir su banda ancha m&oacute;vil superr&aacute;pida con varios dispositivos.<br \/>Simplemente inserte su tarjeta SIM y comparta su conexi&oacute;n m&oacute;vil a Internet 4G+ LTE-A Cat 6 a trav&eacute;s de una red inal&aacute;mbrica segura o utilizando cualquiera de los tres puertos LAN Gigabit Ethernet.<\/p>\n<p><strong>Perfecto para &aacute;reas sin acceso a fibra o ADSL<\/strong><br \/>Es ideal para &aacute;reas de dif&iacute;cil acceso donde la banda ancha de l&iacute;nea fija no es confiable o no est&aacute; disponible.<br \/>Con dos antenas externas de alto rendimiento que garantizan una conexi&oacute;n 4G+ LTE-A Cat 6 potente y fiable, el G416 ofrece la conectividad 4G m&aacute;s potente posible a varios dispositivos al mismo tiempo, lo que le permite transmitir, jugar o trabajar sin tener que preocuparse por el b&uacute;fer, las ca&iacute;das o las interferencias.<\/p>\n<p><strong>Seguro y privado<\/strong><br \/>Incluye el &uacute;ltimo y avanzado est&aacute;ndar de seguridad Wi-Fi WPA3, que cifra el tr&aacute;fico y protege la red inal&aacute;mbrica de amenazas externas. WPA3 tambi&eacute;n tiene un nuevo protocolo incorporado para verificar y asegurar las conexiones de sus dispositivos y su red frente a los ataques.<\/p>\n<p><strong>M&aacute;s cobertura Wi-Fi<\/strong><br \/>Desde pisos de 1 planta hasta casas de 4 plantas, y desde s&oacute;tanos hasta terrazas de jard&iacute;n, simplemente a&ntilde;ada nodos o extensores de la gama D-Link Eagle Pro AI. Disfrute de una cobertura Wi-Fi de alta velocidad y sin fisuras que le mantiene conectado mientras se desplaza de una habitaci&oacute;n a otra, y elimina los puntos negros en esas zonas de dif&iacute;cil acceso en toda su casa.<\/p>\n<p>&nbsp;<br \/>&nbsp;<\/p>\n<table class=\"tabla_caracteristicas k-table\" width=\"100%\">\n<tr>\n<td valign=\"top\"><strong>Marca<\/strong><\/td>\n<td>D-Link<\/td>\n<\/tr>\n<tr>\n<td valign=\"top\"><strong>Modelo<\/strong><\/td>\n<td valign=\"top\"><strong>G416<\/strong><\/td>\n<\/tr>\n<tr>\n<td valign=\"top\">\n<div>&nbsp;<\/div>\n<p>\t\t\t<strong>General<\/strong>\t\t\t<\/p>\n<div>&nbsp;<\/div>\n<\/td>\n<td><strong>Interfaces de dispositivo<\/strong><br \/>\t\t\t&#8211; 3 x puertos LAN Gigabit Ethernet, 1 puerto WAN Gigabit Ethernet, 1 bot&oacute;n WPS, 1 bot&oacute;n de reinicio<br \/>\t\t\t&#8211; 1 x bot&oacute;n WLAN, 1 bot&oacute;n de encendido, 1 ranura para tarjeta SIM, 1 conector de alimentaci&oacute;n<br \/>\t\t\t<strong>Tipo de antena<\/strong><br \/>\t\t\t&#8211; 2 x antenas externas 4G LTE<br \/>\t\t\t<strong>Velocidad de datos Wi-Fi<\/strong><br \/>\t\t\t&#8211; 2,4 GHz hasta 300 Mbps<br \/>\t\t\t&#8211; 5 GHz hasta 1201 Mbps, 6\/9\/11\/12\/18\/24\/36\/48\/54Mbps(en modo 802.11g, 1\/2\/5,5\/11 Mbps en modo 802.11b)<br \/>\t\t\t<strong>Est&aacute;ndares<\/strong><br \/>\t\t\t&#8211; IEEE 802.11ax\/ac\/n\/g\/b\/a<br \/>\t\t\t&#8211; IEEE 802.3u\/ab<br \/>\t\t\t<strong>Indicadores de estado LED<\/strong><br \/>\t\t\t&#8211; Alimentaci&oacute;n<br \/>\t\t\t&#8211; Internet<br \/>\t\t\t&#8211; 2.4 GHz Wi-Fi<br \/>\t\t\t&#8211; 5 GHz Wi-Fi<br \/>\t\t\t&#8211; LTE\/3G<br \/>\t\t\t&#8211; SMS<br \/>\t\t\t&#8211; Signal Strength<br \/>\t\t\t<strong>Soporte de frecuencia<\/strong><br \/>\t\t\t&#8211; Bandas LTE<br \/>\t\t\t&nbsp; FDD: Banda 1\/3\/5\/7\/8\/20\/28<br \/>\t\t\t&nbsp; TDD: Banda 38\/40\/41<br \/>\t\t\t&nbsp; Compatible con Carrier Aggregation (CA):<br \/>\t\t\t&nbsp; B1 + B1\/B3\/B5\/B8\/B20\/B28<br \/>\t\t\t&nbsp; B3 + B3\/B5\/B7\/B8\/B20\/B28<br \/>\t\t\t&nbsp; B7 + B5\/B7\/B8\/B20\/B28<br \/>\t\t\t&nbsp; B38 + B38; B40 + B40; B41 + B41<br \/>\t\t\t&#8211; UMTS\/HSPA\/HSPA+\/DC-HSPA+: Banda 1\/5\/8<\/td>\n<\/tr>\n<tr>\n<td valign=\"top\">\n<div>&nbsp;<\/div>\n<p>\t\t\t<strong>Funcionamiento<\/strong>\t\t\t<\/p>\n<div>&nbsp;<\/div>\n<\/td>\n<td><strong>Seguridad<\/strong><br \/>\t\t\t&#8211; WPA (acceso Wi-Fi protegido), WPA2, WPA3, WPS (configuraci&oacute;n Wi-Fi protegida)<br \/>\t\t\t<strong>Caracter&iacute;sticas avanzadas<\/strong><br \/>\t\t\t&#8211; Firewall: Inspecci&oacute;n din&aacute;mica de paquetes, comprobaci&oacute;n antisuplantaci&oacute;n, filtrado de direcciones IP\/MAC, 1 DMZ<br \/>\t\t\t&#8211; Gesti&oacute;n de dispositivos: EAGLE PRO AI app (iOS y Android), Web UI<br \/>\t\t\t&#8211; Asistentes de voz: Amazon Alexa, Google Assistan<\/td>\n<\/tr>\n<tr>\n<td valign=\"top\">\n<div>&nbsp;<\/div>\n<p>\t\t\t<strong>Caracter&iacute;sticas f&iacute;sicas<\/strong><\/td>\n<td><strong>Adaptador de alimentaci&oacute;n <\/strong><br \/>\t\t\t&#8211; 12 V CC 1,5 A<br \/>\t\t\t<strong>Temperatura<\/strong><br \/>\t\t\t&#8211; Funcionamiento: 0 a 40 &deg;C<br \/>\t\t\t&#8211; Almacenamiento: -20 a 65 &deg;C<br \/>\t\t\t<strong>Humedad<\/strong><br \/>\t\t\t&#8211; Funcionamiento: 0 % a 40 % sin condensaci&oacute;n<br \/>\t\t\t&#8211; Almacenamiento: -10 % a 70 % sin condensaci&oacute;n<br \/>\t\t\t<strong>Certificaciones<\/strong><br \/>\t\t\t&#8211; CE, BSMI\/NCC, RCM<br \/>\t\t\t<strong>Dimensiones<\/strong><br \/>\t\t\t&#8211; 198 x 170,14 x 66,21 mm<br \/>\t\t\t<strong>Peso<\/strong><br \/>\t\t\t&#8211; 400 g<\/td>\n<\/tr>\n<tr>\n<td valign=\"top\"><strong>Fecha Revisi&oacute;n<\/strong><\/td>\n<td>30-12-2022 por RTY<\/td>\n<\/tr>\n<\/table>\n","protected":false},"excerpt":{"rendered":"<p>Combinando la &uacute;ltima tecnolog&iacute;a Wi-Fi 6 con IA y una red de respaldo 4G+ Cat 6, el router inteligente EAGLE PRO AI AX1500 4G+ ofrece una incre&iacute;ble cobertura Wi-Fi y una velocidad que siempre se optimiza y mejora, para una cobertura de Internet fiable, r&aacute;pida y eficiente que le mantiene conectado. Redes de alto rendimiento&hellip;&nbsp;<a href=\"https:\/\/aivlisoft.net\/shop\/producto\/d-link-g416-eagle-pro-ai-ax1500-4g-smart-router\/\" rel=\"bookmark\"><span class=\"screen-reader-text\">D-Link G416 EAGLE PRO AI AX1500 4G+ Smart Router<\/span><\/a><\/p>\n","protected":false},"featured_media":19155,"template":"","meta":{"neve_meta_sidebar":"","neve_meta_container":"","neve_meta_enable_content_width":"","neve_meta_content_width":0,"neve_meta_title_alignment":"","neve_meta_author_avatar":"","neve_post_elements_order":"","neve_meta_disable_header":"","neve_meta_disable_footer":"","neve_meta_disable_title":""},"product_brand":[],"product_cat":[15,8768,6832],"product_tag":[6938],"class_list":{"0":"post-19154","1":"product","2":"type-product","3":"status-publish","4":"has-post-thumbnail","6":"product_cat-sin-categorizar","7":"product_cat-routers-adsl","8":"product_cat-routers-modems","9":"product_tag-g416","11":"first","12":"instock","13":"taxable","14":"shipping-taxable","15":"purchasable","16":"product-type-simple"},"yoast_head":"<!-- This site is optimized with the Yoast SEO plugin v26.0 - https:\/\/yoast.com\/wordpress\/plugins\/seo\/ -->\n<title>D-Link G416 EAGLE PRO AI AX1500 4G+ Smart Router - Aivlisoft Inform\u00e1tica<\/title>\n<meta name=\"robots\" content=\"index, follow, max-snippet:-1, max-image-preview:large, max-video-preview:-1\" \/>\n<link rel=\"canonical\" href=\"https:\/\/aivlisoft.net\/shop\/producto\/d-link-g416-eagle-pro-ai-ax1500-4g-smart-router\/\" \/>\n<meta property=\"og:locale\" content=\"es_ES\" \/>\n<meta property=\"og:type\" content=\"article\" \/>\n<meta property=\"og:title\" content=\"D-Link G416 EAGLE PRO AI AX1500 4G+ Smart Router - Aivlisoft Inform\u00e1tica\" \/>\n<meta property=\"og:description\" content=\"Combinando la &uacute;ltima tecnolog&iacute;a Wi-Fi 6 con IA y una red de respaldo 4G+ Cat 6, el router inteligente EAGLE PRO AI AX1500 4G+ ofrece una incre&iacute;ble cobertura Wi-Fi y una velocidad que siempre se optimiza y mejora, para una cobertura de Internet fiable, r&aacute;pida y eficiente que le mantiene conectado. Redes de alto rendimiento&hellip;&nbsp;D-Link G416 EAGLE PRO AI AX1500 4G+ Smart Router\" \/>\n<meta property=\"og:url\" content=\"https:\/\/aivlisoft.net\/shop\/producto\/d-link-g416-eagle-pro-ai-ax1500-4g-smart-router\/\" \/>\n<meta property=\"og:site_name\" content=\"Aivlisoft Inform\u00e1tica\" \/>\n<meta property=\"article:modified_time\" content=\"2025-01-14T19:57:41+00:00\" \/>\n<meta property=\"og:image\" content=\"https:\/\/aivlisoft.net\/shop\/wp-content\/uploads\/2025\/01\/NROINA0369_800.jpg\" \/>\n\t<meta property=\"og:image:width\" content=\"800\" \/>\n\t<meta property=\"og:image:height\" content=\"800\" \/>\n\t<meta property=\"og:image:type\" content=\"image\/jpeg\" \/>\n<meta name=\"twitter:card\" content=\"summary_large_image\" \/>\n<meta name=\"twitter:label1\" content=\"Tiempo de lectura\" \/>\n\t<meta name=\"twitter:data1\" content=\"3 minutos\" \/>\n<script type=\"application\/ld+json\" class=\"yoast-schema-graph\">{\"@context\":\"https:\/\/schema.org\",\"@graph\":[{\"@type\":\"WebPage\",\"@id\":\"https:\/\/aivlisoft.net\/shop\/producto\/d-link-g416-eagle-pro-ai-ax1500-4g-smart-router\/\",\"url\":\"https:\/\/aivlisoft.net\/shop\/producto\/d-link-g416-eagle-pro-ai-ax1500-4g-smart-router\/\",\"name\":\"D-Link G416 EAGLE PRO AI AX1500 4G+ Smart Router - Aivlisoft Inform\u00e1tica\",\"isPartOf\":{\"@id\":\"https:\/\/aivlisoft.net\/shop\/#website\"},\"primaryImageOfPage\":{\"@id\":\"https:\/\/aivlisoft.net\/shop\/producto\/d-link-g416-eagle-pro-ai-ax1500-4g-smart-router\/#primaryimage\"},\"image\":{\"@id\":\"https:\/\/aivlisoft.net\/shop\/producto\/d-link-g416-eagle-pro-ai-ax1500-4g-smart-router\/#primaryimage\"},\"thumbnailUrl\":\"https:\/\/aivlisoft.net\/shop\/wp-content\/uploads\/2025\/01\/NROINA0369_800.jpg\",\"datePublished\":\"2025-01-13T15:29:29+00:00\",\"dateModified\":\"2025-01-14T19:57:41+00:00\",\"breadcrumb\":{\"@id\":\"https:\/\/aivlisoft.net\/shop\/producto\/d-link-g416-eagle-pro-ai-ax1500-4g-smart-router\/#breadcrumb\"},\"inLanguage\":\"es\",\"potentialAction\":[{\"@type\":\"ReadAction\",\"target\":[\"https:\/\/aivlisoft.net\/shop\/producto\/d-link-g416-eagle-pro-ai-ax1500-4g-smart-router\/\"]}]},{\"@type\":\"ImageObject\",\"inLanguage\":\"es\",\"@id\":\"https:\/\/aivlisoft.net\/shop\/producto\/d-link-g416-eagle-pro-ai-ax1500-4g-smart-router\/#primaryimage\",\"url\":\"https:\/\/aivlisoft.net\/shop\/wp-content\/uploads\/2025\/01\/NROINA0369_800.jpg\",\"contentUrl\":\"https:\/\/aivlisoft.net\/shop\/wp-content\/uploads\/2025\/01\/NROINA0369_800.jpg\",\"width\":800,\"height\":800},{\"@type\":\"BreadcrumbList\",\"@id\":\"https:\/\/aivlisoft.net\/shop\/producto\/d-link-g416-eagle-pro-ai-ax1500-4g-smart-router\/#breadcrumb\",\"itemListElement\":[{\"@type\":\"ListItem\",\"position\":1,\"name\":\"Portada\",\"item\":\"https:\/\/aivlisoft.net\/shop\/\"},{\"@type\":\"ListItem\",\"position\":2,\"name\":\"Tienda\",\"item\":\"https:\/\/aivlisoft.net\/shop\/tienda\/\"},{\"@type\":\"ListItem\",\"position\":3,\"name\":\"D-Link G416 EAGLE PRO AI AX1500 4G+ Smart Router\"}]},{\"@type\":\"WebSite\",\"@id\":\"https:\/\/aivlisoft.net\/shop\/#website\",\"url\":\"https:\/\/aivlisoft.net\/shop\/\",\"name\":\"Aivlisoft Inform\u00e1tica\",\"description\":\"En Aivlisoft Inform\u00e1tica ofrecemos soluciones tecnol\u00f3gicas para empresas: venta de ordenadores, consumibles, perif\u00e9ricos y m\u00e1s. Calidad, atenci\u00f3n personalizada y los mejores precios para tu negocio.\",\"publisher\":{\"@id\":\"https:\/\/aivlisoft.net\/shop\/#organization\"},\"potentialAction\":[{\"@type\":\"SearchAction\",\"target\":{\"@type\":\"EntryPoint\",\"urlTemplate\":\"https:\/\/aivlisoft.net\/shop\/?s={search_term_string}\"},\"query-input\":{\"@type\":\"PropertyValueSpecification\",\"valueRequired\":true,\"valueName\":\"search_term_string\"}}],\"inLanguage\":\"es\"},{\"@type\":\"Organization\",\"@id\":\"https:\/\/aivlisoft.net\/shop\/#organization\",\"name\":\"Aivlisoft Inform\u00e1tica\",\"url\":\"https:\/\/aivlisoft.net\/shop\/\",\"logo\":{\"@type\":\"ImageObject\",\"inLanguage\":\"es\",\"@id\":\"https:\/\/aivlisoft.net\/shop\/#\/schema\/logo\/image\/\",\"url\":\"https:\/\/aivlisoft.net\/shop\/wp-content\/uploads\/2024\/12\/removal.ai_5b848c54-0cdf-4140-95c5-c5536bb7573b-logodef.png\",\"contentUrl\":\"https:\/\/aivlisoft.net\/shop\/wp-content\/uploads\/2024\/12\/removal.ai_5b848c54-0cdf-4140-95c5-c5536bb7573b-logodef.png\",\"width\":484,\"height\":182,\"caption\":\"Aivlisoft Inform\u00e1tica\"},\"image\":{\"@id\":\"https:\/\/aivlisoft.net\/shop\/#\/schema\/logo\/image\/\"}}]}<\/script>\n<!-- \/ Yoast SEO plugin. -->","yoast_head_json":{"title":"D-Link G416 EAGLE PRO AI AX1500 4G+ Smart Router - Aivlisoft Inform\u00e1tica","robots":{"index":"index","follow":"follow","max-snippet":"max-snippet:-1","max-image-preview":"max-image-preview:large","max-video-preview":"max-video-preview:-1"},"canonical":"https:\/\/aivlisoft.net\/shop\/producto\/d-link-g416-eagle-pro-ai-ax1500-4g-smart-router\/","og_locale":"es_ES","og_type":"article","og_title":"D-Link G416 EAGLE PRO AI AX1500 4G+ Smart Router - Aivlisoft Inform\u00e1tica","og_description":"Combinando la &uacute;ltima tecnolog&iacute;a Wi-Fi 6 con IA y una red de respaldo 4G+ Cat 6, el router inteligente EAGLE PRO AI AX1500 4G+ ofrece una incre&iacute;ble cobertura Wi-Fi y una velocidad que siempre se optimiza y mejora, para una cobertura de Internet fiable, r&aacute;pida y eficiente que le mantiene conectado. Redes de alto rendimiento&hellip;&nbsp;D-Link G416 EAGLE PRO AI AX1500 4G+ Smart Router","og_url":"https:\/\/aivlisoft.net\/shop\/producto\/d-link-g416-eagle-pro-ai-ax1500-4g-smart-router\/","og_site_name":"Aivlisoft Inform\u00e1tica","article_modified_time":"2025-01-14T19:57:41+00:00","og_image":[{"width":800,"height":800,"url":"https:\/\/aivlisoft.net\/shop\/wp-content\/uploads\/2025\/01\/NROINA0369_800.jpg","type":"image\/jpeg"}],"twitter_card":"summary_large_image","twitter_misc":{"Tiempo de lectura":"3 minutos"},"schema":{"@context":"https:\/\/schema.org","@graph":[{"@type":"WebPage","@id":"https:\/\/aivlisoft.net\/shop\/producto\/d-link-g416-eagle-pro-ai-ax1500-4g-smart-router\/","url":"https:\/\/aivlisoft.net\/shop\/producto\/d-link-g416-eagle-pro-ai-ax1500-4g-smart-router\/","name":"D-Link G416 EAGLE PRO AI AX1500 4G+ Smart Router - Aivlisoft Inform\u00e1tica","isPartOf":{"@id":"https:\/\/aivlisoft.net\/shop\/#website"},"primaryImageOfPage":{"@id":"https:\/\/aivlisoft.net\/shop\/producto\/d-link-g416-eagle-pro-ai-ax1500-4g-smart-router\/#primaryimage"},"image":{"@id":"https:\/\/aivlisoft.net\/shop\/producto\/d-link-g416-eagle-pro-ai-ax1500-4g-smart-router\/#primaryimage"},"thumbnailUrl":"https:\/\/aivlisoft.net\/shop\/wp-content\/uploads\/2025\/01\/NROINA0369_800.jpg","datePublished":"2025-01-13T15:29:29+00:00","dateModified":"2025-01-14T19:57:41+00:00","breadcrumb":{"@id":"https:\/\/aivlisoft.net\/shop\/producto\/d-link-g416-eagle-pro-ai-ax1500-4g-smart-router\/#breadcrumb"},"inLanguage":"es","potentialAction":[{"@type":"ReadAction","target":["https:\/\/aivlisoft.net\/shop\/producto\/d-link-g416-eagle-pro-ai-ax1500-4g-smart-router\/"]}]},{"@type":"ImageObject","inLanguage":"es","@id":"https:\/\/aivlisoft.net\/shop\/producto\/d-link-g416-eagle-pro-ai-ax1500-4g-smart-router\/#primaryimage","url":"https:\/\/aivlisoft.net\/shop\/wp-content\/uploads\/2025\/01\/NROINA0369_800.jpg","contentUrl":"https:\/\/aivlisoft.net\/shop\/wp-content\/uploads\/2025\/01\/NROINA0369_800.jpg","width":800,"height":800},{"@type":"BreadcrumbList","@id":"https:\/\/aivlisoft.net\/shop\/producto\/d-link-g416-eagle-pro-ai-ax1500-4g-smart-router\/#breadcrumb","itemListElement":[{"@type":"ListItem","position":1,"name":"Portada","item":"https:\/\/aivlisoft.net\/shop\/"},{"@type":"ListItem","position":2,"name":"Tienda","item":"https:\/\/aivlisoft.net\/shop\/tienda\/"},{"@type":"ListItem","position":3,"name":"D-Link G416 EAGLE PRO AI AX1500 4G+ Smart Router"}]},{"@type":"WebSite","@id":"https:\/\/aivlisoft.net\/shop\/#website","url":"https:\/\/aivlisoft.net\/shop\/","name":"Aivlisoft Inform\u00e1tica","description":"En Aivlisoft Inform\u00e1tica ofrecemos soluciones tecnol\u00f3gicas para empresas: venta de ordenadores, consumibles, perif\u00e9ricos y m\u00e1s. Calidad, atenci\u00f3n personalizada y los mejores precios para tu negocio.","publisher":{"@id":"https:\/\/aivlisoft.net\/shop\/#organization"},"potentialAction":[{"@type":"SearchAction","target":{"@type":"EntryPoint","urlTemplate":"https:\/\/aivlisoft.net\/shop\/?s={search_term_string}"},"query-input":{"@type":"PropertyValueSpecification","valueRequired":true,"valueName":"search_term_string"}}],"inLanguage":"es"},{"@type":"Organization","@id":"https:\/\/aivlisoft.net\/shop\/#organization","name":"Aivlisoft Inform\u00e1tica","url":"https:\/\/aivlisoft.net\/shop\/","logo":{"@type":"ImageObject","inLanguage":"es","@id":"https:\/\/aivlisoft.net\/shop\/#\/schema\/logo\/image\/","url":"https:\/\/aivlisoft.net\/shop\/wp-content\/uploads\/2024\/12\/removal.ai_5b848c54-0cdf-4140-95c5-c5536bb7573b-logodef.png","contentUrl":"https:\/\/aivlisoft.net\/shop\/wp-content\/uploads\/2024\/12\/removal.ai_5b848c54-0cdf-4140-95c5-c5536bb7573b-logodef.png","width":484,"height":182,"caption":"Aivlisoft Inform\u00e1tica"},"image":{"@id":"https:\/\/aivlisoft.net\/shop\/#\/schema\/logo\/image\/"}}]}},"_links":{"self":[{"href":"https:\/\/aivlisoft.net\/shop\/wp-json\/wp\/v2\/product\/19154","targetHints":{"allow":["GET"]}}],"collection":[{"href":"https:\/\/aivlisoft.net\/shop\/wp-json\/wp\/v2\/product"}],"about":[{"href":"https:\/\/aivlisoft.net\/shop\/wp-json\/wp\/v2\/types\/product"}],"wp:featuredmedia":[{"embeddable":true,"href":"https:\/\/aivlisoft.net\/shop\/wp-json\/wp\/v2\/media\/19155"}],"wp:attachment":[{"href":"https:\/\/aivlisoft.net\/shop\/wp-json\/wp\/v2\/media?parent=19154"}],"wp:term":[{"taxonomy":"product_brand","embeddable":true,"href":"https:\/\/aivlisoft.net\/shop\/wp-json\/wp\/v2\/product_brand?post=19154"},{"taxonomy":"product_cat","embeddable":true,"href":"https:\/\/aivlisoft.net\/shop\/wp-json\/wp\/v2\/product_cat?post=19154"},{"taxonomy":"product_tag","embeddable":true,"href":"https:\/\/aivlisoft.net\/shop\/wp-json\/wp\/v2\/product_tag?post=19154"}],"curies":[{"name":"wp","href":"https:\/\/api.w.org\/{rel}","templated":true}]}}