{"id":19139,"date":"2025-01-13T15:29:21","date_gmt":"2025-01-13T15:29:21","guid":{"rendered":"https:\/\/aivlisoft.com\/?post_type=product&#038;p=19139"},"modified":"2025-01-14T19:57:43","modified_gmt":"2025-01-14T19:57:43","slug":"ubiquiti-udr-dream-router-wifi6-4x4-mu-mimo-5xgbe","status":"publish","type":"product","link":"https:\/\/aivlisoft.net\/shop\/producto\/ubiquiti-udr-dream-router-wifi6-4x4-mu-mimo-5xgbe\/","title":{"rendered":"Ubiquiti UDR Dream Router WiFi6 4&#215;4 MU-MIMO 5xGbE"},"content":{"rendered":"<p>&nbsp;<\/p>\n<table class=\"tabla_caracteristicas k-table\" width=\"100%\">\n<tr>\n<td valign=\"top\"><strong>Marca<\/strong><\/td>\n<td>Ubiquiti<\/td>\n<\/tr>\n<tr>\n<td valign=\"top\"><strong>Modelo<\/strong><\/td>\n<td valign=\"top\"><strong>UDR<\/strong><\/td>\n<\/tr>\n<tr>\n<td valign=\"top\">\n<div><strong>Caracter<\/strong><strong>&iacute;<\/strong><strong>sticas <\/strong><\/div>\n<div><strong>de hardware<\/strong><\/div>\n<\/td>\n<td>&#8211; Procesador: Dual-Core Cortex A53 at 1.35 GHz<br \/>\t\t\t&#8211; Memoria:&nbsp; <strong>2 GB<\/strong><br \/>\t\t\t&#8211; Expansi&oacute;n slot: Micro SD memory card* (opcional)<br \/>\t\t\t&#8211; LCM display<br \/>\t\t\t&nbsp; Start-up animation: start-up in progress<br \/>\t\t\t&nbsp; Firmware update icon: firmware updating<br \/>\t\t\t&#8211; Bot&oacute;n reset<br \/>\t\t\t&#8211; LED: blanco\/azul<br \/>\t\t\t&#8211; M&eacute;todo de alimentaci&oacute;n: Universal AC input, 100&mdash;240V AC, 1.1A Max., 50\/60 Hz<br \/>\t\t\t&#8211; Fuente de alimentaci&oacute;n: AC\/DC, interna, 50W<br \/>\t\t\t&#8211; Rango de voltaje admitido: 100&mdash;240V DC<br \/>\t\t\t&#8211; Max. consumo de energ&iacute;a (excluyendo puerto PoE): 19.37W<br \/>\t\t\t&#8211; PoE budget: 32W<br \/>\t\t\t&#8211; Max. PoE potencia por puerto PSE: 15.4W<br \/>\t\t\t&#8211; Rango de voltaje PoE mode: 44&mdash;57V DC<br \/>\t\t\t&#8211; M&aacute;xima potencia de transmisi&oacute;n: 2.4 GHz 26 dBm\/ 5 GHz 26 dBm<br \/>\t\t\t&#8211; MIMO: 2.4 GHz 4 x 4\/ 5 GHz 4 x 4<br \/>\t\t\t&#8211; Tasa de rendimiento: 2.4 GHz 600 Mbps\/ 5 GHz 2.4 Gbps<br \/>\t\t\t&#8211; Antena: 1 x antena interna de doble banda y cuatro polaridades<br \/>\t\t\t&#8211; Antenna gain: 2.4 GHz 3.4 dBi\/ 5 GHz 4.3 dBi<br \/>\t\t\t<strong>Conectividad<\/strong><br \/>\t\t\t&#8211; Ethernet<br \/>\t\t\t&#8211; Bluetooth<br \/>\t\t\t<strong>Interfaz<\/strong><br \/>\t\t\t&#8211; WAN: 1 x puertos 1 GbE RJ45<br \/>\t\t\t&#8211; LAN: 4 x puertos 1 GbE RJ45<br \/>\t\t\t&#8211; PoE: 2 x puertos<\/td>\n<\/tr>\n<tr>\n<td valign=\"top\">\n<div><strong>Caracter&iacute;sticas <\/strong><\/div>\n<div><strong>de software<\/strong><\/div>\n<\/td>\n<td>&#8211; WiFi:<br \/>\t\t\t&nbsp; 802.11 a\/b\/g<br \/>\t\t\t&nbsp; WiFi 4 \/ WiFi 5 \/ WiFi 6<br \/>\t\t\t&#8211; Seguridad inal&aacute;mbrica: WEP, WPA-PSK, WPA-Enterprise (WPA\/WPA2\/WPA3)<br \/>\t\t\t&#8211; BSSID: 8 por radio<br \/>\t\t\t&#8211; VLAN: 802.1Q<br \/>\t\t\t&#8211; QoS avanzado: limitaci&oacute;n de velocidad por usuario<br \/>\t\t\t&#8211; Guest traffic isolation<br \/>\t\t\t&#8211; Concurrent clients: 300+<\/td>\n<\/tr>\n<tr>\n<td valign=\"top\"><strong>Otras Caracter&iacute;sticas<\/strong><\/td>\n<td>&#8211; Certificaciones: CE, FCC, IC<br \/>\t\t\t&#8211; Dimensiones: &Oslash;110 x 184.13 mm<br \/>\t\t\t&#8211; Peso: 1.15 kg<br \/>\t\t\t<strong>Ambiental<\/strong><br \/>\t\t\t&#8211; Temperatura de funcionamiento: -10 to 45&deg; C<br \/>\t\t\t&#8211; Humedad de funcionamiento: 5 a 95% sin condensaci&oacute;n<\/td>\n<\/tr>\n<tr>\n<td valign=\"top\"><strong>Fecha Revisi&oacute;n<\/strong><\/td>\n<td>13-12-2022 por RTY<\/td>\n<\/tr>\n<\/table>\n","protected":false},"excerpt":{"rendered":"<p>&nbsp; Marca Ubiquiti Modelo UDR Caracter&iacute;sticas de hardware &#8211; Procesador: Dual-Core Cortex A53 at 1.35 GHz &#8211; Memoria:&nbsp; 2 GB &#8211; Expansi&oacute;n slot: Micro SD memory card* (opcional) &#8211; LCM display &nbsp; Start-up animation: start-up in progress &nbsp; Firmware update icon: firmware updating &#8211; Bot&oacute;n reset &#8211; LED: blanco\/azul &#8211; M&eacute;todo de alimentaci&oacute;n: Universal AC&hellip;&nbsp;<a href=\"https:\/\/aivlisoft.net\/shop\/producto\/ubiquiti-udr-dream-router-wifi6-4x4-mu-mimo-5xgbe\/\" rel=\"bookmark\"><span class=\"screen-reader-text\">Ubiquiti UDR Dream Router WiFi6 4&#215;4 MU-MIMO 5xGbE<\/span><\/a><\/p>\n","protected":false},"featured_media":19140,"template":"","meta":{"neve_meta_sidebar":"","neve_meta_container":"","neve_meta_enable_content_width":"","neve_meta_content_width":0,"neve_meta_title_alignment":"","neve_meta_author_avatar":"","neve_post_elements_order":"","neve_meta_disable_header":"","neve_meta_disable_footer":"","neve_meta_disable_title":""},"product_brand":[],"product_cat":[15,8768,6832],"product_tag":[6935],"class_list":{"0":"post-19139","1":"product","2":"type-product","3":"status-publish","4":"has-post-thumbnail","6":"product_cat-sin-categorizar","7":"product_cat-routers-adsl","8":"product_cat-routers-modems","9":"product_tag-udr","11":"first","12":"instock","13":"taxable","14":"shipping-taxable","15":"purchasable","16":"product-type-simple"},"yoast_head":"<!-- This site is optimized with the Yoast SEO plugin v26.0 - https:\/\/yoast.com\/wordpress\/plugins\/seo\/ -->\n<title>Ubiquiti UDR Dream Router WiFi6 4x4 MU-MIMO 5xGbE - Aivlisoft Inform\u00e1tica<\/title>\n<meta name=\"robots\" content=\"index, follow, max-snippet:-1, max-image-preview:large, max-video-preview:-1\" \/>\n<link rel=\"canonical\" href=\"https:\/\/aivlisoft.net\/shop\/producto\/ubiquiti-udr-dream-router-wifi6-4x4-mu-mimo-5xgbe\/\" \/>\n<meta property=\"og:locale\" content=\"es_ES\" \/>\n<meta property=\"og:type\" content=\"article\" \/>\n<meta property=\"og:title\" content=\"Ubiquiti UDR Dream Router WiFi6 4x4 MU-MIMO 5xGbE - Aivlisoft Inform\u00e1tica\" \/>\n<meta property=\"og:description\" content=\"&nbsp; Marca Ubiquiti Modelo UDR Caracter&iacute;sticas de hardware &#8211; Procesador: Dual-Core Cortex A53 at 1.35 GHz &#8211; Memoria:&nbsp; 2 GB &#8211; Expansi&oacute;n slot: Micro SD memory card* (opcional) &#8211; LCM display &nbsp; Start-up animation: start-up in progress &nbsp; Firmware update icon: firmware updating &#8211; Bot&oacute;n reset &#8211; LED: blanco\/azul &#8211; M&eacute;todo de alimentaci&oacute;n: Universal AC&hellip;&nbsp;Ubiquiti UDR Dream Router WiFi6 4&#215;4 MU-MIMO 5xGbE\" \/>\n<meta property=\"og:url\" content=\"https:\/\/aivlisoft.net\/shop\/producto\/ubiquiti-udr-dream-router-wifi6-4x4-mu-mimo-5xgbe\/\" \/>\n<meta property=\"og:site_name\" content=\"Aivlisoft Inform\u00e1tica\" \/>\n<meta property=\"article:modified_time\" content=\"2025-01-14T19:57:43+00:00\" \/>\n<meta property=\"og:image\" content=\"https:\/\/aivlisoft.net\/shop\/wp-content\/uploads\/2025\/01\/NROINA0366_800.jpg\" \/>\n\t<meta property=\"og:image:width\" content=\"800\" \/>\n\t<meta property=\"og:image:height\" content=\"800\" \/>\n\t<meta property=\"og:image:type\" content=\"image\/jpeg\" \/>\n<meta name=\"twitter:card\" content=\"summary_large_image\" \/>\n<meta name=\"twitter:label1\" content=\"Tiempo de lectura\" \/>\n\t<meta name=\"twitter:data1\" content=\"1 minuto\" \/>\n<script type=\"application\/ld+json\" class=\"yoast-schema-graph\">{\"@context\":\"https:\/\/schema.org\",\"@graph\":[{\"@type\":\"WebPage\",\"@id\":\"https:\/\/aivlisoft.net\/shop\/producto\/ubiquiti-udr-dream-router-wifi6-4x4-mu-mimo-5xgbe\/\",\"url\":\"https:\/\/aivlisoft.net\/shop\/producto\/ubiquiti-udr-dream-router-wifi6-4x4-mu-mimo-5xgbe\/\",\"name\":\"Ubiquiti UDR Dream Router WiFi6 4x4 MU-MIMO 5xGbE - Aivlisoft Inform\u00e1tica\",\"isPartOf\":{\"@id\":\"https:\/\/aivlisoft.net\/shop\/#website\"},\"primaryImageOfPage\":{\"@id\":\"https:\/\/aivlisoft.net\/shop\/producto\/ubiquiti-udr-dream-router-wifi6-4x4-mu-mimo-5xgbe\/#primaryimage\"},\"image\":{\"@id\":\"https:\/\/aivlisoft.net\/shop\/producto\/ubiquiti-udr-dream-router-wifi6-4x4-mu-mimo-5xgbe\/#primaryimage\"},\"thumbnailUrl\":\"https:\/\/aivlisoft.net\/shop\/wp-content\/uploads\/2025\/01\/NROINA0366_800.jpg\",\"datePublished\":\"2025-01-13T15:29:21+00:00\",\"dateModified\":\"2025-01-14T19:57:43+00:00\",\"breadcrumb\":{\"@id\":\"https:\/\/aivlisoft.net\/shop\/producto\/ubiquiti-udr-dream-router-wifi6-4x4-mu-mimo-5xgbe\/#breadcrumb\"},\"inLanguage\":\"es\",\"potentialAction\":[{\"@type\":\"ReadAction\",\"target\":[\"https:\/\/aivlisoft.net\/shop\/producto\/ubiquiti-udr-dream-router-wifi6-4x4-mu-mimo-5xgbe\/\"]}]},{\"@type\":\"ImageObject\",\"inLanguage\":\"es\",\"@id\":\"https:\/\/aivlisoft.net\/shop\/producto\/ubiquiti-udr-dream-router-wifi6-4x4-mu-mimo-5xgbe\/#primaryimage\",\"url\":\"https:\/\/aivlisoft.net\/shop\/wp-content\/uploads\/2025\/01\/NROINA0366_800.jpg\",\"contentUrl\":\"https:\/\/aivlisoft.net\/shop\/wp-content\/uploads\/2025\/01\/NROINA0366_800.jpg\",\"width\":800,\"height\":800},{\"@type\":\"BreadcrumbList\",\"@id\":\"https:\/\/aivlisoft.net\/shop\/producto\/ubiquiti-udr-dream-router-wifi6-4x4-mu-mimo-5xgbe\/#breadcrumb\",\"itemListElement\":[{\"@type\":\"ListItem\",\"position\":1,\"name\":\"Portada\",\"item\":\"https:\/\/aivlisoft.net\/shop\/\"},{\"@type\":\"ListItem\",\"position\":2,\"name\":\"Tienda\",\"item\":\"https:\/\/aivlisoft.net\/shop\/tienda\/\"},{\"@type\":\"ListItem\",\"position\":3,\"name\":\"Ubiquiti UDR Dream Router WiFi6 4&#215;4 MU-MIMO 5xGbE\"}]},{\"@type\":\"WebSite\",\"@id\":\"https:\/\/aivlisoft.net\/shop\/#website\",\"url\":\"https:\/\/aivlisoft.net\/shop\/\",\"name\":\"Aivlisoft Inform\u00e1tica\",\"description\":\"En Aivlisoft Inform\u00e1tica ofrecemos soluciones tecnol\u00f3gicas para empresas: venta de ordenadores, consumibles, perif\u00e9ricos y m\u00e1s. Calidad, atenci\u00f3n personalizada y los mejores precios para tu negocio.\",\"publisher\":{\"@id\":\"https:\/\/aivlisoft.net\/shop\/#organization\"},\"potentialAction\":[{\"@type\":\"SearchAction\",\"target\":{\"@type\":\"EntryPoint\",\"urlTemplate\":\"https:\/\/aivlisoft.net\/shop\/?s={search_term_string}\"},\"query-input\":{\"@type\":\"PropertyValueSpecification\",\"valueRequired\":true,\"valueName\":\"search_term_string\"}}],\"inLanguage\":\"es\"},{\"@type\":\"Organization\",\"@id\":\"https:\/\/aivlisoft.net\/shop\/#organization\",\"name\":\"Aivlisoft Inform\u00e1tica\",\"url\":\"https:\/\/aivlisoft.net\/shop\/\",\"logo\":{\"@type\":\"ImageObject\",\"inLanguage\":\"es\",\"@id\":\"https:\/\/aivlisoft.net\/shop\/#\/schema\/logo\/image\/\",\"url\":\"https:\/\/aivlisoft.net\/shop\/wp-content\/uploads\/2024\/12\/removal.ai_5b848c54-0cdf-4140-95c5-c5536bb7573b-logodef.png\",\"contentUrl\":\"https:\/\/aivlisoft.net\/shop\/wp-content\/uploads\/2024\/12\/removal.ai_5b848c54-0cdf-4140-95c5-c5536bb7573b-logodef.png\",\"width\":484,\"height\":182,\"caption\":\"Aivlisoft Inform\u00e1tica\"},\"image\":{\"@id\":\"https:\/\/aivlisoft.net\/shop\/#\/schema\/logo\/image\/\"}}]}<\/script>\n<!-- \/ Yoast SEO plugin. -->","yoast_head_json":{"title":"Ubiquiti UDR Dream Router WiFi6 4x4 MU-MIMO 5xGbE - Aivlisoft Inform\u00e1tica","robots":{"index":"index","follow":"follow","max-snippet":"max-snippet:-1","max-image-preview":"max-image-preview:large","max-video-preview":"max-video-preview:-1"},"canonical":"https:\/\/aivlisoft.net\/shop\/producto\/ubiquiti-udr-dream-router-wifi6-4x4-mu-mimo-5xgbe\/","og_locale":"es_ES","og_type":"article","og_title":"Ubiquiti UDR Dream Router WiFi6 4x4 MU-MIMO 5xGbE - Aivlisoft Inform\u00e1tica","og_description":"&nbsp; Marca Ubiquiti Modelo UDR Caracter&iacute;sticas de hardware &#8211; Procesador: Dual-Core Cortex A53 at 1.35 GHz &#8211; Memoria:&nbsp; 2 GB &#8211; Expansi&oacute;n slot: Micro SD memory card* (opcional) &#8211; LCM display &nbsp; Start-up animation: start-up in progress &nbsp; Firmware update icon: firmware updating &#8211; Bot&oacute;n reset &#8211; LED: blanco\/azul &#8211; M&eacute;todo de alimentaci&oacute;n: Universal AC&hellip;&nbsp;Ubiquiti UDR Dream Router WiFi6 4&#215;4 MU-MIMO 5xGbE","og_url":"https:\/\/aivlisoft.net\/shop\/producto\/ubiquiti-udr-dream-router-wifi6-4x4-mu-mimo-5xgbe\/","og_site_name":"Aivlisoft Inform\u00e1tica","article_modified_time":"2025-01-14T19:57:43+00:00","og_image":[{"width":800,"height":800,"url":"https:\/\/aivlisoft.net\/shop\/wp-content\/uploads\/2025\/01\/NROINA0366_800.jpg","type":"image\/jpeg"}],"twitter_card":"summary_large_image","twitter_misc":{"Tiempo de lectura":"1 minuto"},"schema":{"@context":"https:\/\/schema.org","@graph":[{"@type":"WebPage","@id":"https:\/\/aivlisoft.net\/shop\/producto\/ubiquiti-udr-dream-router-wifi6-4x4-mu-mimo-5xgbe\/","url":"https:\/\/aivlisoft.net\/shop\/producto\/ubiquiti-udr-dream-router-wifi6-4x4-mu-mimo-5xgbe\/","name":"Ubiquiti UDR Dream Router WiFi6 4x4 MU-MIMO 5xGbE - Aivlisoft Inform\u00e1tica","isPartOf":{"@id":"https:\/\/aivlisoft.net\/shop\/#website"},"primaryImageOfPage":{"@id":"https:\/\/aivlisoft.net\/shop\/producto\/ubiquiti-udr-dream-router-wifi6-4x4-mu-mimo-5xgbe\/#primaryimage"},"image":{"@id":"https:\/\/aivlisoft.net\/shop\/producto\/ubiquiti-udr-dream-router-wifi6-4x4-mu-mimo-5xgbe\/#primaryimage"},"thumbnailUrl":"https:\/\/aivlisoft.net\/shop\/wp-content\/uploads\/2025\/01\/NROINA0366_800.jpg","datePublished":"2025-01-13T15:29:21+00:00","dateModified":"2025-01-14T19:57:43+00:00","breadcrumb":{"@id":"https:\/\/aivlisoft.net\/shop\/producto\/ubiquiti-udr-dream-router-wifi6-4x4-mu-mimo-5xgbe\/#breadcrumb"},"inLanguage":"es","potentialAction":[{"@type":"ReadAction","target":["https:\/\/aivlisoft.net\/shop\/producto\/ubiquiti-udr-dream-router-wifi6-4x4-mu-mimo-5xgbe\/"]}]},{"@type":"ImageObject","inLanguage":"es","@id":"https:\/\/aivlisoft.net\/shop\/producto\/ubiquiti-udr-dream-router-wifi6-4x4-mu-mimo-5xgbe\/#primaryimage","url":"https:\/\/aivlisoft.net\/shop\/wp-content\/uploads\/2025\/01\/NROINA0366_800.jpg","contentUrl":"https:\/\/aivlisoft.net\/shop\/wp-content\/uploads\/2025\/01\/NROINA0366_800.jpg","width":800,"height":800},{"@type":"BreadcrumbList","@id":"https:\/\/aivlisoft.net\/shop\/producto\/ubiquiti-udr-dream-router-wifi6-4x4-mu-mimo-5xgbe\/#breadcrumb","itemListElement":[{"@type":"ListItem","position":1,"name":"Portada","item":"https:\/\/aivlisoft.net\/shop\/"},{"@type":"ListItem","position":2,"name":"Tienda","item":"https:\/\/aivlisoft.net\/shop\/tienda\/"},{"@type":"ListItem","position":3,"name":"Ubiquiti UDR Dream Router WiFi6 4&#215;4 MU-MIMO 5xGbE"}]},{"@type":"WebSite","@id":"https:\/\/aivlisoft.net\/shop\/#website","url":"https:\/\/aivlisoft.net\/shop\/","name":"Aivlisoft Inform\u00e1tica","description":"En Aivlisoft Inform\u00e1tica ofrecemos soluciones tecnol\u00f3gicas para empresas: venta de ordenadores, consumibles, perif\u00e9ricos y m\u00e1s. Calidad, atenci\u00f3n personalizada y los mejores precios para tu negocio.","publisher":{"@id":"https:\/\/aivlisoft.net\/shop\/#organization"},"potentialAction":[{"@type":"SearchAction","target":{"@type":"EntryPoint","urlTemplate":"https:\/\/aivlisoft.net\/shop\/?s={search_term_string}"},"query-input":{"@type":"PropertyValueSpecification","valueRequired":true,"valueName":"search_term_string"}}],"inLanguage":"es"},{"@type":"Organization","@id":"https:\/\/aivlisoft.net\/shop\/#organization","name":"Aivlisoft Inform\u00e1tica","url":"https:\/\/aivlisoft.net\/shop\/","logo":{"@type":"ImageObject","inLanguage":"es","@id":"https:\/\/aivlisoft.net\/shop\/#\/schema\/logo\/image\/","url":"https:\/\/aivlisoft.net\/shop\/wp-content\/uploads\/2024\/12\/removal.ai_5b848c54-0cdf-4140-95c5-c5536bb7573b-logodef.png","contentUrl":"https:\/\/aivlisoft.net\/shop\/wp-content\/uploads\/2024\/12\/removal.ai_5b848c54-0cdf-4140-95c5-c5536bb7573b-logodef.png","width":484,"height":182,"caption":"Aivlisoft Inform\u00e1tica"},"image":{"@id":"https:\/\/aivlisoft.net\/shop\/#\/schema\/logo\/image\/"}}]}},"_links":{"self":[{"href":"https:\/\/aivlisoft.net\/shop\/wp-json\/wp\/v2\/product\/19139","targetHints":{"allow":["GET"]}}],"collection":[{"href":"https:\/\/aivlisoft.net\/shop\/wp-json\/wp\/v2\/product"}],"about":[{"href":"https:\/\/aivlisoft.net\/shop\/wp-json\/wp\/v2\/types\/product"}],"wp:featuredmedia":[{"embeddable":true,"href":"https:\/\/aivlisoft.net\/shop\/wp-json\/wp\/v2\/media\/19140"}],"wp:attachment":[{"href":"https:\/\/aivlisoft.net\/shop\/wp-json\/wp\/v2\/media?parent=19139"}],"wp:term":[{"taxonomy":"product_brand","embeddable":true,"href":"https:\/\/aivlisoft.net\/shop\/wp-json\/wp\/v2\/product_brand?post=19139"},{"taxonomy":"product_cat","embeddable":true,"href":"https:\/\/aivlisoft.net\/shop\/wp-json\/wp\/v2\/product_cat?post=19139"},{"taxonomy":"product_tag","embeddable":true,"href":"https:\/\/aivlisoft.net\/shop\/wp-json\/wp\/v2\/product_tag?post=19139"}],"curies":[{"name":"wp","href":"https:\/\/api.w.org\/{rel}","templated":true}]}}