{"id":19135,"date":"2025-01-13T15:29:19","date_gmt":"2025-01-13T15:29:19","guid":{"rendered":"https:\/\/aivlisoft.com\/?post_type=product&#038;p=19135"},"modified":"2025-01-14T19:57:44","modified_gmt":"2025-01-14T19:57:44","slug":"asus-rt-ax53u-router-wifi6-ax1800-1xwan-3xgbe","status":"publish","type":"product","link":"https:\/\/aivlisoft.net\/shop\/producto\/asus-rt-ax53u-router-wifi6-ax1800-1xwan-3xgbe\/","title":{"rendered":"Asus RT-AX53U Router WiFi6 AX1800 1xWAN 3xGbE"},"content":{"rendered":"<p>&nbsp;<\/p>\n<table class=\"tabla_caracteristicas k-table\" width=\"100%\">\n<tr>\n<td valign=\"top\"><strong>Marca<\/strong><\/td>\n<td>Asus<\/td>\n<\/tr>\n<tr>\n<td valign=\"top\"><strong>Modelo<\/strong><\/td>\n<td valign=\"top\"><strong>90IG06P0-MO3510<\/strong><\/td>\n<\/tr>\n<tr>\n<td valign=\"top\">\n<div><strong>Caracter&iacute;sticas <\/strong><\/div>\n<div><strong>de Hardware<\/strong><\/div>\n<\/td>\n<td>&#8211; Antenna: antennas x 4<\/td>\n<\/tr>\n<tr>\n<td valign=\"top\">\n<div><strong>Caracter&iacute;sticas<\/strong><\/div>\n<div><strong>Inal&aacute;mbricas<\/strong><\/div>\n<\/td>\n<td>&#8211; 1201 Mbps + 574 Mbps<br \/>\t\t\t&#8211; Network Standard<br \/>\t\t\t&nbsp; IEEE 802.11a<br \/>\t\t\t&nbsp; IEEE 802.11b<br \/>\t\t\t&nbsp; IEEE 802.11g<br \/>\t\t\t&nbsp; WiFi 4 (802.11n)<br \/>\t\t\t&nbsp; WiFi 5 (802.11ac)<br \/>\t\t\t&nbsp; WiFi 6 (802.11ax)<br \/>\t\t\t&nbsp; IPv4<br \/>\t\t\t&nbsp; IPv6<br \/>\t\t\t&#8211; AX technology<br \/>\t\t\t&#8211; Data Rate<br \/>\t\t\t&nbsp; 802.11a : up to 54 Mbps<br \/>\t\t\t&nbsp; 802.11b : up to 11 Mbps<br \/>\t\t\t&nbsp; 802.11g : up to 54 Mbps<br \/>\t\t\t&nbsp; WiFi 4 (802.11n) : up to 300 Mbps<br \/>\t\t\t&nbsp; WiFi 5 (802.11ac) : up to 867 Mbps<br \/>\t\t\t&nbsp; WiFi 6 (802.11ax) (2.4GHz) : up to 574 Mbps<br \/>\t\t\t&nbsp; WiFi 6 (802.11ax) (5GHz) : up to 1201 Mbps<br \/>\t\t\t&#8211; Transmit\/Receive<br \/>\t\t\t&nbsp; 2.4GHz 2&#215;2<br \/>\t\t\t&nbsp; 5GHz 2&#215;2<br \/>\t\t\t&#8211; Operating Frequency: 2.4G Hz \/ 5 GHz<br \/>\t\t\t&#8211; IPv6<br \/>\t\t\t&#8211; Wi-Fi Encryption : Open system, WPA\/WPA2-Personal, WPA\/WPA2-Enterprise, WPA3-Personal<br \/>\t\t\t&#8211; UTF-8 SSID<br \/>\t\t\t&#8211; Guest Network<br \/>\t\t\t&#8211; WPS<br \/>\t\t\t&#8211; WiFi MAC address filter<br \/>\t\t\t&#8211; Wireless scheduler<br \/>\t\t\t&#8211; Airtime fairness<br \/>\t\t\t&#8211; RADIUS Server<br \/>\t\t\t&#8211; Universal beamforming<br \/>\t\t\t&#8211; Explicit beamforming<\/td>\n<\/tr>\n<tr>\n<td valign=\"top\"><strong>Puertos e Interfaces<\/strong><\/td>\n<td>&#8211; RJ45 for Gigabits BaseT for WAN x 1<br \/>\t\t\t&#8211; RJ45 for Gigabits BaseT for LAN x 3<br \/>\t\t\t&#8211; USB Port x1<\/td>\n<\/tr>\n<tr>\n<td valign=\"top\">\n<div><strong>Otras <\/strong><\/div>\n<div><strong>Caracter&iacute;sticas<\/strong><\/div>\n<\/td>\n<td>&#8211; Processor: Dual-core (4 VPE)<br \/>\t\t\t&#8211; Memory<br \/>\t\t\t&nbsp; 128 MB Flash<br \/>\t\t\t&nbsp; 256 MB RAM<br \/>\t\t\t&#8211; Boosts speed<br \/>\t\t\t&nbsp; OFDMA (Orthogonal Frequency Division Multiple Access)<br \/>\t\t\t&nbsp; Beamforming: standard-based and universal<br \/>\t\t\t&nbsp; 1024-QAM high data rate<br \/>\t\t\t&nbsp; 20\/40\/80 MHz bandwidth<br \/>\t\t\t&#8211; Gesti&oacute;n<br \/>\t\t\t&nbsp; Operating mode : Access Point, Media Bridge, Repeater, Router<br \/>\t\t\t&nbsp; Operating system : ASUSWRT<br \/>\t\t\t&nbsp; Free OS upgrade<br \/>\t\t\t&nbsp; Firewall<br \/>\t\t\t&nbsp; SSH<br \/>\t\t\t&nbsp; Wake on LAN (WOL)<br \/>\t\t\t&nbsp; Configuration backup and restore<br \/>\t\t\t&nbsp; Diagnosis tools<br \/>\t\t\t&nbsp; Feedback system<br \/>\t\t\t&nbsp; System log<br \/>\t\t\t&#8211; Button: WPS Button, Reset Button, Power Switch<br \/>\t\t\t&#8211; LED Indicator<br \/>\t\t\t&nbsp; Power x 1<br \/>\t\t\t&nbsp; 2.4G x 1<br \/>\t\t\t&nbsp; 5G x 1<br \/>\t\t\t&nbsp; LAN x 3<br \/>\t\t\t&nbsp; WAN x 1<br \/>\t\t\t&nbsp; USBX1<br \/>\t\t\t&#8211; Power Supply<br \/>\t\t\t&nbsp; AC Input: 100V~240V(50~60Hz)<br \/>\t\t\t&nbsp; DC Output: 12 V with max. 1.5A current<br \/>\t\t\t&nbsp; AC Input: 110V~240V(50~60Hz)<br \/>\t\t\t&nbsp; DC Output: 12 V with max. 1.5A current<br \/>\t\t\t<strong>Contiene<\/strong><br \/>\t\t\t&#8211; RT-AX53U<br \/>\t\t\t&#8211; RJ45 x1<br \/>\t\t\t&#8211; Adapter x1<br \/>\t\t\t&#8211; QSG x1<\/td>\n<\/tr>\n<tr>\n<td valign=\"top\"><strong>Fecha Revisi&oacute;n<\/strong><\/td>\n<td>21-11-2022 por MPM<\/td>\n<\/tr>\n<\/table>\n","protected":false},"excerpt":{"rendered":"<p>&nbsp; Marca Asus Modelo 90IG06P0-MO3510 Caracter&iacute;sticas de Hardware &#8211; Antenna: antennas x 4 Caracter&iacute;sticas Inal&aacute;mbricas &#8211; 1201 Mbps + 574 Mbps &#8211; Network Standard &nbsp; IEEE 802.11a &nbsp; IEEE 802.11b &nbsp; IEEE 802.11g &nbsp; WiFi 4 (802.11n) &nbsp; WiFi 5 (802.11ac) &nbsp; WiFi 6 (802.11ax) &nbsp; IPv4 &nbsp; IPv6 &#8211; AX technology &#8211; Data Rate&hellip;&nbsp;<a href=\"https:\/\/aivlisoft.net\/shop\/producto\/asus-rt-ax53u-router-wifi6-ax1800-1xwan-3xgbe\/\" rel=\"bookmark\"><span class=\"screen-reader-text\">Asus RT-AX53U Router WiFi6 AX1800 1xWAN 3xGbE<\/span><\/a><\/p>\n","protected":false},"featured_media":19136,"template":"","meta":{"neve_meta_sidebar":"","neve_meta_container":"","neve_meta_enable_content_width":"","neve_meta_content_width":0,"neve_meta_title_alignment":"","neve_meta_author_avatar":"","neve_post_elements_order":"","neve_meta_disable_header":"","neve_meta_disable_footer":"","neve_meta_disable_title":""},"product_brand":[],"product_cat":[15,8768,6832],"product_tag":[6933],"class_list":{"0":"post-19135","1":"product","2":"type-product","3":"status-publish","4":"has-post-thumbnail","6":"product_cat-sin-categorizar","7":"product_cat-routers-adsl","8":"product_cat-routers-modems","9":"product_tag-90ig06p0-mo3510","11":"first","12":"instock","13":"taxable","14":"shipping-taxable","15":"purchasable","16":"product-type-simple"},"yoast_head":"<!-- This site is optimized with the Yoast SEO plugin v26.0 - https:\/\/yoast.com\/wordpress\/plugins\/seo\/ -->\n<title>Asus RT-AX53U Router WiFi6 AX1800 1xWAN 3xGbE - Aivlisoft Inform\u00e1tica<\/title>\n<meta name=\"robots\" content=\"index, follow, max-snippet:-1, max-image-preview:large, max-video-preview:-1\" \/>\n<link rel=\"canonical\" href=\"https:\/\/aivlisoft.net\/shop\/producto\/asus-rt-ax53u-router-wifi6-ax1800-1xwan-3xgbe\/\" \/>\n<meta property=\"og:locale\" content=\"es_ES\" \/>\n<meta property=\"og:type\" content=\"article\" \/>\n<meta property=\"og:title\" content=\"Asus RT-AX53U Router WiFi6 AX1800 1xWAN 3xGbE - Aivlisoft Inform\u00e1tica\" \/>\n<meta property=\"og:description\" content=\"&nbsp; Marca Asus Modelo 90IG06P0-MO3510 Caracter&iacute;sticas de Hardware &#8211; Antenna: antennas x 4 Caracter&iacute;sticas Inal&aacute;mbricas &#8211; 1201 Mbps + 574 Mbps &#8211; Network Standard &nbsp; IEEE 802.11a &nbsp; IEEE 802.11b &nbsp; IEEE 802.11g &nbsp; WiFi 4 (802.11n) &nbsp; WiFi 5 (802.11ac) &nbsp; WiFi 6 (802.11ax) &nbsp; IPv4 &nbsp; IPv6 &#8211; AX technology &#8211; Data Rate&hellip;&nbsp;Asus RT-AX53U Router WiFi6 AX1800 1xWAN 3xGbE\" \/>\n<meta property=\"og:url\" content=\"https:\/\/aivlisoft.net\/shop\/producto\/asus-rt-ax53u-router-wifi6-ax1800-1xwan-3xgbe\/\" \/>\n<meta property=\"og:site_name\" content=\"Aivlisoft Inform\u00e1tica\" \/>\n<meta property=\"article:modified_time\" content=\"2025-01-14T19:57:44+00:00\" \/>\n<meta property=\"og:image\" content=\"https:\/\/aivlisoft.net\/shop\/wp-content\/uploads\/2025\/01\/NROINA0363_800.jpg\" \/>\n\t<meta property=\"og:image:width\" content=\"800\" \/>\n\t<meta property=\"og:image:height\" content=\"800\" \/>\n\t<meta property=\"og:image:type\" content=\"image\/jpeg\" \/>\n<meta name=\"twitter:card\" content=\"summary_large_image\" \/>\n<meta name=\"twitter:label1\" content=\"Tiempo de lectura\" \/>\n\t<meta name=\"twitter:data1\" content=\"2 minutos\" \/>\n<script type=\"application\/ld+json\" class=\"yoast-schema-graph\">{\"@context\":\"https:\/\/schema.org\",\"@graph\":[{\"@type\":\"WebPage\",\"@id\":\"https:\/\/aivlisoft.net\/shop\/producto\/asus-rt-ax53u-router-wifi6-ax1800-1xwan-3xgbe\/\",\"url\":\"https:\/\/aivlisoft.net\/shop\/producto\/asus-rt-ax53u-router-wifi6-ax1800-1xwan-3xgbe\/\",\"name\":\"Asus RT-AX53U Router WiFi6 AX1800 1xWAN 3xGbE - Aivlisoft Inform\u00e1tica\",\"isPartOf\":{\"@id\":\"https:\/\/aivlisoft.net\/shop\/#website\"},\"primaryImageOfPage\":{\"@id\":\"https:\/\/aivlisoft.net\/shop\/producto\/asus-rt-ax53u-router-wifi6-ax1800-1xwan-3xgbe\/#primaryimage\"},\"image\":{\"@id\":\"https:\/\/aivlisoft.net\/shop\/producto\/asus-rt-ax53u-router-wifi6-ax1800-1xwan-3xgbe\/#primaryimage\"},\"thumbnailUrl\":\"https:\/\/aivlisoft.net\/shop\/wp-content\/uploads\/2025\/01\/NROINA0363_800.jpg\",\"datePublished\":\"2025-01-13T15:29:19+00:00\",\"dateModified\":\"2025-01-14T19:57:44+00:00\",\"breadcrumb\":{\"@id\":\"https:\/\/aivlisoft.net\/shop\/producto\/asus-rt-ax53u-router-wifi6-ax1800-1xwan-3xgbe\/#breadcrumb\"},\"inLanguage\":\"es\",\"potentialAction\":[{\"@type\":\"ReadAction\",\"target\":[\"https:\/\/aivlisoft.net\/shop\/producto\/asus-rt-ax53u-router-wifi6-ax1800-1xwan-3xgbe\/\"]}]},{\"@type\":\"ImageObject\",\"inLanguage\":\"es\",\"@id\":\"https:\/\/aivlisoft.net\/shop\/producto\/asus-rt-ax53u-router-wifi6-ax1800-1xwan-3xgbe\/#primaryimage\",\"url\":\"https:\/\/aivlisoft.net\/shop\/wp-content\/uploads\/2025\/01\/NROINA0363_800.jpg\",\"contentUrl\":\"https:\/\/aivlisoft.net\/shop\/wp-content\/uploads\/2025\/01\/NROINA0363_800.jpg\",\"width\":800,\"height\":800},{\"@type\":\"BreadcrumbList\",\"@id\":\"https:\/\/aivlisoft.net\/shop\/producto\/asus-rt-ax53u-router-wifi6-ax1800-1xwan-3xgbe\/#breadcrumb\",\"itemListElement\":[{\"@type\":\"ListItem\",\"position\":1,\"name\":\"Portada\",\"item\":\"https:\/\/aivlisoft.net\/shop\/\"},{\"@type\":\"ListItem\",\"position\":2,\"name\":\"Tienda\",\"item\":\"https:\/\/aivlisoft.net\/shop\/tienda\/\"},{\"@type\":\"ListItem\",\"position\":3,\"name\":\"Asus RT-AX53U Router WiFi6 AX1800 1xWAN 3xGbE\"}]},{\"@type\":\"WebSite\",\"@id\":\"https:\/\/aivlisoft.net\/shop\/#website\",\"url\":\"https:\/\/aivlisoft.net\/shop\/\",\"name\":\"Aivlisoft Inform\u00e1tica\",\"description\":\"En Aivlisoft Inform\u00e1tica ofrecemos soluciones tecnol\u00f3gicas para empresas: venta de ordenadores, consumibles, perif\u00e9ricos y m\u00e1s. Calidad, atenci\u00f3n personalizada y los mejores precios para tu negocio.\",\"publisher\":{\"@id\":\"https:\/\/aivlisoft.net\/shop\/#organization\"},\"potentialAction\":[{\"@type\":\"SearchAction\",\"target\":{\"@type\":\"EntryPoint\",\"urlTemplate\":\"https:\/\/aivlisoft.net\/shop\/?s={search_term_string}\"},\"query-input\":{\"@type\":\"PropertyValueSpecification\",\"valueRequired\":true,\"valueName\":\"search_term_string\"}}],\"inLanguage\":\"es\"},{\"@type\":\"Organization\",\"@id\":\"https:\/\/aivlisoft.net\/shop\/#organization\",\"name\":\"Aivlisoft Inform\u00e1tica\",\"url\":\"https:\/\/aivlisoft.net\/shop\/\",\"logo\":{\"@type\":\"ImageObject\",\"inLanguage\":\"es\",\"@id\":\"https:\/\/aivlisoft.net\/shop\/#\/schema\/logo\/image\/\",\"url\":\"https:\/\/aivlisoft.net\/shop\/wp-content\/uploads\/2024\/12\/removal.ai_5b848c54-0cdf-4140-95c5-c5536bb7573b-logodef.png\",\"contentUrl\":\"https:\/\/aivlisoft.net\/shop\/wp-content\/uploads\/2024\/12\/removal.ai_5b848c54-0cdf-4140-95c5-c5536bb7573b-logodef.png\",\"width\":484,\"height\":182,\"caption\":\"Aivlisoft Inform\u00e1tica\"},\"image\":{\"@id\":\"https:\/\/aivlisoft.net\/shop\/#\/schema\/logo\/image\/\"}}]}<\/script>\n<!-- \/ Yoast SEO plugin. -->","yoast_head_json":{"title":"Asus RT-AX53U Router WiFi6 AX1800 1xWAN 3xGbE - Aivlisoft Inform\u00e1tica","robots":{"index":"index","follow":"follow","max-snippet":"max-snippet:-1","max-image-preview":"max-image-preview:large","max-video-preview":"max-video-preview:-1"},"canonical":"https:\/\/aivlisoft.net\/shop\/producto\/asus-rt-ax53u-router-wifi6-ax1800-1xwan-3xgbe\/","og_locale":"es_ES","og_type":"article","og_title":"Asus RT-AX53U Router WiFi6 AX1800 1xWAN 3xGbE - Aivlisoft Inform\u00e1tica","og_description":"&nbsp; Marca Asus Modelo 90IG06P0-MO3510 Caracter&iacute;sticas de Hardware &#8211; Antenna: antennas x 4 Caracter&iacute;sticas Inal&aacute;mbricas &#8211; 1201 Mbps + 574 Mbps &#8211; Network Standard &nbsp; IEEE 802.11a &nbsp; IEEE 802.11b &nbsp; IEEE 802.11g &nbsp; WiFi 4 (802.11n) &nbsp; WiFi 5 (802.11ac) &nbsp; WiFi 6 (802.11ax) &nbsp; IPv4 &nbsp; IPv6 &#8211; AX technology &#8211; Data Rate&hellip;&nbsp;Asus RT-AX53U Router WiFi6 AX1800 1xWAN 3xGbE","og_url":"https:\/\/aivlisoft.net\/shop\/producto\/asus-rt-ax53u-router-wifi6-ax1800-1xwan-3xgbe\/","og_site_name":"Aivlisoft Inform\u00e1tica","article_modified_time":"2025-01-14T19:57:44+00:00","og_image":[{"width":800,"height":800,"url":"https:\/\/aivlisoft.net\/shop\/wp-content\/uploads\/2025\/01\/NROINA0363_800.jpg","type":"image\/jpeg"}],"twitter_card":"summary_large_image","twitter_misc":{"Tiempo de lectura":"2 minutos"},"schema":{"@context":"https:\/\/schema.org","@graph":[{"@type":"WebPage","@id":"https:\/\/aivlisoft.net\/shop\/producto\/asus-rt-ax53u-router-wifi6-ax1800-1xwan-3xgbe\/","url":"https:\/\/aivlisoft.net\/shop\/producto\/asus-rt-ax53u-router-wifi6-ax1800-1xwan-3xgbe\/","name":"Asus RT-AX53U Router WiFi6 AX1800 1xWAN 3xGbE - Aivlisoft Inform\u00e1tica","isPartOf":{"@id":"https:\/\/aivlisoft.net\/shop\/#website"},"primaryImageOfPage":{"@id":"https:\/\/aivlisoft.net\/shop\/producto\/asus-rt-ax53u-router-wifi6-ax1800-1xwan-3xgbe\/#primaryimage"},"image":{"@id":"https:\/\/aivlisoft.net\/shop\/producto\/asus-rt-ax53u-router-wifi6-ax1800-1xwan-3xgbe\/#primaryimage"},"thumbnailUrl":"https:\/\/aivlisoft.net\/shop\/wp-content\/uploads\/2025\/01\/NROINA0363_800.jpg","datePublished":"2025-01-13T15:29:19+00:00","dateModified":"2025-01-14T19:57:44+00:00","breadcrumb":{"@id":"https:\/\/aivlisoft.net\/shop\/producto\/asus-rt-ax53u-router-wifi6-ax1800-1xwan-3xgbe\/#breadcrumb"},"inLanguage":"es","potentialAction":[{"@type":"ReadAction","target":["https:\/\/aivlisoft.net\/shop\/producto\/asus-rt-ax53u-router-wifi6-ax1800-1xwan-3xgbe\/"]}]},{"@type":"ImageObject","inLanguage":"es","@id":"https:\/\/aivlisoft.net\/shop\/producto\/asus-rt-ax53u-router-wifi6-ax1800-1xwan-3xgbe\/#primaryimage","url":"https:\/\/aivlisoft.net\/shop\/wp-content\/uploads\/2025\/01\/NROINA0363_800.jpg","contentUrl":"https:\/\/aivlisoft.net\/shop\/wp-content\/uploads\/2025\/01\/NROINA0363_800.jpg","width":800,"height":800},{"@type":"BreadcrumbList","@id":"https:\/\/aivlisoft.net\/shop\/producto\/asus-rt-ax53u-router-wifi6-ax1800-1xwan-3xgbe\/#breadcrumb","itemListElement":[{"@type":"ListItem","position":1,"name":"Portada","item":"https:\/\/aivlisoft.net\/shop\/"},{"@type":"ListItem","position":2,"name":"Tienda","item":"https:\/\/aivlisoft.net\/shop\/tienda\/"},{"@type":"ListItem","position":3,"name":"Asus RT-AX53U Router WiFi6 AX1800 1xWAN 3xGbE"}]},{"@type":"WebSite","@id":"https:\/\/aivlisoft.net\/shop\/#website","url":"https:\/\/aivlisoft.net\/shop\/","name":"Aivlisoft Inform\u00e1tica","description":"En Aivlisoft Inform\u00e1tica ofrecemos soluciones tecnol\u00f3gicas para empresas: venta de ordenadores, consumibles, perif\u00e9ricos y m\u00e1s. Calidad, atenci\u00f3n personalizada y los mejores precios para tu negocio.","publisher":{"@id":"https:\/\/aivlisoft.net\/shop\/#organization"},"potentialAction":[{"@type":"SearchAction","target":{"@type":"EntryPoint","urlTemplate":"https:\/\/aivlisoft.net\/shop\/?s={search_term_string}"},"query-input":{"@type":"PropertyValueSpecification","valueRequired":true,"valueName":"search_term_string"}}],"inLanguage":"es"},{"@type":"Organization","@id":"https:\/\/aivlisoft.net\/shop\/#organization","name":"Aivlisoft Inform\u00e1tica","url":"https:\/\/aivlisoft.net\/shop\/","logo":{"@type":"ImageObject","inLanguage":"es","@id":"https:\/\/aivlisoft.net\/shop\/#\/schema\/logo\/image\/","url":"https:\/\/aivlisoft.net\/shop\/wp-content\/uploads\/2024\/12\/removal.ai_5b848c54-0cdf-4140-95c5-c5536bb7573b-logodef.png","contentUrl":"https:\/\/aivlisoft.net\/shop\/wp-content\/uploads\/2024\/12\/removal.ai_5b848c54-0cdf-4140-95c5-c5536bb7573b-logodef.png","width":484,"height":182,"caption":"Aivlisoft Inform\u00e1tica"},"image":{"@id":"https:\/\/aivlisoft.net\/shop\/#\/schema\/logo\/image\/"}}]}},"_links":{"self":[{"href":"https:\/\/aivlisoft.net\/shop\/wp-json\/wp\/v2\/product\/19135","targetHints":{"allow":["GET"]}}],"collection":[{"href":"https:\/\/aivlisoft.net\/shop\/wp-json\/wp\/v2\/product"}],"about":[{"href":"https:\/\/aivlisoft.net\/shop\/wp-json\/wp\/v2\/types\/product"}],"wp:featuredmedia":[{"embeddable":true,"href":"https:\/\/aivlisoft.net\/shop\/wp-json\/wp\/v2\/media\/19136"}],"wp:attachment":[{"href":"https:\/\/aivlisoft.net\/shop\/wp-json\/wp\/v2\/media?parent=19135"}],"wp:term":[{"taxonomy":"product_brand","embeddable":true,"href":"https:\/\/aivlisoft.net\/shop\/wp-json\/wp\/v2\/product_brand?post=19135"},{"taxonomy":"product_cat","embeddable":true,"href":"https:\/\/aivlisoft.net\/shop\/wp-json\/wp\/v2\/product_cat?post=19135"},{"taxonomy":"product_tag","embeddable":true,"href":"https:\/\/aivlisoft.net\/shop\/wp-json\/wp\/v2\/product_tag?post=19135"}],"curies":[{"name":"wp","href":"https:\/\/api.w.org\/{rel}","templated":true}]}}