{"id":19088,"date":"2025-01-13T15:28:48","date_gmt":"2025-01-13T15:28:48","guid":{"rendered":"https:\/\/aivlisoft.com\/?post_type=product&#038;p=19088"},"modified":"2025-01-14T19:57:51","modified_gmt":"2025-01-14T19:57:51","slug":"fritz-box7590-router-ax-wifi6-mesh-dual-4xgb-1wan","status":"publish","type":"product","link":"https:\/\/aivlisoft.net\/shop\/producto\/fritz-box7590-router-ax-wifi6-mesh-dual-4xgb-1wan\/","title":{"rendered":"FRITZ! Box7590 Router AX WiFi6 Mesh Dual 4xGb 1WAN"},"content":{"rendered":"<p><strong>El innovador Wi-Fi 6 para una red Wi-Fi con m&uacute;ltiples dispositivos conectados<\/strong><br \/>Adem&aacute;s de smartphones, port&aacute;tiles, Smart TVs y videoconsolas, cada vez hay m&aacute;s electrodom&eacute;sticos y dispositivos de dom&oacute;tica dise&ntilde;ados para la conectividad inal&aacute;mbrica, son ideales para Wi-Fi 6. Al reducir la latencia y utilizar el nuevo m&eacute;todo de modulaci&oacute;n OFDMA con QAM-1024, Wi-Fi 6 proporciona m&aacute;s eficiencia, mayor velocidad y mejor cobertura Wi-Fi en el hogar. En definitiva, el FRITZ!Box 7590 AX con 2.400 Mbps (5 GHz) + 1.200 Mbps (2,4 GHz) ofrece gran potencia de conexi&oacute;n a todas las aplicaciones exigentes de la red Wi-Fi.<\/p>\n<p><strong>Potente Base para la red Wi-Fi Mesh<\/strong><br \/>Como n&uacute;cleo de la red Wi-Fi Mesh, el FRITZ!Box 7590 AX garantiza la mejor calidad Wi-Fi para todas las actividades inal&aacute;mbricas, en la red local. En la red Wi-Fi Mesh, se combinan m&uacute;ltiples puntos de acceso inal&aacute;mbricos (p.ej. un FRITZ!Box y varios FRITZ!Repeater compatibles con Mesh) en una &uacute;nica red inal&aacute;mbrica inteligente. El FRITZ!Box 7590 AX es el punto central (base Mesh) y controla activamente todos los puntos de acceso, permitiendo as&iacute; que los dispositivos Wi-Fi utilizados en la red local se conecten siempre al punto de acceso con la mejor conexi&oacute;n. Los dispositivos Wi-Fi m&oacute;viles cambian entre los puntos de acceso autom&aacute;ticamente sin interrumpir las aplicaciones activas.<\/p>\n<p><strong>Hogar inteligente polivalente y comodidad en la telefon&iacute;a<\/strong><br \/>A trav&eacute;s de la base DECT integrada se controlan los dispositivos de dom&oacute;tica tales como los enchufes inteligentes FRITZ!DECT 200 Y 210. A la centralita de telefon&iacute;a integrada se puede conectar dos tel&eacute;fonos anal&oacute;gicos y hasta seis tel&eacute;fonos inal&aacute;mbricos DECT (por ejemplo, tel&eacute;fonos de la serie FRITZ!Fon). A trav&eacute;s de Wi-Fi los smartphones se convierten en un tel&eacute;fono VoIP. Varios contestadores autom&aacute;ticos integrados, agendas de tel&eacute;fonos locales y en l&iacute;nea, as&iacute; como numerosas funciones de confort completan la amplia oferta de telefon&iacute;a.<\/p>\n<p><strong>Funciones multimedia vers&aacute;tiles<\/strong><br \/>El FRITZ!Box 7590 AX pone a disposici&oacute;n de la red local todos los dispositivos de almacenamiento USB conectados, as&iacute; como el almacenamiento en l&iacute;nea y el contenido almacenado en ellos. Gracias al servidor multimedia integrado con NAS, las pel&iacute;culas, la m&uacute;sica y las im&aacute;genes almacenadas est&aacute;n disponibles para su distribuci&oacute;n en dispositivos de reproducci&oacute;n como por ejemplo smartphones. Esto convierte al FRITZ!Box 7590 AX en una potente plataforma para aplicaciones multimedia en red como v&iacute;deo bajo demanda o streaming 4K.<\/p>\n<table class=\"tabla_caracteristicas\" width=\"100%\">\n<tr>\n<td valign=\"top\"><strong>Marca<\/strong><\/td>\n<td>Fritz!<\/td>\n<\/tr>\n<tr>\n<td valign=\"top\"><strong>Modelo<\/strong><\/td>\n<td><strong>20002999<\/strong><\/td>\n<\/tr>\n<tr>\n<td valign=\"top\"><strong>Caracter&iacute;sticas<\/strong><\/td>\n<td>&#8211; Innovador Wi-Fi 6 4&#215;4 de doble banda dise&ntilde;ado para una red exigente con multiples dispositivos Wi-Fi conectados simult&aacute;neamente<br \/>\t\t\t&#8211; Mayor alcance y transmisiones ultrarr&aacute;pidas con 2.400 Mbps (5 GHz) y 1.200 Mbps (2,4 GHz)<br \/>\t\t\t&#8211; Funci&oacute;n de base Mesh: el FRITZ!Box combina distintos puntos de acceso Wi-Fi (por ejemplo, los FRITZ!Repeater) en una &uacute;nica red Wi-Fi din&aacute;mica e inteligente<br \/>\t\t\t&#8211; Cifrado de seguridad Wi-Fi seg&uacute;n el est&aacute;ndar WPA3; contrase&ntilde;a individual activada de f&aacute;brica.<br \/>\t\t\t&#8211; Conexi&oacute;n sencilla y segura de los nuevos dispositivos inal&aacute;mbricos a la red local con solo pulsar un bot&oacute;n (Connect).<br \/>\t\t\t<strong>Interfaces<\/strong><br \/>\t\t\t&#8211; 2 potentes puertos USB -3.0 para dispositivos de almacenamiento (NAS), impresoras de red &oacute; m&oacute;dem USB 4G\/3G\/2G<br \/>\t\t\t&#8211; 4 puertos LAN Gigabit veloces para ordenadores, televisores y otros dispositivos de red.<br \/>\t\t\t&#8211; 1 puerto Gigabit WAN<br \/>\t\t\t&#8211; 2 puertos telef&oacute;nicos anal&oacute;gicos<br \/>\t\t\t<strong>Contenido del paquete:<\/strong><br \/>\t\t\t&#8211; AVM FRITZ!Box 7590 AX Edition International<br \/>\t\t\t&#8211; Fuente de alimentaci&oacute;n con cable de 1,5 m<br \/>\t\t\t&#8211; Cable de conexi&oacute;n DSL de 4 m<br \/>\t\t\t&#8211; Cable DSL\/telef&oacute;nico<br \/>\t\t\t&#8211; Cable LAN de 1,5 m.<br \/>\t\t\t&#8211; 2 adaptadores RJ45-RJ11<br \/>\t\t\t&#8211; Gu&iacute;a de inicio r&aacute;pido en alem&aacute;n, ingl&eacute;s, espa&ntilde;ol, franc&eacute;s, italiano y holand&eacute;s.<\/td>\n<\/tr>\n<tr>\n<td valign=\"top\"><strong>Fecha de revisi&oacute;n<\/strong><\/td>\n<td>18-03-2022 por MPM<\/td>\n<\/tr>\n<\/table>\n","protected":false},"excerpt":{"rendered":"<p>El innovador Wi-Fi 6 para una red Wi-Fi con m&uacute;ltiples dispositivos conectadosAdem&aacute;s de smartphones, port&aacute;tiles, Smart TVs y videoconsolas, cada vez hay m&aacute;s electrodom&eacute;sticos y dispositivos de dom&oacute;tica dise&ntilde;ados para la conectividad inal&aacute;mbrica, son ideales para Wi-Fi 6. Al reducir la latencia y utilizar el nuevo m&eacute;todo de modulaci&oacute;n OFDMA con QAM-1024, Wi-Fi 6 proporciona&hellip;&nbsp;<a href=\"https:\/\/aivlisoft.net\/shop\/producto\/fritz-box7590-router-ax-wifi6-mesh-dual-4xgb-1wan\/\" rel=\"bookmark\"><span class=\"screen-reader-text\">FRITZ! Box7590 Router AX WiFi6 Mesh Dual 4xGb 1WAN<\/span><\/a><\/p>\n","protected":false},"featured_media":19089,"template":"","meta":{"neve_meta_sidebar":"","neve_meta_container":"","neve_meta_enable_content_width":"","neve_meta_content_width":0,"neve_meta_title_alignment":"","neve_meta_author_avatar":"","neve_post_elements_order":"","neve_meta_disable_header":"","neve_meta_disable_footer":"","neve_meta_disable_title":""},"product_brand":[],"product_cat":[15,8768,6832],"product_tag":[6919],"class_list":{"0":"post-19088","1":"product","2":"type-product","3":"status-publish","4":"has-post-thumbnail","6":"product_cat-sin-categorizar","7":"product_cat-routers-adsl","8":"product_cat-routers-modems","9":"product_tag-6919","11":"first","12":"instock","13":"taxable","14":"shipping-taxable","15":"purchasable","16":"product-type-simple"},"yoast_head":"<!-- This site is optimized with the Yoast SEO plugin v26.0 - https:\/\/yoast.com\/wordpress\/plugins\/seo\/ -->\n<title>FRITZ! Box7590 Router AX WiFi6 Mesh Dual 4xGb 1WAN - Aivlisoft Inform\u00e1tica<\/title>\n<meta name=\"robots\" content=\"index, follow, max-snippet:-1, max-image-preview:large, max-video-preview:-1\" \/>\n<link rel=\"canonical\" href=\"https:\/\/aivlisoft.net\/shop\/producto\/fritz-box7590-router-ax-wifi6-mesh-dual-4xgb-1wan\/\" \/>\n<meta property=\"og:locale\" content=\"es_ES\" \/>\n<meta property=\"og:type\" content=\"article\" \/>\n<meta property=\"og:title\" content=\"FRITZ! Box7590 Router AX WiFi6 Mesh Dual 4xGb 1WAN - Aivlisoft Inform\u00e1tica\" \/>\n<meta property=\"og:description\" content=\"El innovador Wi-Fi 6 para una red Wi-Fi con m&uacute;ltiples dispositivos conectadosAdem&aacute;s de smartphones, port&aacute;tiles, Smart TVs y videoconsolas, cada vez hay m&aacute;s electrodom&eacute;sticos y dispositivos de dom&oacute;tica dise&ntilde;ados para la conectividad inal&aacute;mbrica, son ideales para Wi-Fi 6. Al reducir la latencia y utilizar el nuevo m&eacute;todo de modulaci&oacute;n OFDMA con QAM-1024, Wi-Fi 6 proporciona&hellip;&nbsp;FRITZ! Box7590 Router AX WiFi6 Mesh Dual 4xGb 1WAN\" \/>\n<meta property=\"og:url\" content=\"https:\/\/aivlisoft.net\/shop\/producto\/fritz-box7590-router-ax-wifi6-mesh-dual-4xgb-1wan\/\" \/>\n<meta property=\"og:site_name\" content=\"Aivlisoft Inform\u00e1tica\" \/>\n<meta property=\"article:modified_time\" content=\"2025-01-14T19:57:51+00:00\" \/>\n<meta property=\"og:image\" content=\"https:\/\/aivlisoft.net\/shop\/wp-content\/uploads\/2025\/01\/NROINA0348_800.jpg\" \/>\n\t<meta property=\"og:image:width\" content=\"800\" \/>\n\t<meta property=\"og:image:height\" content=\"800\" \/>\n\t<meta property=\"og:image:type\" content=\"image\/jpeg\" \/>\n<meta name=\"twitter:card\" content=\"summary_large_image\" \/>\n<meta name=\"twitter:label1\" content=\"Tiempo de lectura\" \/>\n\t<meta name=\"twitter:data1\" content=\"4 minutos\" \/>\n<script type=\"application\/ld+json\" class=\"yoast-schema-graph\">{\"@context\":\"https:\/\/schema.org\",\"@graph\":[{\"@type\":\"WebPage\",\"@id\":\"https:\/\/aivlisoft.net\/shop\/producto\/fritz-box7590-router-ax-wifi6-mesh-dual-4xgb-1wan\/\",\"url\":\"https:\/\/aivlisoft.net\/shop\/producto\/fritz-box7590-router-ax-wifi6-mesh-dual-4xgb-1wan\/\",\"name\":\"FRITZ! Box7590 Router AX WiFi6 Mesh Dual 4xGb 1WAN - Aivlisoft Inform\u00e1tica\",\"isPartOf\":{\"@id\":\"https:\/\/aivlisoft.net\/shop\/#website\"},\"primaryImageOfPage\":{\"@id\":\"https:\/\/aivlisoft.net\/shop\/producto\/fritz-box7590-router-ax-wifi6-mesh-dual-4xgb-1wan\/#primaryimage\"},\"image\":{\"@id\":\"https:\/\/aivlisoft.net\/shop\/producto\/fritz-box7590-router-ax-wifi6-mesh-dual-4xgb-1wan\/#primaryimage\"},\"thumbnailUrl\":\"https:\/\/aivlisoft.net\/shop\/wp-content\/uploads\/2025\/01\/NROINA0348_800.jpg\",\"datePublished\":\"2025-01-13T15:28:48+00:00\",\"dateModified\":\"2025-01-14T19:57:51+00:00\",\"breadcrumb\":{\"@id\":\"https:\/\/aivlisoft.net\/shop\/producto\/fritz-box7590-router-ax-wifi6-mesh-dual-4xgb-1wan\/#breadcrumb\"},\"inLanguage\":\"es\",\"potentialAction\":[{\"@type\":\"ReadAction\",\"target\":[\"https:\/\/aivlisoft.net\/shop\/producto\/fritz-box7590-router-ax-wifi6-mesh-dual-4xgb-1wan\/\"]}]},{\"@type\":\"ImageObject\",\"inLanguage\":\"es\",\"@id\":\"https:\/\/aivlisoft.net\/shop\/producto\/fritz-box7590-router-ax-wifi6-mesh-dual-4xgb-1wan\/#primaryimage\",\"url\":\"https:\/\/aivlisoft.net\/shop\/wp-content\/uploads\/2025\/01\/NROINA0348_800.jpg\",\"contentUrl\":\"https:\/\/aivlisoft.net\/shop\/wp-content\/uploads\/2025\/01\/NROINA0348_800.jpg\",\"width\":800,\"height\":800},{\"@type\":\"BreadcrumbList\",\"@id\":\"https:\/\/aivlisoft.net\/shop\/producto\/fritz-box7590-router-ax-wifi6-mesh-dual-4xgb-1wan\/#breadcrumb\",\"itemListElement\":[{\"@type\":\"ListItem\",\"position\":1,\"name\":\"Portada\",\"item\":\"https:\/\/aivlisoft.net\/shop\/\"},{\"@type\":\"ListItem\",\"position\":2,\"name\":\"Tienda\",\"item\":\"https:\/\/aivlisoft.net\/shop\/tienda\/\"},{\"@type\":\"ListItem\",\"position\":3,\"name\":\"FRITZ! Box7590 Router AX WiFi6 Mesh Dual 4xGb 1WAN\"}]},{\"@type\":\"WebSite\",\"@id\":\"https:\/\/aivlisoft.net\/shop\/#website\",\"url\":\"https:\/\/aivlisoft.net\/shop\/\",\"name\":\"Aivlisoft Inform\u00e1tica\",\"description\":\"En Aivlisoft Inform\u00e1tica ofrecemos soluciones tecnol\u00f3gicas para empresas: venta de ordenadores, consumibles, perif\u00e9ricos y m\u00e1s. Calidad, atenci\u00f3n personalizada y los mejores precios para tu negocio.\",\"publisher\":{\"@id\":\"https:\/\/aivlisoft.net\/shop\/#organization\"},\"potentialAction\":[{\"@type\":\"SearchAction\",\"target\":{\"@type\":\"EntryPoint\",\"urlTemplate\":\"https:\/\/aivlisoft.net\/shop\/?s={search_term_string}\"},\"query-input\":{\"@type\":\"PropertyValueSpecification\",\"valueRequired\":true,\"valueName\":\"search_term_string\"}}],\"inLanguage\":\"es\"},{\"@type\":\"Organization\",\"@id\":\"https:\/\/aivlisoft.net\/shop\/#organization\",\"name\":\"Aivlisoft Inform\u00e1tica\",\"url\":\"https:\/\/aivlisoft.net\/shop\/\",\"logo\":{\"@type\":\"ImageObject\",\"inLanguage\":\"es\",\"@id\":\"https:\/\/aivlisoft.net\/shop\/#\/schema\/logo\/image\/\",\"url\":\"https:\/\/aivlisoft.net\/shop\/wp-content\/uploads\/2024\/12\/removal.ai_5b848c54-0cdf-4140-95c5-c5536bb7573b-logodef.png\",\"contentUrl\":\"https:\/\/aivlisoft.net\/shop\/wp-content\/uploads\/2024\/12\/removal.ai_5b848c54-0cdf-4140-95c5-c5536bb7573b-logodef.png\",\"width\":484,\"height\":182,\"caption\":\"Aivlisoft Inform\u00e1tica\"},\"image\":{\"@id\":\"https:\/\/aivlisoft.net\/shop\/#\/schema\/logo\/image\/\"}}]}<\/script>\n<!-- \/ Yoast SEO plugin. -->","yoast_head_json":{"title":"FRITZ! Box7590 Router AX WiFi6 Mesh Dual 4xGb 1WAN - Aivlisoft Inform\u00e1tica","robots":{"index":"index","follow":"follow","max-snippet":"max-snippet:-1","max-image-preview":"max-image-preview:large","max-video-preview":"max-video-preview:-1"},"canonical":"https:\/\/aivlisoft.net\/shop\/producto\/fritz-box7590-router-ax-wifi6-mesh-dual-4xgb-1wan\/","og_locale":"es_ES","og_type":"article","og_title":"FRITZ! Box7590 Router AX WiFi6 Mesh Dual 4xGb 1WAN - Aivlisoft Inform\u00e1tica","og_description":"El innovador Wi-Fi 6 para una red Wi-Fi con m&uacute;ltiples dispositivos conectadosAdem&aacute;s de smartphones, port&aacute;tiles, Smart TVs y videoconsolas, cada vez hay m&aacute;s electrodom&eacute;sticos y dispositivos de dom&oacute;tica dise&ntilde;ados para la conectividad inal&aacute;mbrica, son ideales para Wi-Fi 6. Al reducir la latencia y utilizar el nuevo m&eacute;todo de modulaci&oacute;n OFDMA con QAM-1024, Wi-Fi 6 proporciona&hellip;&nbsp;FRITZ! Box7590 Router AX WiFi6 Mesh Dual 4xGb 1WAN","og_url":"https:\/\/aivlisoft.net\/shop\/producto\/fritz-box7590-router-ax-wifi6-mesh-dual-4xgb-1wan\/","og_site_name":"Aivlisoft Inform\u00e1tica","article_modified_time":"2025-01-14T19:57:51+00:00","og_image":[{"width":800,"height":800,"url":"https:\/\/aivlisoft.net\/shop\/wp-content\/uploads\/2025\/01\/NROINA0348_800.jpg","type":"image\/jpeg"}],"twitter_card":"summary_large_image","twitter_misc":{"Tiempo de lectura":"4 minutos"},"schema":{"@context":"https:\/\/schema.org","@graph":[{"@type":"WebPage","@id":"https:\/\/aivlisoft.net\/shop\/producto\/fritz-box7590-router-ax-wifi6-mesh-dual-4xgb-1wan\/","url":"https:\/\/aivlisoft.net\/shop\/producto\/fritz-box7590-router-ax-wifi6-mesh-dual-4xgb-1wan\/","name":"FRITZ! Box7590 Router AX WiFi6 Mesh Dual 4xGb 1WAN - Aivlisoft Inform\u00e1tica","isPartOf":{"@id":"https:\/\/aivlisoft.net\/shop\/#website"},"primaryImageOfPage":{"@id":"https:\/\/aivlisoft.net\/shop\/producto\/fritz-box7590-router-ax-wifi6-mesh-dual-4xgb-1wan\/#primaryimage"},"image":{"@id":"https:\/\/aivlisoft.net\/shop\/producto\/fritz-box7590-router-ax-wifi6-mesh-dual-4xgb-1wan\/#primaryimage"},"thumbnailUrl":"https:\/\/aivlisoft.net\/shop\/wp-content\/uploads\/2025\/01\/NROINA0348_800.jpg","datePublished":"2025-01-13T15:28:48+00:00","dateModified":"2025-01-14T19:57:51+00:00","breadcrumb":{"@id":"https:\/\/aivlisoft.net\/shop\/producto\/fritz-box7590-router-ax-wifi6-mesh-dual-4xgb-1wan\/#breadcrumb"},"inLanguage":"es","potentialAction":[{"@type":"ReadAction","target":["https:\/\/aivlisoft.net\/shop\/producto\/fritz-box7590-router-ax-wifi6-mesh-dual-4xgb-1wan\/"]}]},{"@type":"ImageObject","inLanguage":"es","@id":"https:\/\/aivlisoft.net\/shop\/producto\/fritz-box7590-router-ax-wifi6-mesh-dual-4xgb-1wan\/#primaryimage","url":"https:\/\/aivlisoft.net\/shop\/wp-content\/uploads\/2025\/01\/NROINA0348_800.jpg","contentUrl":"https:\/\/aivlisoft.net\/shop\/wp-content\/uploads\/2025\/01\/NROINA0348_800.jpg","width":800,"height":800},{"@type":"BreadcrumbList","@id":"https:\/\/aivlisoft.net\/shop\/producto\/fritz-box7590-router-ax-wifi6-mesh-dual-4xgb-1wan\/#breadcrumb","itemListElement":[{"@type":"ListItem","position":1,"name":"Portada","item":"https:\/\/aivlisoft.net\/shop\/"},{"@type":"ListItem","position":2,"name":"Tienda","item":"https:\/\/aivlisoft.net\/shop\/tienda\/"},{"@type":"ListItem","position":3,"name":"FRITZ! Box7590 Router AX WiFi6 Mesh Dual 4xGb 1WAN"}]},{"@type":"WebSite","@id":"https:\/\/aivlisoft.net\/shop\/#website","url":"https:\/\/aivlisoft.net\/shop\/","name":"Aivlisoft Inform\u00e1tica","description":"En Aivlisoft Inform\u00e1tica ofrecemos soluciones tecnol\u00f3gicas para empresas: venta de ordenadores, consumibles, perif\u00e9ricos y m\u00e1s. Calidad, atenci\u00f3n personalizada y los mejores precios para tu negocio.","publisher":{"@id":"https:\/\/aivlisoft.net\/shop\/#organization"},"potentialAction":[{"@type":"SearchAction","target":{"@type":"EntryPoint","urlTemplate":"https:\/\/aivlisoft.net\/shop\/?s={search_term_string}"},"query-input":{"@type":"PropertyValueSpecification","valueRequired":true,"valueName":"search_term_string"}}],"inLanguage":"es"},{"@type":"Organization","@id":"https:\/\/aivlisoft.net\/shop\/#organization","name":"Aivlisoft Inform\u00e1tica","url":"https:\/\/aivlisoft.net\/shop\/","logo":{"@type":"ImageObject","inLanguage":"es","@id":"https:\/\/aivlisoft.net\/shop\/#\/schema\/logo\/image\/","url":"https:\/\/aivlisoft.net\/shop\/wp-content\/uploads\/2024\/12\/removal.ai_5b848c54-0cdf-4140-95c5-c5536bb7573b-logodef.png","contentUrl":"https:\/\/aivlisoft.net\/shop\/wp-content\/uploads\/2024\/12\/removal.ai_5b848c54-0cdf-4140-95c5-c5536bb7573b-logodef.png","width":484,"height":182,"caption":"Aivlisoft Inform\u00e1tica"},"image":{"@id":"https:\/\/aivlisoft.net\/shop\/#\/schema\/logo\/image\/"}}]}},"_links":{"self":[{"href":"https:\/\/aivlisoft.net\/shop\/wp-json\/wp\/v2\/product\/19088","targetHints":{"allow":["GET"]}}],"collection":[{"href":"https:\/\/aivlisoft.net\/shop\/wp-json\/wp\/v2\/product"}],"about":[{"href":"https:\/\/aivlisoft.net\/shop\/wp-json\/wp\/v2\/types\/product"}],"wp:featuredmedia":[{"embeddable":true,"href":"https:\/\/aivlisoft.net\/shop\/wp-json\/wp\/v2\/media\/19089"}],"wp:attachment":[{"href":"https:\/\/aivlisoft.net\/shop\/wp-json\/wp\/v2\/media?parent=19088"}],"wp:term":[{"taxonomy":"product_brand","embeddable":true,"href":"https:\/\/aivlisoft.net\/shop\/wp-json\/wp\/v2\/product_brand?post=19088"},{"taxonomy":"product_cat","embeddable":true,"href":"https:\/\/aivlisoft.net\/shop\/wp-json\/wp\/v2\/product_cat?post=19088"},{"taxonomy":"product_tag","embeddable":true,"href":"https:\/\/aivlisoft.net\/shop\/wp-json\/wp\/v2\/product_tag?post=19088"}],"curies":[{"name":"wp","href":"https:\/\/api.w.org\/{rel}","templated":true}]}}