{"id":19043,"date":"2025-01-13T15:28:20","date_gmt":"2025-01-13T15:28:20","guid":{"rendered":"https:\/\/aivlisoft.com\/?post_type=product&#038;p=19043"},"modified":"2025-01-14T19:59:55","modified_gmt":"2025-01-14T19:59:55","slug":"d-link-dwm-312w-router-wifi-4g-m2m","status":"publish","type":"product","link":"https:\/\/aivlisoft.net\/shop\/producto\/d-link-dwm-312w-router-wifi-4g-m2m\/","title":{"rendered":"D-Link DWM-312W Router WiFi 4G M2M"},"content":{"rendered":"<p><\/p>\n<table class=\"tabla_caracteristicas k-table\" width=\"100%\">\n<tr>\n<td valign=\"top\"><strong>Marca<\/strong><\/td>\n<td>D-Link<\/td>\n<\/tr>\n<tr>\n<td valign=\"top\"><strong>Modelo<\/strong><\/td>\n<td valign=\"top\"><strong>DWM-312W<\/strong><\/td>\n<\/tr>\n<tr>\n<td valign=\"top\"><strong>Especificaciones T&eacute;cnicas<\/strong>\t\t\t<\/p>\n<div>&nbsp;<\/div>\n<\/td>\n<td>&#8211; Compatibilidad con redes m&oacute;viles<br \/>\t\t\t&nbsp; LTE Cat. 4 bandas 1\/2\/3\/5\/5\/7\/8\/8\/20\/28\/38\/40<br \/>\t\t\t&nbsp; UMTS\/HSPA 1\/2\/5\/8, 850\/900\/1900\/2100 Mhz<br \/>\t\t\t&nbsp; Cuatribanda GSM<br \/>\t\t\t&#8211; Rendimiento de datos<br \/>\t\t\t&nbsp; Rendimiento de LTE hasta 150 Mbps de bajada\/ 50 Mbps de subida<br \/>\t\t\t&nbsp; HSPDA-DC hasta 42 Mbps de bajada\/5,76 Mbps de subida<br \/>\t\t\t&nbsp; Cuatribanda EDGE hasta 236,8 kbps<br \/>\t\t\t&#8211; Interfaces de dispositivo<br \/>\t\t\t&nbsp; 1 puerto LAN Fast Ethernet 10\/100<br \/>\t\t\t&nbsp; 1 x 5,5 mm entrada CC<br \/>\t\t\t&nbsp; 2 x SMA (conectores de antena)<br \/>\t\t\t&nbsp; Ranuras dobles Micro-SIM<br \/>\t\t\t&#8211; Est&aacute;ndares<br \/>\t\t\t&nbsp; IEEE 802.3i<br \/>\t\t\t&nbsp; IEEE 802.3u<br \/>\t\t\t&#8211; Caracter&iacute;sticas avanzadas<br \/>\t\t\t&nbsp; Motor QoS (Calidad de Servicio)<br \/>\t\t\t&nbsp; L2TP\/PPTP\/IPSec Modos Cliente\/Servidor VPN<br \/>\t\t\t&nbsp; Compatibilidad con SNMP y D-View 7<br \/>\t\t\t&nbsp; Actualizaciones de firmware por aire (FOTA)<br \/>\t\t\t&nbsp; Interfaz de usuario basada en Web<br \/>\t\t\t&nbsp; Protocolo de administraci&oacute;n WAN TR-069 CPE<\/td>\n<\/tr>\n<tr>\n<td valign=\"top\"><strong>Caracter&iacute;sticas f&iacute;sicas<\/strong><\/td>\n<td>&#8211; Indicadores de estado LED<br \/>\t\t\t&nbsp; Energ&iacute;a<br \/>\t\t\t&nbsp; Conectividad a Internet<br \/>\t\t\t&nbsp; Estado de la red<br \/>\t\t\t&nbsp; Intensidad de la se&ntilde;al<br \/>\t\t\t&nbsp; Ethernet<br \/>\t\t\t&#8211; Energ&iacute;a<br \/>\t\t\t&nbsp; Adaptador 5V\/2A<br \/>\t\t\t&nbsp; Entrada flexible: CC 5V\/2A ~ 18V\/0,7A<br \/>\t\t\t&#8211; Carcasa: Acero galvanizado resistente a la corrosi&oacute;n<br \/>\t\t\t&#8211; Dimensiones: 93 x 70 x 23,6 mm<br \/>\t\t\t&#8211; Peso: 210 g (7,41 oz)<br \/>\t\t\t&#8211; Temperatura<br \/>\t\t\t&nbsp; Funcionamiento: -20 a 60 &deg;C<br \/>\t\t\t&nbsp; Almacenamiento: -40 a 85 &deg;C<br \/>\t\t\t&#8211; Humedad<br \/>\t\t\t&nbsp; Funcionamiento: 5% a 85% sin condensaci&oacute;n<br \/>\t\t\t&nbsp; Almacenamiento: 0% a 95% sin condensaci&oacute;n<br \/>\t\t\t&#8211; Certificaciones: RoHS, CE<\/td>\n<\/tr>\n<tr>\n<td valign=\"top\"><strong>Fecha Revisi&oacute;n<\/strong><\/td>\n<td>28-01-2021 por MPM<\/td>\n<\/tr>\n<\/table>\n","protected":false},"excerpt":{"rendered":"<p>Marca D-Link Modelo DWM-312W Especificaciones T&eacute;cnicas &nbsp; &#8211; Compatibilidad con redes m&oacute;viles &nbsp; LTE Cat. 4 bandas 1\/2\/3\/5\/5\/7\/8\/8\/20\/28\/38\/40 &nbsp; UMTS\/HSPA 1\/2\/5\/8, 850\/900\/1900\/2100 Mhz &nbsp; Cuatribanda GSM &#8211; Rendimiento de datos &nbsp; Rendimiento de LTE hasta 150 Mbps de bajada\/ 50 Mbps de subida &nbsp; HSPDA-DC hasta 42 Mbps de bajada\/5,76 Mbps de subida &nbsp; Cuatribanda&hellip;&nbsp;<a href=\"https:\/\/aivlisoft.net\/shop\/producto\/d-link-dwm-312w-router-wifi-4g-m2m\/\" rel=\"bookmark\"><span class=\"screen-reader-text\">D-Link DWM-312W Router WiFi 4G M2M<\/span><\/a><\/p>\n","protected":false},"featured_media":19044,"template":"","meta":{"neve_meta_sidebar":"","neve_meta_container":"","neve_meta_enable_content_width":"","neve_meta_content_width":0,"neve_meta_title_alignment":"","neve_meta_author_avatar":"","neve_post_elements_order":"","neve_meta_disable_header":"","neve_meta_disable_footer":"","neve_meta_disable_title":""},"product_brand":[],"product_cat":[15,8768,6832],"product_tag":[6907],"class_list":{"0":"post-19043","1":"product","2":"type-product","3":"status-publish","4":"has-post-thumbnail","6":"product_cat-sin-categorizar","7":"product_cat-routers-adsl","8":"product_cat-routers-modems","9":"product_tag-dwm-312w","11":"first","12":"instock","13":"taxable","14":"shipping-taxable","15":"purchasable","16":"product-type-simple"},"yoast_head":"<!-- This site is optimized with the Yoast SEO plugin v26.0 - https:\/\/yoast.com\/wordpress\/plugins\/seo\/ -->\n<title>D-Link DWM-312W Router WiFi 4G M2M - Aivlisoft Inform\u00e1tica<\/title>\n<meta name=\"robots\" content=\"index, follow, max-snippet:-1, max-image-preview:large, max-video-preview:-1\" \/>\n<link rel=\"canonical\" href=\"https:\/\/aivlisoft.net\/shop\/producto\/d-link-dwm-312w-router-wifi-4g-m2m\/\" \/>\n<meta property=\"og:locale\" content=\"es_ES\" \/>\n<meta property=\"og:type\" content=\"article\" \/>\n<meta property=\"og:title\" content=\"D-Link DWM-312W Router WiFi 4G M2M - Aivlisoft Inform\u00e1tica\" \/>\n<meta property=\"og:description\" content=\"Marca D-Link Modelo DWM-312W Especificaciones T&eacute;cnicas &nbsp; &#8211; Compatibilidad con redes m&oacute;viles &nbsp; LTE Cat. 4 bandas 1\/2\/3\/5\/5\/7\/8\/8\/20\/28\/38\/40 &nbsp; UMTS\/HSPA 1\/2\/5\/8, 850\/900\/1900\/2100 Mhz &nbsp; Cuatribanda GSM &#8211; Rendimiento de datos &nbsp; Rendimiento de LTE hasta 150 Mbps de bajada\/ 50 Mbps de subida &nbsp; HSPDA-DC hasta 42 Mbps de bajada\/5,76 Mbps de subida &nbsp; Cuatribanda&hellip;&nbsp;D-Link DWM-312W Router WiFi 4G M2M\" \/>\n<meta property=\"og:url\" content=\"https:\/\/aivlisoft.net\/shop\/producto\/d-link-dwm-312w-router-wifi-4g-m2m\/\" \/>\n<meta property=\"og:site_name\" content=\"Aivlisoft Inform\u00e1tica\" \/>\n<meta property=\"article:modified_time\" content=\"2025-01-14T19:59:55+00:00\" \/>\n<meta property=\"og:image\" content=\"https:\/\/aivlisoft.net\/shop\/wp-content\/uploads\/2025\/01\/NROINA0316_800.jpg\" \/>\n\t<meta property=\"og:image:width\" content=\"800\" \/>\n\t<meta property=\"og:image:height\" content=\"800\" \/>\n\t<meta property=\"og:image:type\" content=\"image\/jpeg\" \/>\n<meta name=\"twitter:card\" content=\"summary_large_image\" \/>\n<meta name=\"twitter:label1\" content=\"Tiempo de lectura\" \/>\n\t<meta name=\"twitter:data1\" content=\"1 minuto\" \/>\n<script type=\"application\/ld+json\" class=\"yoast-schema-graph\">{\"@context\":\"https:\/\/schema.org\",\"@graph\":[{\"@type\":\"WebPage\",\"@id\":\"https:\/\/aivlisoft.net\/shop\/producto\/d-link-dwm-312w-router-wifi-4g-m2m\/\",\"url\":\"https:\/\/aivlisoft.net\/shop\/producto\/d-link-dwm-312w-router-wifi-4g-m2m\/\",\"name\":\"D-Link DWM-312W Router WiFi 4G M2M - Aivlisoft Inform\u00e1tica\",\"isPartOf\":{\"@id\":\"https:\/\/aivlisoft.net\/shop\/#website\"},\"primaryImageOfPage\":{\"@id\":\"https:\/\/aivlisoft.net\/shop\/producto\/d-link-dwm-312w-router-wifi-4g-m2m\/#primaryimage\"},\"image\":{\"@id\":\"https:\/\/aivlisoft.net\/shop\/producto\/d-link-dwm-312w-router-wifi-4g-m2m\/#primaryimage\"},\"thumbnailUrl\":\"https:\/\/aivlisoft.net\/shop\/wp-content\/uploads\/2025\/01\/NROINA0316_800.jpg\",\"datePublished\":\"2025-01-13T15:28:20+00:00\",\"dateModified\":\"2025-01-14T19:59:55+00:00\",\"breadcrumb\":{\"@id\":\"https:\/\/aivlisoft.net\/shop\/producto\/d-link-dwm-312w-router-wifi-4g-m2m\/#breadcrumb\"},\"inLanguage\":\"es\",\"potentialAction\":[{\"@type\":\"ReadAction\",\"target\":[\"https:\/\/aivlisoft.net\/shop\/producto\/d-link-dwm-312w-router-wifi-4g-m2m\/\"]}]},{\"@type\":\"ImageObject\",\"inLanguage\":\"es\",\"@id\":\"https:\/\/aivlisoft.net\/shop\/producto\/d-link-dwm-312w-router-wifi-4g-m2m\/#primaryimage\",\"url\":\"https:\/\/aivlisoft.net\/shop\/wp-content\/uploads\/2025\/01\/NROINA0316_800.jpg\",\"contentUrl\":\"https:\/\/aivlisoft.net\/shop\/wp-content\/uploads\/2025\/01\/NROINA0316_800.jpg\",\"width\":800,\"height\":800},{\"@type\":\"BreadcrumbList\",\"@id\":\"https:\/\/aivlisoft.net\/shop\/producto\/d-link-dwm-312w-router-wifi-4g-m2m\/#breadcrumb\",\"itemListElement\":[{\"@type\":\"ListItem\",\"position\":1,\"name\":\"Portada\",\"item\":\"https:\/\/aivlisoft.net\/shop\/\"},{\"@type\":\"ListItem\",\"position\":2,\"name\":\"Tienda\",\"item\":\"https:\/\/aivlisoft.net\/shop\/tienda\/\"},{\"@type\":\"ListItem\",\"position\":3,\"name\":\"D-Link DWM-312W Router WiFi 4G M2M\"}]},{\"@type\":\"WebSite\",\"@id\":\"https:\/\/aivlisoft.net\/shop\/#website\",\"url\":\"https:\/\/aivlisoft.net\/shop\/\",\"name\":\"Aivlisoft Inform\u00e1tica\",\"description\":\"En Aivlisoft Inform\u00e1tica ofrecemos soluciones tecnol\u00f3gicas para empresas: venta de ordenadores, consumibles, perif\u00e9ricos y m\u00e1s. Calidad, atenci\u00f3n personalizada y los mejores precios para tu negocio.\",\"publisher\":{\"@id\":\"https:\/\/aivlisoft.net\/shop\/#organization\"},\"potentialAction\":[{\"@type\":\"SearchAction\",\"target\":{\"@type\":\"EntryPoint\",\"urlTemplate\":\"https:\/\/aivlisoft.net\/shop\/?s={search_term_string}\"},\"query-input\":{\"@type\":\"PropertyValueSpecification\",\"valueRequired\":true,\"valueName\":\"search_term_string\"}}],\"inLanguage\":\"es\"},{\"@type\":\"Organization\",\"@id\":\"https:\/\/aivlisoft.net\/shop\/#organization\",\"name\":\"Aivlisoft Inform\u00e1tica\",\"url\":\"https:\/\/aivlisoft.net\/shop\/\",\"logo\":{\"@type\":\"ImageObject\",\"inLanguage\":\"es\",\"@id\":\"https:\/\/aivlisoft.net\/shop\/#\/schema\/logo\/image\/\",\"url\":\"https:\/\/aivlisoft.net\/shop\/wp-content\/uploads\/2024\/12\/removal.ai_5b848c54-0cdf-4140-95c5-c5536bb7573b-logodef.png\",\"contentUrl\":\"https:\/\/aivlisoft.net\/shop\/wp-content\/uploads\/2024\/12\/removal.ai_5b848c54-0cdf-4140-95c5-c5536bb7573b-logodef.png\",\"width\":484,\"height\":182,\"caption\":\"Aivlisoft Inform\u00e1tica\"},\"image\":{\"@id\":\"https:\/\/aivlisoft.net\/shop\/#\/schema\/logo\/image\/\"}}]}<\/script>\n<!-- \/ Yoast SEO plugin. -->","yoast_head_json":{"title":"D-Link DWM-312W Router WiFi 4G M2M - Aivlisoft Inform\u00e1tica","robots":{"index":"index","follow":"follow","max-snippet":"max-snippet:-1","max-image-preview":"max-image-preview:large","max-video-preview":"max-video-preview:-1"},"canonical":"https:\/\/aivlisoft.net\/shop\/producto\/d-link-dwm-312w-router-wifi-4g-m2m\/","og_locale":"es_ES","og_type":"article","og_title":"D-Link DWM-312W Router WiFi 4G M2M - Aivlisoft Inform\u00e1tica","og_description":"Marca D-Link Modelo DWM-312W Especificaciones T&eacute;cnicas &nbsp; &#8211; Compatibilidad con redes m&oacute;viles &nbsp; LTE Cat. 4 bandas 1\/2\/3\/5\/5\/7\/8\/8\/20\/28\/38\/40 &nbsp; UMTS\/HSPA 1\/2\/5\/8, 850\/900\/1900\/2100 Mhz &nbsp; Cuatribanda GSM &#8211; Rendimiento de datos &nbsp; Rendimiento de LTE hasta 150 Mbps de bajada\/ 50 Mbps de subida &nbsp; HSPDA-DC hasta 42 Mbps de bajada\/5,76 Mbps de subida &nbsp; Cuatribanda&hellip;&nbsp;D-Link DWM-312W Router WiFi 4G M2M","og_url":"https:\/\/aivlisoft.net\/shop\/producto\/d-link-dwm-312w-router-wifi-4g-m2m\/","og_site_name":"Aivlisoft Inform\u00e1tica","article_modified_time":"2025-01-14T19:59:55+00:00","og_image":[{"width":800,"height":800,"url":"https:\/\/aivlisoft.net\/shop\/wp-content\/uploads\/2025\/01\/NROINA0316_800.jpg","type":"image\/jpeg"}],"twitter_card":"summary_large_image","twitter_misc":{"Tiempo de lectura":"1 minuto"},"schema":{"@context":"https:\/\/schema.org","@graph":[{"@type":"WebPage","@id":"https:\/\/aivlisoft.net\/shop\/producto\/d-link-dwm-312w-router-wifi-4g-m2m\/","url":"https:\/\/aivlisoft.net\/shop\/producto\/d-link-dwm-312w-router-wifi-4g-m2m\/","name":"D-Link DWM-312W Router WiFi 4G M2M - Aivlisoft Inform\u00e1tica","isPartOf":{"@id":"https:\/\/aivlisoft.net\/shop\/#website"},"primaryImageOfPage":{"@id":"https:\/\/aivlisoft.net\/shop\/producto\/d-link-dwm-312w-router-wifi-4g-m2m\/#primaryimage"},"image":{"@id":"https:\/\/aivlisoft.net\/shop\/producto\/d-link-dwm-312w-router-wifi-4g-m2m\/#primaryimage"},"thumbnailUrl":"https:\/\/aivlisoft.net\/shop\/wp-content\/uploads\/2025\/01\/NROINA0316_800.jpg","datePublished":"2025-01-13T15:28:20+00:00","dateModified":"2025-01-14T19:59:55+00:00","breadcrumb":{"@id":"https:\/\/aivlisoft.net\/shop\/producto\/d-link-dwm-312w-router-wifi-4g-m2m\/#breadcrumb"},"inLanguage":"es","potentialAction":[{"@type":"ReadAction","target":["https:\/\/aivlisoft.net\/shop\/producto\/d-link-dwm-312w-router-wifi-4g-m2m\/"]}]},{"@type":"ImageObject","inLanguage":"es","@id":"https:\/\/aivlisoft.net\/shop\/producto\/d-link-dwm-312w-router-wifi-4g-m2m\/#primaryimage","url":"https:\/\/aivlisoft.net\/shop\/wp-content\/uploads\/2025\/01\/NROINA0316_800.jpg","contentUrl":"https:\/\/aivlisoft.net\/shop\/wp-content\/uploads\/2025\/01\/NROINA0316_800.jpg","width":800,"height":800},{"@type":"BreadcrumbList","@id":"https:\/\/aivlisoft.net\/shop\/producto\/d-link-dwm-312w-router-wifi-4g-m2m\/#breadcrumb","itemListElement":[{"@type":"ListItem","position":1,"name":"Portada","item":"https:\/\/aivlisoft.net\/shop\/"},{"@type":"ListItem","position":2,"name":"Tienda","item":"https:\/\/aivlisoft.net\/shop\/tienda\/"},{"@type":"ListItem","position":3,"name":"D-Link DWM-312W Router WiFi 4G M2M"}]},{"@type":"WebSite","@id":"https:\/\/aivlisoft.net\/shop\/#website","url":"https:\/\/aivlisoft.net\/shop\/","name":"Aivlisoft Inform\u00e1tica","description":"En Aivlisoft Inform\u00e1tica ofrecemos soluciones tecnol\u00f3gicas para empresas: venta de ordenadores, consumibles, perif\u00e9ricos y m\u00e1s. Calidad, atenci\u00f3n personalizada y los mejores precios para tu negocio.","publisher":{"@id":"https:\/\/aivlisoft.net\/shop\/#organization"},"potentialAction":[{"@type":"SearchAction","target":{"@type":"EntryPoint","urlTemplate":"https:\/\/aivlisoft.net\/shop\/?s={search_term_string}"},"query-input":{"@type":"PropertyValueSpecification","valueRequired":true,"valueName":"search_term_string"}}],"inLanguage":"es"},{"@type":"Organization","@id":"https:\/\/aivlisoft.net\/shop\/#organization","name":"Aivlisoft Inform\u00e1tica","url":"https:\/\/aivlisoft.net\/shop\/","logo":{"@type":"ImageObject","inLanguage":"es","@id":"https:\/\/aivlisoft.net\/shop\/#\/schema\/logo\/image\/","url":"https:\/\/aivlisoft.net\/shop\/wp-content\/uploads\/2024\/12\/removal.ai_5b848c54-0cdf-4140-95c5-c5536bb7573b-logodef.png","contentUrl":"https:\/\/aivlisoft.net\/shop\/wp-content\/uploads\/2024\/12\/removal.ai_5b848c54-0cdf-4140-95c5-c5536bb7573b-logodef.png","width":484,"height":182,"caption":"Aivlisoft Inform\u00e1tica"},"image":{"@id":"https:\/\/aivlisoft.net\/shop\/#\/schema\/logo\/image\/"}}]}},"_links":{"self":[{"href":"https:\/\/aivlisoft.net\/shop\/wp-json\/wp\/v2\/product\/19043","targetHints":{"allow":["GET"]}}],"collection":[{"href":"https:\/\/aivlisoft.net\/shop\/wp-json\/wp\/v2\/product"}],"about":[{"href":"https:\/\/aivlisoft.net\/shop\/wp-json\/wp\/v2\/types\/product"}],"wp:featuredmedia":[{"embeddable":true,"href":"https:\/\/aivlisoft.net\/shop\/wp-json\/wp\/v2\/media\/19044"}],"wp:attachment":[{"href":"https:\/\/aivlisoft.net\/shop\/wp-json\/wp\/v2\/media?parent=19043"}],"wp:term":[{"taxonomy":"product_brand","embeddable":true,"href":"https:\/\/aivlisoft.net\/shop\/wp-json\/wp\/v2\/product_brand?post=19043"},{"taxonomy":"product_cat","embeddable":true,"href":"https:\/\/aivlisoft.net\/shop\/wp-json\/wp\/v2\/product_cat?post=19043"},{"taxonomy":"product_tag","embeddable":true,"href":"https:\/\/aivlisoft.net\/shop\/wp-json\/wp\/v2\/product_tag?post=19043"}],"curies":[{"name":"wp","href":"https:\/\/api.w.org\/{rel}","templated":true}]}}