{"id":19003,"date":"2025-01-13T15:27:55","date_gmt":"2025-01-13T15:27:55","guid":{"rendered":"https:\/\/aivlisoft.com\/?post_type=product&#038;p=19003"},"modified":"2025-01-14T20:00:01","modified_gmt":"2025-01-14T20:00:01","slug":"tp-link-archer-mr600-router-4g-wifi-ac1200","status":"publish","type":"product","link":"https:\/\/aivlisoft.net\/shop\/producto\/tp-link-archer-mr600-router-4g-wifi-ac1200\/","title":{"rendered":"TP-LINK Archer MR600 Router 4G+ WiFi AC1200"},"content":{"rendered":"<p><\/p>\n<table class=\"tabla_caracteristicas k-table\" width=\"100%\">\n<tbody>\n<tr>\n<td valign=\"top\"><strong>Marca<\/strong><\/td>\n<td>TP-Link<\/td>\n<\/tr>\n<tr>\n<td valign=\"top\"><strong>Modelo<\/strong><\/td>\n<td valign=\"top\"><strong>Archer MR600<\/strong><\/td>\n<\/tr>\n<tr>\n<td valign=\"top\">\n<div><strong>Caracteristicas <\/strong><\/div>\n<div><strong>de hardware<\/strong><\/div>\n<\/td>\n<td>&#8211; Interfaz: 1 &times; Puerto 10\/100\/1000 Mbps LAN\/WAN, 3 &times; Puerto 10\/100\/1000 Mbps LAN, 1 &times; Ranura Micro SIM<br \/>&#8211; Botones: Bot&oacute;n WPS, Bot&oacute;n Reset, Bot&oacute;n On\/Off WiFi, Bot&oacute;n On\/Off<br \/>&#8211; Antenas: 2 x Antenas 4G LTE Desmontables<br \/>&#8211; Fuente de Alimentaci&oacute;n Externa: 12VDC\/1.5A<br \/>&#8211; Dimensiones: 229 x 160 x 37 mm<\/td>\n<\/tr>\n<tr>\n<td valign=\"top\">\n<div><strong>Caracteristicas<\/strong><\/div>\n<div><strong>inalambricas<\/strong><\/div>\n<\/td>\n<td>&#8211; Est&aacute;ndares Inal&aacute;mbricos: IEEE 802.11ac\/n\/a 5GHz, IEEE 802.11b\/g\/n 2.4GHz<br \/>&#8211; Frecuencia: 2.4GHz y 5GHz<br \/>&#8211; Tasa de Se&ntilde;al: 300Mbps en 2.4GHz y 867Mbps en 5GHz<br \/>&#8211; Sensibilidad de Recepci&oacute;n: 5GHz: 11a 54M: -74dBm<br \/>&nbsp; 11ac HT20: -66dBm<br \/>&nbsp; 11ac HT40: -63dBm<br \/>&nbsp; 11ac HT80 : -59dBm<br \/>&nbsp; 11n HT20: -73dBm<br \/>&nbsp; 11n HT40: -70dBm<br \/>&nbsp; 2.4G: 11g 54M: -74dBm<br \/>&nbsp; 11n HT20: -72dBm<br \/>&nbsp; 11n HT40: -69dBm<br \/>&#8211; Potencia de Transmisi&oacute;n: &lt;20dBm(2.4GHz), &lt;23dBm(5GHz)<br \/>&#8211; Funciones Inal&aacute;mbricas: Habilitar\/Deshabilitar Radio Inal&aacute;mbrica, Programaci&oacute;n Radio Inal&aacute;mbrica, WMM, Estad&iacute;sticas Inal&aacute;mbricas<br \/>&#8211; Seguridad Inal&aacute;mbrica: 64\/128-bit WEP, WPA\/WPA2, encriptaciones WPA-PSK\/WPA2-PSK<br \/>&#8211; Tipo de red 4G:&nbsp;<br \/>&nbsp; &nbsp; FDD-LTE: B1\/B3\/B5\/B7\/B8\/B20\/B28 (2100\/1800\/850\/2600\/900\/800\/700 MHz)<br \/>&nbsp; &nbsp; TDD-LTE: B38\/B40\/B41 (2600\/2300\/2500 MHz)<br \/>&#8211; Tipo de red 3G:&nbsp;DC-HSPA+\/HSPA\/UMTS: B1\/B5\/B8 (2100\/850\/900 MHz)<\/td>\n<\/tr>\n<tr>\n<td valign=\"top\">\n<div><strong>Caracteristicas <\/strong><\/div>\n<div><strong>de software<\/strong><\/div>\n<\/td>\n<td>&#8211; Seguridad: DoS, IPv4 SPI Firewall, IPv6 Firewal, IP y MAC Address Binding, Control de Acceso<br \/>&#8211; Tipo de WAN: IP Din&aacute;mica\/IP Est&aacute;tica\/PPPoE\/PPTP(Acceso Dual)\/L2TP(Acceso Dual)<br \/>&#8211; Gesti&oacute;n: TP-Link Cloud, Control Local, Control Remoto<br \/>&#8211; DHCP: Servidor, Cliente, Lista de Clientes DHCP, Reserva de Direcciones<br \/>&#8211; Reenv&iacute;o de Puertos: ALG, Servidor Virtual, Port Triggering, UPnP, DMZ<br \/>&#8211; DNS Din&aacute;mico: TP-Link, DynDns, NO-IP<br \/>&#8211; VPN: PPTP VPN, IPSec VPN , OpenVPN<br \/>&#8211; Control de Acceso: Control Parental , Control de Gesti&oacute;n Local<br \/>&#8211; Seguridad Firewall: DoS, SPI Firewall, IP Address Filter\/Domain Filter,<br \/>&#8211; IP y MAC Address Binding<br \/>&#8211; Protocolos: IPv4, IPv6<br \/>&#8211; Red de Invitados: Red de Invitados 2.4 GHz x 1, 5 GHz Red de Invitados x 1<\/td>\n<\/tr>\n<tr>\n<td valign=\"top\"><strong>Otras caracteristicas<\/strong><\/td>\n<td>&#8211; Certificaciones: CE, RoHS<br \/>&#8211; Contenido del Paquete:&nbsp;<br \/>&nbsp; &nbsp; 4G+ Cat6 AC1200 Wireless Dual Band Gigabit Router Archer MR600<br \/>&nbsp; &nbsp; Adaptador de Corriente<br \/>&nbsp; &nbsp; RJ45 Cable Ethernet<br \/>&nbsp; &nbsp; Gu&iacute;a de Instalaci&oacute;n R&aacute;pida<br \/>&#8211; Requisitos del sistema:&nbsp;<br \/>&nbsp; &nbsp; Microsoft Windows 98SE\/NT\/2000\/XP\/Vista&trade;\/7\/8\/8.1\/10, MAC OS,<br \/>&nbsp; &nbsp; NetWare, UNIX or Linux<br \/>&nbsp; &nbsp; Internet Explorer 11, Firefox 12.0, Chrome 20.0, Safari 4.0, u otro<br \/>&nbsp; &nbsp; Navegador con Java habilitado<br \/>&nbsp; &nbsp; Tarjeta Micro SIM<br \/>&#8211; Temperatura de Funcionamiento: 0&ordm;C~40&ordm;C (32&ordm;F ~104&ordm;F)<br \/>&#8211; Temperatura de Almacenamiento: -40&ordm;C~70&ordm;C (-40&ordm;F ~158&ordm;F)<br \/>&#8211; Humedad de Funcionamiento: 10%~90% sin condensaci&oacute;n<br \/>&#8211; Humedad de Almacenamiento: 5%~90% sin condensaci&oacute;n<\/td>\n<\/tr>\n<tr>\n<td valign=\"top\"><strong>Fecha Revisi&oacute;n<\/strong><\/td>\n<td>19-12-2019 por MRS<\/td>\n<\/tr>\n<\/tbody>\n<\/table>\n","protected":false},"excerpt":{"rendered":"<p>Marca TP-Link Modelo Archer MR600 Caracteristicas de hardware &#8211; Interfaz: 1 &times; Puerto 10\/100\/1000 Mbps LAN\/WAN, 3 &times; Puerto 10\/100\/1000 Mbps LAN, 1 &times; Ranura Micro SIM&#8211; Botones: Bot&oacute;n WPS, Bot&oacute;n Reset, Bot&oacute;n On\/Off WiFi, Bot&oacute;n On\/Off&#8211; Antenas: 2 x Antenas 4G LTE Desmontables&#8211; Fuente de Alimentaci&oacute;n Externa: 12VDC\/1.5A&#8211; Dimensiones: 229 x 160 x 37&hellip;&nbsp;<a href=\"https:\/\/aivlisoft.net\/shop\/producto\/tp-link-archer-mr600-router-4g-wifi-ac1200\/\" rel=\"bookmark\"><span class=\"screen-reader-text\">TP-LINK Archer MR600 Router 4G+ WiFi AC1200<\/span><\/a><\/p>\n","protected":false},"featured_media":19004,"template":"","meta":{"neve_meta_sidebar":"","neve_meta_container":"","neve_meta_enable_content_width":"","neve_meta_content_width":0,"neve_meta_title_alignment":"","neve_meta_author_avatar":"","neve_post_elements_order":"","neve_meta_disable_header":"","neve_meta_disable_footer":"","neve_meta_disable_title":""},"product_brand":[],"product_cat":[15,8768,6832],"product_tag":[6896],"class_list":{"0":"post-19003","1":"product","2":"type-product","3":"status-publish","4":"has-post-thumbnail","6":"product_cat-sin-categorizar","7":"product_cat-routers-adsl","8":"product_cat-routers-modems","9":"product_tag-archer-mr600","11":"first","12":"instock","13":"taxable","14":"shipping-taxable","15":"purchasable","16":"product-type-simple"},"yoast_head":"<!-- This site is optimized with the Yoast SEO plugin v26.0 - https:\/\/yoast.com\/wordpress\/plugins\/seo\/ -->\n<title>TP-LINK Archer MR600 Router 4G+ WiFi AC1200 - Aivlisoft Inform\u00e1tica<\/title>\n<meta name=\"robots\" content=\"index, follow, max-snippet:-1, max-image-preview:large, max-video-preview:-1\" \/>\n<link rel=\"canonical\" href=\"https:\/\/aivlisoft.net\/shop\/producto\/tp-link-archer-mr600-router-4g-wifi-ac1200\/\" \/>\n<meta property=\"og:locale\" content=\"es_ES\" \/>\n<meta property=\"og:type\" content=\"article\" \/>\n<meta property=\"og:title\" content=\"TP-LINK Archer MR600 Router 4G+ WiFi AC1200 - Aivlisoft Inform\u00e1tica\" \/>\n<meta property=\"og:description\" content=\"Marca TP-Link Modelo Archer MR600 Caracteristicas de hardware &#8211; Interfaz: 1 &times; Puerto 10\/100\/1000 Mbps LAN\/WAN, 3 &times; Puerto 10\/100\/1000 Mbps LAN, 1 &times; Ranura Micro SIM&#8211; Botones: Bot&oacute;n WPS, Bot&oacute;n Reset, Bot&oacute;n On\/Off WiFi, Bot&oacute;n On\/Off&#8211; Antenas: 2 x Antenas 4G LTE Desmontables&#8211; Fuente de Alimentaci&oacute;n Externa: 12VDC\/1.5A&#8211; Dimensiones: 229 x 160 x 37&hellip;&nbsp;TP-LINK Archer MR600 Router 4G+ WiFi AC1200\" \/>\n<meta property=\"og:url\" content=\"https:\/\/aivlisoft.net\/shop\/producto\/tp-link-archer-mr600-router-4g-wifi-ac1200\/\" \/>\n<meta property=\"og:site_name\" content=\"Aivlisoft Inform\u00e1tica\" \/>\n<meta property=\"article:modified_time\" content=\"2025-01-14T20:00:01+00:00\" \/>\n<meta property=\"og:image\" content=\"https:\/\/aivlisoft.net\/shop\/wp-content\/uploads\/2025\/01\/NROINA0289_800.jpg\" \/>\n\t<meta property=\"og:image:width\" content=\"800\" \/>\n\t<meta property=\"og:image:height\" content=\"800\" \/>\n\t<meta property=\"og:image:type\" content=\"image\/jpeg\" \/>\n<meta name=\"twitter:card\" content=\"summary_large_image\" \/>\n<meta name=\"twitter:label1\" content=\"Tiempo de lectura\" \/>\n\t<meta name=\"twitter:data1\" content=\"2 minutos\" \/>\n<script type=\"application\/ld+json\" class=\"yoast-schema-graph\">{\"@context\":\"https:\/\/schema.org\",\"@graph\":[{\"@type\":\"WebPage\",\"@id\":\"https:\/\/aivlisoft.net\/shop\/producto\/tp-link-archer-mr600-router-4g-wifi-ac1200\/\",\"url\":\"https:\/\/aivlisoft.net\/shop\/producto\/tp-link-archer-mr600-router-4g-wifi-ac1200\/\",\"name\":\"TP-LINK Archer MR600 Router 4G+ WiFi AC1200 - Aivlisoft Inform\u00e1tica\",\"isPartOf\":{\"@id\":\"https:\/\/aivlisoft.net\/shop\/#website\"},\"primaryImageOfPage\":{\"@id\":\"https:\/\/aivlisoft.net\/shop\/producto\/tp-link-archer-mr600-router-4g-wifi-ac1200\/#primaryimage\"},\"image\":{\"@id\":\"https:\/\/aivlisoft.net\/shop\/producto\/tp-link-archer-mr600-router-4g-wifi-ac1200\/#primaryimage\"},\"thumbnailUrl\":\"https:\/\/aivlisoft.net\/shop\/wp-content\/uploads\/2025\/01\/NROINA0289_800.jpg\",\"datePublished\":\"2025-01-13T15:27:55+00:00\",\"dateModified\":\"2025-01-14T20:00:01+00:00\",\"breadcrumb\":{\"@id\":\"https:\/\/aivlisoft.net\/shop\/producto\/tp-link-archer-mr600-router-4g-wifi-ac1200\/#breadcrumb\"},\"inLanguage\":\"es\",\"potentialAction\":[{\"@type\":\"ReadAction\",\"target\":[\"https:\/\/aivlisoft.net\/shop\/producto\/tp-link-archer-mr600-router-4g-wifi-ac1200\/\"]}]},{\"@type\":\"ImageObject\",\"inLanguage\":\"es\",\"@id\":\"https:\/\/aivlisoft.net\/shop\/producto\/tp-link-archer-mr600-router-4g-wifi-ac1200\/#primaryimage\",\"url\":\"https:\/\/aivlisoft.net\/shop\/wp-content\/uploads\/2025\/01\/NROINA0289_800.jpg\",\"contentUrl\":\"https:\/\/aivlisoft.net\/shop\/wp-content\/uploads\/2025\/01\/NROINA0289_800.jpg\",\"width\":800,\"height\":800},{\"@type\":\"BreadcrumbList\",\"@id\":\"https:\/\/aivlisoft.net\/shop\/producto\/tp-link-archer-mr600-router-4g-wifi-ac1200\/#breadcrumb\",\"itemListElement\":[{\"@type\":\"ListItem\",\"position\":1,\"name\":\"Portada\",\"item\":\"https:\/\/aivlisoft.net\/shop\/\"},{\"@type\":\"ListItem\",\"position\":2,\"name\":\"Tienda\",\"item\":\"https:\/\/aivlisoft.net\/shop\/tienda\/\"},{\"@type\":\"ListItem\",\"position\":3,\"name\":\"TP-LINK Archer MR600 Router 4G+ WiFi AC1200\"}]},{\"@type\":\"WebSite\",\"@id\":\"https:\/\/aivlisoft.net\/shop\/#website\",\"url\":\"https:\/\/aivlisoft.net\/shop\/\",\"name\":\"Aivlisoft Inform\u00e1tica\",\"description\":\"En Aivlisoft Inform\u00e1tica ofrecemos soluciones tecnol\u00f3gicas para empresas: venta de ordenadores, consumibles, perif\u00e9ricos y m\u00e1s. Calidad, atenci\u00f3n personalizada y los mejores precios para tu negocio.\",\"publisher\":{\"@id\":\"https:\/\/aivlisoft.net\/shop\/#organization\"},\"potentialAction\":[{\"@type\":\"SearchAction\",\"target\":{\"@type\":\"EntryPoint\",\"urlTemplate\":\"https:\/\/aivlisoft.net\/shop\/?s={search_term_string}\"},\"query-input\":{\"@type\":\"PropertyValueSpecification\",\"valueRequired\":true,\"valueName\":\"search_term_string\"}}],\"inLanguage\":\"es\"},{\"@type\":\"Organization\",\"@id\":\"https:\/\/aivlisoft.net\/shop\/#organization\",\"name\":\"Aivlisoft Inform\u00e1tica\",\"url\":\"https:\/\/aivlisoft.net\/shop\/\",\"logo\":{\"@type\":\"ImageObject\",\"inLanguage\":\"es\",\"@id\":\"https:\/\/aivlisoft.net\/shop\/#\/schema\/logo\/image\/\",\"url\":\"https:\/\/aivlisoft.net\/shop\/wp-content\/uploads\/2024\/12\/removal.ai_5b848c54-0cdf-4140-95c5-c5536bb7573b-logodef.png\",\"contentUrl\":\"https:\/\/aivlisoft.net\/shop\/wp-content\/uploads\/2024\/12\/removal.ai_5b848c54-0cdf-4140-95c5-c5536bb7573b-logodef.png\",\"width\":484,\"height\":182,\"caption\":\"Aivlisoft Inform\u00e1tica\"},\"image\":{\"@id\":\"https:\/\/aivlisoft.net\/shop\/#\/schema\/logo\/image\/\"}}]}<\/script>\n<!-- \/ Yoast SEO plugin. -->","yoast_head_json":{"title":"TP-LINK Archer MR600 Router 4G+ WiFi AC1200 - Aivlisoft Inform\u00e1tica","robots":{"index":"index","follow":"follow","max-snippet":"max-snippet:-1","max-image-preview":"max-image-preview:large","max-video-preview":"max-video-preview:-1"},"canonical":"https:\/\/aivlisoft.net\/shop\/producto\/tp-link-archer-mr600-router-4g-wifi-ac1200\/","og_locale":"es_ES","og_type":"article","og_title":"TP-LINK Archer MR600 Router 4G+ WiFi AC1200 - Aivlisoft Inform\u00e1tica","og_description":"Marca TP-Link Modelo Archer MR600 Caracteristicas de hardware &#8211; Interfaz: 1 &times; Puerto 10\/100\/1000 Mbps LAN\/WAN, 3 &times; Puerto 10\/100\/1000 Mbps LAN, 1 &times; Ranura Micro SIM&#8211; Botones: Bot&oacute;n WPS, Bot&oacute;n Reset, Bot&oacute;n On\/Off WiFi, Bot&oacute;n On\/Off&#8211; Antenas: 2 x Antenas 4G LTE Desmontables&#8211; Fuente de Alimentaci&oacute;n Externa: 12VDC\/1.5A&#8211; Dimensiones: 229 x 160 x 37&hellip;&nbsp;TP-LINK Archer MR600 Router 4G+ WiFi AC1200","og_url":"https:\/\/aivlisoft.net\/shop\/producto\/tp-link-archer-mr600-router-4g-wifi-ac1200\/","og_site_name":"Aivlisoft Inform\u00e1tica","article_modified_time":"2025-01-14T20:00:01+00:00","og_image":[{"width":800,"height":800,"url":"https:\/\/aivlisoft.net\/shop\/wp-content\/uploads\/2025\/01\/NROINA0289_800.jpg","type":"image\/jpeg"}],"twitter_card":"summary_large_image","twitter_misc":{"Tiempo de lectura":"2 minutos"},"schema":{"@context":"https:\/\/schema.org","@graph":[{"@type":"WebPage","@id":"https:\/\/aivlisoft.net\/shop\/producto\/tp-link-archer-mr600-router-4g-wifi-ac1200\/","url":"https:\/\/aivlisoft.net\/shop\/producto\/tp-link-archer-mr600-router-4g-wifi-ac1200\/","name":"TP-LINK Archer MR600 Router 4G+ WiFi AC1200 - Aivlisoft Inform\u00e1tica","isPartOf":{"@id":"https:\/\/aivlisoft.net\/shop\/#website"},"primaryImageOfPage":{"@id":"https:\/\/aivlisoft.net\/shop\/producto\/tp-link-archer-mr600-router-4g-wifi-ac1200\/#primaryimage"},"image":{"@id":"https:\/\/aivlisoft.net\/shop\/producto\/tp-link-archer-mr600-router-4g-wifi-ac1200\/#primaryimage"},"thumbnailUrl":"https:\/\/aivlisoft.net\/shop\/wp-content\/uploads\/2025\/01\/NROINA0289_800.jpg","datePublished":"2025-01-13T15:27:55+00:00","dateModified":"2025-01-14T20:00:01+00:00","breadcrumb":{"@id":"https:\/\/aivlisoft.net\/shop\/producto\/tp-link-archer-mr600-router-4g-wifi-ac1200\/#breadcrumb"},"inLanguage":"es","potentialAction":[{"@type":"ReadAction","target":["https:\/\/aivlisoft.net\/shop\/producto\/tp-link-archer-mr600-router-4g-wifi-ac1200\/"]}]},{"@type":"ImageObject","inLanguage":"es","@id":"https:\/\/aivlisoft.net\/shop\/producto\/tp-link-archer-mr600-router-4g-wifi-ac1200\/#primaryimage","url":"https:\/\/aivlisoft.net\/shop\/wp-content\/uploads\/2025\/01\/NROINA0289_800.jpg","contentUrl":"https:\/\/aivlisoft.net\/shop\/wp-content\/uploads\/2025\/01\/NROINA0289_800.jpg","width":800,"height":800},{"@type":"BreadcrumbList","@id":"https:\/\/aivlisoft.net\/shop\/producto\/tp-link-archer-mr600-router-4g-wifi-ac1200\/#breadcrumb","itemListElement":[{"@type":"ListItem","position":1,"name":"Portada","item":"https:\/\/aivlisoft.net\/shop\/"},{"@type":"ListItem","position":2,"name":"Tienda","item":"https:\/\/aivlisoft.net\/shop\/tienda\/"},{"@type":"ListItem","position":3,"name":"TP-LINK Archer MR600 Router 4G+ WiFi AC1200"}]},{"@type":"WebSite","@id":"https:\/\/aivlisoft.net\/shop\/#website","url":"https:\/\/aivlisoft.net\/shop\/","name":"Aivlisoft Inform\u00e1tica","description":"En Aivlisoft Inform\u00e1tica ofrecemos soluciones tecnol\u00f3gicas para empresas: venta de ordenadores, consumibles, perif\u00e9ricos y m\u00e1s. Calidad, atenci\u00f3n personalizada y los mejores precios para tu negocio.","publisher":{"@id":"https:\/\/aivlisoft.net\/shop\/#organization"},"potentialAction":[{"@type":"SearchAction","target":{"@type":"EntryPoint","urlTemplate":"https:\/\/aivlisoft.net\/shop\/?s={search_term_string}"},"query-input":{"@type":"PropertyValueSpecification","valueRequired":true,"valueName":"search_term_string"}}],"inLanguage":"es"},{"@type":"Organization","@id":"https:\/\/aivlisoft.net\/shop\/#organization","name":"Aivlisoft Inform\u00e1tica","url":"https:\/\/aivlisoft.net\/shop\/","logo":{"@type":"ImageObject","inLanguage":"es","@id":"https:\/\/aivlisoft.net\/shop\/#\/schema\/logo\/image\/","url":"https:\/\/aivlisoft.net\/shop\/wp-content\/uploads\/2024\/12\/removal.ai_5b848c54-0cdf-4140-95c5-c5536bb7573b-logodef.png","contentUrl":"https:\/\/aivlisoft.net\/shop\/wp-content\/uploads\/2024\/12\/removal.ai_5b848c54-0cdf-4140-95c5-c5536bb7573b-logodef.png","width":484,"height":182,"caption":"Aivlisoft Inform\u00e1tica"},"image":{"@id":"https:\/\/aivlisoft.net\/shop\/#\/schema\/logo\/image\/"}}]}},"_links":{"self":[{"href":"https:\/\/aivlisoft.net\/shop\/wp-json\/wp\/v2\/product\/19003","targetHints":{"allow":["GET"]}}],"collection":[{"href":"https:\/\/aivlisoft.net\/shop\/wp-json\/wp\/v2\/product"}],"about":[{"href":"https:\/\/aivlisoft.net\/shop\/wp-json\/wp\/v2\/types\/product"}],"wp:featuredmedia":[{"embeddable":true,"href":"https:\/\/aivlisoft.net\/shop\/wp-json\/wp\/v2\/media\/19004"}],"wp:attachment":[{"href":"https:\/\/aivlisoft.net\/shop\/wp-json\/wp\/v2\/media?parent=19003"}],"wp:term":[{"taxonomy":"product_brand","embeddable":true,"href":"https:\/\/aivlisoft.net\/shop\/wp-json\/wp\/v2\/product_brand?post=19003"},{"taxonomy":"product_cat","embeddable":true,"href":"https:\/\/aivlisoft.net\/shop\/wp-json\/wp\/v2\/product_cat?post=19003"},{"taxonomy":"product_tag","embeddable":true,"href":"https:\/\/aivlisoft.net\/shop\/wp-json\/wp\/v2\/product_tag?post=19003"}],"curies":[{"name":"wp","href":"https:\/\/api.w.org\/{rel}","templated":true}]}}