{"id":18883,"date":"2025-01-13T15:26:38","date_gmt":"2025-01-13T15:26:38","guid":{"rendered":"https:\/\/aivlisoft.com\/?post_type=product&#038;p=18883"},"modified":"2025-01-14T11:41:57","modified_gmt":"2025-01-14T11:41:57","slug":"d-link-dsr-250v2-vpn-router-1xgbe-wan-3xgbe","status":"publish","type":"product","link":"https:\/\/aivlisoft.net\/shop\/producto\/d-link-dsr-250v2-vpn-router-1xgbe-wan-3xgbe\/","title":{"rendered":"D-Link DSR-250v2 VPN Router 1xGbE WAN 3xGbE"},"content":{"rendered":"<p><\/p>\n<p>&nbsp;<\/p>\n<table class=\"tabla_caracteristicas\" width=\"100%\">\n<tr>\n<td><strong>Marca<\/strong><\/td>\n<td>D-Link<\/td>\n<\/tr>\n<tr>\n<td><strong>Modelo<\/strong><\/td>\n<td><strong>DSR-250v2<\/strong><\/td>\n<\/tr>\n<tr>\n<td><strong>Caracter&iacute;sticas<\/strong><\/td>\n<td><strong>Hardware<\/strong><br \/>\t\t\t&#8211; Versi&oacute;n: A1<br \/>\t\t\t&#8211; Interfaces Ethernet:<br \/>\t\t\t&nbsp; 1 x puerto WAN de 10\/100\/1000 Mbps<br \/>\t\t\t&nbsp; 3 x puertos LAN de 10\/100\/1000 Mbps<br \/>\t\t\t&nbsp; 1 x puerto configurable de 10\/100\/1000 Mbps<br \/>\t\t\t&#8211; 1 x puerto USB 3.0<br \/>\t\t\t&#8211; 1 x puerto de consola RJ-45<br \/>\t\t\t<strong>Desempe&ntilde;o<\/strong><br \/>\t\t\t&#8211; Rendimiento del cortafuegos: 950 Mbps<br \/>\t\t\t&#8211; Rendimiento VPN (3DES): 200<br \/>\t\t\t&#8211; Sesiones Concurrentes: 50,000<br \/>\t\t\t&#8211; Sesiones nuevas (por segundo): 2000<br \/>\t\t\t&#8211; Pol&iacute;ticas de cortafuegos: 300<br \/>\t\t\t<strong>Tipo de conexi&oacute;n a Internet<\/strong><br \/>\t\t\t&#8211; IP est&aacute;tica\/din&aacute;mica<br \/>\t\t\t&#8211; PPPoE\/L2TP\/PPTP<br \/>\t\t\t&#8211; M&uacute;ltiples PPPoE<br \/>\t\t\t<strong>Sistema de cortafuegos<\/strong><br \/>\t\t\t&#8211; Ruta est&aacute;tica<br \/>\t\t\t&#8211; Ruta din&aacute;mica: RIP v1\/v2, OSPF, OSPFv3<br \/>\t\t\t&#8211; DNS din&aacute;mico<br \/>\t\t\t&#8211; Ruta entre VLAN<br \/>\t\t\t&#8211; NAT, PAT<br \/>\t\t\t&#8211; Filtrado de contenido web: URL est&aacute;tica, palabras clave, WCF din&aacute;mico (se requiere licencia)<br \/>\t\t\t&#8211; Sistema de prevenci&oacute;n de intrusiones (IPS): Paquete exclusivo incluido en el firmware<br \/>\t\t\t&#8211; Autenticaci&oacute;n: Base de datos interna de usuarios, Radio, POP3, LDAP, AD, Dominio NT<br \/>\t\t\t&#8211; Control de aplicaciones: Control de aplicaciones conocido (se requiere licencia)<br \/>\t\t\t<strong>Redes<\/strong><br \/>\t\t\t&#8211; Servidor\/Cliente DHCP: 1024 clientes<br \/>\t\t\t&#8211; Rel&eacute; DHCP<br \/>\t\t\t&#8211; VLAN IEEE 802.11q<br \/>\t\t\t&#8211; VLAN (basada en puerto)<br \/>\t\t\t&#8211; N&uacute;mero de VLAN: 16<br \/>\t\t\t&#8211; Multidifusi&oacute;n IP: IGMP Proxy , IGMP Snooping<br \/>\t\t\t&#8211; IPv6<br \/>\t\t\t&#8211; Conmutaci&oacute;n por error de ruta<br \/>\t\t\t&#8211; Equilibrio de carga saliente<br \/>\t\t\t&#8211; Redundancia 3G\/4G<br \/>\t\t\t<strong>Red privada virtual (VPN)<\/strong><br \/>\t\t\t&#8211; T&uacute;neles VPN: 75<br \/>\t\t\t&#8211; T&uacute;neles IPSec: 50<br \/>\t\t\t&#8211; T&uacute;neles PPTP\/L2TP: 30<br \/>\t\t\t&#8211; GRE: 20<br \/>\t\t\t&#8211; T&uacute;neles OpenVPN: 20<br \/>\t\t\t&#8211; M&eacute;todos de cifrado: DES, 3DES, AES, Twofish, Blowfish, CAST-128, NULL<br \/>\t\t\t&#8211; M&eacute;todos de cifrado SSL: RC4-128, 3DES, AES<br \/>\t\t\t&#8211; IPSec\/PPTP\/L2TP\/OpenVPN<br \/>\t\t\t&#8211; Servidor<br \/>\t\t\t&#8211; NAT transversal de IPSec<br \/>\t\t\t&#8211; Detecci&oacute;n de pares muertos<br \/>\t\t\t&#8211; Seguridad de encapsulamiento de IP<br \/>\t\t\t&#8211; Carga &uacute;til (ESP)<br \/>\t\t\t&#8211; Encabezado de autenticaci&oacute;n IP (AH)<br \/>\t\t\t&#8211; T&uacute;nel VPN Keep Alive<br \/>\t\t\t&#8211; Centro y radios<br \/>\t\t\t<strong>Gesti&oacute;n de ancho de banda<\/strong><br \/>\t\t\t&#8211; Control m&aacute;ximo ancho de banda: Tasa de control de ancho de banda m&iacute;nimo\/m&aacute;ximo<br \/>\t\t\t&#8211; Control de ancho de banda prioritario: bajo\/medio\/alto<br \/>\t\t\t<strong>Gesti&oacute;n del sistema<\/strong><br \/>\t\t\t&#8211; Interfaz de usuario basada en web<br \/>\t\t\t&#8211; L&iacute;nea de comando<br \/>\t\t\t&#8211; SNMP: v1, v2c, v3<\/td>\n<\/tr>\n<tr>\n<td><strong>Otras caracter&iacute;sticas<\/strong><\/td>\n<td>&#8211; Seguridad: LVD(EN62368)<br \/>\t\t\t&#8211; MTBF: 1.230.157,85 horas<br \/>\t\t\t&#8211; EMI\/EMC: FCC Clase B, CE Clase B, RCM, VCCI<br \/>\t\t\t<strong>Alimentaci&oacute;n<\/strong><br \/>\t\t\t&#8211; Fuente de alimentaci&oacute;n: Unidad de fuente de alimentaci&oacute;n externa DC 12 V\/1,5 A<br \/>\t\t\t&#8211; M&aacute;x. Consumo de energ&iacute;a: 8,603 W\/ 14,4 W<br \/>\t\t\t<strong>Caracter&iacute;sticas ambientales<\/strong><br \/>\t\t\t&#8211; Temperatura de funcionamiento: 0 a 40 &deg;C&nbsp;<br \/>\t\t\t&#8211; Temperatura de almacenamiento: -20 a 70 &deg;C&nbsp;<br \/>\t\t\t&#8211; Humedad de operaci&oacute;n: 5% a 95% sin condensaci&oacute;n<br \/>\t\t\t<strong>Dimensiones<\/strong><br \/>\t\t\t&#8211; Dimensiones: 190 x 120 x 38 mm<\/td>\n<\/tr>\n<tr>\n<td><strong>Fecha de revisi&oacute;n<\/strong><\/td>\n<td>07-03-2023 por RTY<\/td>\n<\/tr>\n<\/table>\n","protected":false},"excerpt":{"rendered":"<p>&nbsp; Marca D-Link Modelo DSR-250v2 Caracter&iacute;sticas Hardware &#8211; Versi&oacute;n: A1 &#8211; Interfaces Ethernet: &nbsp; 1 x puerto WAN de 10\/100\/1000 Mbps &nbsp; 3 x puertos LAN de 10\/100\/1000 Mbps &nbsp; 1 x puerto configurable de 10\/100\/1000 Mbps &#8211; 1 x puerto USB 3.0 &#8211; 1 x puerto de consola RJ-45 Desempe&ntilde;o &#8211; Rendimiento del cortafuegos:&hellip;&nbsp;<a href=\"https:\/\/aivlisoft.net\/shop\/producto\/d-link-dsr-250v2-vpn-router-1xgbe-wan-3xgbe\/\" rel=\"bookmark\"><span class=\"screen-reader-text\">D-Link DSR-250v2 VPN Router 1xGbE WAN 3xGbE<\/span><\/a><\/p>\n","protected":false},"featured_media":18884,"template":"","meta":{"neve_meta_sidebar":"","neve_meta_container":"","neve_meta_enable_content_width":"","neve_meta_content_width":0,"neve_meta_title_alignment":"","neve_meta_author_avatar":"","neve_post_elements_order":"","neve_meta_disable_header":"","neve_meta_disable_footer":"","neve_meta_disable_title":""},"product_brand":[],"product_cat":[8769],"product_tag":[6861],"class_list":{"0":"post-18883","1":"product","2":"type-product","3":"status-publish","4":"has-post-thumbnail","6":"product_cat-routers-redes-con-cable","7":"product_tag-dsr-250v2","9":"first","10":"instock","11":"taxable","12":"shipping-taxable","13":"purchasable","14":"product-type-simple"},"yoast_head":"<!-- This site is optimized with the Yoast SEO plugin v26.0 - https:\/\/yoast.com\/wordpress\/plugins\/seo\/ -->\n<title>D-Link DSR-250v2 VPN Router 1xGbE WAN 3xGbE - Aivlisoft Inform\u00e1tica<\/title>\n<meta name=\"robots\" content=\"index, follow, max-snippet:-1, max-image-preview:large, max-video-preview:-1\" \/>\n<link rel=\"canonical\" href=\"https:\/\/aivlisoft.net\/shop\/producto\/d-link-dsr-250v2-vpn-router-1xgbe-wan-3xgbe\/\" \/>\n<meta property=\"og:locale\" content=\"es_ES\" \/>\n<meta property=\"og:type\" content=\"article\" \/>\n<meta property=\"og:title\" content=\"D-Link DSR-250v2 VPN Router 1xGbE WAN 3xGbE - Aivlisoft Inform\u00e1tica\" \/>\n<meta property=\"og:description\" content=\"&nbsp; Marca D-Link Modelo DSR-250v2 Caracter&iacute;sticas Hardware &#8211; Versi&oacute;n: A1 &#8211; Interfaces Ethernet: &nbsp; 1 x puerto WAN de 10\/100\/1000 Mbps &nbsp; 3 x puertos LAN de 10\/100\/1000 Mbps &nbsp; 1 x puerto configurable de 10\/100\/1000 Mbps &#8211; 1 x puerto USB 3.0 &#8211; 1 x puerto de consola RJ-45 Desempe&ntilde;o &#8211; Rendimiento del cortafuegos:&hellip;&nbsp;D-Link DSR-250v2 VPN Router 1xGbE WAN 3xGbE\" \/>\n<meta property=\"og:url\" content=\"https:\/\/aivlisoft.net\/shop\/producto\/d-link-dsr-250v2-vpn-router-1xgbe-wan-3xgbe\/\" \/>\n<meta property=\"og:site_name\" content=\"Aivlisoft Inform\u00e1tica\" \/>\n<meta property=\"article:modified_time\" content=\"2025-01-14T11:41:57+00:00\" \/>\n<meta property=\"og:image\" content=\"https:\/\/aivlisoft.net\/shop\/wp-content\/uploads\/2025\/01\/NROCAB0092_800.jpg\" \/>\n\t<meta property=\"og:image:width\" content=\"800\" \/>\n\t<meta property=\"og:image:height\" content=\"800\" \/>\n\t<meta property=\"og:image:type\" content=\"image\/jpeg\" \/>\n<meta name=\"twitter:card\" content=\"summary_large_image\" \/>\n<meta name=\"twitter:label1\" content=\"Tiempo de lectura\" \/>\n\t<meta name=\"twitter:data1\" content=\"3 minutos\" \/>\n<script type=\"application\/ld+json\" class=\"yoast-schema-graph\">{\"@context\":\"https:\/\/schema.org\",\"@graph\":[{\"@type\":\"WebPage\",\"@id\":\"https:\/\/aivlisoft.net\/shop\/producto\/d-link-dsr-250v2-vpn-router-1xgbe-wan-3xgbe\/\",\"url\":\"https:\/\/aivlisoft.net\/shop\/producto\/d-link-dsr-250v2-vpn-router-1xgbe-wan-3xgbe\/\",\"name\":\"D-Link DSR-250v2 VPN Router 1xGbE WAN 3xGbE - Aivlisoft Inform\u00e1tica\",\"isPartOf\":{\"@id\":\"https:\/\/aivlisoft.net\/shop\/#website\"},\"primaryImageOfPage\":{\"@id\":\"https:\/\/aivlisoft.net\/shop\/producto\/d-link-dsr-250v2-vpn-router-1xgbe-wan-3xgbe\/#primaryimage\"},\"image\":{\"@id\":\"https:\/\/aivlisoft.net\/shop\/producto\/d-link-dsr-250v2-vpn-router-1xgbe-wan-3xgbe\/#primaryimage\"},\"thumbnailUrl\":\"https:\/\/aivlisoft.net\/shop\/wp-content\/uploads\/2025\/01\/NROCAB0092_800.jpg\",\"datePublished\":\"2025-01-13T15:26:38+00:00\",\"dateModified\":\"2025-01-14T11:41:57+00:00\",\"breadcrumb\":{\"@id\":\"https:\/\/aivlisoft.net\/shop\/producto\/d-link-dsr-250v2-vpn-router-1xgbe-wan-3xgbe\/#breadcrumb\"},\"inLanguage\":\"es\",\"potentialAction\":[{\"@type\":\"ReadAction\",\"target\":[\"https:\/\/aivlisoft.net\/shop\/producto\/d-link-dsr-250v2-vpn-router-1xgbe-wan-3xgbe\/\"]}]},{\"@type\":\"ImageObject\",\"inLanguage\":\"es\",\"@id\":\"https:\/\/aivlisoft.net\/shop\/producto\/d-link-dsr-250v2-vpn-router-1xgbe-wan-3xgbe\/#primaryimage\",\"url\":\"https:\/\/aivlisoft.net\/shop\/wp-content\/uploads\/2025\/01\/NROCAB0092_800.jpg\",\"contentUrl\":\"https:\/\/aivlisoft.net\/shop\/wp-content\/uploads\/2025\/01\/NROCAB0092_800.jpg\",\"width\":800,\"height\":800},{\"@type\":\"BreadcrumbList\",\"@id\":\"https:\/\/aivlisoft.net\/shop\/producto\/d-link-dsr-250v2-vpn-router-1xgbe-wan-3xgbe\/#breadcrumb\",\"itemListElement\":[{\"@type\":\"ListItem\",\"position\":1,\"name\":\"Portada\",\"item\":\"https:\/\/aivlisoft.net\/shop\/\"},{\"@type\":\"ListItem\",\"position\":2,\"name\":\"Tienda\",\"item\":\"https:\/\/aivlisoft.net\/shop\/tienda\/\"},{\"@type\":\"ListItem\",\"position\":3,\"name\":\"D-Link DSR-250v2 VPN Router 1xGbE WAN 3xGbE\"}]},{\"@type\":\"WebSite\",\"@id\":\"https:\/\/aivlisoft.net\/shop\/#website\",\"url\":\"https:\/\/aivlisoft.net\/shop\/\",\"name\":\"Aivlisoft Inform\u00e1tica\",\"description\":\"En Aivlisoft Inform\u00e1tica ofrecemos soluciones tecnol\u00f3gicas para empresas: venta de ordenadores, consumibles, perif\u00e9ricos y m\u00e1s. Calidad, atenci\u00f3n personalizada y los mejores precios para tu negocio.\",\"publisher\":{\"@id\":\"https:\/\/aivlisoft.net\/shop\/#organization\"},\"potentialAction\":[{\"@type\":\"SearchAction\",\"target\":{\"@type\":\"EntryPoint\",\"urlTemplate\":\"https:\/\/aivlisoft.net\/shop\/?s={search_term_string}\"},\"query-input\":{\"@type\":\"PropertyValueSpecification\",\"valueRequired\":true,\"valueName\":\"search_term_string\"}}],\"inLanguage\":\"es\"},{\"@type\":\"Organization\",\"@id\":\"https:\/\/aivlisoft.net\/shop\/#organization\",\"name\":\"Aivlisoft Inform\u00e1tica\",\"url\":\"https:\/\/aivlisoft.net\/shop\/\",\"logo\":{\"@type\":\"ImageObject\",\"inLanguage\":\"es\",\"@id\":\"https:\/\/aivlisoft.net\/shop\/#\/schema\/logo\/image\/\",\"url\":\"https:\/\/aivlisoft.net\/shop\/wp-content\/uploads\/2024\/12\/removal.ai_5b848c54-0cdf-4140-95c5-c5536bb7573b-logodef.png\",\"contentUrl\":\"https:\/\/aivlisoft.net\/shop\/wp-content\/uploads\/2024\/12\/removal.ai_5b848c54-0cdf-4140-95c5-c5536bb7573b-logodef.png\",\"width\":484,\"height\":182,\"caption\":\"Aivlisoft Inform\u00e1tica\"},\"image\":{\"@id\":\"https:\/\/aivlisoft.net\/shop\/#\/schema\/logo\/image\/\"}}]}<\/script>\n<!-- \/ Yoast SEO plugin. -->","yoast_head_json":{"title":"D-Link DSR-250v2 VPN Router 1xGbE WAN 3xGbE - Aivlisoft Inform\u00e1tica","robots":{"index":"index","follow":"follow","max-snippet":"max-snippet:-1","max-image-preview":"max-image-preview:large","max-video-preview":"max-video-preview:-1"},"canonical":"https:\/\/aivlisoft.net\/shop\/producto\/d-link-dsr-250v2-vpn-router-1xgbe-wan-3xgbe\/","og_locale":"es_ES","og_type":"article","og_title":"D-Link DSR-250v2 VPN Router 1xGbE WAN 3xGbE - Aivlisoft Inform\u00e1tica","og_description":"&nbsp; Marca D-Link Modelo DSR-250v2 Caracter&iacute;sticas Hardware &#8211; Versi&oacute;n: A1 &#8211; Interfaces Ethernet: &nbsp; 1 x puerto WAN de 10\/100\/1000 Mbps &nbsp; 3 x puertos LAN de 10\/100\/1000 Mbps &nbsp; 1 x puerto configurable de 10\/100\/1000 Mbps &#8211; 1 x puerto USB 3.0 &#8211; 1 x puerto de consola RJ-45 Desempe&ntilde;o &#8211; Rendimiento del cortafuegos:&hellip;&nbsp;D-Link DSR-250v2 VPN Router 1xGbE WAN 3xGbE","og_url":"https:\/\/aivlisoft.net\/shop\/producto\/d-link-dsr-250v2-vpn-router-1xgbe-wan-3xgbe\/","og_site_name":"Aivlisoft Inform\u00e1tica","article_modified_time":"2025-01-14T11:41:57+00:00","og_image":[{"width":800,"height":800,"url":"https:\/\/aivlisoft.net\/shop\/wp-content\/uploads\/2025\/01\/NROCAB0092_800.jpg","type":"image\/jpeg"}],"twitter_card":"summary_large_image","twitter_misc":{"Tiempo de lectura":"3 minutos"},"schema":{"@context":"https:\/\/schema.org","@graph":[{"@type":"WebPage","@id":"https:\/\/aivlisoft.net\/shop\/producto\/d-link-dsr-250v2-vpn-router-1xgbe-wan-3xgbe\/","url":"https:\/\/aivlisoft.net\/shop\/producto\/d-link-dsr-250v2-vpn-router-1xgbe-wan-3xgbe\/","name":"D-Link DSR-250v2 VPN Router 1xGbE WAN 3xGbE - Aivlisoft Inform\u00e1tica","isPartOf":{"@id":"https:\/\/aivlisoft.net\/shop\/#website"},"primaryImageOfPage":{"@id":"https:\/\/aivlisoft.net\/shop\/producto\/d-link-dsr-250v2-vpn-router-1xgbe-wan-3xgbe\/#primaryimage"},"image":{"@id":"https:\/\/aivlisoft.net\/shop\/producto\/d-link-dsr-250v2-vpn-router-1xgbe-wan-3xgbe\/#primaryimage"},"thumbnailUrl":"https:\/\/aivlisoft.net\/shop\/wp-content\/uploads\/2025\/01\/NROCAB0092_800.jpg","datePublished":"2025-01-13T15:26:38+00:00","dateModified":"2025-01-14T11:41:57+00:00","breadcrumb":{"@id":"https:\/\/aivlisoft.net\/shop\/producto\/d-link-dsr-250v2-vpn-router-1xgbe-wan-3xgbe\/#breadcrumb"},"inLanguage":"es","potentialAction":[{"@type":"ReadAction","target":["https:\/\/aivlisoft.net\/shop\/producto\/d-link-dsr-250v2-vpn-router-1xgbe-wan-3xgbe\/"]}]},{"@type":"ImageObject","inLanguage":"es","@id":"https:\/\/aivlisoft.net\/shop\/producto\/d-link-dsr-250v2-vpn-router-1xgbe-wan-3xgbe\/#primaryimage","url":"https:\/\/aivlisoft.net\/shop\/wp-content\/uploads\/2025\/01\/NROCAB0092_800.jpg","contentUrl":"https:\/\/aivlisoft.net\/shop\/wp-content\/uploads\/2025\/01\/NROCAB0092_800.jpg","width":800,"height":800},{"@type":"BreadcrumbList","@id":"https:\/\/aivlisoft.net\/shop\/producto\/d-link-dsr-250v2-vpn-router-1xgbe-wan-3xgbe\/#breadcrumb","itemListElement":[{"@type":"ListItem","position":1,"name":"Portada","item":"https:\/\/aivlisoft.net\/shop\/"},{"@type":"ListItem","position":2,"name":"Tienda","item":"https:\/\/aivlisoft.net\/shop\/tienda\/"},{"@type":"ListItem","position":3,"name":"D-Link DSR-250v2 VPN Router 1xGbE WAN 3xGbE"}]},{"@type":"WebSite","@id":"https:\/\/aivlisoft.net\/shop\/#website","url":"https:\/\/aivlisoft.net\/shop\/","name":"Aivlisoft Inform\u00e1tica","description":"En Aivlisoft Inform\u00e1tica ofrecemos soluciones tecnol\u00f3gicas para empresas: venta de ordenadores, consumibles, perif\u00e9ricos y m\u00e1s. Calidad, atenci\u00f3n personalizada y los mejores precios para tu negocio.","publisher":{"@id":"https:\/\/aivlisoft.net\/shop\/#organization"},"potentialAction":[{"@type":"SearchAction","target":{"@type":"EntryPoint","urlTemplate":"https:\/\/aivlisoft.net\/shop\/?s={search_term_string}"},"query-input":{"@type":"PropertyValueSpecification","valueRequired":true,"valueName":"search_term_string"}}],"inLanguage":"es"},{"@type":"Organization","@id":"https:\/\/aivlisoft.net\/shop\/#organization","name":"Aivlisoft Inform\u00e1tica","url":"https:\/\/aivlisoft.net\/shop\/","logo":{"@type":"ImageObject","inLanguage":"es","@id":"https:\/\/aivlisoft.net\/shop\/#\/schema\/logo\/image\/","url":"https:\/\/aivlisoft.net\/shop\/wp-content\/uploads\/2024\/12\/removal.ai_5b848c54-0cdf-4140-95c5-c5536bb7573b-logodef.png","contentUrl":"https:\/\/aivlisoft.net\/shop\/wp-content\/uploads\/2024\/12\/removal.ai_5b848c54-0cdf-4140-95c5-c5536bb7573b-logodef.png","width":484,"height":182,"caption":"Aivlisoft Inform\u00e1tica"},"image":{"@id":"https:\/\/aivlisoft.net\/shop\/#\/schema\/logo\/image\/"}}]}},"_links":{"self":[{"href":"https:\/\/aivlisoft.net\/shop\/wp-json\/wp\/v2\/product\/18883","targetHints":{"allow":["GET"]}}],"collection":[{"href":"https:\/\/aivlisoft.net\/shop\/wp-json\/wp\/v2\/product"}],"about":[{"href":"https:\/\/aivlisoft.net\/shop\/wp-json\/wp\/v2\/types\/product"}],"wp:featuredmedia":[{"embeddable":true,"href":"https:\/\/aivlisoft.net\/shop\/wp-json\/wp\/v2\/media\/18884"}],"wp:attachment":[{"href":"https:\/\/aivlisoft.net\/shop\/wp-json\/wp\/v2\/media?parent=18883"}],"wp:term":[{"taxonomy":"product_brand","embeddable":true,"href":"https:\/\/aivlisoft.net\/shop\/wp-json\/wp\/v2\/product_brand?post=18883"},{"taxonomy":"product_cat","embeddable":true,"href":"https:\/\/aivlisoft.net\/shop\/wp-json\/wp\/v2\/product_cat?post=18883"},{"taxonomy":"product_tag","embeddable":true,"href":"https:\/\/aivlisoft.net\/shop\/wp-json\/wp\/v2\/product_tag?post=18883"}],"curies":[{"name":"wp","href":"https:\/\/api.w.org\/{rel}","templated":true}]}}