{"id":18881,"date":"2025-01-13T15:26:37","date_gmt":"2025-01-13T15:26:37","guid":{"rendered":"https:\/\/aivlisoft.com\/?post_type=product&#038;p=18881"},"modified":"2025-01-14T11:41:56","modified_gmt":"2025-01-14T11:41:56","slug":"tp-link-er7212pc-router-8xgbe-2xgb-sfp-1xgbe-wan","status":"publish","type":"product","link":"https:\/\/aivlisoft.net\/shop\/producto\/tp-link-er7212pc-router-8xgbe-2xgb-sfp-1xgbe-wan\/","title":{"rendered":"TP-Link ER7212PC Router 8xGbE 2xGb SFP 1xGbE WAN"},"content":{"rendered":"<p>&nbsp;<\/p>\n<table class=\"tabla_caracteristicas\" width=\"100%\">\n<tr>\n<td><strong>Marca<\/strong><\/td>\n<td>TP-Link<\/td>\n<\/tr>\n<tr>\n<td><strong>Modelo<\/strong><\/td>\n<td><strong>ER7212PC<\/strong><\/td>\n<\/tr>\n<tr>\n<td><strong>Hardware<\/strong><\/td>\n<td>&#8211; Normas y protocolos<br \/>\t\t\t&nbsp; IEEE 802.3, IEEE802.3u, IEEE802.3ab, IEEE802.3z, IEEE 802.3x, IEEE<br \/>\t\t\t&nbsp; 802.1q, TCP\/IP, DHCP, ICMP, NAT, PPPoE, NTP, HTTP, HTTPS, DNS,<br \/>\t\t\t&nbsp; IPSec, PPTP, L2TP, SNMP<br \/>\t\t\t&#8211; Interfaz<br \/>\t\t\t&nbsp; 2 puertos WAN\/LAN Gigabit SFP<br \/>\t\t\t&nbsp; 1 puerto WAN Gigabit<br \/>\t\t\t&nbsp; 1 puerto LAN\/WAN Gigabit<br \/>\t\t\t&nbsp; 8 puertos LAN Gigabit<br \/>\t\t\t&#8211; Medios de red<br \/>\t\t\t&nbsp; 10BASE-T: Cable UTP de categor&iacute;a 3, 4, 5 (m&aacute;x. 100 m)<br \/>\t\t\t&nbsp; EIA\/TIA-568 100&Omega; STP (m&aacute;x. 100 m)<br \/>\t\t\t&nbsp; 100BASE-TX: Cable UTP de categor&iacute;a 5, 5e (m&aacute;x. 100 m)<br \/>\t\t\t&nbsp; EIA\/TIA-568 100&Omega; STP (m&aacute;x. 100 m)<br \/>\t\t\t&nbsp; 1000BASE-T: Cable UTP de categor&iacute;a 5, 5e, 6 (m&aacute;x. 100 m)<br \/>\t\t\t&#8211; Bot&oacute;n: Bot&oacute;n de reinicio<br \/>\t\t\t&#8211; Fuente de alimentaci&oacute;n: Adaptador de 53,5VDC\/2,43A<br \/>\t\t\t&#8211; Flash: <strong>8Mb<\/strong> Nor + <strong>4GB<\/strong> EMMC<br \/>\t\t\t&#8211; DRAM: <strong>1GB<\/strong> DDR3<br \/>\t\t\t&#8211; PoE: 8 puertos de salida PoE+, 110 W PoE Budget<br \/>\t\t\t&#8211; Protecci&oacute;n contra sobretensiones: Protecci&oacute;n contra sobretensiones de 4 kV<br \/>\t\t\t&#8211; Dimensiones: ( ancho x fondo x alto ) 8,9 &times; 5,2 &times; 1,4 pulgadas (226 &times; 131 &times; 35 mm)<br \/>\t\t\t&#8211; Materiales de la caja: Acero<br \/>\t\t\t&#8211; Instalaci&oacute;n: SDN de sobremesa\/montaje en pared<\/td>\n<\/tr>\n<tr>\n<td><strong>Software<\/strong><\/td>\n<td><strong>Funciones B&aacute;sicas<\/strong><br \/>\t\t\t&#8211; WAN Connection Type<br \/>\t\t\t&nbsp; Static IP<br \/>\t\t\t&nbsp; Dynamic IP<br \/>\t\t\t&nbsp; PPPoE<br \/>\t\t\t&nbsp; PPTP<br \/>\t\t\t&nbsp; L2TP<br \/>\t\t\t&#8211; DHCP<br \/>\t\t\t&nbsp; DHCP Server<br \/>\t\t\t&nbsp; DHCP Address Reservation<br \/>\t\t\t&nbsp; Multi-IP Interfaces<br \/>\t\t\t&nbsp; Multi-Net DHCP<br \/>\t\t\t&#8211; IPTV: IGMP v2\/v3 Proxy<br \/>\t\t\t&#8211; IPv6:<br \/>\t\t\t&#8211; VLAN: 802.1Q VLAN<br \/>\t\t\t&#8211; VPN: L2TP VPN y OpenVPN<br \/>\t\t\t&#8211; Security: Attack Defense, Filtering y Acces control<\/td>\n<\/tr>\n<tr>\n<td><strong>Gesti&oacute;n<\/strong><\/td>\n<td>&#8211; Sesiones concurrentes: 24.980<br \/>\t\t\t&#8211; Nuevas sesiones \/segundo: 1.900<br \/>\t\t\t&#8211; Rendimiento de la IP est&aacute;tica NAT (carga\/descarga): 935,5 Mbps \/ 942,1 Mbps<br \/>\t\t\t&#8211; Rendimiento de NAT DHCP (subida \/ bajada): 940,2 Mbps \/ 941,7 Mbps<br \/>\t\t\t&#8211; Rendimiento de NAT PPPoE (subida \/ bajada): 913,1 Mbps \/ 935,2 Mbps<br \/>\t\t\t&#8211; Rendimiento de NAT L2TP (subida \/ bajada): 545,0 Mbps \/ 912,7 Mbps<br \/>\t\t\t&#8211; Rendimiento de PPTP NAT (subida \/ bajada): 523,0 Mbps \/ 912,8 Mbps<br \/>\t\t\t&#8211; Tasa de reenv&iacute;o de paquetes de 66 bytes (subida \/ bajada): 154.069 pps \/ 156.977 pps<br \/>\t\t\t&#8211; 1.518 Byte Tasa de reenv&iacute;o de paquetes (subida \/ bajada): 81.193 pps \/ 81.193 pps<br \/>\t\t\t&#8211; Rendimiento de VPN IPSec (AES256): 168,5 Mbps<br \/>\t\t\t&#8211; OpenVPN: 34 Mbps<br \/>\t\t\t&#8211; Rendimiento de VPN L2TP<br \/>\t\t\t&nbsp; Sin cifrar: 845,3 Mbps<br \/>\t\t\t&nbsp; Cifrado: 333,2 Mbps<br \/>\t\t\t&#8211; Rendimiento de la VPN PPTP<br \/>\t\t\t&nbsp; Sin cifrar: 1012,6 Mbps<br \/>\t\t\t&nbsp; Cifrado: 401,4 Mbps<\/td>\n<\/tr>\n<tr>\n<td><strong>Otras Caracter&iacute;sticas<\/strong><\/td>\n<td>&#8211; Certificaci&oacute;n CE, FCC, RoHS<br \/>\t\t\t<strong>Requisitos del sistema<\/strong><br \/>\t\t\t&#8211; Microsoft Windows 98SE, NT, 2000, XP, Vista&trade; o Windows 7\/8\/8.1\/10<br \/>\t\t\t&#8211; MAC OS, NetWare, UNIX o Linux<br \/>\t\t\t<strong>Entorno<\/strong><br \/>\t\t\t&#8211; Temperatura de funcionamiento: 0 &deg;C a 45 &deg;C (32 &deg;F a 113 &deg;F)<br \/>\t\t\t&#8211; Temperatura de almacenamiento: de -40 &deg;C a 70 &deg;C (de -40 &deg;F a 158 &deg;F)<br \/>\t\t\t&#8211; Humedad de funcionamiento: del 10% al 90% sin condensaci&oacute;n<br \/>\t\t\t&#8211; Humedad de almacenamiento: del 5% al 90% sin condensaci&oacute;n<br \/>\t\t\t<strong>Contiene<\/strong><br \/>\t\t\t&#8211; Contenido del paquete ER7212PC<br \/>\t\t\t&#8211; Adaptador de corriente<br \/>\t\t\t&#8211; Cable de alimentaci&oacute;n<br \/>\t\t\t&#8211; Gu&iacute;a de instalaci&oacute;n r&aacute;pida<\/td>\n<\/tr>\n<tr>\n<td><strong>Fecha de revisi&oacute;n<\/strong><\/td>\n<td>24-10-2022 por MPM<\/td>\n<\/tr>\n<\/table>\n","protected":false},"excerpt":{"rendered":"<p>&nbsp; Marca TP-Link Modelo ER7212PC Hardware &#8211; Normas y protocolos &nbsp; IEEE 802.3, IEEE802.3u, IEEE802.3ab, IEEE802.3z, IEEE 802.3x, IEEE &nbsp; 802.1q, TCP\/IP, DHCP, ICMP, NAT, PPPoE, NTP, HTTP, HTTPS, DNS, &nbsp; IPSec, PPTP, L2TP, SNMP &#8211; Interfaz &nbsp; 2 puertos WAN\/LAN Gigabit SFP &nbsp; 1 puerto WAN Gigabit &nbsp; 1 puerto LAN\/WAN Gigabit &nbsp; 8&hellip;&nbsp;<a href=\"https:\/\/aivlisoft.net\/shop\/producto\/tp-link-er7212pc-router-8xgbe-2xgb-sfp-1xgbe-wan\/\" rel=\"bookmark\"><span class=\"screen-reader-text\">TP-Link ER7212PC Router 8xGbE 2xGb SFP 1xGbE WAN<\/span><\/a><\/p>\n","protected":false},"featured_media":18882,"template":"","meta":{"neve_meta_sidebar":"","neve_meta_container":"","neve_meta_enable_content_width":"","neve_meta_content_width":0,"neve_meta_title_alignment":"","neve_meta_author_avatar":"","neve_post_elements_order":"","neve_meta_disable_header":"","neve_meta_disable_footer":"","neve_meta_disable_title":""},"product_brand":[],"product_cat":[8769],"product_tag":[6860],"class_list":{"0":"post-18881","1":"product","2":"type-product","3":"status-publish","4":"has-post-thumbnail","6":"product_cat-routers-redes-con-cable","7":"product_tag-er7212pc","9":"first","10":"instock","11":"taxable","12":"shipping-taxable","13":"purchasable","14":"product-type-simple"},"yoast_head":"<!-- This site is optimized with the Yoast SEO plugin v26.0 - https:\/\/yoast.com\/wordpress\/plugins\/seo\/ -->\n<title>TP-Link ER7212PC Router 8xGbE 2xGb SFP 1xGbE WAN - Aivlisoft Inform\u00e1tica<\/title>\n<meta name=\"robots\" content=\"index, follow, max-snippet:-1, max-image-preview:large, max-video-preview:-1\" \/>\n<link rel=\"canonical\" href=\"https:\/\/aivlisoft.net\/shop\/producto\/tp-link-er7212pc-router-8xgbe-2xgb-sfp-1xgbe-wan\/\" \/>\n<meta property=\"og:locale\" content=\"es_ES\" \/>\n<meta property=\"og:type\" content=\"article\" \/>\n<meta property=\"og:title\" content=\"TP-Link ER7212PC Router 8xGbE 2xGb SFP 1xGbE WAN - Aivlisoft Inform\u00e1tica\" \/>\n<meta property=\"og:description\" content=\"&nbsp; Marca TP-Link Modelo ER7212PC Hardware &#8211; Normas y protocolos &nbsp; IEEE 802.3, IEEE802.3u, IEEE802.3ab, IEEE802.3z, IEEE 802.3x, IEEE &nbsp; 802.1q, TCP\/IP, DHCP, ICMP, NAT, PPPoE, NTP, HTTP, HTTPS, DNS, &nbsp; IPSec, PPTP, L2TP, SNMP &#8211; Interfaz &nbsp; 2 puertos WAN\/LAN Gigabit SFP &nbsp; 1 puerto WAN Gigabit &nbsp; 1 puerto LAN\/WAN Gigabit &nbsp; 8&hellip;&nbsp;TP-Link ER7212PC Router 8xGbE 2xGb SFP 1xGbE WAN\" \/>\n<meta property=\"og:url\" content=\"https:\/\/aivlisoft.net\/shop\/producto\/tp-link-er7212pc-router-8xgbe-2xgb-sfp-1xgbe-wan\/\" \/>\n<meta property=\"og:site_name\" content=\"Aivlisoft Inform\u00e1tica\" \/>\n<meta property=\"article:modified_time\" content=\"2025-01-14T11:41:56+00:00\" \/>\n<meta property=\"og:image\" content=\"https:\/\/aivlisoft.net\/shop\/wp-content\/uploads\/2025\/01\/NROCAB0091_800.jpg\" \/>\n\t<meta property=\"og:image:width\" content=\"800\" \/>\n\t<meta property=\"og:image:height\" content=\"800\" \/>\n\t<meta property=\"og:image:type\" content=\"image\/jpeg\" \/>\n<meta name=\"twitter:card\" content=\"summary_large_image\" \/>\n<meta name=\"twitter:label1\" content=\"Tiempo de lectura\" \/>\n\t<meta name=\"twitter:data1\" content=\"3 minutos\" \/>\n<script type=\"application\/ld+json\" class=\"yoast-schema-graph\">{\"@context\":\"https:\/\/schema.org\",\"@graph\":[{\"@type\":\"WebPage\",\"@id\":\"https:\/\/aivlisoft.net\/shop\/producto\/tp-link-er7212pc-router-8xgbe-2xgb-sfp-1xgbe-wan\/\",\"url\":\"https:\/\/aivlisoft.net\/shop\/producto\/tp-link-er7212pc-router-8xgbe-2xgb-sfp-1xgbe-wan\/\",\"name\":\"TP-Link ER7212PC Router 8xGbE 2xGb SFP 1xGbE WAN - Aivlisoft Inform\u00e1tica\",\"isPartOf\":{\"@id\":\"https:\/\/aivlisoft.net\/shop\/#website\"},\"primaryImageOfPage\":{\"@id\":\"https:\/\/aivlisoft.net\/shop\/producto\/tp-link-er7212pc-router-8xgbe-2xgb-sfp-1xgbe-wan\/#primaryimage\"},\"image\":{\"@id\":\"https:\/\/aivlisoft.net\/shop\/producto\/tp-link-er7212pc-router-8xgbe-2xgb-sfp-1xgbe-wan\/#primaryimage\"},\"thumbnailUrl\":\"https:\/\/aivlisoft.net\/shop\/wp-content\/uploads\/2025\/01\/NROCAB0091_800.jpg\",\"datePublished\":\"2025-01-13T15:26:37+00:00\",\"dateModified\":\"2025-01-14T11:41:56+00:00\",\"breadcrumb\":{\"@id\":\"https:\/\/aivlisoft.net\/shop\/producto\/tp-link-er7212pc-router-8xgbe-2xgb-sfp-1xgbe-wan\/#breadcrumb\"},\"inLanguage\":\"es\",\"potentialAction\":[{\"@type\":\"ReadAction\",\"target\":[\"https:\/\/aivlisoft.net\/shop\/producto\/tp-link-er7212pc-router-8xgbe-2xgb-sfp-1xgbe-wan\/\"]}]},{\"@type\":\"ImageObject\",\"inLanguage\":\"es\",\"@id\":\"https:\/\/aivlisoft.net\/shop\/producto\/tp-link-er7212pc-router-8xgbe-2xgb-sfp-1xgbe-wan\/#primaryimage\",\"url\":\"https:\/\/aivlisoft.net\/shop\/wp-content\/uploads\/2025\/01\/NROCAB0091_800.jpg\",\"contentUrl\":\"https:\/\/aivlisoft.net\/shop\/wp-content\/uploads\/2025\/01\/NROCAB0091_800.jpg\",\"width\":800,\"height\":800},{\"@type\":\"BreadcrumbList\",\"@id\":\"https:\/\/aivlisoft.net\/shop\/producto\/tp-link-er7212pc-router-8xgbe-2xgb-sfp-1xgbe-wan\/#breadcrumb\",\"itemListElement\":[{\"@type\":\"ListItem\",\"position\":1,\"name\":\"Portada\",\"item\":\"https:\/\/aivlisoft.net\/shop\/\"},{\"@type\":\"ListItem\",\"position\":2,\"name\":\"Tienda\",\"item\":\"https:\/\/aivlisoft.net\/shop\/tienda\/\"},{\"@type\":\"ListItem\",\"position\":3,\"name\":\"TP-Link ER7212PC Router 8xGbE 2xGb SFP 1xGbE WAN\"}]},{\"@type\":\"WebSite\",\"@id\":\"https:\/\/aivlisoft.net\/shop\/#website\",\"url\":\"https:\/\/aivlisoft.net\/shop\/\",\"name\":\"Aivlisoft Inform\u00e1tica\",\"description\":\"En Aivlisoft Inform\u00e1tica ofrecemos soluciones tecnol\u00f3gicas para empresas: venta de ordenadores, consumibles, perif\u00e9ricos y m\u00e1s. Calidad, atenci\u00f3n personalizada y los mejores precios para tu negocio.\",\"publisher\":{\"@id\":\"https:\/\/aivlisoft.net\/shop\/#organization\"},\"potentialAction\":[{\"@type\":\"SearchAction\",\"target\":{\"@type\":\"EntryPoint\",\"urlTemplate\":\"https:\/\/aivlisoft.net\/shop\/?s={search_term_string}\"},\"query-input\":{\"@type\":\"PropertyValueSpecification\",\"valueRequired\":true,\"valueName\":\"search_term_string\"}}],\"inLanguage\":\"es\"},{\"@type\":\"Organization\",\"@id\":\"https:\/\/aivlisoft.net\/shop\/#organization\",\"name\":\"Aivlisoft Inform\u00e1tica\",\"url\":\"https:\/\/aivlisoft.net\/shop\/\",\"logo\":{\"@type\":\"ImageObject\",\"inLanguage\":\"es\",\"@id\":\"https:\/\/aivlisoft.net\/shop\/#\/schema\/logo\/image\/\",\"url\":\"https:\/\/aivlisoft.net\/shop\/wp-content\/uploads\/2024\/12\/removal.ai_5b848c54-0cdf-4140-95c5-c5536bb7573b-logodef.png\",\"contentUrl\":\"https:\/\/aivlisoft.net\/shop\/wp-content\/uploads\/2024\/12\/removal.ai_5b848c54-0cdf-4140-95c5-c5536bb7573b-logodef.png\",\"width\":484,\"height\":182,\"caption\":\"Aivlisoft Inform\u00e1tica\"},\"image\":{\"@id\":\"https:\/\/aivlisoft.net\/shop\/#\/schema\/logo\/image\/\"}}]}<\/script>\n<!-- \/ Yoast SEO plugin. -->","yoast_head_json":{"title":"TP-Link ER7212PC Router 8xGbE 2xGb SFP 1xGbE WAN - Aivlisoft Inform\u00e1tica","robots":{"index":"index","follow":"follow","max-snippet":"max-snippet:-1","max-image-preview":"max-image-preview:large","max-video-preview":"max-video-preview:-1"},"canonical":"https:\/\/aivlisoft.net\/shop\/producto\/tp-link-er7212pc-router-8xgbe-2xgb-sfp-1xgbe-wan\/","og_locale":"es_ES","og_type":"article","og_title":"TP-Link ER7212PC Router 8xGbE 2xGb SFP 1xGbE WAN - Aivlisoft Inform\u00e1tica","og_description":"&nbsp; Marca TP-Link Modelo ER7212PC Hardware &#8211; Normas y protocolos &nbsp; IEEE 802.3, IEEE802.3u, IEEE802.3ab, IEEE802.3z, IEEE 802.3x, IEEE &nbsp; 802.1q, TCP\/IP, DHCP, ICMP, NAT, PPPoE, NTP, HTTP, HTTPS, DNS, &nbsp; IPSec, PPTP, L2TP, SNMP &#8211; Interfaz &nbsp; 2 puertos WAN\/LAN Gigabit SFP &nbsp; 1 puerto WAN Gigabit &nbsp; 1 puerto LAN\/WAN Gigabit &nbsp; 8&hellip;&nbsp;TP-Link ER7212PC Router 8xGbE 2xGb SFP 1xGbE WAN","og_url":"https:\/\/aivlisoft.net\/shop\/producto\/tp-link-er7212pc-router-8xgbe-2xgb-sfp-1xgbe-wan\/","og_site_name":"Aivlisoft Inform\u00e1tica","article_modified_time":"2025-01-14T11:41:56+00:00","og_image":[{"width":800,"height":800,"url":"https:\/\/aivlisoft.net\/shop\/wp-content\/uploads\/2025\/01\/NROCAB0091_800.jpg","type":"image\/jpeg"}],"twitter_card":"summary_large_image","twitter_misc":{"Tiempo de lectura":"3 minutos"},"schema":{"@context":"https:\/\/schema.org","@graph":[{"@type":"WebPage","@id":"https:\/\/aivlisoft.net\/shop\/producto\/tp-link-er7212pc-router-8xgbe-2xgb-sfp-1xgbe-wan\/","url":"https:\/\/aivlisoft.net\/shop\/producto\/tp-link-er7212pc-router-8xgbe-2xgb-sfp-1xgbe-wan\/","name":"TP-Link ER7212PC Router 8xGbE 2xGb SFP 1xGbE WAN - Aivlisoft Inform\u00e1tica","isPartOf":{"@id":"https:\/\/aivlisoft.net\/shop\/#website"},"primaryImageOfPage":{"@id":"https:\/\/aivlisoft.net\/shop\/producto\/tp-link-er7212pc-router-8xgbe-2xgb-sfp-1xgbe-wan\/#primaryimage"},"image":{"@id":"https:\/\/aivlisoft.net\/shop\/producto\/tp-link-er7212pc-router-8xgbe-2xgb-sfp-1xgbe-wan\/#primaryimage"},"thumbnailUrl":"https:\/\/aivlisoft.net\/shop\/wp-content\/uploads\/2025\/01\/NROCAB0091_800.jpg","datePublished":"2025-01-13T15:26:37+00:00","dateModified":"2025-01-14T11:41:56+00:00","breadcrumb":{"@id":"https:\/\/aivlisoft.net\/shop\/producto\/tp-link-er7212pc-router-8xgbe-2xgb-sfp-1xgbe-wan\/#breadcrumb"},"inLanguage":"es","potentialAction":[{"@type":"ReadAction","target":["https:\/\/aivlisoft.net\/shop\/producto\/tp-link-er7212pc-router-8xgbe-2xgb-sfp-1xgbe-wan\/"]}]},{"@type":"ImageObject","inLanguage":"es","@id":"https:\/\/aivlisoft.net\/shop\/producto\/tp-link-er7212pc-router-8xgbe-2xgb-sfp-1xgbe-wan\/#primaryimage","url":"https:\/\/aivlisoft.net\/shop\/wp-content\/uploads\/2025\/01\/NROCAB0091_800.jpg","contentUrl":"https:\/\/aivlisoft.net\/shop\/wp-content\/uploads\/2025\/01\/NROCAB0091_800.jpg","width":800,"height":800},{"@type":"BreadcrumbList","@id":"https:\/\/aivlisoft.net\/shop\/producto\/tp-link-er7212pc-router-8xgbe-2xgb-sfp-1xgbe-wan\/#breadcrumb","itemListElement":[{"@type":"ListItem","position":1,"name":"Portada","item":"https:\/\/aivlisoft.net\/shop\/"},{"@type":"ListItem","position":2,"name":"Tienda","item":"https:\/\/aivlisoft.net\/shop\/tienda\/"},{"@type":"ListItem","position":3,"name":"TP-Link ER7212PC Router 8xGbE 2xGb SFP 1xGbE WAN"}]},{"@type":"WebSite","@id":"https:\/\/aivlisoft.net\/shop\/#website","url":"https:\/\/aivlisoft.net\/shop\/","name":"Aivlisoft Inform\u00e1tica","description":"En Aivlisoft Inform\u00e1tica ofrecemos soluciones tecnol\u00f3gicas para empresas: venta de ordenadores, consumibles, perif\u00e9ricos y m\u00e1s. Calidad, atenci\u00f3n personalizada y los mejores precios para tu negocio.","publisher":{"@id":"https:\/\/aivlisoft.net\/shop\/#organization"},"potentialAction":[{"@type":"SearchAction","target":{"@type":"EntryPoint","urlTemplate":"https:\/\/aivlisoft.net\/shop\/?s={search_term_string}"},"query-input":{"@type":"PropertyValueSpecification","valueRequired":true,"valueName":"search_term_string"}}],"inLanguage":"es"},{"@type":"Organization","@id":"https:\/\/aivlisoft.net\/shop\/#organization","name":"Aivlisoft Inform\u00e1tica","url":"https:\/\/aivlisoft.net\/shop\/","logo":{"@type":"ImageObject","inLanguage":"es","@id":"https:\/\/aivlisoft.net\/shop\/#\/schema\/logo\/image\/","url":"https:\/\/aivlisoft.net\/shop\/wp-content\/uploads\/2024\/12\/removal.ai_5b848c54-0cdf-4140-95c5-c5536bb7573b-logodef.png","contentUrl":"https:\/\/aivlisoft.net\/shop\/wp-content\/uploads\/2024\/12\/removal.ai_5b848c54-0cdf-4140-95c5-c5536bb7573b-logodef.png","width":484,"height":182,"caption":"Aivlisoft Inform\u00e1tica"},"image":{"@id":"https:\/\/aivlisoft.net\/shop\/#\/schema\/logo\/image\/"}}]}},"_links":{"self":[{"href":"https:\/\/aivlisoft.net\/shop\/wp-json\/wp\/v2\/product\/18881","targetHints":{"allow":["GET"]}}],"collection":[{"href":"https:\/\/aivlisoft.net\/shop\/wp-json\/wp\/v2\/product"}],"about":[{"href":"https:\/\/aivlisoft.net\/shop\/wp-json\/wp\/v2\/types\/product"}],"wp:featuredmedia":[{"embeddable":true,"href":"https:\/\/aivlisoft.net\/shop\/wp-json\/wp\/v2\/media\/18882"}],"wp:attachment":[{"href":"https:\/\/aivlisoft.net\/shop\/wp-json\/wp\/v2\/media?parent=18881"}],"wp:term":[{"taxonomy":"product_brand","embeddable":true,"href":"https:\/\/aivlisoft.net\/shop\/wp-json\/wp\/v2\/product_brand?post=18881"},{"taxonomy":"product_cat","embeddable":true,"href":"https:\/\/aivlisoft.net\/shop\/wp-json\/wp\/v2\/product_cat?post=18881"},{"taxonomy":"product_tag","embeddable":true,"href":"https:\/\/aivlisoft.net\/shop\/wp-json\/wp\/v2\/product_tag?post=18881"}],"curies":[{"name":"wp","href":"https:\/\/api.w.org\/{rel}","templated":true}]}}