{"id":18873,"date":"2025-01-13T15:26:30","date_gmt":"2025-01-13T15:26:30","guid":{"rendered":"https:\/\/aivlisoft.com\/?post_type=product&#038;p=18873"},"modified":"2025-01-14T11:41:51","modified_gmt":"2025-01-14T11:41:51","slug":"tp-link-er8411-router-8xgbe-1x10gb-sfp-wan","status":"publish","type":"product","link":"https:\/\/aivlisoft.net\/shop\/producto\/tp-link-er8411-router-8xgbe-1x10gb-sfp-wan\/","title":{"rendered":"TP-Link ER8411 Router 8xGbE 1x10Gb SFP+ WAN"},"content":{"rendered":"<p>&nbsp;<\/p>\n<table class=\"tabla_caracteristicas\" width=\"100%\">\n<tr>\n<td><strong>Marca<\/strong><\/td>\n<td>TP-Link<\/td>\n<\/tr>\n<tr>\n<td><strong>Modelo<\/strong><\/td>\n<td><strong>ER8411<\/strong><\/td>\n<\/tr>\n<tr>\n<td><strong>Hardware<\/strong><\/td>\n<td>&#8211; Normas y Protocolos:<br \/>\t\t\t&nbsp; IEEE 802.3, 802.3u, 802.3ab, IEEE 802.3x, IEEE 802.1q<br \/>\t\t\t&nbsp; TCP\/IP, DHCP, ICMP, NAT, PPPoE, NTP, HTTP, HTTPS, DNS, IPSec, PPTP, L2TP, OpenVPN, SNMP<br \/>\t\t\t&#8211; Interfaz:<br \/>\t\t\t&nbsp; 2 puertos 10GE SFP+ (1 WAN, 1 WAN\/LAN)<br \/>\t\t\t&nbsp; 1 puerto WAN\/LAN SFP de 1 GE<br \/>\t\t\t&nbsp; 8 puertos 1GE RJ45 WAN\/LAN<br \/>\t\t\t&nbsp; 1 puerto de consola RJ45<br \/>\t\t\t&nbsp; 2 puertos USB (conexi&oacute;n de m&oacute;dem 4G\/3G como respaldo WAN)<br \/>\t\t\t&#8211; Bot&oacute;n: bot&oacute;n de reinicio<br \/>\t\t\t&#8211; Fuente de alimentaci&oacute;n: Fuentes de alimentaci&oacute;n dobles redundantes (100&ndash;240 VCA, 50\/60 Hz)<br \/>\t\t\t&#8211; LED: PWR, SYS, WAN, LAN, USB, VENTILADOR<br \/>\t\t\t&#8211; Dimensiones (An. x Pr. x Al.): 17,3 &times; 8,7 &times; 1,7 pulgadas (440 &times; 220 &times; 44 mm)<\/td>\n<\/tr>\n<tr>\n<td><strong>Software<\/strong><\/td>\n<td><strong>Funciones B&aacute;sicas<\/strong><br \/>\t\t\t&#8211; Tipo de conexi&oacute;n WAN:<br \/>\t\t\t&nbsp; IP est&aacute;tica\/din&aacute;mica<br \/>\t\t\t&nbsp; PPPoE<br \/>\t\t\t&nbsp; PPTP<br \/>\t\t\t&nbsp; L2TP<br \/>\t\t\t&nbsp; T&uacute;nel 6to4<br \/>\t\t\t&nbsp; Pasar por<br \/>\t\t\t&nbsp; Banda ancha m&oacute;vil: m&oacute;dem 4G\/3G para respaldo a trav&eacute;s del puerto USB<br \/>\t\t\t&#8211; Clon MAC: Modificar direcci&oacute;n MAC WAN\/LAN<br \/>\t\t\t&#8211; DHCP:<br \/>\t\t\t&nbsp; Servidor\/Cliente DHCP<br \/>\t\t\t&nbsp; Reserva de direcciones DHCP<br \/>\t\t\t&nbsp; DHCP multired<br \/>\t\t\t&nbsp; Interfaces IP m&uacute;ltiples<br \/>\t\t\t&#8211; IPv6: S&iacute;<br \/>\t\t\t&#8211; VLAN: 802.1Q VLAN<br \/>\t\t\t&#8211; IPTV: Proxy IGMP v2\/v3<br \/>\t\t\t<strong>Funciones Avanzadas<\/strong><br \/>\t\t\t&#8211; ACL: Filtrado de IP\/Puerto\/Protocolo\/Nombre de Dominio<br \/>\t\t\t&#8211; Camino avanzado<br \/>\t\t\t&nbsp; enrutamiento estatico<br \/>\t\t\t&nbsp; Enrutamiento de pol&iacute;ticas<br \/>\t\t\t&#8211; Control de Ancho de Banda<br \/>\t\t\t&nbsp; Control de ancho de banda basado en puerto\/IP<br \/>\t\t\t&nbsp; Garant&iacute;a y ancho de banda limitado<br \/>\t\t\t&#8211; Equilibrio de carga:<br \/>\t\t\t&nbsp; Equilibrio de carga inteligente<br \/>\t\t\t&nbsp; Enrutamiento optimizado para aplicaciones<br \/>\t\t\t&nbsp; Copia de seguridad de enlace (sincronizaci&oacute;n , conmutaci&oacute;n por error)<br \/>\t\t\t&nbsp; Detecci&oacute;n en l&iacute;nea<br \/>\t\t\t&#8211; NAT:<br \/>\t\t\t&nbsp; NAT uno a uno<br \/>\t\t\t&nbsp; NAT multired<br \/>\t\t\t&nbsp; Servidor virtual<br \/>\t\t\t&nbsp; Activaci&oacute;n de puertos<br \/>\t\t\t&nbsp; NAT-DMZ<br \/>\t\t\t&nbsp; FTP\/H.323\/SIP\/IPSec\/PPTP ALG, UPnP<br \/>\t\t\t&#8211; Seguridad:<br \/>\t\t\t&nbsp; Cortafuegos SPI<br \/>\t\t\t&nbsp; Paso de VPN<br \/>\t\t\t&nbsp; FTP\/H.323\/PPTP\/SIP\/IPsec ALG<br \/>\t\t\t&nbsp; Defensa DoS, Ping de la muerte<br \/>\t\t\t&nbsp; Administraci&oacute;n Local<br \/>\t\t\t&#8211; L&iacute;mite de sesi&oacute;n: l&iacute;mite de sesi&oacute;n basado en IP<\/td>\n<\/tr>\n<tr>\n<td><strong>Gesti&oacute;n<\/strong><\/td>\n<td><strong>Seguridad<\/strong><br \/>\t\t\t&#8211; Filtrado: Filtrado de grupos WEB<br \/>\t\t\t&#8211; Filtrado de URL<br \/>\t\t\t&#8211; Seguridad web<br \/>\t\t\t&#8211; Inspecci&oacute;n ARP:<br \/>\t\t\t&nbsp; Env&iacute;o de paquetes GARP<br \/>\t\t\t&nbsp; Escaneo ARP<br \/>\t\t\t&nbsp; Enlace IP-MAC<br \/>\t\t\t&#8211; Defensa de ataque:<br \/>\t\t\t&nbsp; Defensa contra inundaciones TCP\/UDP\/ICMP<br \/>\t\t\t&nbsp; Bloquear escaneo TCP (Stealth FIN\/Xmas\/Null)<br \/>\t\t\t&nbsp; Bloquear ping desde WAN<br \/>\t\t\t&#8211; Control de acceso: control de acceso basado en IP de origen\/destino<br \/>\t\t\t<strong>Web Authentication &nbsp;&nbsp; &nbsp;<\/strong><br \/>\t\t\t&#8211; Sin autenticacion<br \/>\t\t\t&#8211; Contrase&ntilde;a sencilla<br \/>\t\t\t&#8211; Punto de acceso (Usuario local \/ Cup&oacute;n \/ SMS \/ Radius)<br \/>\t\t\t&#8211; Severo de radio externo<br \/>\t\t\t&#8211; Servidor de portal externo<br \/>\t\t\t&#8211; Registro de Facebook<br \/>\t\t\t&#8211; Seguir Instagram<br \/>\t\t\t<strong>Gesti&oacute;n<\/strong><br \/>\t\t\t&#8211; Aplicaci&oacute;n Omada: S&iacute;<br \/>\t\t\t&#8211; Gesti&oacute;n Centralizada:<br \/>\t\t\t&nbsp; Controlador de hardware Omada (OC300)<br \/>\t\t\t&nbsp; Controlador de hardware Omada (OC200)<br \/>\t\t\t&nbsp; Controlador de software Omada<br \/>\t\t\t&nbsp; Controlador basado en la nube Omada<br \/>\t\t\t&#8211; Acceso a la nube: s&iacute; (a trav&eacute;s de OC300, OC200, controlador de software Omada o controlador basado en la nube Omada)<br \/>\t\t\t&#8211; Servicio: DNS Din&aacute;mico (Dyndns, No-IP, Peanuthull, Comexe)<br \/>\t\t\t&#8211; Mantenimiento:<br \/>\t\t\t&nbsp; Configuracion de hora<br \/>\t\t\t&nbsp; Diagn&oacute;stico<br \/>\t\t\t&nbsp; Actualizaci&oacute;n de firmware<br \/>\t\t\t&nbsp; Valores predeterminados de f&aacute;brica\/Reinicio<br \/>\t\t\t&nbsp; Copia de seguridad de restauracion<br \/>\t\t\t&nbsp; Registro del sistema<br \/>\t\t\t&nbsp; Gesti&oacute;n remota<br \/>\t\t\t&nbsp; Estad&iacute;sticas<br \/>\t\t\t&nbsp; Configuraci&oacute;n del controlador<br \/>\t\t\t&nbsp; SNMP<br \/>\t\t\t&#8211; Funciones de gesti&oacute;n:<br \/>\t\t\t&nbsp; Detecci&oacute;n autom&aacute;tica de dispositivos<br \/>\t\t\t&nbsp; Monitoreo de red inteligente<br \/>\t\t\t&nbsp; Advertencias de eventos anormales<br \/>\t\t\t&nbsp; Configuraci&oacute;n unificada<br \/>\t\t\t&nbsp; Horario de reinicio<br \/>\t\t\t&nbsp; Configuraci&oacute;n del portal cautivo<\/td>\n<\/tr>\n<tr>\n<td><strong>Otras Caracter&iacute;sticas<\/strong><\/td>\n<td><strong>Certificaciones<\/strong><br \/>\t\t\t&#8211; Certificaciones: CE, FCC, RoHS<br \/>\t\t\t<strong>Caracter&iacute;sticas ambientales<\/strong><br \/>\t\t\t&#8211; Temperatura de funcionamiento: 0&ordm;C ~ 40&ordm;C<br \/>\t\t\t&#8211; Temperatura de almacenamiento: -40&ordm;C~70&ordm;C<br \/>\t\t\t&#8211; Humedad de funcionamiento: 10% ~ 90% sin condensaci&oacute;n<br \/>\t\t\t&#8211; Humedad de almacenamiento: 5% ~ 90% sin condensaci&oacute;n<br \/>\t\t\t<strong>Contenido<\/strong><br \/>\t\t\t&#8211; Omada 10G Multi-WAN Security Gateway ER8411<br \/>\t\t\t&#8211; Cable de alimentaci&oacute;n<br \/>\t\t\t&#8211; Kit de montaje en bastidor<br \/>\t\t\t&#8211; Gu&iacute;a de Instalaci&oacute;n R&aacute;pida<\/td>\n<\/tr>\n<tr>\n<td><strong>Fecha de revisi&oacute;n<\/strong><\/td>\n<td>26-10-2022 por MPM<\/td>\n<\/tr>\n<\/table>\n","protected":false},"excerpt":{"rendered":"<p>&nbsp; Marca TP-Link Modelo ER8411 Hardware &#8211; Normas y Protocolos: &nbsp; IEEE 802.3, 802.3u, 802.3ab, IEEE 802.3x, IEEE 802.1q &nbsp; TCP\/IP, DHCP, ICMP, NAT, PPPoE, NTP, HTTP, HTTPS, DNS, IPSec, PPTP, L2TP, OpenVPN, SNMP &#8211; Interfaz: &nbsp; 2 puertos 10GE SFP+ (1 WAN, 1 WAN\/LAN) &nbsp; 1 puerto WAN\/LAN SFP de 1 GE &nbsp; 8&hellip;&nbsp;<a href=\"https:\/\/aivlisoft.net\/shop\/producto\/tp-link-er8411-router-8xgbe-1x10gb-sfp-wan\/\" rel=\"bookmark\"><span class=\"screen-reader-text\">TP-Link ER8411 Router 8xGbE 1x10Gb SFP+ WAN<\/span><\/a><\/p>\n","protected":false},"featured_media":18874,"template":"","meta":{"neve_meta_sidebar":"","neve_meta_container":"","neve_meta_enable_content_width":"","neve_meta_content_width":0,"neve_meta_title_alignment":"","neve_meta_author_avatar":"","neve_post_elements_order":"","neve_meta_disable_header":"","neve_meta_disable_footer":"","neve_meta_disable_title":""},"product_brand":[],"product_cat":[8769],"product_tag":[6858],"class_list":{"0":"post-18873","1":"product","2":"type-product","3":"status-publish","4":"has-post-thumbnail","6":"product_cat-routers-redes-con-cable","7":"product_tag-er8411","9":"first","10":"instock","11":"taxable","12":"shipping-taxable","13":"purchasable","14":"product-type-simple"},"yoast_head":"<!-- This site is optimized with the Yoast SEO plugin v26.0 - https:\/\/yoast.com\/wordpress\/plugins\/seo\/ -->\n<title>TP-Link ER8411 Router 8xGbE 1x10Gb SFP+ WAN - Aivlisoft Inform\u00e1tica<\/title>\n<meta name=\"robots\" content=\"index, follow, max-snippet:-1, max-image-preview:large, max-video-preview:-1\" \/>\n<link rel=\"canonical\" href=\"https:\/\/aivlisoft.net\/shop\/producto\/tp-link-er8411-router-8xgbe-1x10gb-sfp-wan\/\" \/>\n<meta property=\"og:locale\" content=\"es_ES\" \/>\n<meta property=\"og:type\" content=\"article\" \/>\n<meta property=\"og:title\" content=\"TP-Link ER8411 Router 8xGbE 1x10Gb SFP+ WAN - Aivlisoft Inform\u00e1tica\" \/>\n<meta property=\"og:description\" content=\"&nbsp; Marca TP-Link Modelo ER8411 Hardware &#8211; Normas y Protocolos: &nbsp; IEEE 802.3, 802.3u, 802.3ab, IEEE 802.3x, IEEE 802.1q &nbsp; TCP\/IP, DHCP, ICMP, NAT, PPPoE, NTP, HTTP, HTTPS, DNS, IPSec, PPTP, L2TP, OpenVPN, SNMP &#8211; Interfaz: &nbsp; 2 puertos 10GE SFP+ (1 WAN, 1 WAN\/LAN) &nbsp; 1 puerto WAN\/LAN SFP de 1 GE &nbsp; 8&hellip;&nbsp;TP-Link ER8411 Router 8xGbE 1x10Gb SFP+ WAN\" \/>\n<meta property=\"og:url\" content=\"https:\/\/aivlisoft.net\/shop\/producto\/tp-link-er8411-router-8xgbe-1x10gb-sfp-wan\/\" \/>\n<meta property=\"og:site_name\" content=\"Aivlisoft Inform\u00e1tica\" \/>\n<meta property=\"article:modified_time\" content=\"2025-01-14T11:41:51+00:00\" \/>\n<meta property=\"og:image\" content=\"https:\/\/aivlisoft.net\/shop\/wp-content\/uploads\/2025\/01\/NROCAB0089_800.jpg\" \/>\n\t<meta property=\"og:image:width\" content=\"800\" \/>\n\t<meta property=\"og:image:height\" content=\"800\" \/>\n\t<meta property=\"og:image:type\" content=\"image\/jpeg\" \/>\n<meta name=\"twitter:card\" content=\"summary_large_image\" \/>\n<meta name=\"twitter:label1\" content=\"Tiempo de lectura\" \/>\n\t<meta name=\"twitter:data1\" content=\"4 minutos\" \/>\n<script type=\"application\/ld+json\" class=\"yoast-schema-graph\">{\"@context\":\"https:\/\/schema.org\",\"@graph\":[{\"@type\":\"WebPage\",\"@id\":\"https:\/\/aivlisoft.net\/shop\/producto\/tp-link-er8411-router-8xgbe-1x10gb-sfp-wan\/\",\"url\":\"https:\/\/aivlisoft.net\/shop\/producto\/tp-link-er8411-router-8xgbe-1x10gb-sfp-wan\/\",\"name\":\"TP-Link ER8411 Router 8xGbE 1x10Gb SFP+ WAN - Aivlisoft Inform\u00e1tica\",\"isPartOf\":{\"@id\":\"https:\/\/aivlisoft.net\/shop\/#website\"},\"primaryImageOfPage\":{\"@id\":\"https:\/\/aivlisoft.net\/shop\/producto\/tp-link-er8411-router-8xgbe-1x10gb-sfp-wan\/#primaryimage\"},\"image\":{\"@id\":\"https:\/\/aivlisoft.net\/shop\/producto\/tp-link-er8411-router-8xgbe-1x10gb-sfp-wan\/#primaryimage\"},\"thumbnailUrl\":\"https:\/\/aivlisoft.net\/shop\/wp-content\/uploads\/2025\/01\/NROCAB0089_800.jpg\",\"datePublished\":\"2025-01-13T15:26:30+00:00\",\"dateModified\":\"2025-01-14T11:41:51+00:00\",\"breadcrumb\":{\"@id\":\"https:\/\/aivlisoft.net\/shop\/producto\/tp-link-er8411-router-8xgbe-1x10gb-sfp-wan\/#breadcrumb\"},\"inLanguage\":\"es\",\"potentialAction\":[{\"@type\":\"ReadAction\",\"target\":[\"https:\/\/aivlisoft.net\/shop\/producto\/tp-link-er8411-router-8xgbe-1x10gb-sfp-wan\/\"]}]},{\"@type\":\"ImageObject\",\"inLanguage\":\"es\",\"@id\":\"https:\/\/aivlisoft.net\/shop\/producto\/tp-link-er8411-router-8xgbe-1x10gb-sfp-wan\/#primaryimage\",\"url\":\"https:\/\/aivlisoft.net\/shop\/wp-content\/uploads\/2025\/01\/NROCAB0089_800.jpg\",\"contentUrl\":\"https:\/\/aivlisoft.net\/shop\/wp-content\/uploads\/2025\/01\/NROCAB0089_800.jpg\",\"width\":800,\"height\":800},{\"@type\":\"BreadcrumbList\",\"@id\":\"https:\/\/aivlisoft.net\/shop\/producto\/tp-link-er8411-router-8xgbe-1x10gb-sfp-wan\/#breadcrumb\",\"itemListElement\":[{\"@type\":\"ListItem\",\"position\":1,\"name\":\"Portada\",\"item\":\"https:\/\/aivlisoft.net\/shop\/\"},{\"@type\":\"ListItem\",\"position\":2,\"name\":\"Tienda\",\"item\":\"https:\/\/aivlisoft.net\/shop\/tienda\/\"},{\"@type\":\"ListItem\",\"position\":3,\"name\":\"TP-Link ER8411 Router 8xGbE 1x10Gb SFP+ WAN\"}]},{\"@type\":\"WebSite\",\"@id\":\"https:\/\/aivlisoft.net\/shop\/#website\",\"url\":\"https:\/\/aivlisoft.net\/shop\/\",\"name\":\"Aivlisoft Inform\u00e1tica\",\"description\":\"En Aivlisoft Inform\u00e1tica ofrecemos soluciones tecnol\u00f3gicas para empresas: venta de ordenadores, consumibles, perif\u00e9ricos y m\u00e1s. Calidad, atenci\u00f3n personalizada y los mejores precios para tu negocio.\",\"publisher\":{\"@id\":\"https:\/\/aivlisoft.net\/shop\/#organization\"},\"potentialAction\":[{\"@type\":\"SearchAction\",\"target\":{\"@type\":\"EntryPoint\",\"urlTemplate\":\"https:\/\/aivlisoft.net\/shop\/?s={search_term_string}\"},\"query-input\":{\"@type\":\"PropertyValueSpecification\",\"valueRequired\":true,\"valueName\":\"search_term_string\"}}],\"inLanguage\":\"es\"},{\"@type\":\"Organization\",\"@id\":\"https:\/\/aivlisoft.net\/shop\/#organization\",\"name\":\"Aivlisoft Inform\u00e1tica\",\"url\":\"https:\/\/aivlisoft.net\/shop\/\",\"logo\":{\"@type\":\"ImageObject\",\"inLanguage\":\"es\",\"@id\":\"https:\/\/aivlisoft.net\/shop\/#\/schema\/logo\/image\/\",\"url\":\"https:\/\/aivlisoft.net\/shop\/wp-content\/uploads\/2024\/12\/removal.ai_5b848c54-0cdf-4140-95c5-c5536bb7573b-logodef.png\",\"contentUrl\":\"https:\/\/aivlisoft.net\/shop\/wp-content\/uploads\/2024\/12\/removal.ai_5b848c54-0cdf-4140-95c5-c5536bb7573b-logodef.png\",\"width\":484,\"height\":182,\"caption\":\"Aivlisoft Inform\u00e1tica\"},\"image\":{\"@id\":\"https:\/\/aivlisoft.net\/shop\/#\/schema\/logo\/image\/\"}}]}<\/script>\n<!-- \/ Yoast SEO plugin. -->","yoast_head_json":{"title":"TP-Link ER8411 Router 8xGbE 1x10Gb SFP+ WAN - Aivlisoft Inform\u00e1tica","robots":{"index":"index","follow":"follow","max-snippet":"max-snippet:-1","max-image-preview":"max-image-preview:large","max-video-preview":"max-video-preview:-1"},"canonical":"https:\/\/aivlisoft.net\/shop\/producto\/tp-link-er8411-router-8xgbe-1x10gb-sfp-wan\/","og_locale":"es_ES","og_type":"article","og_title":"TP-Link ER8411 Router 8xGbE 1x10Gb SFP+ WAN - Aivlisoft Inform\u00e1tica","og_description":"&nbsp; Marca TP-Link Modelo ER8411 Hardware &#8211; Normas y Protocolos: &nbsp; IEEE 802.3, 802.3u, 802.3ab, IEEE 802.3x, IEEE 802.1q &nbsp; TCP\/IP, DHCP, ICMP, NAT, PPPoE, NTP, HTTP, HTTPS, DNS, IPSec, PPTP, L2TP, OpenVPN, SNMP &#8211; Interfaz: &nbsp; 2 puertos 10GE SFP+ (1 WAN, 1 WAN\/LAN) &nbsp; 1 puerto WAN\/LAN SFP de 1 GE &nbsp; 8&hellip;&nbsp;TP-Link ER8411 Router 8xGbE 1x10Gb SFP+ WAN","og_url":"https:\/\/aivlisoft.net\/shop\/producto\/tp-link-er8411-router-8xgbe-1x10gb-sfp-wan\/","og_site_name":"Aivlisoft Inform\u00e1tica","article_modified_time":"2025-01-14T11:41:51+00:00","og_image":[{"width":800,"height":800,"url":"https:\/\/aivlisoft.net\/shop\/wp-content\/uploads\/2025\/01\/NROCAB0089_800.jpg","type":"image\/jpeg"}],"twitter_card":"summary_large_image","twitter_misc":{"Tiempo de lectura":"4 minutos"},"schema":{"@context":"https:\/\/schema.org","@graph":[{"@type":"WebPage","@id":"https:\/\/aivlisoft.net\/shop\/producto\/tp-link-er8411-router-8xgbe-1x10gb-sfp-wan\/","url":"https:\/\/aivlisoft.net\/shop\/producto\/tp-link-er8411-router-8xgbe-1x10gb-sfp-wan\/","name":"TP-Link ER8411 Router 8xGbE 1x10Gb SFP+ WAN - Aivlisoft Inform\u00e1tica","isPartOf":{"@id":"https:\/\/aivlisoft.net\/shop\/#website"},"primaryImageOfPage":{"@id":"https:\/\/aivlisoft.net\/shop\/producto\/tp-link-er8411-router-8xgbe-1x10gb-sfp-wan\/#primaryimage"},"image":{"@id":"https:\/\/aivlisoft.net\/shop\/producto\/tp-link-er8411-router-8xgbe-1x10gb-sfp-wan\/#primaryimage"},"thumbnailUrl":"https:\/\/aivlisoft.net\/shop\/wp-content\/uploads\/2025\/01\/NROCAB0089_800.jpg","datePublished":"2025-01-13T15:26:30+00:00","dateModified":"2025-01-14T11:41:51+00:00","breadcrumb":{"@id":"https:\/\/aivlisoft.net\/shop\/producto\/tp-link-er8411-router-8xgbe-1x10gb-sfp-wan\/#breadcrumb"},"inLanguage":"es","potentialAction":[{"@type":"ReadAction","target":["https:\/\/aivlisoft.net\/shop\/producto\/tp-link-er8411-router-8xgbe-1x10gb-sfp-wan\/"]}]},{"@type":"ImageObject","inLanguage":"es","@id":"https:\/\/aivlisoft.net\/shop\/producto\/tp-link-er8411-router-8xgbe-1x10gb-sfp-wan\/#primaryimage","url":"https:\/\/aivlisoft.net\/shop\/wp-content\/uploads\/2025\/01\/NROCAB0089_800.jpg","contentUrl":"https:\/\/aivlisoft.net\/shop\/wp-content\/uploads\/2025\/01\/NROCAB0089_800.jpg","width":800,"height":800},{"@type":"BreadcrumbList","@id":"https:\/\/aivlisoft.net\/shop\/producto\/tp-link-er8411-router-8xgbe-1x10gb-sfp-wan\/#breadcrumb","itemListElement":[{"@type":"ListItem","position":1,"name":"Portada","item":"https:\/\/aivlisoft.net\/shop\/"},{"@type":"ListItem","position":2,"name":"Tienda","item":"https:\/\/aivlisoft.net\/shop\/tienda\/"},{"@type":"ListItem","position":3,"name":"TP-Link ER8411 Router 8xGbE 1x10Gb SFP+ WAN"}]},{"@type":"WebSite","@id":"https:\/\/aivlisoft.net\/shop\/#website","url":"https:\/\/aivlisoft.net\/shop\/","name":"Aivlisoft Inform\u00e1tica","description":"En Aivlisoft Inform\u00e1tica ofrecemos soluciones tecnol\u00f3gicas para empresas: venta de ordenadores, consumibles, perif\u00e9ricos y m\u00e1s. Calidad, atenci\u00f3n personalizada y los mejores precios para tu negocio.","publisher":{"@id":"https:\/\/aivlisoft.net\/shop\/#organization"},"potentialAction":[{"@type":"SearchAction","target":{"@type":"EntryPoint","urlTemplate":"https:\/\/aivlisoft.net\/shop\/?s={search_term_string}"},"query-input":{"@type":"PropertyValueSpecification","valueRequired":true,"valueName":"search_term_string"}}],"inLanguage":"es"},{"@type":"Organization","@id":"https:\/\/aivlisoft.net\/shop\/#organization","name":"Aivlisoft Inform\u00e1tica","url":"https:\/\/aivlisoft.net\/shop\/","logo":{"@type":"ImageObject","inLanguage":"es","@id":"https:\/\/aivlisoft.net\/shop\/#\/schema\/logo\/image\/","url":"https:\/\/aivlisoft.net\/shop\/wp-content\/uploads\/2024\/12\/removal.ai_5b848c54-0cdf-4140-95c5-c5536bb7573b-logodef.png","contentUrl":"https:\/\/aivlisoft.net\/shop\/wp-content\/uploads\/2024\/12\/removal.ai_5b848c54-0cdf-4140-95c5-c5536bb7573b-logodef.png","width":484,"height":182,"caption":"Aivlisoft Inform\u00e1tica"},"image":{"@id":"https:\/\/aivlisoft.net\/shop\/#\/schema\/logo\/image\/"}}]}},"_links":{"self":[{"href":"https:\/\/aivlisoft.net\/shop\/wp-json\/wp\/v2\/product\/18873","targetHints":{"allow":["GET"]}}],"collection":[{"href":"https:\/\/aivlisoft.net\/shop\/wp-json\/wp\/v2\/product"}],"about":[{"href":"https:\/\/aivlisoft.net\/shop\/wp-json\/wp\/v2\/types\/product"}],"wp:featuredmedia":[{"embeddable":true,"href":"https:\/\/aivlisoft.net\/shop\/wp-json\/wp\/v2\/media\/18874"}],"wp:attachment":[{"href":"https:\/\/aivlisoft.net\/shop\/wp-json\/wp\/v2\/media?parent=18873"}],"wp:term":[{"taxonomy":"product_brand","embeddable":true,"href":"https:\/\/aivlisoft.net\/shop\/wp-json\/wp\/v2\/product_brand?post=18873"},{"taxonomy":"product_cat","embeddable":true,"href":"https:\/\/aivlisoft.net\/shop\/wp-json\/wp\/v2\/product_cat?post=18873"},{"taxonomy":"product_tag","embeddable":true,"href":"https:\/\/aivlisoft.net\/shop\/wp-json\/wp\/v2\/product_tag?post=18873"}],"curies":[{"name":"wp","href":"https:\/\/api.w.org\/{rel}","templated":true}]}}