{"id":18869,"date":"2025-01-13T15:26:28","date_gmt":"2025-01-13T15:26:28","guid":{"rendered":"https:\/\/aivlisoft.com\/?post_type=product&#038;p=18869"},"modified":"2025-01-14T11:41:50","modified_gmt":"2025-01-14T11:41:50","slug":"mikrotik-rb5009uprsin-router-7xgbe-1x2-5gbe-sfp","status":"publish","type":"product","link":"https:\/\/aivlisoft.net\/shop\/producto\/mikrotik-rb5009uprsin-router-7xgbe-1x2-5gbe-sfp\/","title":{"rendered":"Mikrotik RB5009UPr+S+IN Router 7xGbE 1&#215;2.5GbE SFP+"},"content":{"rendered":"<p><\/p>\n<table class=\"tabla_caracteristicas\" width=\"100%\">\n<tr>\n<td valign=\"top\"><strong>Marca<\/strong><\/td>\n<td>MikroTik<\/td>\n<\/tr>\n<tr>\n<td valign=\"top\"><strong>Modelo<\/strong><\/td>\n<td><strong>RB5009UPr+S+IN<\/strong><\/td>\n<\/tr>\n<tr>\n<td valign=\"top\"><strong>Caracter&iacute;sticas<\/strong><\/td>\n<td>&#8211; CPU: 88F7040 1.4 GHz<br \/>\t\t\t&#8211; ARM 64bit<br \/>\t\t\t&#8211; CPU core 4<br \/>\t\t\t&#8211; Tama&ntilde;o de RAM: <strong>1 GB DDR4<\/strong><br \/>\t\t\t&#8211; Almacenamiento: <strong>1 GB<\/strong> NAND<br \/>\t\t\t<strong>Interfaz<\/strong><br \/>\t\t\t&#8211; 7 x Puertos Ethernet 1G<br \/>\t\t\t&#8211; 1 x Puertos Ethernet 2.5G<br \/>\t\t\t&#8211; 1 x Puerto SFP+ 10G<br \/>\t\t\t&#8211; 1 x Puerto USB-A 3.0<br \/>\t\t\t&#8211; Entrada PoE: 802.3af\/at<br \/>\t\t\t<strong>Alimentaci&oacute;n<\/strong><br \/>\t\t\t&#8211; PoE-Out: mismo voltaje que el suministrado, PoE pasivo o 802.3af\/at (requiere una entrada de 44,0 a 57,0 V)<br \/>\t\t\t&#8211; Puertos de salida PoE: Ether1 &#8211; Ether8, salida m&aacute;xima por puerto de salida (entrada &lt; 30 V): 640 mA, salida m&aacute;xima por puerto de salida (entrada &gt; 30 V): 420 mA<br \/>\t\t\t&#8211; PoE inteligente: controlador<br \/>\t\t\t&#8211; Salida total m&aacute;xima: 2,59 A<br \/>\t\t\t&#8211; Potencia de salida total: 130 W<br \/>\t\t\t&#8211; Corriente de salida total: 2,28 A<br \/>\t\t\t&#8211; N&uacute;mero de entradas de CC: 3<br \/>\t\t\t&#8211; Voltaje de entrada admitido: 24-57 V (entrada PoE) 24-57 V (toma de CC) 24-57 (terminal de 2 pines)<br \/>\t\t\t&#8211; Tensi&oacute;n nominal del adaptador de corriente: 48 V<br \/>\t\t\t&#8211; Corriente nominal del adaptador de corriente: 2 A<br \/>\t\t\t&#8211; Consumo m&aacute;ximo de energ&iacute;a (sin accesorios): 15 W<br \/>\t\t\t&#8211; Consumo m&aacute;ximo de energ&iacute;a: 150 W<br \/>\t\t\t<strong>Otros<\/strong><br \/>\t\t\t&#8211; Switch chip model 88E6393<br \/>\t\t\t&#8211; Sistema Operativo: RouterOS<br \/>\t\t\t&#8211; Temperatura de funcionamiento: -40 C +60 C<br \/>\t\t\t&#8211; Dimensiones: 220 x 125 x 22 mm<\/td>\n<\/tr>\n<tr>\n<td valign=\"top\"><strong>Fecha de revisi&oacute;n<\/strong><\/td>\n<td>18-08-2022 por MPM<\/td>\n<\/tr>\n<\/table>\n","protected":false},"excerpt":{"rendered":"<p>Marca MikroTik Modelo RB5009UPr+S+IN Caracter&iacute;sticas &#8211; CPU: 88F7040 1.4 GHz &#8211; ARM 64bit &#8211; CPU core 4 &#8211; Tama&ntilde;o de RAM: 1 GB DDR4 &#8211; Almacenamiento: 1 GB NAND Interfaz &#8211; 7 x Puertos Ethernet 1G &#8211; 1 x Puertos Ethernet 2.5G &#8211; 1 x Puerto SFP+ 10G &#8211; 1 x Puerto USB-A 3.0 &#8211;&hellip;&nbsp;<a href=\"https:\/\/aivlisoft.net\/shop\/producto\/mikrotik-rb5009uprsin-router-7xgbe-1x2-5gbe-sfp\/\" rel=\"bookmark\"><span class=\"screen-reader-text\">Mikrotik RB5009UPr+S+IN Router 7xGbE 1&#215;2.5GbE SFP+<\/span><\/a><\/p>\n","protected":false},"featured_media":18870,"template":"","meta":{"neve_meta_sidebar":"","neve_meta_container":"","neve_meta_enable_content_width":"","neve_meta_content_width":0,"neve_meta_title_alignment":"","neve_meta_author_avatar":"","neve_post_elements_order":"","neve_meta_disable_header":"","neve_meta_disable_footer":"","neve_meta_disable_title":""},"product_brand":[],"product_cat":[8769],"product_tag":[6857],"class_list":{"0":"post-18869","1":"product","2":"type-product","3":"status-publish","4":"has-post-thumbnail","6":"product_cat-routers-redes-con-cable","7":"product_tag-rb5009uprsin","9":"first","10":"instock","11":"taxable","12":"shipping-taxable","13":"purchasable","14":"product-type-simple"},"yoast_head":"<!-- This site is optimized with the Yoast SEO plugin v26.0 - https:\/\/yoast.com\/wordpress\/plugins\/seo\/ -->\n<title>Mikrotik RB5009UPr+S+IN Router 7xGbE 1x2.5GbE SFP+ - Aivlisoft Inform\u00e1tica<\/title>\n<meta name=\"robots\" content=\"index, follow, max-snippet:-1, max-image-preview:large, max-video-preview:-1\" \/>\n<link rel=\"canonical\" href=\"https:\/\/aivlisoft.net\/shop\/producto\/mikrotik-rb5009uprsin-router-7xgbe-1x2-5gbe-sfp\/\" \/>\n<meta property=\"og:locale\" content=\"es_ES\" \/>\n<meta property=\"og:type\" content=\"article\" \/>\n<meta property=\"og:title\" content=\"Mikrotik RB5009UPr+S+IN Router 7xGbE 1x2.5GbE SFP+ - Aivlisoft Inform\u00e1tica\" \/>\n<meta property=\"og:description\" content=\"Marca MikroTik Modelo RB5009UPr+S+IN Caracter&iacute;sticas &#8211; CPU: 88F7040 1.4 GHz &#8211; ARM 64bit &#8211; CPU core 4 &#8211; Tama&ntilde;o de RAM: 1 GB DDR4 &#8211; Almacenamiento: 1 GB NAND Interfaz &#8211; 7 x Puertos Ethernet 1G &#8211; 1 x Puertos Ethernet 2.5G &#8211; 1 x Puerto SFP+ 10G &#8211; 1 x Puerto USB-A 3.0 &#8211;&hellip;&nbsp;Mikrotik RB5009UPr+S+IN Router 7xGbE 1&#215;2.5GbE SFP+\" \/>\n<meta property=\"og:url\" content=\"https:\/\/aivlisoft.net\/shop\/producto\/mikrotik-rb5009uprsin-router-7xgbe-1x2-5gbe-sfp\/\" \/>\n<meta property=\"og:site_name\" content=\"Aivlisoft Inform\u00e1tica\" \/>\n<meta property=\"article:modified_time\" content=\"2025-01-14T11:41:50+00:00\" \/>\n<meta property=\"og:image\" content=\"https:\/\/aivlisoft.net\/shop\/wp-content\/uploads\/2025\/01\/NROCAB0088_800.jpg\" \/>\n\t<meta property=\"og:image:width\" content=\"800\" \/>\n\t<meta property=\"og:image:height\" content=\"800\" \/>\n\t<meta property=\"og:image:type\" content=\"image\/jpeg\" \/>\n<meta name=\"twitter:card\" content=\"summary_large_image\" \/>\n<meta name=\"twitter:label1\" content=\"Tiempo de lectura\" \/>\n\t<meta name=\"twitter:data1\" content=\"1 minuto\" \/>\n<script type=\"application\/ld+json\" class=\"yoast-schema-graph\">{\"@context\":\"https:\/\/schema.org\",\"@graph\":[{\"@type\":\"WebPage\",\"@id\":\"https:\/\/aivlisoft.net\/shop\/producto\/mikrotik-rb5009uprsin-router-7xgbe-1x2-5gbe-sfp\/\",\"url\":\"https:\/\/aivlisoft.net\/shop\/producto\/mikrotik-rb5009uprsin-router-7xgbe-1x2-5gbe-sfp\/\",\"name\":\"Mikrotik RB5009UPr+S+IN Router 7xGbE 1x2.5GbE SFP+ - Aivlisoft Inform\u00e1tica\",\"isPartOf\":{\"@id\":\"https:\/\/aivlisoft.net\/shop\/#website\"},\"primaryImageOfPage\":{\"@id\":\"https:\/\/aivlisoft.net\/shop\/producto\/mikrotik-rb5009uprsin-router-7xgbe-1x2-5gbe-sfp\/#primaryimage\"},\"image\":{\"@id\":\"https:\/\/aivlisoft.net\/shop\/producto\/mikrotik-rb5009uprsin-router-7xgbe-1x2-5gbe-sfp\/#primaryimage\"},\"thumbnailUrl\":\"https:\/\/aivlisoft.net\/shop\/wp-content\/uploads\/2025\/01\/NROCAB0088_800.jpg\",\"datePublished\":\"2025-01-13T15:26:28+00:00\",\"dateModified\":\"2025-01-14T11:41:50+00:00\",\"breadcrumb\":{\"@id\":\"https:\/\/aivlisoft.net\/shop\/producto\/mikrotik-rb5009uprsin-router-7xgbe-1x2-5gbe-sfp\/#breadcrumb\"},\"inLanguage\":\"es\",\"potentialAction\":[{\"@type\":\"ReadAction\",\"target\":[\"https:\/\/aivlisoft.net\/shop\/producto\/mikrotik-rb5009uprsin-router-7xgbe-1x2-5gbe-sfp\/\"]}]},{\"@type\":\"ImageObject\",\"inLanguage\":\"es\",\"@id\":\"https:\/\/aivlisoft.net\/shop\/producto\/mikrotik-rb5009uprsin-router-7xgbe-1x2-5gbe-sfp\/#primaryimage\",\"url\":\"https:\/\/aivlisoft.net\/shop\/wp-content\/uploads\/2025\/01\/NROCAB0088_800.jpg\",\"contentUrl\":\"https:\/\/aivlisoft.net\/shop\/wp-content\/uploads\/2025\/01\/NROCAB0088_800.jpg\",\"width\":800,\"height\":800},{\"@type\":\"BreadcrumbList\",\"@id\":\"https:\/\/aivlisoft.net\/shop\/producto\/mikrotik-rb5009uprsin-router-7xgbe-1x2-5gbe-sfp\/#breadcrumb\",\"itemListElement\":[{\"@type\":\"ListItem\",\"position\":1,\"name\":\"Portada\",\"item\":\"https:\/\/aivlisoft.net\/shop\/\"},{\"@type\":\"ListItem\",\"position\":2,\"name\":\"Tienda\",\"item\":\"https:\/\/aivlisoft.net\/shop\/tienda\/\"},{\"@type\":\"ListItem\",\"position\":3,\"name\":\"Mikrotik RB5009UPr+S+IN Router 7xGbE 1&#215;2.5GbE SFP+\"}]},{\"@type\":\"WebSite\",\"@id\":\"https:\/\/aivlisoft.net\/shop\/#website\",\"url\":\"https:\/\/aivlisoft.net\/shop\/\",\"name\":\"Aivlisoft Inform\u00e1tica\",\"description\":\"En Aivlisoft Inform\u00e1tica ofrecemos soluciones tecnol\u00f3gicas para empresas: venta de ordenadores, consumibles, perif\u00e9ricos y m\u00e1s. Calidad, atenci\u00f3n personalizada y los mejores precios para tu negocio.\",\"publisher\":{\"@id\":\"https:\/\/aivlisoft.net\/shop\/#organization\"},\"potentialAction\":[{\"@type\":\"SearchAction\",\"target\":{\"@type\":\"EntryPoint\",\"urlTemplate\":\"https:\/\/aivlisoft.net\/shop\/?s={search_term_string}\"},\"query-input\":{\"@type\":\"PropertyValueSpecification\",\"valueRequired\":true,\"valueName\":\"search_term_string\"}}],\"inLanguage\":\"es\"},{\"@type\":\"Organization\",\"@id\":\"https:\/\/aivlisoft.net\/shop\/#organization\",\"name\":\"Aivlisoft Inform\u00e1tica\",\"url\":\"https:\/\/aivlisoft.net\/shop\/\",\"logo\":{\"@type\":\"ImageObject\",\"inLanguage\":\"es\",\"@id\":\"https:\/\/aivlisoft.net\/shop\/#\/schema\/logo\/image\/\",\"url\":\"https:\/\/aivlisoft.net\/shop\/wp-content\/uploads\/2024\/12\/removal.ai_5b848c54-0cdf-4140-95c5-c5536bb7573b-logodef.png\",\"contentUrl\":\"https:\/\/aivlisoft.net\/shop\/wp-content\/uploads\/2024\/12\/removal.ai_5b848c54-0cdf-4140-95c5-c5536bb7573b-logodef.png\",\"width\":484,\"height\":182,\"caption\":\"Aivlisoft Inform\u00e1tica\"},\"image\":{\"@id\":\"https:\/\/aivlisoft.net\/shop\/#\/schema\/logo\/image\/\"}}]}<\/script>\n<!-- \/ Yoast SEO plugin. -->","yoast_head_json":{"title":"Mikrotik RB5009UPr+S+IN Router 7xGbE 1x2.5GbE SFP+ - Aivlisoft Inform\u00e1tica","robots":{"index":"index","follow":"follow","max-snippet":"max-snippet:-1","max-image-preview":"max-image-preview:large","max-video-preview":"max-video-preview:-1"},"canonical":"https:\/\/aivlisoft.net\/shop\/producto\/mikrotik-rb5009uprsin-router-7xgbe-1x2-5gbe-sfp\/","og_locale":"es_ES","og_type":"article","og_title":"Mikrotik RB5009UPr+S+IN Router 7xGbE 1x2.5GbE SFP+ - Aivlisoft Inform\u00e1tica","og_description":"Marca MikroTik Modelo RB5009UPr+S+IN Caracter&iacute;sticas &#8211; CPU: 88F7040 1.4 GHz &#8211; ARM 64bit &#8211; CPU core 4 &#8211; Tama&ntilde;o de RAM: 1 GB DDR4 &#8211; Almacenamiento: 1 GB NAND Interfaz &#8211; 7 x Puertos Ethernet 1G &#8211; 1 x Puertos Ethernet 2.5G &#8211; 1 x Puerto SFP+ 10G &#8211; 1 x Puerto USB-A 3.0 &#8211;&hellip;&nbsp;Mikrotik RB5009UPr+S+IN Router 7xGbE 1&#215;2.5GbE SFP+","og_url":"https:\/\/aivlisoft.net\/shop\/producto\/mikrotik-rb5009uprsin-router-7xgbe-1x2-5gbe-sfp\/","og_site_name":"Aivlisoft Inform\u00e1tica","article_modified_time":"2025-01-14T11:41:50+00:00","og_image":[{"width":800,"height":800,"url":"https:\/\/aivlisoft.net\/shop\/wp-content\/uploads\/2025\/01\/NROCAB0088_800.jpg","type":"image\/jpeg"}],"twitter_card":"summary_large_image","twitter_misc":{"Tiempo de lectura":"1 minuto"},"schema":{"@context":"https:\/\/schema.org","@graph":[{"@type":"WebPage","@id":"https:\/\/aivlisoft.net\/shop\/producto\/mikrotik-rb5009uprsin-router-7xgbe-1x2-5gbe-sfp\/","url":"https:\/\/aivlisoft.net\/shop\/producto\/mikrotik-rb5009uprsin-router-7xgbe-1x2-5gbe-sfp\/","name":"Mikrotik RB5009UPr+S+IN Router 7xGbE 1x2.5GbE SFP+ - Aivlisoft Inform\u00e1tica","isPartOf":{"@id":"https:\/\/aivlisoft.net\/shop\/#website"},"primaryImageOfPage":{"@id":"https:\/\/aivlisoft.net\/shop\/producto\/mikrotik-rb5009uprsin-router-7xgbe-1x2-5gbe-sfp\/#primaryimage"},"image":{"@id":"https:\/\/aivlisoft.net\/shop\/producto\/mikrotik-rb5009uprsin-router-7xgbe-1x2-5gbe-sfp\/#primaryimage"},"thumbnailUrl":"https:\/\/aivlisoft.net\/shop\/wp-content\/uploads\/2025\/01\/NROCAB0088_800.jpg","datePublished":"2025-01-13T15:26:28+00:00","dateModified":"2025-01-14T11:41:50+00:00","breadcrumb":{"@id":"https:\/\/aivlisoft.net\/shop\/producto\/mikrotik-rb5009uprsin-router-7xgbe-1x2-5gbe-sfp\/#breadcrumb"},"inLanguage":"es","potentialAction":[{"@type":"ReadAction","target":["https:\/\/aivlisoft.net\/shop\/producto\/mikrotik-rb5009uprsin-router-7xgbe-1x2-5gbe-sfp\/"]}]},{"@type":"ImageObject","inLanguage":"es","@id":"https:\/\/aivlisoft.net\/shop\/producto\/mikrotik-rb5009uprsin-router-7xgbe-1x2-5gbe-sfp\/#primaryimage","url":"https:\/\/aivlisoft.net\/shop\/wp-content\/uploads\/2025\/01\/NROCAB0088_800.jpg","contentUrl":"https:\/\/aivlisoft.net\/shop\/wp-content\/uploads\/2025\/01\/NROCAB0088_800.jpg","width":800,"height":800},{"@type":"BreadcrumbList","@id":"https:\/\/aivlisoft.net\/shop\/producto\/mikrotik-rb5009uprsin-router-7xgbe-1x2-5gbe-sfp\/#breadcrumb","itemListElement":[{"@type":"ListItem","position":1,"name":"Portada","item":"https:\/\/aivlisoft.net\/shop\/"},{"@type":"ListItem","position":2,"name":"Tienda","item":"https:\/\/aivlisoft.net\/shop\/tienda\/"},{"@type":"ListItem","position":3,"name":"Mikrotik RB5009UPr+S+IN Router 7xGbE 1&#215;2.5GbE SFP+"}]},{"@type":"WebSite","@id":"https:\/\/aivlisoft.net\/shop\/#website","url":"https:\/\/aivlisoft.net\/shop\/","name":"Aivlisoft Inform\u00e1tica","description":"En Aivlisoft Inform\u00e1tica ofrecemos soluciones tecnol\u00f3gicas para empresas: venta de ordenadores, consumibles, perif\u00e9ricos y m\u00e1s. Calidad, atenci\u00f3n personalizada y los mejores precios para tu negocio.","publisher":{"@id":"https:\/\/aivlisoft.net\/shop\/#organization"},"potentialAction":[{"@type":"SearchAction","target":{"@type":"EntryPoint","urlTemplate":"https:\/\/aivlisoft.net\/shop\/?s={search_term_string}"},"query-input":{"@type":"PropertyValueSpecification","valueRequired":true,"valueName":"search_term_string"}}],"inLanguage":"es"},{"@type":"Organization","@id":"https:\/\/aivlisoft.net\/shop\/#organization","name":"Aivlisoft Inform\u00e1tica","url":"https:\/\/aivlisoft.net\/shop\/","logo":{"@type":"ImageObject","inLanguage":"es","@id":"https:\/\/aivlisoft.net\/shop\/#\/schema\/logo\/image\/","url":"https:\/\/aivlisoft.net\/shop\/wp-content\/uploads\/2024\/12\/removal.ai_5b848c54-0cdf-4140-95c5-c5536bb7573b-logodef.png","contentUrl":"https:\/\/aivlisoft.net\/shop\/wp-content\/uploads\/2024\/12\/removal.ai_5b848c54-0cdf-4140-95c5-c5536bb7573b-logodef.png","width":484,"height":182,"caption":"Aivlisoft Inform\u00e1tica"},"image":{"@id":"https:\/\/aivlisoft.net\/shop\/#\/schema\/logo\/image\/"}}]}},"_links":{"self":[{"href":"https:\/\/aivlisoft.net\/shop\/wp-json\/wp\/v2\/product\/18869","targetHints":{"allow":["GET"]}}],"collection":[{"href":"https:\/\/aivlisoft.net\/shop\/wp-json\/wp\/v2\/product"}],"about":[{"href":"https:\/\/aivlisoft.net\/shop\/wp-json\/wp\/v2\/types\/product"}],"wp:featuredmedia":[{"embeddable":true,"href":"https:\/\/aivlisoft.net\/shop\/wp-json\/wp\/v2\/media\/18870"}],"wp:attachment":[{"href":"https:\/\/aivlisoft.net\/shop\/wp-json\/wp\/v2\/media?parent=18869"}],"wp:term":[{"taxonomy":"product_brand","embeddable":true,"href":"https:\/\/aivlisoft.net\/shop\/wp-json\/wp\/v2\/product_brand?post=18869"},{"taxonomy":"product_cat","embeddable":true,"href":"https:\/\/aivlisoft.net\/shop\/wp-json\/wp\/v2\/product_cat?post=18869"},{"taxonomy":"product_tag","embeddable":true,"href":"https:\/\/aivlisoft.net\/shop\/wp-json\/wp\/v2\/product_tag?post=18869"}],"curies":[{"name":"wp","href":"https:\/\/api.w.org\/{rel}","templated":true}]}}