{"id":18831,"date":"2025-01-13T15:26:06","date_gmt":"2025-01-13T15:26:06","guid":{"rendered":"https:\/\/aivlisoft.com\/?post_type=product&#038;p=18831"},"modified":"2025-01-14T11:41:38","modified_gmt":"2025-01-14T11:41:38","slug":"mikrotik-ccr2004-1g-12s2xs-router-12x10gb2x25gb","status":"publish","type":"product","link":"https:\/\/aivlisoft.net\/shop\/producto\/mikrotik-ccr2004-1g-12s2xs-router-12x10gb2x25gb\/","title":{"rendered":"MikroTik CCR2004-1G-12S+2XS Router 12x10Gb+2X25Gb"},"content":{"rendered":"<p><\/p>\n<table class=\"tabla_caracteristicas k-table\" width=\"100%\">\n<tbody>\n<tr>\n<td><strong>Marca<\/strong><\/td>\n<td>Mikrotik<\/td>\n<\/tr>\n<tr>\n<td><strong>Modelo<\/strong><\/td>\n<td><strong>CCR2004-1G-12S+2XS<\/strong><\/td>\n<\/tr>\n<tr>\n<td><strong>Caracter&iacute;sticas<\/strong><\/td>\n<td>&#8211; Dimensiones: 443 x 224 x 44 mm <br \/>&#8211; CPU: AL32400<br \/>&#8211; Sistema operativo: RouterOS<br \/>&#8211; Frecuencia nominal: 1700 MHz<br \/>&#8211; Tama&ntilde;o de RAM: 4 GB<br \/>&#8211; Tama&ntilde;o almacenamiento: 128 MB <br \/>&#8211; Tipo de almacenamiento: NAND<br \/>&#8211; Temperatura ambiente probada: -20 &deg;C a 60 &deg;C<br \/>&#8211; MTBF: Aproximadamente 200.000 horas a 25 &deg;C<br \/><strong>Alimentaci&oacute;n<\/strong><br \/>&#8211; N&uacute;mero de entradas de AC: 2 <br \/>&#8211; Voltaje de entrada AC 100-240<br \/>&#8211; Consumo m&aacute;ximo de energ&iacute;a: 49 W<br \/>&#8211; Consumo m&aacute;ximo de energ&iacute;a sin accesorios: 32 W<br \/>&#8211; Recuento de ventiladores: 2<br \/><strong>Perif&eacute;rico<\/strong><br \/>&#8211; Puerto Serie: RJ-45<br \/><strong>Ethernet<\/strong><br \/>&#8211; Puertos Ethernet 10\/100\/1000: 1<br \/><strong>Fibra<\/strong><br \/>&#8211; SFP + Puertos: 12<br \/>&#8211; Puertos SPF28 de 25G: 2<br \/><strong>Certificaciones y aprobaciones<\/strong><br \/>&#8211; Certificaci&oacute;n: CE, EAC, ROHS, FCC, IC<\/td>\n<\/tr>\n<tr>\n<td><strong>Fecha de revisi&oacute;n<\/strong><\/td>\n<td>04-11-2020 por MPM<\/td>\n<\/tr>\n<\/tbody>\n<\/table>\n","protected":false},"excerpt":{"rendered":"<p>Marca Mikrotik Modelo CCR2004-1G-12S+2XS Caracter&iacute;sticas &#8211; Dimensiones: 443 x 224 x 44 mm &#8211; CPU: AL32400&#8211; Sistema operativo: RouterOS&#8211; Frecuencia nominal: 1700 MHz&#8211; Tama&ntilde;o de RAM: 4 GB&#8211; Tama&ntilde;o almacenamiento: 128 MB &#8211; Tipo de almacenamiento: NAND&#8211; Temperatura ambiente probada: -20 &deg;C a 60 &deg;C&#8211; MTBF: Aproximadamente 200.000 horas a 25 &deg;CAlimentaci&oacute;n&#8211; N&uacute;mero de entradas&hellip;&nbsp;<a href=\"https:\/\/aivlisoft.net\/shop\/producto\/mikrotik-ccr2004-1g-12s2xs-router-12x10gb2x25gb\/\" rel=\"bookmark\"><span class=\"screen-reader-text\">MikroTik CCR2004-1G-12S+2XS Router 12x10Gb+2X25Gb<\/span><\/a><\/p>\n","protected":false},"featured_media":18832,"template":"","meta":{"neve_meta_sidebar":"","neve_meta_container":"","neve_meta_enable_content_width":"","neve_meta_content_width":0,"neve_meta_title_alignment":"","neve_meta_author_avatar":"","neve_post_elements_order":"","neve_meta_disable_header":"","neve_meta_disable_footer":"","neve_meta_disable_title":""},"product_brand":[],"product_cat":[8769],"product_tag":[6847],"class_list":{"0":"post-18831","1":"product","2":"type-product","3":"status-publish","4":"has-post-thumbnail","6":"product_cat-routers-redes-con-cable","7":"product_tag-ccr2004-1g-12s2xs","9":"first","10":"instock","11":"taxable","12":"shipping-taxable","13":"purchasable","14":"product-type-simple"},"yoast_head":"<!-- This site is optimized with the Yoast SEO plugin v26.0 - https:\/\/yoast.com\/wordpress\/plugins\/seo\/ -->\n<title>MikroTik CCR2004-1G-12S+2XS Router 12x10Gb+2X25Gb - Aivlisoft Inform\u00e1tica<\/title>\n<meta name=\"robots\" content=\"index, follow, max-snippet:-1, max-image-preview:large, max-video-preview:-1\" \/>\n<link rel=\"canonical\" href=\"https:\/\/aivlisoft.net\/shop\/producto\/mikrotik-ccr2004-1g-12s2xs-router-12x10gb2x25gb\/\" \/>\n<meta property=\"og:locale\" content=\"es_ES\" \/>\n<meta property=\"og:type\" content=\"article\" \/>\n<meta property=\"og:title\" content=\"MikroTik CCR2004-1G-12S+2XS Router 12x10Gb+2X25Gb - Aivlisoft Inform\u00e1tica\" \/>\n<meta property=\"og:description\" content=\"Marca Mikrotik Modelo CCR2004-1G-12S+2XS Caracter&iacute;sticas &#8211; Dimensiones: 443 x 224 x 44 mm &#8211; CPU: AL32400&#8211; Sistema operativo: RouterOS&#8211; Frecuencia nominal: 1700 MHz&#8211; Tama&ntilde;o de RAM: 4 GB&#8211; Tama&ntilde;o almacenamiento: 128 MB &#8211; Tipo de almacenamiento: NAND&#8211; Temperatura ambiente probada: -20 &deg;C a 60 &deg;C&#8211; MTBF: Aproximadamente 200.000 horas a 25 &deg;CAlimentaci&oacute;n&#8211; N&uacute;mero de entradas&hellip;&nbsp;MikroTik CCR2004-1G-12S+2XS Router 12x10Gb+2X25Gb\" \/>\n<meta property=\"og:url\" content=\"https:\/\/aivlisoft.net\/shop\/producto\/mikrotik-ccr2004-1g-12s2xs-router-12x10gb2x25gb\/\" \/>\n<meta property=\"og:site_name\" content=\"Aivlisoft Inform\u00e1tica\" \/>\n<meta property=\"article:modified_time\" content=\"2025-01-14T11:41:38+00:00\" \/>\n<meta property=\"og:image\" content=\"https:\/\/aivlisoft.net\/shop\/wp-content\/uploads\/2025\/01\/NROCAB0078_800.jpg\" \/>\n\t<meta property=\"og:image:width\" content=\"800\" \/>\n\t<meta property=\"og:image:height\" content=\"800\" \/>\n\t<meta property=\"og:image:type\" content=\"image\/jpeg\" \/>\n<meta name=\"twitter:card\" content=\"summary_large_image\" \/>\n<meta name=\"twitter:label1\" content=\"Tiempo de lectura\" \/>\n\t<meta name=\"twitter:data1\" content=\"1 minuto\" \/>\n<script type=\"application\/ld+json\" class=\"yoast-schema-graph\">{\"@context\":\"https:\/\/schema.org\",\"@graph\":[{\"@type\":\"WebPage\",\"@id\":\"https:\/\/aivlisoft.net\/shop\/producto\/mikrotik-ccr2004-1g-12s2xs-router-12x10gb2x25gb\/\",\"url\":\"https:\/\/aivlisoft.net\/shop\/producto\/mikrotik-ccr2004-1g-12s2xs-router-12x10gb2x25gb\/\",\"name\":\"MikroTik CCR2004-1G-12S+2XS Router 12x10Gb+2X25Gb - Aivlisoft Inform\u00e1tica\",\"isPartOf\":{\"@id\":\"https:\/\/aivlisoft.net\/shop\/#website\"},\"primaryImageOfPage\":{\"@id\":\"https:\/\/aivlisoft.net\/shop\/producto\/mikrotik-ccr2004-1g-12s2xs-router-12x10gb2x25gb\/#primaryimage\"},\"image\":{\"@id\":\"https:\/\/aivlisoft.net\/shop\/producto\/mikrotik-ccr2004-1g-12s2xs-router-12x10gb2x25gb\/#primaryimage\"},\"thumbnailUrl\":\"https:\/\/aivlisoft.net\/shop\/wp-content\/uploads\/2025\/01\/NROCAB0078_800.jpg\",\"datePublished\":\"2025-01-13T15:26:06+00:00\",\"dateModified\":\"2025-01-14T11:41:38+00:00\",\"breadcrumb\":{\"@id\":\"https:\/\/aivlisoft.net\/shop\/producto\/mikrotik-ccr2004-1g-12s2xs-router-12x10gb2x25gb\/#breadcrumb\"},\"inLanguage\":\"es\",\"potentialAction\":[{\"@type\":\"ReadAction\",\"target\":[\"https:\/\/aivlisoft.net\/shop\/producto\/mikrotik-ccr2004-1g-12s2xs-router-12x10gb2x25gb\/\"]}]},{\"@type\":\"ImageObject\",\"inLanguage\":\"es\",\"@id\":\"https:\/\/aivlisoft.net\/shop\/producto\/mikrotik-ccr2004-1g-12s2xs-router-12x10gb2x25gb\/#primaryimage\",\"url\":\"https:\/\/aivlisoft.net\/shop\/wp-content\/uploads\/2025\/01\/NROCAB0078_800.jpg\",\"contentUrl\":\"https:\/\/aivlisoft.net\/shop\/wp-content\/uploads\/2025\/01\/NROCAB0078_800.jpg\",\"width\":800,\"height\":800},{\"@type\":\"BreadcrumbList\",\"@id\":\"https:\/\/aivlisoft.net\/shop\/producto\/mikrotik-ccr2004-1g-12s2xs-router-12x10gb2x25gb\/#breadcrumb\",\"itemListElement\":[{\"@type\":\"ListItem\",\"position\":1,\"name\":\"Portada\",\"item\":\"https:\/\/aivlisoft.net\/shop\/\"},{\"@type\":\"ListItem\",\"position\":2,\"name\":\"Tienda\",\"item\":\"https:\/\/aivlisoft.net\/shop\/tienda\/\"},{\"@type\":\"ListItem\",\"position\":3,\"name\":\"MikroTik CCR2004-1G-12S+2XS Router 12x10Gb+2X25Gb\"}]},{\"@type\":\"WebSite\",\"@id\":\"https:\/\/aivlisoft.net\/shop\/#website\",\"url\":\"https:\/\/aivlisoft.net\/shop\/\",\"name\":\"Aivlisoft Inform\u00e1tica\",\"description\":\"En Aivlisoft Inform\u00e1tica ofrecemos soluciones tecnol\u00f3gicas para empresas: venta de ordenadores, consumibles, perif\u00e9ricos y m\u00e1s. Calidad, atenci\u00f3n personalizada y los mejores precios para tu negocio.\",\"publisher\":{\"@id\":\"https:\/\/aivlisoft.net\/shop\/#organization\"},\"potentialAction\":[{\"@type\":\"SearchAction\",\"target\":{\"@type\":\"EntryPoint\",\"urlTemplate\":\"https:\/\/aivlisoft.net\/shop\/?s={search_term_string}\"},\"query-input\":{\"@type\":\"PropertyValueSpecification\",\"valueRequired\":true,\"valueName\":\"search_term_string\"}}],\"inLanguage\":\"es\"},{\"@type\":\"Organization\",\"@id\":\"https:\/\/aivlisoft.net\/shop\/#organization\",\"name\":\"Aivlisoft Inform\u00e1tica\",\"url\":\"https:\/\/aivlisoft.net\/shop\/\",\"logo\":{\"@type\":\"ImageObject\",\"inLanguage\":\"es\",\"@id\":\"https:\/\/aivlisoft.net\/shop\/#\/schema\/logo\/image\/\",\"url\":\"https:\/\/aivlisoft.net\/shop\/wp-content\/uploads\/2024\/12\/removal.ai_5b848c54-0cdf-4140-95c5-c5536bb7573b-logodef.png\",\"contentUrl\":\"https:\/\/aivlisoft.net\/shop\/wp-content\/uploads\/2024\/12\/removal.ai_5b848c54-0cdf-4140-95c5-c5536bb7573b-logodef.png\",\"width\":484,\"height\":182,\"caption\":\"Aivlisoft Inform\u00e1tica\"},\"image\":{\"@id\":\"https:\/\/aivlisoft.net\/shop\/#\/schema\/logo\/image\/\"}}]}<\/script>\n<!-- \/ Yoast SEO plugin. -->","yoast_head_json":{"title":"MikroTik CCR2004-1G-12S+2XS Router 12x10Gb+2X25Gb - Aivlisoft Inform\u00e1tica","robots":{"index":"index","follow":"follow","max-snippet":"max-snippet:-1","max-image-preview":"max-image-preview:large","max-video-preview":"max-video-preview:-1"},"canonical":"https:\/\/aivlisoft.net\/shop\/producto\/mikrotik-ccr2004-1g-12s2xs-router-12x10gb2x25gb\/","og_locale":"es_ES","og_type":"article","og_title":"MikroTik CCR2004-1G-12S+2XS Router 12x10Gb+2X25Gb - Aivlisoft Inform\u00e1tica","og_description":"Marca Mikrotik Modelo CCR2004-1G-12S+2XS Caracter&iacute;sticas &#8211; Dimensiones: 443 x 224 x 44 mm &#8211; CPU: AL32400&#8211; Sistema operativo: RouterOS&#8211; Frecuencia nominal: 1700 MHz&#8211; Tama&ntilde;o de RAM: 4 GB&#8211; Tama&ntilde;o almacenamiento: 128 MB &#8211; Tipo de almacenamiento: NAND&#8211; Temperatura ambiente probada: -20 &deg;C a 60 &deg;C&#8211; MTBF: Aproximadamente 200.000 horas a 25 &deg;CAlimentaci&oacute;n&#8211; N&uacute;mero de entradas&hellip;&nbsp;MikroTik CCR2004-1G-12S+2XS Router 12x10Gb+2X25Gb","og_url":"https:\/\/aivlisoft.net\/shop\/producto\/mikrotik-ccr2004-1g-12s2xs-router-12x10gb2x25gb\/","og_site_name":"Aivlisoft Inform\u00e1tica","article_modified_time":"2025-01-14T11:41:38+00:00","og_image":[{"width":800,"height":800,"url":"https:\/\/aivlisoft.net\/shop\/wp-content\/uploads\/2025\/01\/NROCAB0078_800.jpg","type":"image\/jpeg"}],"twitter_card":"summary_large_image","twitter_misc":{"Tiempo de lectura":"1 minuto"},"schema":{"@context":"https:\/\/schema.org","@graph":[{"@type":"WebPage","@id":"https:\/\/aivlisoft.net\/shop\/producto\/mikrotik-ccr2004-1g-12s2xs-router-12x10gb2x25gb\/","url":"https:\/\/aivlisoft.net\/shop\/producto\/mikrotik-ccr2004-1g-12s2xs-router-12x10gb2x25gb\/","name":"MikroTik CCR2004-1G-12S+2XS Router 12x10Gb+2X25Gb - Aivlisoft Inform\u00e1tica","isPartOf":{"@id":"https:\/\/aivlisoft.net\/shop\/#website"},"primaryImageOfPage":{"@id":"https:\/\/aivlisoft.net\/shop\/producto\/mikrotik-ccr2004-1g-12s2xs-router-12x10gb2x25gb\/#primaryimage"},"image":{"@id":"https:\/\/aivlisoft.net\/shop\/producto\/mikrotik-ccr2004-1g-12s2xs-router-12x10gb2x25gb\/#primaryimage"},"thumbnailUrl":"https:\/\/aivlisoft.net\/shop\/wp-content\/uploads\/2025\/01\/NROCAB0078_800.jpg","datePublished":"2025-01-13T15:26:06+00:00","dateModified":"2025-01-14T11:41:38+00:00","breadcrumb":{"@id":"https:\/\/aivlisoft.net\/shop\/producto\/mikrotik-ccr2004-1g-12s2xs-router-12x10gb2x25gb\/#breadcrumb"},"inLanguage":"es","potentialAction":[{"@type":"ReadAction","target":["https:\/\/aivlisoft.net\/shop\/producto\/mikrotik-ccr2004-1g-12s2xs-router-12x10gb2x25gb\/"]}]},{"@type":"ImageObject","inLanguage":"es","@id":"https:\/\/aivlisoft.net\/shop\/producto\/mikrotik-ccr2004-1g-12s2xs-router-12x10gb2x25gb\/#primaryimage","url":"https:\/\/aivlisoft.net\/shop\/wp-content\/uploads\/2025\/01\/NROCAB0078_800.jpg","contentUrl":"https:\/\/aivlisoft.net\/shop\/wp-content\/uploads\/2025\/01\/NROCAB0078_800.jpg","width":800,"height":800},{"@type":"BreadcrumbList","@id":"https:\/\/aivlisoft.net\/shop\/producto\/mikrotik-ccr2004-1g-12s2xs-router-12x10gb2x25gb\/#breadcrumb","itemListElement":[{"@type":"ListItem","position":1,"name":"Portada","item":"https:\/\/aivlisoft.net\/shop\/"},{"@type":"ListItem","position":2,"name":"Tienda","item":"https:\/\/aivlisoft.net\/shop\/tienda\/"},{"@type":"ListItem","position":3,"name":"MikroTik CCR2004-1G-12S+2XS Router 12x10Gb+2X25Gb"}]},{"@type":"WebSite","@id":"https:\/\/aivlisoft.net\/shop\/#website","url":"https:\/\/aivlisoft.net\/shop\/","name":"Aivlisoft Inform\u00e1tica","description":"En Aivlisoft Inform\u00e1tica ofrecemos soluciones tecnol\u00f3gicas para empresas: venta de ordenadores, consumibles, perif\u00e9ricos y m\u00e1s. Calidad, atenci\u00f3n personalizada y los mejores precios para tu negocio.","publisher":{"@id":"https:\/\/aivlisoft.net\/shop\/#organization"},"potentialAction":[{"@type":"SearchAction","target":{"@type":"EntryPoint","urlTemplate":"https:\/\/aivlisoft.net\/shop\/?s={search_term_string}"},"query-input":{"@type":"PropertyValueSpecification","valueRequired":true,"valueName":"search_term_string"}}],"inLanguage":"es"},{"@type":"Organization","@id":"https:\/\/aivlisoft.net\/shop\/#organization","name":"Aivlisoft Inform\u00e1tica","url":"https:\/\/aivlisoft.net\/shop\/","logo":{"@type":"ImageObject","inLanguage":"es","@id":"https:\/\/aivlisoft.net\/shop\/#\/schema\/logo\/image\/","url":"https:\/\/aivlisoft.net\/shop\/wp-content\/uploads\/2024\/12\/removal.ai_5b848c54-0cdf-4140-95c5-c5536bb7573b-logodef.png","contentUrl":"https:\/\/aivlisoft.net\/shop\/wp-content\/uploads\/2024\/12\/removal.ai_5b848c54-0cdf-4140-95c5-c5536bb7573b-logodef.png","width":484,"height":182,"caption":"Aivlisoft Inform\u00e1tica"},"image":{"@id":"https:\/\/aivlisoft.net\/shop\/#\/schema\/logo\/image\/"}}]}},"_links":{"self":[{"href":"https:\/\/aivlisoft.net\/shop\/wp-json\/wp\/v2\/product\/18831","targetHints":{"allow":["GET"]}}],"collection":[{"href":"https:\/\/aivlisoft.net\/shop\/wp-json\/wp\/v2\/product"}],"about":[{"href":"https:\/\/aivlisoft.net\/shop\/wp-json\/wp\/v2\/types\/product"}],"wp:featuredmedia":[{"embeddable":true,"href":"https:\/\/aivlisoft.net\/shop\/wp-json\/wp\/v2\/media\/18832"}],"wp:attachment":[{"href":"https:\/\/aivlisoft.net\/shop\/wp-json\/wp\/v2\/media?parent=18831"}],"wp:term":[{"taxonomy":"product_brand","embeddable":true,"href":"https:\/\/aivlisoft.net\/shop\/wp-json\/wp\/v2\/product_brand?post=18831"},{"taxonomy":"product_cat","embeddable":true,"href":"https:\/\/aivlisoft.net\/shop\/wp-json\/wp\/v2\/product_cat?post=18831"},{"taxonomy":"product_tag","embeddable":true,"href":"https:\/\/aivlisoft.net\/shop\/wp-json\/wp\/v2\/product_tag?post=18831"}],"curies":[{"name":"wp","href":"https:\/\/api.w.org\/{rel}","templated":true}]}}