{"id":18815,"date":"2025-01-13T15:25:58","date_gmt":"2025-01-13T15:25:58","guid":{"rendered":"https:\/\/aivlisoft.com\/?post_type=product&#038;p=18815"},"modified":"2025-01-14T11:41:34","modified_gmt":"2025-01-14T11:41:34","slug":"mikrotik-rb1100ahx4-router-13xgb-l6","status":"publish","type":"product","link":"https:\/\/aivlisoft.net\/shop\/producto\/mikrotik-rb1100ahx4-router-13xgb-l6\/","title":{"rendered":"MikroTik RB1100AHx4 Router 13xGB L6"},"content":{"rendered":"<p><\/p>\n<table class=\"tabla_caracteristicas k-table\" width=\"100%\">\n<tbody>\n<tr>\n<td><strong>Marca<\/strong><\/td>\n<td>Mikrotik<\/td>\n<\/tr>\n<tr>\n<td valign=\"top\"><strong>Modelo<\/strong><\/td>\n<td><strong>RB1100x4<\/strong><\/td>\n<\/tr>\n<tr>\n<td valign=\"top\"><strong>Caracteristicas<\/strong><\/td>\n<td>&#8211; Arquitectura: ARM 32bit<br \/>&#8211; CPU: AL21400<br \/>&#8211; CPU core count: 4<br \/>&#8211; Frecuencia nominal de la CPU: 1.4 GHz<br \/>&#8211; Dimensiones: 444 x 148 x 47 mm.<br \/>&#8211; Nivel de licencia: 6<br \/>&#8211; Sistema operativo: RouterOS<br \/>&#8211; Tama&ntilde;o de la memoria RAM: 1 GB<br \/>&#8211; Tama&ntilde;o de almacenamiento: 128 MB<br \/>&#8211; Tipo de almacenamiento: NAND<br \/>&#8211; Temperatura ambiente probada: -40 &deg; C a 70 &deg; C<br \/><strong>Alimentaci&oacute;n<\/strong><br \/>&#8211; PoE en: 802.3af \/ at<br \/>&#8211; PoE en voltaje de entrada: 20-57 V<br \/>&#8211; N&uacute;mero de entradas de CA: 2<br \/>&#8211; Rango de entrada de CA: 100-240<br \/>&#8211; N&uacute;mero de entradas de CC: 2 (terminal de 2 pines, PoE-IN)<br \/>&#8211; Entrada de terminal de 2 pines Voltaje: -48, 12-57 V<br \/>&#8211; Consumo m&aacute;ximo de energ&iacute;a: 20 W<br \/><strong>Ethernet<\/strong><br \/>&#8211; 10\/100\/1000 puertos Ethernet: 13<br \/><strong>Perif&eacute;ricos<\/strong><br \/>&#8211; Tipo de tarjeta de memoria: microSD<br \/>&#8211; Tarjetas de memoria: 1<br \/>&#8211; Puerto serie: RS232<br \/><strong>Incluye<\/strong><br \/>&#8211; Kit de tornillo K10 R2<br \/>&#8211; Orejas de cremallera<br \/>&#8211; 2 x cables IEC<\/td>\n<\/tr>\n<tr>\n<td><strong>Fecha de revisi&oacute;n<\/strong><\/td>\n<td>26-06-2019 por MSB<\/td>\n<\/tr>\n<\/tbody>\n<\/table>\n","protected":false},"excerpt":{"rendered":"<p>Marca Mikrotik Modelo RB1100x4 Caracteristicas &#8211; Arquitectura: ARM 32bit&#8211; CPU: AL21400&#8211; CPU core count: 4&#8211; Frecuencia nominal de la CPU: 1.4 GHz&#8211; Dimensiones: 444 x 148 x 47 mm.&#8211; Nivel de licencia: 6&#8211; Sistema operativo: RouterOS&#8211; Tama&ntilde;o de la memoria RAM: 1 GB&#8211; Tama&ntilde;o de almacenamiento: 128 MB&#8211; Tipo de almacenamiento: NAND&#8211; Temperatura ambiente probada:&hellip;&nbsp;<a href=\"https:\/\/aivlisoft.net\/shop\/producto\/mikrotik-rb1100ahx4-router-13xgb-l6\/\" rel=\"bookmark\"><span class=\"screen-reader-text\">MikroTik RB1100AHx4 Router 13xGB L6<\/span><\/a><\/p>\n","protected":false},"featured_media":18816,"template":"","meta":{"neve_meta_sidebar":"","neve_meta_container":"","neve_meta_enable_content_width":"","neve_meta_content_width":0,"neve_meta_title_alignment":"","neve_meta_author_avatar":"","neve_post_elements_order":"","neve_meta_disable_header":"","neve_meta_disable_footer":"","neve_meta_disable_title":""},"product_brand":[],"product_cat":[8769],"product_tag":[6843],"class_list":{"0":"post-18815","1":"product","2":"type-product","3":"status-publish","4":"has-post-thumbnail","6":"product_cat-routers-redes-con-cable","7":"product_tag-rb1100x4","9":"first","10":"instock","11":"taxable","12":"shipping-taxable","13":"purchasable","14":"product-type-simple"},"yoast_head":"<!-- This site is optimized with the Yoast SEO plugin v26.0 - https:\/\/yoast.com\/wordpress\/plugins\/seo\/ -->\n<title>MikroTik RB1100AHx4 Router 13xGB L6 - Aivlisoft Inform\u00e1tica<\/title>\n<meta name=\"robots\" content=\"index, follow, max-snippet:-1, max-image-preview:large, max-video-preview:-1\" \/>\n<link rel=\"canonical\" href=\"https:\/\/aivlisoft.net\/shop\/producto\/mikrotik-rb1100ahx4-router-13xgb-l6\/\" \/>\n<meta property=\"og:locale\" content=\"es_ES\" \/>\n<meta property=\"og:type\" content=\"article\" \/>\n<meta property=\"og:title\" content=\"MikroTik RB1100AHx4 Router 13xGB L6 - Aivlisoft Inform\u00e1tica\" \/>\n<meta property=\"og:description\" content=\"Marca Mikrotik Modelo RB1100x4 Caracteristicas &#8211; Arquitectura: ARM 32bit&#8211; CPU: AL21400&#8211; CPU core count: 4&#8211; Frecuencia nominal de la CPU: 1.4 GHz&#8211; Dimensiones: 444 x 148 x 47 mm.&#8211; Nivel de licencia: 6&#8211; Sistema operativo: RouterOS&#8211; Tama&ntilde;o de la memoria RAM: 1 GB&#8211; Tama&ntilde;o de almacenamiento: 128 MB&#8211; Tipo de almacenamiento: NAND&#8211; Temperatura ambiente probada:&hellip;&nbsp;MikroTik RB1100AHx4 Router 13xGB L6\" \/>\n<meta property=\"og:url\" content=\"https:\/\/aivlisoft.net\/shop\/producto\/mikrotik-rb1100ahx4-router-13xgb-l6\/\" \/>\n<meta property=\"og:site_name\" content=\"Aivlisoft Inform\u00e1tica\" \/>\n<meta property=\"article:modified_time\" content=\"2025-01-14T11:41:34+00:00\" \/>\n<meta property=\"og:image\" content=\"https:\/\/aivlisoft.net\/shop\/wp-content\/uploads\/2025\/01\/NROCAB0073_800.jpg\" \/>\n\t<meta property=\"og:image:width\" content=\"800\" \/>\n\t<meta property=\"og:image:height\" content=\"800\" \/>\n\t<meta property=\"og:image:type\" content=\"image\/jpeg\" \/>\n<meta name=\"twitter:card\" content=\"summary_large_image\" \/>\n<meta name=\"twitter:label1\" content=\"Tiempo de lectura\" \/>\n\t<meta name=\"twitter:data1\" content=\"1 minuto\" \/>\n<script type=\"application\/ld+json\" class=\"yoast-schema-graph\">{\"@context\":\"https:\/\/schema.org\",\"@graph\":[{\"@type\":\"WebPage\",\"@id\":\"https:\/\/aivlisoft.net\/shop\/producto\/mikrotik-rb1100ahx4-router-13xgb-l6\/\",\"url\":\"https:\/\/aivlisoft.net\/shop\/producto\/mikrotik-rb1100ahx4-router-13xgb-l6\/\",\"name\":\"MikroTik RB1100AHx4 Router 13xGB L6 - Aivlisoft Inform\u00e1tica\",\"isPartOf\":{\"@id\":\"https:\/\/aivlisoft.net\/shop\/#website\"},\"primaryImageOfPage\":{\"@id\":\"https:\/\/aivlisoft.net\/shop\/producto\/mikrotik-rb1100ahx4-router-13xgb-l6\/#primaryimage\"},\"image\":{\"@id\":\"https:\/\/aivlisoft.net\/shop\/producto\/mikrotik-rb1100ahx4-router-13xgb-l6\/#primaryimage\"},\"thumbnailUrl\":\"https:\/\/aivlisoft.net\/shop\/wp-content\/uploads\/2025\/01\/NROCAB0073_800.jpg\",\"datePublished\":\"2025-01-13T15:25:58+00:00\",\"dateModified\":\"2025-01-14T11:41:34+00:00\",\"breadcrumb\":{\"@id\":\"https:\/\/aivlisoft.net\/shop\/producto\/mikrotik-rb1100ahx4-router-13xgb-l6\/#breadcrumb\"},\"inLanguage\":\"es\",\"potentialAction\":[{\"@type\":\"ReadAction\",\"target\":[\"https:\/\/aivlisoft.net\/shop\/producto\/mikrotik-rb1100ahx4-router-13xgb-l6\/\"]}]},{\"@type\":\"ImageObject\",\"inLanguage\":\"es\",\"@id\":\"https:\/\/aivlisoft.net\/shop\/producto\/mikrotik-rb1100ahx4-router-13xgb-l6\/#primaryimage\",\"url\":\"https:\/\/aivlisoft.net\/shop\/wp-content\/uploads\/2025\/01\/NROCAB0073_800.jpg\",\"contentUrl\":\"https:\/\/aivlisoft.net\/shop\/wp-content\/uploads\/2025\/01\/NROCAB0073_800.jpg\",\"width\":800,\"height\":800},{\"@type\":\"BreadcrumbList\",\"@id\":\"https:\/\/aivlisoft.net\/shop\/producto\/mikrotik-rb1100ahx4-router-13xgb-l6\/#breadcrumb\",\"itemListElement\":[{\"@type\":\"ListItem\",\"position\":1,\"name\":\"Portada\",\"item\":\"https:\/\/aivlisoft.net\/shop\/\"},{\"@type\":\"ListItem\",\"position\":2,\"name\":\"Tienda\",\"item\":\"https:\/\/aivlisoft.net\/shop\/tienda\/\"},{\"@type\":\"ListItem\",\"position\":3,\"name\":\"MikroTik RB1100AHx4 Router 13xGB L6\"}]},{\"@type\":\"WebSite\",\"@id\":\"https:\/\/aivlisoft.net\/shop\/#website\",\"url\":\"https:\/\/aivlisoft.net\/shop\/\",\"name\":\"Aivlisoft Inform\u00e1tica\",\"description\":\"En Aivlisoft Inform\u00e1tica ofrecemos soluciones tecnol\u00f3gicas para empresas: venta de ordenadores, consumibles, perif\u00e9ricos y m\u00e1s. Calidad, atenci\u00f3n personalizada y los mejores precios para tu negocio.\",\"publisher\":{\"@id\":\"https:\/\/aivlisoft.net\/shop\/#organization\"},\"potentialAction\":[{\"@type\":\"SearchAction\",\"target\":{\"@type\":\"EntryPoint\",\"urlTemplate\":\"https:\/\/aivlisoft.net\/shop\/?s={search_term_string}\"},\"query-input\":{\"@type\":\"PropertyValueSpecification\",\"valueRequired\":true,\"valueName\":\"search_term_string\"}}],\"inLanguage\":\"es\"},{\"@type\":\"Organization\",\"@id\":\"https:\/\/aivlisoft.net\/shop\/#organization\",\"name\":\"Aivlisoft Inform\u00e1tica\",\"url\":\"https:\/\/aivlisoft.net\/shop\/\",\"logo\":{\"@type\":\"ImageObject\",\"inLanguage\":\"es\",\"@id\":\"https:\/\/aivlisoft.net\/shop\/#\/schema\/logo\/image\/\",\"url\":\"https:\/\/aivlisoft.net\/shop\/wp-content\/uploads\/2024\/12\/removal.ai_5b848c54-0cdf-4140-95c5-c5536bb7573b-logodef.png\",\"contentUrl\":\"https:\/\/aivlisoft.net\/shop\/wp-content\/uploads\/2024\/12\/removal.ai_5b848c54-0cdf-4140-95c5-c5536bb7573b-logodef.png\",\"width\":484,\"height\":182,\"caption\":\"Aivlisoft Inform\u00e1tica\"},\"image\":{\"@id\":\"https:\/\/aivlisoft.net\/shop\/#\/schema\/logo\/image\/\"}}]}<\/script>\n<!-- \/ Yoast SEO plugin. -->","yoast_head_json":{"title":"MikroTik RB1100AHx4 Router 13xGB L6 - Aivlisoft Inform\u00e1tica","robots":{"index":"index","follow":"follow","max-snippet":"max-snippet:-1","max-image-preview":"max-image-preview:large","max-video-preview":"max-video-preview:-1"},"canonical":"https:\/\/aivlisoft.net\/shop\/producto\/mikrotik-rb1100ahx4-router-13xgb-l6\/","og_locale":"es_ES","og_type":"article","og_title":"MikroTik RB1100AHx4 Router 13xGB L6 - Aivlisoft Inform\u00e1tica","og_description":"Marca Mikrotik Modelo RB1100x4 Caracteristicas &#8211; Arquitectura: ARM 32bit&#8211; CPU: AL21400&#8211; CPU core count: 4&#8211; Frecuencia nominal de la CPU: 1.4 GHz&#8211; Dimensiones: 444 x 148 x 47 mm.&#8211; Nivel de licencia: 6&#8211; Sistema operativo: RouterOS&#8211; Tama&ntilde;o de la memoria RAM: 1 GB&#8211; Tama&ntilde;o de almacenamiento: 128 MB&#8211; Tipo de almacenamiento: NAND&#8211; Temperatura ambiente probada:&hellip;&nbsp;MikroTik RB1100AHx4 Router 13xGB L6","og_url":"https:\/\/aivlisoft.net\/shop\/producto\/mikrotik-rb1100ahx4-router-13xgb-l6\/","og_site_name":"Aivlisoft Inform\u00e1tica","article_modified_time":"2025-01-14T11:41:34+00:00","og_image":[{"width":800,"height":800,"url":"https:\/\/aivlisoft.net\/shop\/wp-content\/uploads\/2025\/01\/NROCAB0073_800.jpg","type":"image\/jpeg"}],"twitter_card":"summary_large_image","twitter_misc":{"Tiempo de lectura":"1 minuto"},"schema":{"@context":"https:\/\/schema.org","@graph":[{"@type":"WebPage","@id":"https:\/\/aivlisoft.net\/shop\/producto\/mikrotik-rb1100ahx4-router-13xgb-l6\/","url":"https:\/\/aivlisoft.net\/shop\/producto\/mikrotik-rb1100ahx4-router-13xgb-l6\/","name":"MikroTik RB1100AHx4 Router 13xGB L6 - Aivlisoft Inform\u00e1tica","isPartOf":{"@id":"https:\/\/aivlisoft.net\/shop\/#website"},"primaryImageOfPage":{"@id":"https:\/\/aivlisoft.net\/shop\/producto\/mikrotik-rb1100ahx4-router-13xgb-l6\/#primaryimage"},"image":{"@id":"https:\/\/aivlisoft.net\/shop\/producto\/mikrotik-rb1100ahx4-router-13xgb-l6\/#primaryimage"},"thumbnailUrl":"https:\/\/aivlisoft.net\/shop\/wp-content\/uploads\/2025\/01\/NROCAB0073_800.jpg","datePublished":"2025-01-13T15:25:58+00:00","dateModified":"2025-01-14T11:41:34+00:00","breadcrumb":{"@id":"https:\/\/aivlisoft.net\/shop\/producto\/mikrotik-rb1100ahx4-router-13xgb-l6\/#breadcrumb"},"inLanguage":"es","potentialAction":[{"@type":"ReadAction","target":["https:\/\/aivlisoft.net\/shop\/producto\/mikrotik-rb1100ahx4-router-13xgb-l6\/"]}]},{"@type":"ImageObject","inLanguage":"es","@id":"https:\/\/aivlisoft.net\/shop\/producto\/mikrotik-rb1100ahx4-router-13xgb-l6\/#primaryimage","url":"https:\/\/aivlisoft.net\/shop\/wp-content\/uploads\/2025\/01\/NROCAB0073_800.jpg","contentUrl":"https:\/\/aivlisoft.net\/shop\/wp-content\/uploads\/2025\/01\/NROCAB0073_800.jpg","width":800,"height":800},{"@type":"BreadcrumbList","@id":"https:\/\/aivlisoft.net\/shop\/producto\/mikrotik-rb1100ahx4-router-13xgb-l6\/#breadcrumb","itemListElement":[{"@type":"ListItem","position":1,"name":"Portada","item":"https:\/\/aivlisoft.net\/shop\/"},{"@type":"ListItem","position":2,"name":"Tienda","item":"https:\/\/aivlisoft.net\/shop\/tienda\/"},{"@type":"ListItem","position":3,"name":"MikroTik RB1100AHx4 Router 13xGB L6"}]},{"@type":"WebSite","@id":"https:\/\/aivlisoft.net\/shop\/#website","url":"https:\/\/aivlisoft.net\/shop\/","name":"Aivlisoft Inform\u00e1tica","description":"En Aivlisoft Inform\u00e1tica ofrecemos soluciones tecnol\u00f3gicas para empresas: venta de ordenadores, consumibles, perif\u00e9ricos y m\u00e1s. Calidad, atenci\u00f3n personalizada y los mejores precios para tu negocio.","publisher":{"@id":"https:\/\/aivlisoft.net\/shop\/#organization"},"potentialAction":[{"@type":"SearchAction","target":{"@type":"EntryPoint","urlTemplate":"https:\/\/aivlisoft.net\/shop\/?s={search_term_string}"},"query-input":{"@type":"PropertyValueSpecification","valueRequired":true,"valueName":"search_term_string"}}],"inLanguage":"es"},{"@type":"Organization","@id":"https:\/\/aivlisoft.net\/shop\/#organization","name":"Aivlisoft Inform\u00e1tica","url":"https:\/\/aivlisoft.net\/shop\/","logo":{"@type":"ImageObject","inLanguage":"es","@id":"https:\/\/aivlisoft.net\/shop\/#\/schema\/logo\/image\/","url":"https:\/\/aivlisoft.net\/shop\/wp-content\/uploads\/2024\/12\/removal.ai_5b848c54-0cdf-4140-95c5-c5536bb7573b-logodef.png","contentUrl":"https:\/\/aivlisoft.net\/shop\/wp-content\/uploads\/2024\/12\/removal.ai_5b848c54-0cdf-4140-95c5-c5536bb7573b-logodef.png","width":484,"height":182,"caption":"Aivlisoft Inform\u00e1tica"},"image":{"@id":"https:\/\/aivlisoft.net\/shop\/#\/schema\/logo\/image\/"}}]}},"_links":{"self":[{"href":"https:\/\/aivlisoft.net\/shop\/wp-json\/wp\/v2\/product\/18815","targetHints":{"allow":["GET"]}}],"collection":[{"href":"https:\/\/aivlisoft.net\/shop\/wp-json\/wp\/v2\/product"}],"about":[{"href":"https:\/\/aivlisoft.net\/shop\/wp-json\/wp\/v2\/types\/product"}],"wp:featuredmedia":[{"embeddable":true,"href":"https:\/\/aivlisoft.net\/shop\/wp-json\/wp\/v2\/media\/18816"}],"wp:attachment":[{"href":"https:\/\/aivlisoft.net\/shop\/wp-json\/wp\/v2\/media?parent=18815"}],"wp:term":[{"taxonomy":"product_brand","embeddable":true,"href":"https:\/\/aivlisoft.net\/shop\/wp-json\/wp\/v2\/product_brand?post=18815"},{"taxonomy":"product_cat","embeddable":true,"href":"https:\/\/aivlisoft.net\/shop\/wp-json\/wp\/v2\/product_cat?post=18815"},{"taxonomy":"product_tag","embeddable":true,"href":"https:\/\/aivlisoft.net\/shop\/wp-json\/wp\/v2\/product_tag?post=18815"}],"curies":[{"name":"wp","href":"https:\/\/api.w.org\/{rel}","templated":true}]}}