{"id":18745,"date":"2025-01-13T15:25:06","date_gmt":"2025-01-13T15:25:06","guid":{"rendered":"https:\/\/aivlisoft.com\/?post_type=product&#038;p=18745"},"modified":"2025-01-14T20:08:21","modified_gmt":"2025-01-14T20:08:21","slug":"zyxel-router-cloud-wifi6e-4xgbe-1xgbe-wan-tri-band","status":"publish","type":"product","link":"https:\/\/aivlisoft.net\/shop\/producto\/zyxel-router-cloud-wifi6e-4xgbe-1xgbe-wan-tri-band\/","title":{"rendered":"Zyxel Router Cloud WiFi6E 4xGbE 1xGbE WAN Tri-Band"},"content":{"rendered":"<p><\/p>\n<p>&nbsp;<\/p>\n<table class=\"tabla_caracteristicas k-table\" width=\"100%\">\n<tr>\n<td><strong>Marca<\/strong><\/td>\n<td>Zyxel<\/td>\n<\/tr>\n<tr>\n<td><strong>Modelo<\/strong><\/td>\n<td><strong>SCR50AXE-EU0101F<\/strong><\/td>\n<\/tr>\n<tr>\n<td><strong>Interfaces<\/strong><\/td>\n<td>&#8211; Puertos RJ-45 10\/100\/1000 Mbps:<br \/>\t\t\t&nbsp; 1 x WAN: 1 GbE RJ45 port<br \/>\t\t\t&nbsp; 4 x LAN: 1 GbE RJ45 ports<\/td>\n<\/tr>\n<tr>\n<td><strong>Otras Caracteristicas<\/strong><\/td>\n<td>&#8211; CPU: Doble n&uacute;cleo, 1,00 GHz, Cortex A53<br \/>\t\t\t&#8211; RAM \/ FLASH: 1GB \/ 256MB<br \/>\t\t\t<strong>Capacidad y rendimiento del sistema<\/strong><br \/>\t\t\t&#8211; Rendimiento del cortafuegos SPI de LAN a WAN (Mbps): 890<br \/>\t\t\t&#8211; Rendimiento con administraci&oacute;n de amenazas activada (Mbps): 880<br \/>\t\t\t<strong>Especificaciones inal&aacute;mbricas<\/strong><br \/>\t\t\t&#8211; Cumplimiento est&aacute;ndar<br \/>\t\t\t&nbsp; IEEE 802.11ax 6 GHz<br \/>\t\t\t&nbsp; IEEE 802.11 hacha\/ac\/n\/a 5 GHz<br \/>\t\t\t&nbsp; IEEE 802.11 hacha\/n\/b\/g 2,4 GHz<br \/>\t\t\t&#8211; Frecuencia inal&aacute;mbrica: 2,4 \/ 5 \/6 GHz<br \/>\t\t\t&#8211; Radio: 3<br \/>\t\t\t&#8211; N&uacute;mero SSID: 4<br \/>\t\t\t&#8211; N&ordm; de antena: 4 (interno)<br \/>\t\t\t&#8211; Ganancia de la antena<br \/>\t\t\t&nbsp; 2,0 dBi a 2,4 GHz<br \/>\t\t\t&nbsp; 3,0 dBi a 5 GHz<br \/>\t\t\t&nbsp; 3,5 dBi a 6 GHz<br \/>\t\t\t* Tenga en cuenta que la banda 6G solo est&aacute; operativa en los pa&iacute;ses enumerados aqu&iacute;:<br \/>\t\t\t&nbsp; https:\/\/www.zyxel.com\/sites\/zyxel\/files\/solution\/Zyxel-WiFi6E-enabled-Countries.pdf<br \/>\t\t\t&#8211; Velocidad inal&aacute;mbrica:<br \/>\t\t\t&nbsp; 6GHz: 2402Mbps<br \/>\t\t\t&nbsp; 5GHz: 2402Mbps<br \/>\t\t\t&nbsp; 2,4 GHz: 574 Mbps<br \/>\t\t\t<strong>Caracter&iacute;sticas de seguridad<\/strong><br \/>\t\t\t&#8211; Protecci&oacute;n contra ransomware\/malware<br \/>\t\t\t&#8211; Bloqueador de intrusiones<br \/>\t\t\t&#8211; Bloqueador de la web oscura<br \/>\t\t\t&#8211; Detenga el fraude postal y el phishing<br \/>\t\t\t&#8211; Bloquear anuncios<br \/>\t\t\t&#8211; Bloquear proxy VPN<br \/>\t\t\t&#8211; Filtrado web<br \/>\t\t\t&#8211; Cortafuegos<br \/>\t\t\t&#8211; Restricci&oacute;n de pa&iacute;s (GeoIP)<br \/>\t\t\t&#8211; Lista de permitidos\/lista de bloqueados<br \/>\t\t\t&#8211; Gesti&oacute;n de tr&aacute;fico (aplicaciones y clientes)<br \/>\t\t\t&#8211; Inteligencia de amenazas en tiempo real*1<br \/>\t\t\t&#8211; Filtrado web (DNS)*<br \/>\t\t\t&#8211; Nebulosa Pro Pack *<br \/>\t\t\t* Con licencia de servicio Zyxel para habilitar o ampliar la capacidad de funciones<br \/>\t\t\t<strong>Funciones VPN<\/strong><br \/>\t\t\t&#8211; VPN de sitio a sitio: IPSec<br \/>\t\t\t<strong>Redes<\/strong><br \/>\t\t\t&#8211; Tipo de WAN: IP est&aacute;tica, DHCP, PPPoE y PPPoE con IP est&aacute;tica<br \/>\t\t\t&#8211; Funciones de red:<br \/>\t\t\t&nbsp; Reenv&iacute;o de puertos<br \/>\t\t\t&nbsp; VLAN invitada<br \/>\t\t\t&nbsp; DHCP<br \/>\t\t\t&nbsp; Enlace IP\/MAC<br \/>\t\t\t&nbsp; Filtro MAC<br \/>\t\t\t&#8211; Traducci&oacute;n de direcciones de red (NAT) y reenv&iacute;o de puertos<br \/>\t\t\t&#8211; Servidor\/cliente DHCP y rel&eacute; DHCP<br \/>\t\t\t&#8211; DNS Din&aacute;mico<br \/>\t\t\t&#8211; Traducci&oacute;n de direcciones de red (NAT) y reenv&iacute;o de puertos<br \/>\t\t\t&#8211; Ruta est&aacute;tica<br \/>\t\t\t&#8211; Proxy IGMP<br \/>\t\t\t<strong>Gesti&oacute;n de WLAN<\/strong><br \/>\t\t\t&#8211; Actualizaci&oacute;n de firmware<br \/>\t\t\t&#8211; Copia de seguridad y restauraci&oacute;n de la configuraci&oacute;n<br \/>\t\t\t&#8211; Live tools<br \/>\t\t\t<strong>Requerimientos de energ&iacute;a<\/strong><br \/>\t\t\t&#8211; Entrada de alimentaci&oacute;n: 12 V CC, 2,0 A<br \/>\t\t\t&#8211; M&aacute;x. consumo de energ&iacute;a (vatios m&aacute;x.): 21W<br \/>\t\t\t<strong>Certificaciones<\/strong><br \/>\t\t\t&#8211; CE<br \/>\t\t\t&#8211; FCC<br \/>\t\t\t&#8211; BSMI<br \/>\t\t\t<strong>Especificaciones ambientales<\/strong><br \/>\t\t\t&#8211; Temperatura de funcionamiento: 0&ordm;C a 40&ordm;C<br \/>\t\t\t&#8211; Humedad de funcionamiento: 10% a 90% (sin condensaci&oacute;n)<br \/>\t\t\t&#8211; Temperatura de almacenamiento: -30&ordm;C a 70&ordm;C<br \/>\t\t\t&#8211; Humedad de almacenamiento: 10% a 95% (sin condensaci&oacute;n)<br \/>\t\t\t<strong>Dimensiones y peso<\/strong><br \/>\t\t\t&#8211; 178,0 X 54,6 (soporte 68,2) X 242,2 mm<br \/>\t\t\t&#8211; Peso: 651 g (con soporte)<\/td>\n<\/tr>\n<tr>\n<td><strong>Fecha de revisi&oacute;n<\/strong><\/td>\n<td>03-05-2023 por RTY<\/td>\n<\/tr>\n<\/table>\n","protected":false},"excerpt":{"rendered":"<p>&nbsp; Marca Zyxel Modelo SCR50AXE-EU0101F Interfaces &#8211; Puertos RJ-45 10\/100\/1000 Mbps: &nbsp; 1 x WAN: 1 GbE RJ45 port &nbsp; 4 x LAN: 1 GbE RJ45 ports Otras Caracteristicas &#8211; CPU: Doble n&uacute;cleo, 1,00 GHz, Cortex A53 &#8211; RAM \/ FLASH: 1GB \/ 256MB Capacidad y rendimiento del sistema &#8211; Rendimiento del cortafuegos SPI de&hellip;&nbsp;<a href=\"https:\/\/aivlisoft.net\/shop\/producto\/zyxel-router-cloud-wifi6e-4xgbe-1xgbe-wan-tri-band\/\" rel=\"bookmark\"><span class=\"screen-reader-text\">Zyxel Router Cloud WiFi6E 4xGbE 1xGbE WAN Tri-Band<\/span><\/a><\/p>\n","protected":false},"featured_media":18746,"template":"","meta":{"neve_meta_sidebar":"","neve_meta_container":"","neve_meta_enable_content_width":"","neve_meta_content_width":0,"neve_meta_title_alignment":"","neve_meta_author_avatar":"","neve_post_elements_order":"","neve_meta_disable_header":"","neve_meta_disable_footer":"","neve_meta_disable_title":""},"product_brand":[],"product_cat":[15,8769,6832],"product_tag":[6806],"class_list":{"0":"post-18745","1":"product","2":"type-product","3":"status-publish","4":"has-post-thumbnail","6":"product_cat-sin-categorizar","7":"product_cat-routers-redes-con-cable","8":"product_cat-routers-modems","9":"product_tag-scr50axe-eu0101f","11":"first","12":"instock","13":"taxable","14":"shipping-taxable","15":"purchasable","16":"product-type-simple"},"yoast_head":"<!-- This site is optimized with the Yoast SEO plugin v26.0 - https:\/\/yoast.com\/wordpress\/plugins\/seo\/ -->\n<title>Zyxel Router Cloud WiFi6E 4xGbE 1xGbE WAN Tri-Band - Aivlisoft Inform\u00e1tica<\/title>\n<meta name=\"robots\" content=\"index, follow, max-snippet:-1, max-image-preview:large, max-video-preview:-1\" \/>\n<link rel=\"canonical\" href=\"https:\/\/aivlisoft.net\/shop\/producto\/zyxel-router-cloud-wifi6e-4xgbe-1xgbe-wan-tri-band\/\" \/>\n<meta property=\"og:locale\" content=\"es_ES\" \/>\n<meta property=\"og:type\" content=\"article\" \/>\n<meta property=\"og:title\" content=\"Zyxel Router Cloud WiFi6E 4xGbE 1xGbE WAN Tri-Band - Aivlisoft Inform\u00e1tica\" \/>\n<meta property=\"og:description\" content=\"&nbsp; Marca Zyxel Modelo SCR50AXE-EU0101F Interfaces &#8211; Puertos RJ-45 10\/100\/1000 Mbps: &nbsp; 1 x WAN: 1 GbE RJ45 port &nbsp; 4 x LAN: 1 GbE RJ45 ports Otras Caracteristicas &#8211; CPU: Doble n&uacute;cleo, 1,00 GHz, Cortex A53 &#8211; RAM \/ FLASH: 1GB \/ 256MB Capacidad y rendimiento del sistema &#8211; Rendimiento del cortafuegos SPI de&hellip;&nbsp;Zyxel Router Cloud WiFi6E 4xGbE 1xGbE WAN Tri-Band\" \/>\n<meta property=\"og:url\" content=\"https:\/\/aivlisoft.net\/shop\/producto\/zyxel-router-cloud-wifi6e-4xgbe-1xgbe-wan-tri-band\/\" \/>\n<meta property=\"og:site_name\" content=\"Aivlisoft Inform\u00e1tica\" \/>\n<meta property=\"article:modified_time\" content=\"2025-01-14T20:08:21+00:00\" \/>\n<meta property=\"og:image\" content=\"https:\/\/aivlisoft.net\/shop\/wp-content\/uploads\/2025\/01\/NPPPHW0046_800.jpg\" \/>\n\t<meta property=\"og:image:width\" content=\"800\" \/>\n\t<meta property=\"og:image:height\" content=\"800\" \/>\n\t<meta property=\"og:image:type\" content=\"image\/jpeg\" \/>\n<meta name=\"twitter:card\" content=\"summary_large_image\" \/>\n<meta name=\"twitter:label1\" content=\"Tiempo de lectura\" \/>\n\t<meta name=\"twitter:data1\" content=\"2 minutos\" \/>\n<script type=\"application\/ld+json\" class=\"yoast-schema-graph\">{\"@context\":\"https:\/\/schema.org\",\"@graph\":[{\"@type\":\"WebPage\",\"@id\":\"https:\/\/aivlisoft.net\/shop\/producto\/zyxel-router-cloud-wifi6e-4xgbe-1xgbe-wan-tri-band\/\",\"url\":\"https:\/\/aivlisoft.net\/shop\/producto\/zyxel-router-cloud-wifi6e-4xgbe-1xgbe-wan-tri-band\/\",\"name\":\"Zyxel Router Cloud WiFi6E 4xGbE 1xGbE WAN Tri-Band - Aivlisoft Inform\u00e1tica\",\"isPartOf\":{\"@id\":\"https:\/\/aivlisoft.net\/shop\/#website\"},\"primaryImageOfPage\":{\"@id\":\"https:\/\/aivlisoft.net\/shop\/producto\/zyxel-router-cloud-wifi6e-4xgbe-1xgbe-wan-tri-band\/#primaryimage\"},\"image\":{\"@id\":\"https:\/\/aivlisoft.net\/shop\/producto\/zyxel-router-cloud-wifi6e-4xgbe-1xgbe-wan-tri-band\/#primaryimage\"},\"thumbnailUrl\":\"https:\/\/aivlisoft.net\/shop\/wp-content\/uploads\/2025\/01\/NPPPHW0046_800.jpg\",\"datePublished\":\"2025-01-13T15:25:06+00:00\",\"dateModified\":\"2025-01-14T20:08:21+00:00\",\"breadcrumb\":{\"@id\":\"https:\/\/aivlisoft.net\/shop\/producto\/zyxel-router-cloud-wifi6e-4xgbe-1xgbe-wan-tri-band\/#breadcrumb\"},\"inLanguage\":\"es\",\"potentialAction\":[{\"@type\":\"ReadAction\",\"target\":[\"https:\/\/aivlisoft.net\/shop\/producto\/zyxel-router-cloud-wifi6e-4xgbe-1xgbe-wan-tri-band\/\"]}]},{\"@type\":\"ImageObject\",\"inLanguage\":\"es\",\"@id\":\"https:\/\/aivlisoft.net\/shop\/producto\/zyxel-router-cloud-wifi6e-4xgbe-1xgbe-wan-tri-band\/#primaryimage\",\"url\":\"https:\/\/aivlisoft.net\/shop\/wp-content\/uploads\/2025\/01\/NPPPHW0046_800.jpg\",\"contentUrl\":\"https:\/\/aivlisoft.net\/shop\/wp-content\/uploads\/2025\/01\/NPPPHW0046_800.jpg\",\"width\":800,\"height\":800},{\"@type\":\"BreadcrumbList\",\"@id\":\"https:\/\/aivlisoft.net\/shop\/producto\/zyxel-router-cloud-wifi6e-4xgbe-1xgbe-wan-tri-band\/#breadcrumb\",\"itemListElement\":[{\"@type\":\"ListItem\",\"position\":1,\"name\":\"Portada\",\"item\":\"https:\/\/aivlisoft.net\/shop\/\"},{\"@type\":\"ListItem\",\"position\":2,\"name\":\"Tienda\",\"item\":\"https:\/\/aivlisoft.net\/shop\/tienda\/\"},{\"@type\":\"ListItem\",\"position\":3,\"name\":\"Zyxel Router Cloud WiFi6E 4xGbE 1xGbE WAN Tri-Band\"}]},{\"@type\":\"WebSite\",\"@id\":\"https:\/\/aivlisoft.net\/shop\/#website\",\"url\":\"https:\/\/aivlisoft.net\/shop\/\",\"name\":\"Aivlisoft Inform\u00e1tica\",\"description\":\"En Aivlisoft Inform\u00e1tica ofrecemos soluciones tecnol\u00f3gicas para empresas: venta de ordenadores, consumibles, perif\u00e9ricos y m\u00e1s. Calidad, atenci\u00f3n personalizada y los mejores precios para tu negocio.\",\"publisher\":{\"@id\":\"https:\/\/aivlisoft.net\/shop\/#organization\"},\"potentialAction\":[{\"@type\":\"SearchAction\",\"target\":{\"@type\":\"EntryPoint\",\"urlTemplate\":\"https:\/\/aivlisoft.net\/shop\/?s={search_term_string}\"},\"query-input\":{\"@type\":\"PropertyValueSpecification\",\"valueRequired\":true,\"valueName\":\"search_term_string\"}}],\"inLanguage\":\"es\"},{\"@type\":\"Organization\",\"@id\":\"https:\/\/aivlisoft.net\/shop\/#organization\",\"name\":\"Aivlisoft Inform\u00e1tica\",\"url\":\"https:\/\/aivlisoft.net\/shop\/\",\"logo\":{\"@type\":\"ImageObject\",\"inLanguage\":\"es\",\"@id\":\"https:\/\/aivlisoft.net\/shop\/#\/schema\/logo\/image\/\",\"url\":\"https:\/\/aivlisoft.net\/shop\/wp-content\/uploads\/2024\/12\/removal.ai_5b848c54-0cdf-4140-95c5-c5536bb7573b-logodef.png\",\"contentUrl\":\"https:\/\/aivlisoft.net\/shop\/wp-content\/uploads\/2024\/12\/removal.ai_5b848c54-0cdf-4140-95c5-c5536bb7573b-logodef.png\",\"width\":484,\"height\":182,\"caption\":\"Aivlisoft Inform\u00e1tica\"},\"image\":{\"@id\":\"https:\/\/aivlisoft.net\/shop\/#\/schema\/logo\/image\/\"}}]}<\/script>\n<!-- \/ Yoast SEO plugin. -->","yoast_head_json":{"title":"Zyxel Router Cloud WiFi6E 4xGbE 1xGbE WAN Tri-Band - Aivlisoft Inform\u00e1tica","robots":{"index":"index","follow":"follow","max-snippet":"max-snippet:-1","max-image-preview":"max-image-preview:large","max-video-preview":"max-video-preview:-1"},"canonical":"https:\/\/aivlisoft.net\/shop\/producto\/zyxel-router-cloud-wifi6e-4xgbe-1xgbe-wan-tri-band\/","og_locale":"es_ES","og_type":"article","og_title":"Zyxel Router Cloud WiFi6E 4xGbE 1xGbE WAN Tri-Band - Aivlisoft Inform\u00e1tica","og_description":"&nbsp; Marca Zyxel Modelo SCR50AXE-EU0101F Interfaces &#8211; Puertos RJ-45 10\/100\/1000 Mbps: &nbsp; 1 x WAN: 1 GbE RJ45 port &nbsp; 4 x LAN: 1 GbE RJ45 ports Otras Caracteristicas &#8211; CPU: Doble n&uacute;cleo, 1,00 GHz, Cortex A53 &#8211; RAM \/ FLASH: 1GB \/ 256MB Capacidad y rendimiento del sistema &#8211; Rendimiento del cortafuegos SPI de&hellip;&nbsp;Zyxel Router Cloud WiFi6E 4xGbE 1xGbE WAN Tri-Band","og_url":"https:\/\/aivlisoft.net\/shop\/producto\/zyxel-router-cloud-wifi6e-4xgbe-1xgbe-wan-tri-band\/","og_site_name":"Aivlisoft Inform\u00e1tica","article_modified_time":"2025-01-14T20:08:21+00:00","og_image":[{"width":800,"height":800,"url":"https:\/\/aivlisoft.net\/shop\/wp-content\/uploads\/2025\/01\/NPPPHW0046_800.jpg","type":"image\/jpeg"}],"twitter_card":"summary_large_image","twitter_misc":{"Tiempo de lectura":"2 minutos"},"schema":{"@context":"https:\/\/schema.org","@graph":[{"@type":"WebPage","@id":"https:\/\/aivlisoft.net\/shop\/producto\/zyxel-router-cloud-wifi6e-4xgbe-1xgbe-wan-tri-band\/","url":"https:\/\/aivlisoft.net\/shop\/producto\/zyxel-router-cloud-wifi6e-4xgbe-1xgbe-wan-tri-band\/","name":"Zyxel Router Cloud WiFi6E 4xGbE 1xGbE WAN Tri-Band - Aivlisoft Inform\u00e1tica","isPartOf":{"@id":"https:\/\/aivlisoft.net\/shop\/#website"},"primaryImageOfPage":{"@id":"https:\/\/aivlisoft.net\/shop\/producto\/zyxel-router-cloud-wifi6e-4xgbe-1xgbe-wan-tri-band\/#primaryimage"},"image":{"@id":"https:\/\/aivlisoft.net\/shop\/producto\/zyxel-router-cloud-wifi6e-4xgbe-1xgbe-wan-tri-band\/#primaryimage"},"thumbnailUrl":"https:\/\/aivlisoft.net\/shop\/wp-content\/uploads\/2025\/01\/NPPPHW0046_800.jpg","datePublished":"2025-01-13T15:25:06+00:00","dateModified":"2025-01-14T20:08:21+00:00","breadcrumb":{"@id":"https:\/\/aivlisoft.net\/shop\/producto\/zyxel-router-cloud-wifi6e-4xgbe-1xgbe-wan-tri-band\/#breadcrumb"},"inLanguage":"es","potentialAction":[{"@type":"ReadAction","target":["https:\/\/aivlisoft.net\/shop\/producto\/zyxel-router-cloud-wifi6e-4xgbe-1xgbe-wan-tri-band\/"]}]},{"@type":"ImageObject","inLanguage":"es","@id":"https:\/\/aivlisoft.net\/shop\/producto\/zyxel-router-cloud-wifi6e-4xgbe-1xgbe-wan-tri-band\/#primaryimage","url":"https:\/\/aivlisoft.net\/shop\/wp-content\/uploads\/2025\/01\/NPPPHW0046_800.jpg","contentUrl":"https:\/\/aivlisoft.net\/shop\/wp-content\/uploads\/2025\/01\/NPPPHW0046_800.jpg","width":800,"height":800},{"@type":"BreadcrumbList","@id":"https:\/\/aivlisoft.net\/shop\/producto\/zyxel-router-cloud-wifi6e-4xgbe-1xgbe-wan-tri-band\/#breadcrumb","itemListElement":[{"@type":"ListItem","position":1,"name":"Portada","item":"https:\/\/aivlisoft.net\/shop\/"},{"@type":"ListItem","position":2,"name":"Tienda","item":"https:\/\/aivlisoft.net\/shop\/tienda\/"},{"@type":"ListItem","position":3,"name":"Zyxel Router Cloud WiFi6E 4xGbE 1xGbE WAN Tri-Band"}]},{"@type":"WebSite","@id":"https:\/\/aivlisoft.net\/shop\/#website","url":"https:\/\/aivlisoft.net\/shop\/","name":"Aivlisoft Inform\u00e1tica","description":"En Aivlisoft Inform\u00e1tica ofrecemos soluciones tecnol\u00f3gicas para empresas: venta de ordenadores, consumibles, perif\u00e9ricos y m\u00e1s. Calidad, atenci\u00f3n personalizada y los mejores precios para tu negocio.","publisher":{"@id":"https:\/\/aivlisoft.net\/shop\/#organization"},"potentialAction":[{"@type":"SearchAction","target":{"@type":"EntryPoint","urlTemplate":"https:\/\/aivlisoft.net\/shop\/?s={search_term_string}"},"query-input":{"@type":"PropertyValueSpecification","valueRequired":true,"valueName":"search_term_string"}}],"inLanguage":"es"},{"@type":"Organization","@id":"https:\/\/aivlisoft.net\/shop\/#organization","name":"Aivlisoft Inform\u00e1tica","url":"https:\/\/aivlisoft.net\/shop\/","logo":{"@type":"ImageObject","inLanguage":"es","@id":"https:\/\/aivlisoft.net\/shop\/#\/schema\/logo\/image\/","url":"https:\/\/aivlisoft.net\/shop\/wp-content\/uploads\/2024\/12\/removal.ai_5b848c54-0cdf-4140-95c5-c5536bb7573b-logodef.png","contentUrl":"https:\/\/aivlisoft.net\/shop\/wp-content\/uploads\/2024\/12\/removal.ai_5b848c54-0cdf-4140-95c5-c5536bb7573b-logodef.png","width":484,"height":182,"caption":"Aivlisoft Inform\u00e1tica"},"image":{"@id":"https:\/\/aivlisoft.net\/shop\/#\/schema\/logo\/image\/"}}]}},"_links":{"self":[{"href":"https:\/\/aivlisoft.net\/shop\/wp-json\/wp\/v2\/product\/18745","targetHints":{"allow":["GET"]}}],"collection":[{"href":"https:\/\/aivlisoft.net\/shop\/wp-json\/wp\/v2\/product"}],"about":[{"href":"https:\/\/aivlisoft.net\/shop\/wp-json\/wp\/v2\/types\/product"}],"wp:featuredmedia":[{"embeddable":true,"href":"https:\/\/aivlisoft.net\/shop\/wp-json\/wp\/v2\/media\/18746"}],"wp:attachment":[{"href":"https:\/\/aivlisoft.net\/shop\/wp-json\/wp\/v2\/media?parent=18745"}],"wp:term":[{"taxonomy":"product_brand","embeddable":true,"href":"https:\/\/aivlisoft.net\/shop\/wp-json\/wp\/v2\/product_brand?post=18745"},{"taxonomy":"product_cat","embeddable":true,"href":"https:\/\/aivlisoft.net\/shop\/wp-json\/wp\/v2\/product_cat?post=18745"},{"taxonomy":"product_tag","embeddable":true,"href":"https:\/\/aivlisoft.net\/shop\/wp-json\/wp\/v2\/product_tag?post=18745"}],"curies":[{"name":"wp","href":"https:\/\/api.w.org\/{rel}","templated":true}]}}