{"id":18691,"date":"2025-01-13T15:24:36","date_gmt":"2025-01-13T15:24:36","guid":{"rendered":"https:\/\/aivlisoft.com\/?post_type=product&#038;p=18691"},"modified":"2025-01-14T11:40:44","modified_gmt":"2025-01-14T11:40:44","slug":"qnap-ts-216g-nas-2xhdd-bay-1xgbe-1x2-5gbe","status":"publish","type":"product","link":"https:\/\/aivlisoft.net\/shop\/producto\/qnap-ts-216g-nas-2xhdd-bay-1xgbe-1x2-5gbe\/","title":{"rendered":"QNAP TS-216G NAS 2XHDD-Bay 1xGbE 1&#215;2.5GbE"},"content":{"rendered":"<p><\/p>\n<table class=\"tabla_caracteristicas k-table\" width=\"100%\">\n<tr>\n<td valign=\"top\"><strong>Marca <\/strong><\/td>\n<td valign=\"top\">QNAP<\/td>\n<\/tr>\n<tr>\n<td valign=\"top\"><strong>Modelo <\/strong><\/td>\n<td valign=\"top\"><strong>TS-216G<\/strong><\/td>\n<\/tr>\n<tr>\n<td valign=\"top\"><strong>CPU <\/strong><\/td>\n<td valign=\"top\">&#8211; CPU: Procesador ARM Cortex A55 de cuatro n&uacute;cleos a 2,0GHz<br \/>\t\t\t&#8211; Arquitectura de CPU: ARM de 64 bits<br \/>\t\t\t&#8211; Unidad de coma flotante<br \/>\t\t\t&#8211; Motor de cifrado<br \/>\t\t\t&#8211; Transcodificaci&oacute;n acelerada de hardware&nbsp;&nbsp;&nbsp; &nbsp;<br \/>\t\t\t&#8211; Neural Processing Unit (NPU)<\/td>\n<\/tr>\n<tr>\n<td valign=\"top\"><strong>Memoria<\/strong><\/td>\n<td valign=\"top\">&#8211; Memoria del sistema: <strong>4GB <\/strong>de memoria integrada<br \/>\t\t\t* Reserva parte de la RAM para usarla como memoria gr&aacute;fica compartida.<br \/>\t\t\t&#8211; Memoria m&aacute;xima: 4 GB de memoria integrada (no ampliable)<\/td>\n<\/tr>\n<tr>\n<td valign=\"top\"><strong>Almacenamiento <\/strong><\/td>\n<td valign=\"top\">\n<div>&#8211; Memoria flash: <strong>4 GB <\/strong>(protecci&oacute;n del sistema operativo de doble arranque)<br \/>\t\t\t&#8211; Bah&iacute;a para unidades: 2 x 3,5 pulgadas SATA 6Gb\/s, 3Gb\/s<br \/>\t\t\t&#8211; Compatibilidad de unidades:<br \/>\t\t\t&nbsp; Bah&iacute;as de 3,5&#8243;:<br \/>\t\t\t&nbsp; &#8211; Unidades de disco duro SATA de 3,5&#8243;<br \/>\t\t\t&nbsp; &#8211; Unidades de estado s&oacute;lido SATA de 2,5&#8243;<br \/>\t\t\t&#8211; Intercambiable en caliente<br \/>\t\t\t<strong>Sistema de archivos<\/strong><br \/>\t\t\t&#8211; Unidades internas: <strong>EXT4<\/strong><br \/>\t\t\t&#8211; Unidades externas: <strong>EXT3, EXT4, NTFS, FAT32, HFS+, <\/strong>y<strong> exFAT<\/strong> (optional for ARM model)<br \/>\t\t\t<strong>Tipos de RAID compatibles<\/strong><br \/>\t\t\t&#8211; 8-bay (y m&aacute;s): JBOD, Single, RAID 0, 1, 5, 6, 10, 50, 60<br \/>\t\t\t&#8211; 6-bay: JBOD, Single, RAID 0, 1, 5, 6, 10, 50<br \/>\t\t\t&#8211; 4-bay: JBOD, Single, RAID 0, 1, 5, 6, 10<br \/>\t\t\t&#8211; 2-bay: JBOD, Single, RAID 0, 1<br \/>\t\t\t<strong>Gesti&oacute;n de almacenamiento<\/strong><br \/>\t\t\t&#8211; Tama&ntilde;o m&aacute;ximo de volumen individual: 250 TB<br \/>\t\t\t&#8211; N&uacute;mero m&aacute;ximo de vol&uacute;menes internos: 128<br \/>\t\t\t&#8211; Tama&ntilde;o m&aacute;ximo de carpetas compartidas: 250 TB<br \/>\t\t\t&#8211; N&uacute;mero m&aacute;ximo de carpetas compartidas: 512<\/div>\n<\/td>\n<\/tr>\n<tr>\n<td valign=\"top\"><strong>Conexiones <\/strong><\/td>\n<td valign=\"top\">&#8211; 1 x puerto RJ45<br \/>\t\t\t&#8211; 1 x puerto 2,5 GbE (2,5G\/1G\/100M)<br \/>\t\t\t&#8211; Wake-on-LAN (WOL) &nbsp;&nbsp; &nbsp;<br \/>\t\t\t&#8211; Jumbo Frame &nbsp;&nbsp; &nbsp;<br \/>\t\t\t&#8211; 2 x puertos USB 2.0<br \/>\t\t\t&#8211; 1 x puertos USB 3.2 Gen 1<\/td>\n<\/tr>\n<tr>\n<td valign=\"top\"><strong>Caracter&iacute;sticas <\/strong><\/td>\n<td valign=\"top\">&#8211; Factor de forma: Torre<br \/>\t\t\t&#8211; Indicadores LED: Estado del sistema, LAN, USB, unidad de disco duro 1~2<br \/>\t\t\t&#8211; Botones: Encendido, restablecimiento, copia USB<br \/>\t\t\t<strong>F&iacute;sicas<\/strong><br \/>\t\t\t&#8211; Formato: Montaje en rack de 1U<br \/>\t\t\t&#8211; Indicadores LED: Estado del sistema, LAN, USB, unidad de disco duro 1~2<br \/>\t\t\t&#8211; Botones: Encendido, restablecimiento, copia USB<br \/>\t\t\t&#8211; Temperatura operativa: 0 &#8211; 40 &deg;C<br \/>\t\t\t&#8211; Temperatura de almacenamiento: -20 &#8211; 70&deg;C<br \/>\t\t\t&#8211; Humedad relativa: 5 ~ 95 % de humedad relativa sin condensaci&oacute;n, bulbo h&uacute;medo: 27 &ordm;C<br \/>\t\t\t&#8211; Unidad de alimentaci&oacute;n el&eacute;ctrica: 48W (12VDC), 100-240VAC<br \/>\t\t\t&#8211; Consumo de energ&iacute;a: Modo suspensi&oacute;n de disco duro: 4.973 W<br \/>\t\t\t&#8211; Consumo de energ&iacute;a: Modo de funcionamiento, t&iacute;pico: 13.907 W<br \/>\t\t\t&#8211; Ventilador: 1 de 70 mm, 12 V de CC<br \/>\t\t\t&#8211; Advertencia del sistema: Timbre<br \/>\t\t\t&#8211; Ranura de seguridad Kensington<br \/>\t\t\t&#8211; Max. Number of Concurrent Connections (CIFS) &#8211; with Max. Memory: 200<br \/>\t\t\t<strong>Dimensiones y peso<\/strong><br \/>\t\t\t&#8211;&nbsp;165 &times; 102 &times; 220,6 mm<br \/>\t\t\t&#8211; 1,45 kg<\/td>\n<\/tr>\n<tr>\n<td valign=\"top\"><strong>Fecha Revisi&oacute;n <\/strong><\/td>\n<td valign=\"top\">09-09-2024 por RTY<\/td>\n<\/tr>\n<\/table>\n<p>&nbsp;<\/p>\n<p>&nbsp;<\/p>\n","protected":false},"excerpt":{"rendered":"<p>Marca QNAP Modelo TS-216G CPU &#8211; CPU: Procesador ARM Cortex A55 de cuatro n&uacute;cleos a 2,0GHz &#8211; Arquitectura de CPU: ARM de 64 bits &#8211; Unidad de coma flotante &#8211; Motor de cifrado &#8211; Transcodificaci&oacute;n acelerada de hardware&nbsp;&nbsp;&nbsp; &nbsp; &#8211; Neural Processing Unit (NPU) Memoria &#8211; Memoria del sistema: 4GB de memoria integrada * Reserva&hellip;&nbsp;<a href=\"https:\/\/aivlisoft.net\/shop\/producto\/qnap-ts-216g-nas-2xhdd-bay-1xgbe-1x2-5gbe\/\" rel=\"bookmark\"><span class=\"screen-reader-text\">QNAP TS-216G NAS 2XHDD-Bay 1xGbE 1&#215;2.5GbE<\/span><\/a><\/p>\n","protected":false},"featured_media":18692,"template":"","meta":{"neve_meta_sidebar":"","neve_meta_container":"","neve_meta_enable_content_width":"","neve_meta_content_width":0,"neve_meta_title_alignment":"","neve_meta_author_avatar":"","neve_post_elements_order":"","neve_meta_disable_header":"","neve_meta_disable_footer":"","neve_meta_disable_title":""},"product_brand":[],"product_cat":[8767],"product_tag":[6792],"class_list":{"0":"post-18691","1":"product","2":"type-product","3":"status-publish","4":"has-post-thumbnail","6":"product_cat-almacenamiento-sobremesa","7":"product_tag-ts-216g","9":"first","10":"instock","11":"taxable","12":"shipping-taxable","13":"purchasable","14":"product-type-simple"},"yoast_head":"<!-- This site is optimized with the Yoast SEO plugin v26.0 - https:\/\/yoast.com\/wordpress\/plugins\/seo\/ -->\n<title>QNAP TS-216G NAS 2XHDD-Bay 1xGbE 1x2.5GbE - Aivlisoft Inform\u00e1tica<\/title>\n<meta name=\"robots\" content=\"index, follow, max-snippet:-1, max-image-preview:large, max-video-preview:-1\" \/>\n<link rel=\"canonical\" href=\"https:\/\/aivlisoft.net\/shop\/producto\/qnap-ts-216g-nas-2xhdd-bay-1xgbe-1x2-5gbe\/\" \/>\n<meta property=\"og:locale\" content=\"es_ES\" \/>\n<meta property=\"og:type\" content=\"article\" \/>\n<meta property=\"og:title\" content=\"QNAP TS-216G NAS 2XHDD-Bay 1xGbE 1x2.5GbE - Aivlisoft Inform\u00e1tica\" \/>\n<meta property=\"og:description\" content=\"Marca QNAP Modelo TS-216G CPU &#8211; CPU: Procesador ARM Cortex A55 de cuatro n&uacute;cleos a 2,0GHz &#8211; Arquitectura de CPU: ARM de 64 bits &#8211; Unidad de coma flotante &#8211; Motor de cifrado &#8211; Transcodificaci&oacute;n acelerada de hardware&nbsp;&nbsp;&nbsp; &nbsp; &#8211; Neural Processing Unit (NPU) Memoria &#8211; Memoria del sistema: 4GB de memoria integrada * Reserva&hellip;&nbsp;QNAP TS-216G NAS 2XHDD-Bay 1xGbE 1&#215;2.5GbE\" \/>\n<meta property=\"og:url\" content=\"https:\/\/aivlisoft.net\/shop\/producto\/qnap-ts-216g-nas-2xhdd-bay-1xgbe-1x2-5gbe\/\" \/>\n<meta property=\"og:site_name\" content=\"Aivlisoft Inform\u00e1tica\" \/>\n<meta property=\"article:modified_time\" content=\"2025-01-14T11:40:44+00:00\" \/>\n<meta property=\"og:image\" content=\"https:\/\/aivlisoft.net\/shop\/wp-content\/uploads\/2025\/01\/NARARS0249_800.jpg\" \/>\n\t<meta property=\"og:image:width\" content=\"800\" \/>\n\t<meta property=\"og:image:height\" content=\"800\" \/>\n\t<meta property=\"og:image:type\" content=\"image\/jpeg\" \/>\n<meta name=\"twitter:card\" content=\"summary_large_image\" \/>\n<meta name=\"twitter:label1\" content=\"Tiempo de lectura\" \/>\n\t<meta name=\"twitter:data1\" content=\"2 minutos\" \/>\n<script type=\"application\/ld+json\" class=\"yoast-schema-graph\">{\"@context\":\"https:\/\/schema.org\",\"@graph\":[{\"@type\":\"WebPage\",\"@id\":\"https:\/\/aivlisoft.net\/shop\/producto\/qnap-ts-216g-nas-2xhdd-bay-1xgbe-1x2-5gbe\/\",\"url\":\"https:\/\/aivlisoft.net\/shop\/producto\/qnap-ts-216g-nas-2xhdd-bay-1xgbe-1x2-5gbe\/\",\"name\":\"QNAP TS-216G NAS 2XHDD-Bay 1xGbE 1x2.5GbE - Aivlisoft Inform\u00e1tica\",\"isPartOf\":{\"@id\":\"https:\/\/aivlisoft.net\/shop\/#website\"},\"primaryImageOfPage\":{\"@id\":\"https:\/\/aivlisoft.net\/shop\/producto\/qnap-ts-216g-nas-2xhdd-bay-1xgbe-1x2-5gbe\/#primaryimage\"},\"image\":{\"@id\":\"https:\/\/aivlisoft.net\/shop\/producto\/qnap-ts-216g-nas-2xhdd-bay-1xgbe-1x2-5gbe\/#primaryimage\"},\"thumbnailUrl\":\"https:\/\/aivlisoft.net\/shop\/wp-content\/uploads\/2025\/01\/NARARS0249_800.jpg\",\"datePublished\":\"2025-01-13T15:24:36+00:00\",\"dateModified\":\"2025-01-14T11:40:44+00:00\",\"breadcrumb\":{\"@id\":\"https:\/\/aivlisoft.net\/shop\/producto\/qnap-ts-216g-nas-2xhdd-bay-1xgbe-1x2-5gbe\/#breadcrumb\"},\"inLanguage\":\"es\",\"potentialAction\":[{\"@type\":\"ReadAction\",\"target\":[\"https:\/\/aivlisoft.net\/shop\/producto\/qnap-ts-216g-nas-2xhdd-bay-1xgbe-1x2-5gbe\/\"]}]},{\"@type\":\"ImageObject\",\"inLanguage\":\"es\",\"@id\":\"https:\/\/aivlisoft.net\/shop\/producto\/qnap-ts-216g-nas-2xhdd-bay-1xgbe-1x2-5gbe\/#primaryimage\",\"url\":\"https:\/\/aivlisoft.net\/shop\/wp-content\/uploads\/2025\/01\/NARARS0249_800.jpg\",\"contentUrl\":\"https:\/\/aivlisoft.net\/shop\/wp-content\/uploads\/2025\/01\/NARARS0249_800.jpg\",\"width\":800,\"height\":800},{\"@type\":\"BreadcrumbList\",\"@id\":\"https:\/\/aivlisoft.net\/shop\/producto\/qnap-ts-216g-nas-2xhdd-bay-1xgbe-1x2-5gbe\/#breadcrumb\",\"itemListElement\":[{\"@type\":\"ListItem\",\"position\":1,\"name\":\"Portada\",\"item\":\"https:\/\/aivlisoft.net\/shop\/\"},{\"@type\":\"ListItem\",\"position\":2,\"name\":\"Tienda\",\"item\":\"https:\/\/aivlisoft.net\/shop\/tienda\/\"},{\"@type\":\"ListItem\",\"position\":3,\"name\":\"QNAP TS-216G NAS 2XHDD-Bay 1xGbE 1&#215;2.5GbE\"}]},{\"@type\":\"WebSite\",\"@id\":\"https:\/\/aivlisoft.net\/shop\/#website\",\"url\":\"https:\/\/aivlisoft.net\/shop\/\",\"name\":\"Aivlisoft Inform\u00e1tica\",\"description\":\"En Aivlisoft Inform\u00e1tica ofrecemos soluciones tecnol\u00f3gicas para empresas: venta de ordenadores, consumibles, perif\u00e9ricos y m\u00e1s. Calidad, atenci\u00f3n personalizada y los mejores precios para tu negocio.\",\"publisher\":{\"@id\":\"https:\/\/aivlisoft.net\/shop\/#organization\"},\"potentialAction\":[{\"@type\":\"SearchAction\",\"target\":{\"@type\":\"EntryPoint\",\"urlTemplate\":\"https:\/\/aivlisoft.net\/shop\/?s={search_term_string}\"},\"query-input\":{\"@type\":\"PropertyValueSpecification\",\"valueRequired\":true,\"valueName\":\"search_term_string\"}}],\"inLanguage\":\"es\"},{\"@type\":\"Organization\",\"@id\":\"https:\/\/aivlisoft.net\/shop\/#organization\",\"name\":\"Aivlisoft Inform\u00e1tica\",\"url\":\"https:\/\/aivlisoft.net\/shop\/\",\"logo\":{\"@type\":\"ImageObject\",\"inLanguage\":\"es\",\"@id\":\"https:\/\/aivlisoft.net\/shop\/#\/schema\/logo\/image\/\",\"url\":\"https:\/\/aivlisoft.net\/shop\/wp-content\/uploads\/2024\/12\/removal.ai_5b848c54-0cdf-4140-95c5-c5536bb7573b-logodef.png\",\"contentUrl\":\"https:\/\/aivlisoft.net\/shop\/wp-content\/uploads\/2024\/12\/removal.ai_5b848c54-0cdf-4140-95c5-c5536bb7573b-logodef.png\",\"width\":484,\"height\":182,\"caption\":\"Aivlisoft Inform\u00e1tica\"},\"image\":{\"@id\":\"https:\/\/aivlisoft.net\/shop\/#\/schema\/logo\/image\/\"}}]}<\/script>\n<!-- \/ Yoast SEO plugin. -->","yoast_head_json":{"title":"QNAP TS-216G NAS 2XHDD-Bay 1xGbE 1x2.5GbE - Aivlisoft Inform\u00e1tica","robots":{"index":"index","follow":"follow","max-snippet":"max-snippet:-1","max-image-preview":"max-image-preview:large","max-video-preview":"max-video-preview:-1"},"canonical":"https:\/\/aivlisoft.net\/shop\/producto\/qnap-ts-216g-nas-2xhdd-bay-1xgbe-1x2-5gbe\/","og_locale":"es_ES","og_type":"article","og_title":"QNAP TS-216G NAS 2XHDD-Bay 1xGbE 1x2.5GbE - Aivlisoft Inform\u00e1tica","og_description":"Marca QNAP Modelo TS-216G CPU &#8211; CPU: Procesador ARM Cortex A55 de cuatro n&uacute;cleos a 2,0GHz &#8211; Arquitectura de CPU: ARM de 64 bits &#8211; Unidad de coma flotante &#8211; Motor de cifrado &#8211; Transcodificaci&oacute;n acelerada de hardware&nbsp;&nbsp;&nbsp; &nbsp; &#8211; Neural Processing Unit (NPU) Memoria &#8211; Memoria del sistema: 4GB de memoria integrada * Reserva&hellip;&nbsp;QNAP TS-216G NAS 2XHDD-Bay 1xGbE 1&#215;2.5GbE","og_url":"https:\/\/aivlisoft.net\/shop\/producto\/qnap-ts-216g-nas-2xhdd-bay-1xgbe-1x2-5gbe\/","og_site_name":"Aivlisoft Inform\u00e1tica","article_modified_time":"2025-01-14T11:40:44+00:00","og_image":[{"width":800,"height":800,"url":"https:\/\/aivlisoft.net\/shop\/wp-content\/uploads\/2025\/01\/NARARS0249_800.jpg","type":"image\/jpeg"}],"twitter_card":"summary_large_image","twitter_misc":{"Tiempo de lectura":"2 minutos"},"schema":{"@context":"https:\/\/schema.org","@graph":[{"@type":"WebPage","@id":"https:\/\/aivlisoft.net\/shop\/producto\/qnap-ts-216g-nas-2xhdd-bay-1xgbe-1x2-5gbe\/","url":"https:\/\/aivlisoft.net\/shop\/producto\/qnap-ts-216g-nas-2xhdd-bay-1xgbe-1x2-5gbe\/","name":"QNAP TS-216G NAS 2XHDD-Bay 1xGbE 1x2.5GbE - Aivlisoft Inform\u00e1tica","isPartOf":{"@id":"https:\/\/aivlisoft.net\/shop\/#website"},"primaryImageOfPage":{"@id":"https:\/\/aivlisoft.net\/shop\/producto\/qnap-ts-216g-nas-2xhdd-bay-1xgbe-1x2-5gbe\/#primaryimage"},"image":{"@id":"https:\/\/aivlisoft.net\/shop\/producto\/qnap-ts-216g-nas-2xhdd-bay-1xgbe-1x2-5gbe\/#primaryimage"},"thumbnailUrl":"https:\/\/aivlisoft.net\/shop\/wp-content\/uploads\/2025\/01\/NARARS0249_800.jpg","datePublished":"2025-01-13T15:24:36+00:00","dateModified":"2025-01-14T11:40:44+00:00","breadcrumb":{"@id":"https:\/\/aivlisoft.net\/shop\/producto\/qnap-ts-216g-nas-2xhdd-bay-1xgbe-1x2-5gbe\/#breadcrumb"},"inLanguage":"es","potentialAction":[{"@type":"ReadAction","target":["https:\/\/aivlisoft.net\/shop\/producto\/qnap-ts-216g-nas-2xhdd-bay-1xgbe-1x2-5gbe\/"]}]},{"@type":"ImageObject","inLanguage":"es","@id":"https:\/\/aivlisoft.net\/shop\/producto\/qnap-ts-216g-nas-2xhdd-bay-1xgbe-1x2-5gbe\/#primaryimage","url":"https:\/\/aivlisoft.net\/shop\/wp-content\/uploads\/2025\/01\/NARARS0249_800.jpg","contentUrl":"https:\/\/aivlisoft.net\/shop\/wp-content\/uploads\/2025\/01\/NARARS0249_800.jpg","width":800,"height":800},{"@type":"BreadcrumbList","@id":"https:\/\/aivlisoft.net\/shop\/producto\/qnap-ts-216g-nas-2xhdd-bay-1xgbe-1x2-5gbe\/#breadcrumb","itemListElement":[{"@type":"ListItem","position":1,"name":"Portada","item":"https:\/\/aivlisoft.net\/shop\/"},{"@type":"ListItem","position":2,"name":"Tienda","item":"https:\/\/aivlisoft.net\/shop\/tienda\/"},{"@type":"ListItem","position":3,"name":"QNAP TS-216G NAS 2XHDD-Bay 1xGbE 1&#215;2.5GbE"}]},{"@type":"WebSite","@id":"https:\/\/aivlisoft.net\/shop\/#website","url":"https:\/\/aivlisoft.net\/shop\/","name":"Aivlisoft Inform\u00e1tica","description":"En Aivlisoft Inform\u00e1tica ofrecemos soluciones tecnol\u00f3gicas para empresas: venta de ordenadores, consumibles, perif\u00e9ricos y m\u00e1s. Calidad, atenci\u00f3n personalizada y los mejores precios para tu negocio.","publisher":{"@id":"https:\/\/aivlisoft.net\/shop\/#organization"},"potentialAction":[{"@type":"SearchAction","target":{"@type":"EntryPoint","urlTemplate":"https:\/\/aivlisoft.net\/shop\/?s={search_term_string}"},"query-input":{"@type":"PropertyValueSpecification","valueRequired":true,"valueName":"search_term_string"}}],"inLanguage":"es"},{"@type":"Organization","@id":"https:\/\/aivlisoft.net\/shop\/#organization","name":"Aivlisoft Inform\u00e1tica","url":"https:\/\/aivlisoft.net\/shop\/","logo":{"@type":"ImageObject","inLanguage":"es","@id":"https:\/\/aivlisoft.net\/shop\/#\/schema\/logo\/image\/","url":"https:\/\/aivlisoft.net\/shop\/wp-content\/uploads\/2024\/12\/removal.ai_5b848c54-0cdf-4140-95c5-c5536bb7573b-logodef.png","contentUrl":"https:\/\/aivlisoft.net\/shop\/wp-content\/uploads\/2024\/12\/removal.ai_5b848c54-0cdf-4140-95c5-c5536bb7573b-logodef.png","width":484,"height":182,"caption":"Aivlisoft Inform\u00e1tica"},"image":{"@id":"https:\/\/aivlisoft.net\/shop\/#\/schema\/logo\/image\/"}}]}},"_links":{"self":[{"href":"https:\/\/aivlisoft.net\/shop\/wp-json\/wp\/v2\/product\/18691","targetHints":{"allow":["GET"]}}],"collection":[{"href":"https:\/\/aivlisoft.net\/shop\/wp-json\/wp\/v2\/product"}],"about":[{"href":"https:\/\/aivlisoft.net\/shop\/wp-json\/wp\/v2\/types\/product"}],"wp:featuredmedia":[{"embeddable":true,"href":"https:\/\/aivlisoft.net\/shop\/wp-json\/wp\/v2\/media\/18692"}],"wp:attachment":[{"href":"https:\/\/aivlisoft.net\/shop\/wp-json\/wp\/v2\/media?parent=18691"}],"wp:term":[{"taxonomy":"product_brand","embeddable":true,"href":"https:\/\/aivlisoft.net\/shop\/wp-json\/wp\/v2\/product_brand?post=18691"},{"taxonomy":"product_cat","embeddable":true,"href":"https:\/\/aivlisoft.net\/shop\/wp-json\/wp\/v2\/product_cat?post=18691"},{"taxonomy":"product_tag","embeddable":true,"href":"https:\/\/aivlisoft.net\/shop\/wp-json\/wp\/v2\/product_tag?post=18691"}],"curies":[{"name":"wp","href":"https:\/\/api.w.org\/{rel}","templated":true}]}}