{"id":18525,"date":"2025-01-13T15:22:59","date_gmt":"2025-01-13T15:22:59","guid":{"rendered":"https:\/\/aivlisoft.com\/?post_type=product&#038;p=18525"},"modified":"2025-01-14T11:39:52","modified_gmt":"2025-01-14T11:39:52","slug":"synology-dx1222-expansion-unit-12bay-diskstation","status":"publish","type":"product","link":"https:\/\/aivlisoft.net\/shop\/producto\/synology-dx1222-expansion-unit-12bay-diskstation\/","title":{"rendered":"Synology DX1222 Expansion Unit 12Bay Diskstation"},"content":{"rendered":"<p>Las unidades de expansi&oacute;n Synology DX1222 le permiten a&ntilde;adir capacidad a su Synology DiskStation1 sobre la marcha. Ampl&iacute;e al instante a un m&aacute;ximo de 12&nbsp;unidades adicionales de 2,5 o 3,5&nbsp;pulgadas en la misma implementaci&oacute;n gracias a su reducido tama&ntilde;o, a su r&aacute;pida instalaci&oacute;n y a las intuitivas opciones de administraci&oacute;n de vol&uacute;menes de Synology DiskStation Manager (DSM). La unidad est&aacute; respaldada por la garant&iacute;a limitada de 5 a&ntilde;os de Synology.<br \/>&nbsp;<\/p>\n<table width=\"100%\">\n<tr>\n<td valign=\"top\"><strong>Marca <\/strong><\/td>\n<td valign=\"top\">Synology<\/td>\n<\/tr>\n<tr>\n<td valign=\"top\"><strong>Modelo <\/strong><\/td>\n<td valign=\"top\"><strong>DX1222<\/strong><\/td>\n<\/tr>\n<tr>\n<td valign=\"top\"><strong>Memoria <\/strong><\/td>\n<td valign=\"top\"><strong>&#8211; <\/strong>Compatible con:&nbsp;12 x HDD\/SSD SATA de 3,5&quot; o 2,5&quot; (no se incluyen los discos)<\/td>\n<\/tr>\n<tr>\n<td valign=\"top\"><strong>Conexiones <\/strong><\/td>\n<td valign=\"top\">&#8211; 1&nbsp;puerto de expansi&oacute;n (Mini-SAS HD)<\/td>\n<\/tr>\n<tr>\n<td valign=\"top\"><strong>Caracter&iacute;sticas <\/strong><\/td>\n<td valign=\"top\">&#8211; Ventiladores del sistema 2 x (120 x 120 x 25 mm)<br \/>\t\t\t&#8211; Tensi&oacute;n de alimentaci&oacute;n de&nbsp;<br \/>\t\t\t&#8211; Entrada CA de 100 a 240 V CA<br \/>\t\t\t&#8211; Frecuencia de alimentaci&oacute;n 50\/60 Hz, monof&aacute;sica<br \/>\t\t\t&#8211; Temperatura de funcionamiento De 0 &deg;C a 40&deg;C (de 32 &deg;F a 104&deg;F)<br \/>\t\t\t&#8211; Temperatura de&nbsp;<br \/>\t\t\t&#8211; Almacenamiento De -20&deg;C a 60&deg;C (de -5&deg;F a 140&deg;F)<br \/>\t\t\t&#8211; Humedad relativa Del 5 al 95 % de HR&nbsp;<br \/>\t\t\t&#8211; Altitud operativa m&aacute;xima 5000 m (16 400 pies)<br \/>\t\t\t<strong>Dimensiones<\/strong><br \/>\t\t\t&#8211; Dimensiones (Al x An x Pr) 270 x 300 x 340 mm<br \/>\t\t\t&#8211; Peso 9.02 kilogramos&nbsp;<\/td>\n<\/tr>\n<tr>\n<td valign=\"top\"><strong>Fecha Revisi&oacute;n <\/strong><\/td>\n<td valign=\"top\">20-10-2021 por YMC<\/td>\n<\/tr>\n<\/table>\n","protected":false},"excerpt":{"rendered":"<p>Las unidades de expansi&oacute;n Synology DX1222 le permiten a&ntilde;adir capacidad a su Synology DiskStation1 sobre la marcha. Ampl&iacute;e al instante a un m&aacute;ximo de 12&nbsp;unidades adicionales de 2,5 o 3,5&nbsp;pulgadas en la misma implementaci&oacute;n gracias a su reducido tama&ntilde;o, a su r&aacute;pida instalaci&oacute;n y a las intuitivas opciones de administraci&oacute;n de vol&uacute;menes de Synology DiskStation&hellip;&nbsp;<a href=\"https:\/\/aivlisoft.net\/shop\/producto\/synology-dx1222-expansion-unit-12bay-diskstation\/\" rel=\"bookmark\"><span class=\"screen-reader-text\">Synology DX1222 Expansion Unit 12Bay Diskstation<\/span><\/a><\/p>\n","protected":false},"featured_media":18526,"template":"","meta":{"neve_meta_sidebar":"","neve_meta_container":"","neve_meta_enable_content_width":"","neve_meta_content_width":0,"neve_meta_title_alignment":"","neve_meta_author_avatar":"","neve_post_elements_order":"","neve_meta_disable_header":"","neve_meta_disable_footer":"","neve_meta_disable_title":""},"product_brand":[],"product_cat":[8767],"product_tag":[6752],"class_list":{"0":"post-18525","1":"product","2":"type-product","3":"status-publish","4":"has-post-thumbnail","6":"product_cat-almacenamiento-sobremesa","7":"product_tag-dx1222","9":"first","10":"instock","11":"taxable","12":"shipping-taxable","13":"purchasable","14":"product-type-simple"},"yoast_head":"<!-- This site is optimized with the Yoast SEO plugin v26.0 - https:\/\/yoast.com\/wordpress\/plugins\/seo\/ -->\n<title>Synology DX1222 Expansion Unit 12Bay Diskstation - Aivlisoft Inform\u00e1tica<\/title>\n<meta name=\"robots\" content=\"index, follow, max-snippet:-1, max-image-preview:large, max-video-preview:-1\" \/>\n<link rel=\"canonical\" href=\"https:\/\/aivlisoft.net\/shop\/producto\/synology-dx1222-expansion-unit-12bay-diskstation\/\" \/>\n<meta property=\"og:locale\" content=\"es_ES\" \/>\n<meta property=\"og:type\" content=\"article\" \/>\n<meta property=\"og:title\" content=\"Synology DX1222 Expansion Unit 12Bay Diskstation - Aivlisoft Inform\u00e1tica\" \/>\n<meta property=\"og:description\" content=\"Las unidades de expansi&oacute;n Synology DX1222 le permiten a&ntilde;adir capacidad a su Synology DiskStation1 sobre la marcha. Ampl&iacute;e al instante a un m&aacute;ximo de 12&nbsp;unidades adicionales de 2,5 o 3,5&nbsp;pulgadas en la misma implementaci&oacute;n gracias a su reducido tama&ntilde;o, a su r&aacute;pida instalaci&oacute;n y a las intuitivas opciones de administraci&oacute;n de vol&uacute;menes de Synology DiskStation&hellip;&nbsp;Synology DX1222 Expansion Unit 12Bay Diskstation\" \/>\n<meta property=\"og:url\" content=\"https:\/\/aivlisoft.net\/shop\/producto\/synology-dx1222-expansion-unit-12bay-diskstation\/\" \/>\n<meta property=\"og:site_name\" content=\"Aivlisoft Inform\u00e1tica\" \/>\n<meta property=\"article:modified_time\" content=\"2025-01-14T11:39:52+00:00\" \/>\n<meta property=\"og:image\" content=\"https:\/\/aivlisoft.net\/shop\/wp-content\/uploads\/2025\/01\/NARARS0187_800.jpg\" \/>\n\t<meta property=\"og:image:width\" content=\"800\" \/>\n\t<meta property=\"og:image:height\" content=\"800\" \/>\n\t<meta property=\"og:image:type\" content=\"image\/jpeg\" \/>\n<meta name=\"twitter:card\" content=\"summary_large_image\" \/>\n<meta name=\"twitter:label1\" content=\"Tiempo de lectura\" \/>\n\t<meta name=\"twitter:data1\" content=\"1 minuto\" \/>\n<script type=\"application\/ld+json\" class=\"yoast-schema-graph\">{\"@context\":\"https:\/\/schema.org\",\"@graph\":[{\"@type\":\"WebPage\",\"@id\":\"https:\/\/aivlisoft.net\/shop\/producto\/synology-dx1222-expansion-unit-12bay-diskstation\/\",\"url\":\"https:\/\/aivlisoft.net\/shop\/producto\/synology-dx1222-expansion-unit-12bay-diskstation\/\",\"name\":\"Synology DX1222 Expansion Unit 12Bay Diskstation - Aivlisoft Inform\u00e1tica\",\"isPartOf\":{\"@id\":\"https:\/\/aivlisoft.net\/shop\/#website\"},\"primaryImageOfPage\":{\"@id\":\"https:\/\/aivlisoft.net\/shop\/producto\/synology-dx1222-expansion-unit-12bay-diskstation\/#primaryimage\"},\"image\":{\"@id\":\"https:\/\/aivlisoft.net\/shop\/producto\/synology-dx1222-expansion-unit-12bay-diskstation\/#primaryimage\"},\"thumbnailUrl\":\"https:\/\/aivlisoft.net\/shop\/wp-content\/uploads\/2025\/01\/NARARS0187_800.jpg\",\"datePublished\":\"2025-01-13T15:22:59+00:00\",\"dateModified\":\"2025-01-14T11:39:52+00:00\",\"breadcrumb\":{\"@id\":\"https:\/\/aivlisoft.net\/shop\/producto\/synology-dx1222-expansion-unit-12bay-diskstation\/#breadcrumb\"},\"inLanguage\":\"es\",\"potentialAction\":[{\"@type\":\"ReadAction\",\"target\":[\"https:\/\/aivlisoft.net\/shop\/producto\/synology-dx1222-expansion-unit-12bay-diskstation\/\"]}]},{\"@type\":\"ImageObject\",\"inLanguage\":\"es\",\"@id\":\"https:\/\/aivlisoft.net\/shop\/producto\/synology-dx1222-expansion-unit-12bay-diskstation\/#primaryimage\",\"url\":\"https:\/\/aivlisoft.net\/shop\/wp-content\/uploads\/2025\/01\/NARARS0187_800.jpg\",\"contentUrl\":\"https:\/\/aivlisoft.net\/shop\/wp-content\/uploads\/2025\/01\/NARARS0187_800.jpg\",\"width\":800,\"height\":800},{\"@type\":\"BreadcrumbList\",\"@id\":\"https:\/\/aivlisoft.net\/shop\/producto\/synology-dx1222-expansion-unit-12bay-diskstation\/#breadcrumb\",\"itemListElement\":[{\"@type\":\"ListItem\",\"position\":1,\"name\":\"Portada\",\"item\":\"https:\/\/aivlisoft.net\/shop\/\"},{\"@type\":\"ListItem\",\"position\":2,\"name\":\"Tienda\",\"item\":\"https:\/\/aivlisoft.net\/shop\/tienda\/\"},{\"@type\":\"ListItem\",\"position\":3,\"name\":\"Synology DX1222 Expansion Unit 12Bay Diskstation\"}]},{\"@type\":\"WebSite\",\"@id\":\"https:\/\/aivlisoft.net\/shop\/#website\",\"url\":\"https:\/\/aivlisoft.net\/shop\/\",\"name\":\"Aivlisoft Inform\u00e1tica\",\"description\":\"En Aivlisoft Inform\u00e1tica ofrecemos soluciones tecnol\u00f3gicas para empresas: venta de ordenadores, consumibles, perif\u00e9ricos y m\u00e1s. Calidad, atenci\u00f3n personalizada y los mejores precios para tu negocio.\",\"publisher\":{\"@id\":\"https:\/\/aivlisoft.net\/shop\/#organization\"},\"potentialAction\":[{\"@type\":\"SearchAction\",\"target\":{\"@type\":\"EntryPoint\",\"urlTemplate\":\"https:\/\/aivlisoft.net\/shop\/?s={search_term_string}\"},\"query-input\":{\"@type\":\"PropertyValueSpecification\",\"valueRequired\":true,\"valueName\":\"search_term_string\"}}],\"inLanguage\":\"es\"},{\"@type\":\"Organization\",\"@id\":\"https:\/\/aivlisoft.net\/shop\/#organization\",\"name\":\"Aivlisoft Inform\u00e1tica\",\"url\":\"https:\/\/aivlisoft.net\/shop\/\",\"logo\":{\"@type\":\"ImageObject\",\"inLanguage\":\"es\",\"@id\":\"https:\/\/aivlisoft.net\/shop\/#\/schema\/logo\/image\/\",\"url\":\"https:\/\/aivlisoft.net\/shop\/wp-content\/uploads\/2024\/12\/removal.ai_5b848c54-0cdf-4140-95c5-c5536bb7573b-logodef.png\",\"contentUrl\":\"https:\/\/aivlisoft.net\/shop\/wp-content\/uploads\/2024\/12\/removal.ai_5b848c54-0cdf-4140-95c5-c5536bb7573b-logodef.png\",\"width\":484,\"height\":182,\"caption\":\"Aivlisoft Inform\u00e1tica\"},\"image\":{\"@id\":\"https:\/\/aivlisoft.net\/shop\/#\/schema\/logo\/image\/\"}}]}<\/script>\n<!-- \/ Yoast SEO plugin. -->","yoast_head_json":{"title":"Synology DX1222 Expansion Unit 12Bay Diskstation - Aivlisoft Inform\u00e1tica","robots":{"index":"index","follow":"follow","max-snippet":"max-snippet:-1","max-image-preview":"max-image-preview:large","max-video-preview":"max-video-preview:-1"},"canonical":"https:\/\/aivlisoft.net\/shop\/producto\/synology-dx1222-expansion-unit-12bay-diskstation\/","og_locale":"es_ES","og_type":"article","og_title":"Synology DX1222 Expansion Unit 12Bay Diskstation - Aivlisoft Inform\u00e1tica","og_description":"Las unidades de expansi&oacute;n Synology DX1222 le permiten a&ntilde;adir capacidad a su Synology DiskStation1 sobre la marcha. Ampl&iacute;e al instante a un m&aacute;ximo de 12&nbsp;unidades adicionales de 2,5 o 3,5&nbsp;pulgadas en la misma implementaci&oacute;n gracias a su reducido tama&ntilde;o, a su r&aacute;pida instalaci&oacute;n y a las intuitivas opciones de administraci&oacute;n de vol&uacute;menes de Synology DiskStation&hellip;&nbsp;Synology DX1222 Expansion Unit 12Bay Diskstation","og_url":"https:\/\/aivlisoft.net\/shop\/producto\/synology-dx1222-expansion-unit-12bay-diskstation\/","og_site_name":"Aivlisoft Inform\u00e1tica","article_modified_time":"2025-01-14T11:39:52+00:00","og_image":[{"width":800,"height":800,"url":"https:\/\/aivlisoft.net\/shop\/wp-content\/uploads\/2025\/01\/NARARS0187_800.jpg","type":"image\/jpeg"}],"twitter_card":"summary_large_image","twitter_misc":{"Tiempo de lectura":"1 minuto"},"schema":{"@context":"https:\/\/schema.org","@graph":[{"@type":"WebPage","@id":"https:\/\/aivlisoft.net\/shop\/producto\/synology-dx1222-expansion-unit-12bay-diskstation\/","url":"https:\/\/aivlisoft.net\/shop\/producto\/synology-dx1222-expansion-unit-12bay-diskstation\/","name":"Synology DX1222 Expansion Unit 12Bay Diskstation - Aivlisoft Inform\u00e1tica","isPartOf":{"@id":"https:\/\/aivlisoft.net\/shop\/#website"},"primaryImageOfPage":{"@id":"https:\/\/aivlisoft.net\/shop\/producto\/synology-dx1222-expansion-unit-12bay-diskstation\/#primaryimage"},"image":{"@id":"https:\/\/aivlisoft.net\/shop\/producto\/synology-dx1222-expansion-unit-12bay-diskstation\/#primaryimage"},"thumbnailUrl":"https:\/\/aivlisoft.net\/shop\/wp-content\/uploads\/2025\/01\/NARARS0187_800.jpg","datePublished":"2025-01-13T15:22:59+00:00","dateModified":"2025-01-14T11:39:52+00:00","breadcrumb":{"@id":"https:\/\/aivlisoft.net\/shop\/producto\/synology-dx1222-expansion-unit-12bay-diskstation\/#breadcrumb"},"inLanguage":"es","potentialAction":[{"@type":"ReadAction","target":["https:\/\/aivlisoft.net\/shop\/producto\/synology-dx1222-expansion-unit-12bay-diskstation\/"]}]},{"@type":"ImageObject","inLanguage":"es","@id":"https:\/\/aivlisoft.net\/shop\/producto\/synology-dx1222-expansion-unit-12bay-diskstation\/#primaryimage","url":"https:\/\/aivlisoft.net\/shop\/wp-content\/uploads\/2025\/01\/NARARS0187_800.jpg","contentUrl":"https:\/\/aivlisoft.net\/shop\/wp-content\/uploads\/2025\/01\/NARARS0187_800.jpg","width":800,"height":800},{"@type":"BreadcrumbList","@id":"https:\/\/aivlisoft.net\/shop\/producto\/synology-dx1222-expansion-unit-12bay-diskstation\/#breadcrumb","itemListElement":[{"@type":"ListItem","position":1,"name":"Portada","item":"https:\/\/aivlisoft.net\/shop\/"},{"@type":"ListItem","position":2,"name":"Tienda","item":"https:\/\/aivlisoft.net\/shop\/tienda\/"},{"@type":"ListItem","position":3,"name":"Synology DX1222 Expansion Unit 12Bay Diskstation"}]},{"@type":"WebSite","@id":"https:\/\/aivlisoft.net\/shop\/#website","url":"https:\/\/aivlisoft.net\/shop\/","name":"Aivlisoft Inform\u00e1tica","description":"En Aivlisoft Inform\u00e1tica ofrecemos soluciones tecnol\u00f3gicas para empresas: venta de ordenadores, consumibles, perif\u00e9ricos y m\u00e1s. Calidad, atenci\u00f3n personalizada y los mejores precios para tu negocio.","publisher":{"@id":"https:\/\/aivlisoft.net\/shop\/#organization"},"potentialAction":[{"@type":"SearchAction","target":{"@type":"EntryPoint","urlTemplate":"https:\/\/aivlisoft.net\/shop\/?s={search_term_string}"},"query-input":{"@type":"PropertyValueSpecification","valueRequired":true,"valueName":"search_term_string"}}],"inLanguage":"es"},{"@type":"Organization","@id":"https:\/\/aivlisoft.net\/shop\/#organization","name":"Aivlisoft Inform\u00e1tica","url":"https:\/\/aivlisoft.net\/shop\/","logo":{"@type":"ImageObject","inLanguage":"es","@id":"https:\/\/aivlisoft.net\/shop\/#\/schema\/logo\/image\/","url":"https:\/\/aivlisoft.net\/shop\/wp-content\/uploads\/2024\/12\/removal.ai_5b848c54-0cdf-4140-95c5-c5536bb7573b-logodef.png","contentUrl":"https:\/\/aivlisoft.net\/shop\/wp-content\/uploads\/2024\/12\/removal.ai_5b848c54-0cdf-4140-95c5-c5536bb7573b-logodef.png","width":484,"height":182,"caption":"Aivlisoft Inform\u00e1tica"},"image":{"@id":"https:\/\/aivlisoft.net\/shop\/#\/schema\/logo\/image\/"}}]}},"_links":{"self":[{"href":"https:\/\/aivlisoft.net\/shop\/wp-json\/wp\/v2\/product\/18525","targetHints":{"allow":["GET"]}}],"collection":[{"href":"https:\/\/aivlisoft.net\/shop\/wp-json\/wp\/v2\/product"}],"about":[{"href":"https:\/\/aivlisoft.net\/shop\/wp-json\/wp\/v2\/types\/product"}],"wp:featuredmedia":[{"embeddable":true,"href":"https:\/\/aivlisoft.net\/shop\/wp-json\/wp\/v2\/media\/18526"}],"wp:attachment":[{"href":"https:\/\/aivlisoft.net\/shop\/wp-json\/wp\/v2\/media?parent=18525"}],"wp:term":[{"taxonomy":"product_brand","embeddable":true,"href":"https:\/\/aivlisoft.net\/shop\/wp-json\/wp\/v2\/product_brand?post=18525"},{"taxonomy":"product_cat","embeddable":true,"href":"https:\/\/aivlisoft.net\/shop\/wp-json\/wp\/v2\/product_cat?post=18525"},{"taxonomy":"product_tag","embeddable":true,"href":"https:\/\/aivlisoft.net\/shop\/wp-json\/wp\/v2\/product_tag?post=18525"}],"curies":[{"name":"wp","href":"https:\/\/api.w.org\/{rel}","templated":true}]}}