{"id":18523,"date":"2025-01-13T15:22:58","date_gmt":"2025-01-13T15:22:58","guid":{"rendered":"https:\/\/aivlisoft.com\/?post_type=product&#038;p=18523"},"modified":"2025-01-14T11:39:52","modified_gmt":"2025-01-14T11:39:52","slug":"synology-ds3622xs-nas-12bay-diskstation","status":"publish","type":"product","link":"https:\/\/aivlisoft.net\/shop\/producto\/synology-ds3622xs-nas-12bay-diskstation\/","title":{"rendered":"Synology DS3622xs+ NAS 12Bay Diskstation"},"content":{"rendered":"<p>Synology DiskStation DS3622xs + es un dispositivo de 12 bah&iacute;as NAS de servidor en torre para empresas que necesitan almacenamiento grande y potente. El DS3622xs + combina una gran capacidad con un procesamiento s&oacute;lido capacidades, lo que lo hace ideal para empresas vigilancia, almacenamiento de m&aacute;quinas virtuales y edici&oacute;n de video. Su capacidad de almacenamiento es f&aacute;cil triplicado con dos expansiones DX1222 de 12 bah&iacute;as unidades. Conectividad, almacenamiento y memoria son f&aacute;cilmente expandibles para manejar a&uacute;n m&aacute;s cargas de trabajo exigentes. Junto con un gran oferta de aplicaciones comerciales disponibles para Synology DiskStation Manager (DSM), el DS3622xs + es mucho m&aacute;s que un almacenamiento dispositivo.<br \/>&nbsp;<\/p>\n<table width=\"100%\">\n<tr>\n<td valign=\"top\"><strong>Marca <\/strong><\/td>\n<td valign=\"top\">Synology<\/td>\n<\/tr>\n<tr>\n<td valign=\"top\"><strong>Modelo <\/strong><\/td>\n<td valign=\"top\"><strong>DS3622xs+<\/strong><\/td>\n<\/tr>\n<tr>\n<td valign=\"top\"><strong>CPU <\/strong><\/td>\n<td valign=\"top\">&#8211; Intel&reg; Xeon&reg; D-1531 6-core (12-thread) 2.2 GHz, turbo boost up to 2.7 GHz<\/td>\n<\/tr>\n<tr>\n<td valign=\"top\"><strong>Memoria <\/strong><\/td>\n<td valign=\"top\"><strong>&#8211; <\/strong>16 GB DDR4 ECC SODIMM (expandable up to 48 GB)<\/td>\n<\/tr>\n<tr>\n<td valign=\"top\"><strong>Almacenamiento <\/strong><\/td>\n<td valign=\"top\">&#8211; Max. tama&ntilde;o de volumen &uacute;nico: 108TB \/ 200TB12<br \/>\t\t\t&#8211; M&aacute;x. n&uacute;mero de instant&aacute;neas del sistema: 65,53613<br \/>\t\t\t&#8211; M&aacute;x. n&uacute;mero de vol&uacute;menes internos: 256&nbsp;<\/td>\n<\/tr>\n<tr>\n<td valign=\"top\"><strong>Conexiones <\/strong><\/td>\n<td valign=\"top\">&#8211; 2 puertos USB 3.2 Gen 1<br \/>\t\t\t&#8211; 2 x puertos de expansi&oacute;n (Mini-SAS HD)&nbsp;<\/td>\n<\/tr>\n<tr>\n<td valign=\"top\"><strong>Caracter&iacute;sticas <\/strong><\/td>\n<td valign=\"top\">&#8211; Tarjetas combinadas de adaptadores NVMe 10GbE \/ M.2<br \/>\t\t\t&#8211; Encendido \/ apagado programado S&iacute;<br \/>\t\t\t&#8211; Ventiladores del sistema 2 x (120 x 120 x 25 mm)<br \/>\t\t\t&#8211; Voltaje de alimentaci&oacute;n de entrada de CA 100 V a 240 V CA<br \/>\t\t\t&#8211; Frecuencia de red 50\/60 Hz, monof&aacute;sico&nbsp;<br \/>\t\t\t&#8211; Wake on LAN \/ WAN S&iacute; (solo en puertos de 1 GbE)<br \/>\t\t\t<strong>Puertos LAN<\/strong><br \/>\t\t\t&#8211; 1 x 1 GbE RJ-45 (administraci&oacute;n fuera de banda y transferencia de datos)<br \/>\t\t\t&#8211; 2 x 1 GbE RJ-45 (transferencia de datos)<br \/>\t\t\t&#8211; 2 puertos RJ-45 de 10 GbE<br \/>\t\t\t<strong>Gesti&oacute;n externa<\/strong><br \/>\t\t\t&#8211; S&iacute; (en el primer puerto de 1 GbE)<br \/>\t\t\t&#8211; Encender \/ apagar \/ reiniciar<br \/>\t\t\t&#8211; Acceder a la consola del sistema<br \/>\t\t\t<strong>Expansi&oacute;n PCIe<\/strong><br \/>\t\t\t&#8211; Ranura de 1 x 8 de ancho, Gen 3.0 x8 carriles<br \/>\t\t\t&#8211; Admite tarjetas de interfaz de red, 3 tarjetas adaptadoras M.2 NVMe para cach&eacute; SSD, 4 adaptadores de bus de host Fibre Channel, 3 y<br \/>\t\t\t<strong>Dimensiones<\/strong><br \/>\t\t\t&#8211; Dimensiones (Al x An x Pr) 270 x 300 x 340 mm<br \/>\t\t\t&#8211; Peso 9,8 kg&nbsp;<\/td>\n<\/tr>\n<tr>\n<td valign=\"top\"><strong>Fecha Revisi&oacute;n <\/strong><\/td>\n<td valign=\"top\">20-10-2021 por YMC<\/td>\n<\/tr>\n<\/table>\n","protected":false},"excerpt":{"rendered":"<p>Synology DiskStation DS3622xs + es un dispositivo de 12 bah&iacute;as NAS de servidor en torre para empresas que necesitan almacenamiento grande y potente. El DS3622xs + combina una gran capacidad con un procesamiento s&oacute;lido capacidades, lo que lo hace ideal para empresas vigilancia, almacenamiento de m&aacute;quinas virtuales y edici&oacute;n de video. Su capacidad de almacenamiento&hellip;&nbsp;<a href=\"https:\/\/aivlisoft.net\/shop\/producto\/synology-ds3622xs-nas-12bay-diskstation\/\" rel=\"bookmark\"><span class=\"screen-reader-text\">Synology DS3622xs+ NAS 12Bay Diskstation<\/span><\/a><\/p>\n","protected":false},"featured_media":18524,"template":"","meta":{"neve_meta_sidebar":"","neve_meta_container":"","neve_meta_enable_content_width":"","neve_meta_content_width":0,"neve_meta_title_alignment":"","neve_meta_author_avatar":"","neve_post_elements_order":"","neve_meta_disable_header":"","neve_meta_disable_footer":"","neve_meta_disable_title":""},"product_brand":[],"product_cat":[8767],"product_tag":[6751],"class_list":{"0":"post-18523","1":"product","2":"type-product","3":"status-publish","4":"has-post-thumbnail","6":"product_cat-almacenamiento-sobremesa","7":"product_tag-ds3622xs","9":"first","10":"instock","11":"taxable","12":"shipping-taxable","13":"purchasable","14":"product-type-simple"},"yoast_head":"<!-- This site is optimized with the Yoast SEO plugin v26.0 - https:\/\/yoast.com\/wordpress\/plugins\/seo\/ -->\n<title>Synology DS3622xs+ NAS 12Bay Diskstation - Aivlisoft Inform\u00e1tica<\/title>\n<meta name=\"robots\" content=\"index, follow, max-snippet:-1, max-image-preview:large, max-video-preview:-1\" \/>\n<link rel=\"canonical\" href=\"https:\/\/aivlisoft.net\/shop\/producto\/synology-ds3622xs-nas-12bay-diskstation\/\" \/>\n<meta property=\"og:locale\" content=\"es_ES\" \/>\n<meta property=\"og:type\" content=\"article\" \/>\n<meta property=\"og:title\" content=\"Synology DS3622xs+ NAS 12Bay Diskstation - Aivlisoft Inform\u00e1tica\" \/>\n<meta property=\"og:description\" content=\"Synology DiskStation DS3622xs + es un dispositivo de 12 bah&iacute;as NAS de servidor en torre para empresas que necesitan almacenamiento grande y potente. El DS3622xs + combina una gran capacidad con un procesamiento s&oacute;lido capacidades, lo que lo hace ideal para empresas vigilancia, almacenamiento de m&aacute;quinas virtuales y edici&oacute;n de video. Su capacidad de almacenamiento&hellip;&nbsp;Synology DS3622xs+ NAS 12Bay Diskstation\" \/>\n<meta property=\"og:url\" content=\"https:\/\/aivlisoft.net\/shop\/producto\/synology-ds3622xs-nas-12bay-diskstation\/\" \/>\n<meta property=\"og:site_name\" content=\"Aivlisoft Inform\u00e1tica\" \/>\n<meta property=\"article:modified_time\" content=\"2025-01-14T11:39:52+00:00\" \/>\n<meta property=\"og:image\" content=\"https:\/\/aivlisoft.net\/shop\/wp-content\/uploads\/2025\/01\/NARARS0186_800.jpg\" \/>\n\t<meta property=\"og:image:width\" content=\"800\" \/>\n\t<meta property=\"og:image:height\" content=\"800\" \/>\n\t<meta property=\"og:image:type\" content=\"image\/jpeg\" \/>\n<meta name=\"twitter:card\" content=\"summary_large_image\" \/>\n<meta name=\"twitter:label1\" content=\"Tiempo de lectura\" \/>\n\t<meta name=\"twitter:data1\" content=\"2 minutos\" \/>\n<script type=\"application\/ld+json\" class=\"yoast-schema-graph\">{\"@context\":\"https:\/\/schema.org\",\"@graph\":[{\"@type\":\"WebPage\",\"@id\":\"https:\/\/aivlisoft.net\/shop\/producto\/synology-ds3622xs-nas-12bay-diskstation\/\",\"url\":\"https:\/\/aivlisoft.net\/shop\/producto\/synology-ds3622xs-nas-12bay-diskstation\/\",\"name\":\"Synology DS3622xs+ NAS 12Bay Diskstation - Aivlisoft Inform\u00e1tica\",\"isPartOf\":{\"@id\":\"https:\/\/aivlisoft.net\/shop\/#website\"},\"primaryImageOfPage\":{\"@id\":\"https:\/\/aivlisoft.net\/shop\/producto\/synology-ds3622xs-nas-12bay-diskstation\/#primaryimage\"},\"image\":{\"@id\":\"https:\/\/aivlisoft.net\/shop\/producto\/synology-ds3622xs-nas-12bay-diskstation\/#primaryimage\"},\"thumbnailUrl\":\"https:\/\/aivlisoft.net\/shop\/wp-content\/uploads\/2025\/01\/NARARS0186_800.jpg\",\"datePublished\":\"2025-01-13T15:22:58+00:00\",\"dateModified\":\"2025-01-14T11:39:52+00:00\",\"breadcrumb\":{\"@id\":\"https:\/\/aivlisoft.net\/shop\/producto\/synology-ds3622xs-nas-12bay-diskstation\/#breadcrumb\"},\"inLanguage\":\"es\",\"potentialAction\":[{\"@type\":\"ReadAction\",\"target\":[\"https:\/\/aivlisoft.net\/shop\/producto\/synology-ds3622xs-nas-12bay-diskstation\/\"]}]},{\"@type\":\"ImageObject\",\"inLanguage\":\"es\",\"@id\":\"https:\/\/aivlisoft.net\/shop\/producto\/synology-ds3622xs-nas-12bay-diskstation\/#primaryimage\",\"url\":\"https:\/\/aivlisoft.net\/shop\/wp-content\/uploads\/2025\/01\/NARARS0186_800.jpg\",\"contentUrl\":\"https:\/\/aivlisoft.net\/shop\/wp-content\/uploads\/2025\/01\/NARARS0186_800.jpg\",\"width\":800,\"height\":800},{\"@type\":\"BreadcrumbList\",\"@id\":\"https:\/\/aivlisoft.net\/shop\/producto\/synology-ds3622xs-nas-12bay-diskstation\/#breadcrumb\",\"itemListElement\":[{\"@type\":\"ListItem\",\"position\":1,\"name\":\"Portada\",\"item\":\"https:\/\/aivlisoft.net\/shop\/\"},{\"@type\":\"ListItem\",\"position\":2,\"name\":\"Tienda\",\"item\":\"https:\/\/aivlisoft.net\/shop\/tienda\/\"},{\"@type\":\"ListItem\",\"position\":3,\"name\":\"Synology DS3622xs+ NAS 12Bay Diskstation\"}]},{\"@type\":\"WebSite\",\"@id\":\"https:\/\/aivlisoft.net\/shop\/#website\",\"url\":\"https:\/\/aivlisoft.net\/shop\/\",\"name\":\"Aivlisoft Inform\u00e1tica\",\"description\":\"En Aivlisoft Inform\u00e1tica ofrecemos soluciones tecnol\u00f3gicas para empresas: venta de ordenadores, consumibles, perif\u00e9ricos y m\u00e1s. Calidad, atenci\u00f3n personalizada y los mejores precios para tu negocio.\",\"publisher\":{\"@id\":\"https:\/\/aivlisoft.net\/shop\/#organization\"},\"potentialAction\":[{\"@type\":\"SearchAction\",\"target\":{\"@type\":\"EntryPoint\",\"urlTemplate\":\"https:\/\/aivlisoft.net\/shop\/?s={search_term_string}\"},\"query-input\":{\"@type\":\"PropertyValueSpecification\",\"valueRequired\":true,\"valueName\":\"search_term_string\"}}],\"inLanguage\":\"es\"},{\"@type\":\"Organization\",\"@id\":\"https:\/\/aivlisoft.net\/shop\/#organization\",\"name\":\"Aivlisoft Inform\u00e1tica\",\"url\":\"https:\/\/aivlisoft.net\/shop\/\",\"logo\":{\"@type\":\"ImageObject\",\"inLanguage\":\"es\",\"@id\":\"https:\/\/aivlisoft.net\/shop\/#\/schema\/logo\/image\/\",\"url\":\"https:\/\/aivlisoft.net\/shop\/wp-content\/uploads\/2024\/12\/removal.ai_5b848c54-0cdf-4140-95c5-c5536bb7573b-logodef.png\",\"contentUrl\":\"https:\/\/aivlisoft.net\/shop\/wp-content\/uploads\/2024\/12\/removal.ai_5b848c54-0cdf-4140-95c5-c5536bb7573b-logodef.png\",\"width\":484,\"height\":182,\"caption\":\"Aivlisoft Inform\u00e1tica\"},\"image\":{\"@id\":\"https:\/\/aivlisoft.net\/shop\/#\/schema\/logo\/image\/\"}}]}<\/script>\n<!-- \/ Yoast SEO plugin. -->","yoast_head_json":{"title":"Synology DS3622xs+ NAS 12Bay Diskstation - Aivlisoft Inform\u00e1tica","robots":{"index":"index","follow":"follow","max-snippet":"max-snippet:-1","max-image-preview":"max-image-preview:large","max-video-preview":"max-video-preview:-1"},"canonical":"https:\/\/aivlisoft.net\/shop\/producto\/synology-ds3622xs-nas-12bay-diskstation\/","og_locale":"es_ES","og_type":"article","og_title":"Synology DS3622xs+ NAS 12Bay Diskstation - Aivlisoft Inform\u00e1tica","og_description":"Synology DiskStation DS3622xs + es un dispositivo de 12 bah&iacute;as NAS de servidor en torre para empresas que necesitan almacenamiento grande y potente. El DS3622xs + combina una gran capacidad con un procesamiento s&oacute;lido capacidades, lo que lo hace ideal para empresas vigilancia, almacenamiento de m&aacute;quinas virtuales y edici&oacute;n de video. Su capacidad de almacenamiento&hellip;&nbsp;Synology DS3622xs+ NAS 12Bay Diskstation","og_url":"https:\/\/aivlisoft.net\/shop\/producto\/synology-ds3622xs-nas-12bay-diskstation\/","og_site_name":"Aivlisoft Inform\u00e1tica","article_modified_time":"2025-01-14T11:39:52+00:00","og_image":[{"width":800,"height":800,"url":"https:\/\/aivlisoft.net\/shop\/wp-content\/uploads\/2025\/01\/NARARS0186_800.jpg","type":"image\/jpeg"}],"twitter_card":"summary_large_image","twitter_misc":{"Tiempo de lectura":"2 minutos"},"schema":{"@context":"https:\/\/schema.org","@graph":[{"@type":"WebPage","@id":"https:\/\/aivlisoft.net\/shop\/producto\/synology-ds3622xs-nas-12bay-diskstation\/","url":"https:\/\/aivlisoft.net\/shop\/producto\/synology-ds3622xs-nas-12bay-diskstation\/","name":"Synology DS3622xs+ NAS 12Bay Diskstation - Aivlisoft Inform\u00e1tica","isPartOf":{"@id":"https:\/\/aivlisoft.net\/shop\/#website"},"primaryImageOfPage":{"@id":"https:\/\/aivlisoft.net\/shop\/producto\/synology-ds3622xs-nas-12bay-diskstation\/#primaryimage"},"image":{"@id":"https:\/\/aivlisoft.net\/shop\/producto\/synology-ds3622xs-nas-12bay-diskstation\/#primaryimage"},"thumbnailUrl":"https:\/\/aivlisoft.net\/shop\/wp-content\/uploads\/2025\/01\/NARARS0186_800.jpg","datePublished":"2025-01-13T15:22:58+00:00","dateModified":"2025-01-14T11:39:52+00:00","breadcrumb":{"@id":"https:\/\/aivlisoft.net\/shop\/producto\/synology-ds3622xs-nas-12bay-diskstation\/#breadcrumb"},"inLanguage":"es","potentialAction":[{"@type":"ReadAction","target":["https:\/\/aivlisoft.net\/shop\/producto\/synology-ds3622xs-nas-12bay-diskstation\/"]}]},{"@type":"ImageObject","inLanguage":"es","@id":"https:\/\/aivlisoft.net\/shop\/producto\/synology-ds3622xs-nas-12bay-diskstation\/#primaryimage","url":"https:\/\/aivlisoft.net\/shop\/wp-content\/uploads\/2025\/01\/NARARS0186_800.jpg","contentUrl":"https:\/\/aivlisoft.net\/shop\/wp-content\/uploads\/2025\/01\/NARARS0186_800.jpg","width":800,"height":800},{"@type":"BreadcrumbList","@id":"https:\/\/aivlisoft.net\/shop\/producto\/synology-ds3622xs-nas-12bay-diskstation\/#breadcrumb","itemListElement":[{"@type":"ListItem","position":1,"name":"Portada","item":"https:\/\/aivlisoft.net\/shop\/"},{"@type":"ListItem","position":2,"name":"Tienda","item":"https:\/\/aivlisoft.net\/shop\/tienda\/"},{"@type":"ListItem","position":3,"name":"Synology DS3622xs+ NAS 12Bay Diskstation"}]},{"@type":"WebSite","@id":"https:\/\/aivlisoft.net\/shop\/#website","url":"https:\/\/aivlisoft.net\/shop\/","name":"Aivlisoft Inform\u00e1tica","description":"En Aivlisoft Inform\u00e1tica ofrecemos soluciones tecnol\u00f3gicas para empresas: venta de ordenadores, consumibles, perif\u00e9ricos y m\u00e1s. Calidad, atenci\u00f3n personalizada y los mejores precios para tu negocio.","publisher":{"@id":"https:\/\/aivlisoft.net\/shop\/#organization"},"potentialAction":[{"@type":"SearchAction","target":{"@type":"EntryPoint","urlTemplate":"https:\/\/aivlisoft.net\/shop\/?s={search_term_string}"},"query-input":{"@type":"PropertyValueSpecification","valueRequired":true,"valueName":"search_term_string"}}],"inLanguage":"es"},{"@type":"Organization","@id":"https:\/\/aivlisoft.net\/shop\/#organization","name":"Aivlisoft Inform\u00e1tica","url":"https:\/\/aivlisoft.net\/shop\/","logo":{"@type":"ImageObject","inLanguage":"es","@id":"https:\/\/aivlisoft.net\/shop\/#\/schema\/logo\/image\/","url":"https:\/\/aivlisoft.net\/shop\/wp-content\/uploads\/2024\/12\/removal.ai_5b848c54-0cdf-4140-95c5-c5536bb7573b-logodef.png","contentUrl":"https:\/\/aivlisoft.net\/shop\/wp-content\/uploads\/2024\/12\/removal.ai_5b848c54-0cdf-4140-95c5-c5536bb7573b-logodef.png","width":484,"height":182,"caption":"Aivlisoft Inform\u00e1tica"},"image":{"@id":"https:\/\/aivlisoft.net\/shop\/#\/schema\/logo\/image\/"}}]}},"_links":{"self":[{"href":"https:\/\/aivlisoft.net\/shop\/wp-json\/wp\/v2\/product\/18523","targetHints":{"allow":["GET"]}}],"collection":[{"href":"https:\/\/aivlisoft.net\/shop\/wp-json\/wp\/v2\/product"}],"about":[{"href":"https:\/\/aivlisoft.net\/shop\/wp-json\/wp\/v2\/types\/product"}],"wp:featuredmedia":[{"embeddable":true,"href":"https:\/\/aivlisoft.net\/shop\/wp-json\/wp\/v2\/media\/18524"}],"wp:attachment":[{"href":"https:\/\/aivlisoft.net\/shop\/wp-json\/wp\/v2\/media?parent=18523"}],"wp:term":[{"taxonomy":"product_brand","embeddable":true,"href":"https:\/\/aivlisoft.net\/shop\/wp-json\/wp\/v2\/product_brand?post=18523"},{"taxonomy":"product_cat","embeddable":true,"href":"https:\/\/aivlisoft.net\/shop\/wp-json\/wp\/v2\/product_cat?post=18523"},{"taxonomy":"product_tag","embeddable":true,"href":"https:\/\/aivlisoft.net\/shop\/wp-json\/wp\/v2\/product_tag?post=18523"}],"curies":[{"name":"wp","href":"https:\/\/api.w.org\/{rel}","templated":true}]}}