{"id":18521,"date":"2025-01-13T15:22:57","date_gmt":"2025-01-13T15:22:57","guid":{"rendered":"https:\/\/aivlisoft.com\/?post_type=product&#038;p=18521"},"modified":"2025-01-14T11:39:51","modified_gmt":"2025-01-14T11:39:51","slug":"synology-ds2422-nas-12bay-desktop-disk-station","status":"publish","type":"product","link":"https:\/\/aivlisoft.net\/shop\/producto\/synology-ds2422-nas-12bay-desktop-disk-station\/","title":{"rendered":"Synology DS2422+ NAS 12Bay Desktop Disk Station"},"content":{"rendered":"<p>Synology DiskStation DS2422 + es un compacto NAS de escritorio de 12 bah&iacute;as que permite compartir archivos y gesti&oacute;n al siguiente nivel. los La unidad se puede escalar a 24 bah&iacute;as de unidad y sobresale en el servicio de grandes conjuntos de datos en entornos multiusuario. Viene con poderoso gesti&oacute;n de archivos, vigilancia y copia de seguridad capacidades, y puede servir como de alta calidad almacenamiento de video y VM. Con apoyo para arriba a 32 GB de memoria, cach&eacute; SSD NVMe y Tarjetas de red de 25 GbE, el DS2422 + est&aacute; listo para aplicaciones comerciales a gran escala.<br \/>&nbsp;<\/p>\n<table width=\"100%\">\n<tr>\n<td valign=\"top\"><strong>Marca <\/strong><\/td>\n<td valign=\"top\">Synology<\/td>\n<\/tr>\n<tr>\n<td valign=\"top\"><strong>Modelo <\/strong><\/td>\n<td valign=\"top\"><strong>DS2422+<\/strong><\/td>\n<\/tr>\n<tr>\n<td valign=\"top\"><strong>CPU <\/strong><\/td>\n<td valign=\"top\">&#8211; AMD Ryzen&trade; V1500B quad-core 2.2 GHz<\/td>\n<\/tr>\n<tr>\n<td valign=\"top\"><strong>Memoria <\/strong><\/td>\n<td valign=\"top\"><strong>&#8211; <\/strong>4 GB DDR4 ECC SODIMM (expandible 32 GB with 2 x D4ES01-16G)<\/td>\n<\/tr>\n<tr>\n<td valign=\"top\"><strong>Almacenamiento <\/strong><\/td>\n<td valign=\"top\">&#8211; Tama&ntilde;o m&aacute;ximo de volumen &uacute;nico: 108 TB<br \/>\t\t\t&#8211; N&uacute;mero m&aacute;ximo de instant&aacute;neas del sistema: 65,53611<br \/>\t\t\t&#8211; Vol&uacute;menes internos m&aacute;ximos: 64&nbsp;<\/td>\n<\/tr>\n<tr>\n<td valign=\"top\"><strong>Conexiones <\/strong><\/td>\n<td valign=\"top\">&#8211; 2 puertos USB 3.2 Gen 1<br \/>\t\t\t&#8211; 1 x puerto de expansi&oacute;n (Mini-SAS HD)&nbsp;<\/td>\n<\/tr>\n<tr>\n<td valign=\"top\"><strong>Caracter&iacute;sticas <\/strong><\/td>\n<td valign=\"top\">&#8211; Puertos LAN: 4 x 1GbE RJ-45<br \/>\t\t\t&#8211; Wake on LAN \/ WAN<br \/>\t\t\t&#8211; Encendido \/ apagado programado&nbsp;<br \/>\t\t\t&#8211; Ventiladores del sistema: 2 x (120 x 120 x 25 mm)<br \/>\t\t\t&#8211; Voltaje de alimentaci&oacute;n de entrada de CA: 100 V a 240 V CA<br \/>\t\t\t&#8211; Frecuencia de red 50\/60 Hz, monof&aacute;sico<br \/>\t\t\t&#8211; Temperatura de funcionamiento 0 &deg; C a 40 &deg; C (32 &deg; F a 104 &deg; F)<br \/>\t\t\t&#8211; Temperatura de almacenamiento -20 &deg; C a 60 &deg; C (-5 &deg; F a 140 &deg; F)<br \/>\t\t\t&#8211; Humedad relativa 5% a 95% RH<br \/>\t\t\t&#8211; Altitud m&aacute;xima de funcionamiento 5.000 m (16.400 pies&nbsp;<br \/>\t\t\t<strong>Expansi&oacute;n PCIe&nbsp;<\/strong><br \/>\t\t\t&#8211; Ranura de 1 x 8 de ancho, Gen 3.0 x4 carriles<br \/>\t\t\t&#8211; Admite tarjetas de interfaz de red, 3 tarjetas adaptadoras M.2 NVMe para cach&eacute; SSD, 4 y tarjetas combinada<br \/>\t\t\t<strong>Dimensiones<\/strong><br \/>\t\t\t&#8211; Dimensiones (Al x An x Pr) 270 x 300 x 340 mm<br \/>\t\t\t&#8211; Peso 9.5 kilogramos&nbsp;<\/td>\n<\/tr>\n<tr>\n<td valign=\"top\"><strong>Fecha Revisi&oacute;n <\/strong><\/td>\n<td valign=\"top\">20-10-2021 por YMC<\/td>\n<\/tr>\n<\/table>\n","protected":false},"excerpt":{"rendered":"<p>Synology DiskStation DS2422 + es un compacto NAS de escritorio de 12 bah&iacute;as que permite compartir archivos y gesti&oacute;n al siguiente nivel. los La unidad se puede escalar a 24 bah&iacute;as de unidad y sobresale en el servicio de grandes conjuntos de datos en entornos multiusuario. Viene con poderoso gesti&oacute;n de archivos, vigilancia y copia&hellip;&nbsp;<a href=\"https:\/\/aivlisoft.net\/shop\/producto\/synology-ds2422-nas-12bay-desktop-disk-station\/\" rel=\"bookmark\"><span class=\"screen-reader-text\">Synology DS2422+ NAS 12Bay Desktop Disk Station<\/span><\/a><\/p>\n","protected":false},"featured_media":18522,"template":"","meta":{"neve_meta_sidebar":"","neve_meta_container":"","neve_meta_enable_content_width":"","neve_meta_content_width":0,"neve_meta_title_alignment":"","neve_meta_author_avatar":"","neve_post_elements_order":"","neve_meta_disable_header":"","neve_meta_disable_footer":"","neve_meta_disable_title":""},"product_brand":[],"product_cat":[8767],"product_tag":[6750],"class_list":{"0":"post-18521","1":"product","2":"type-product","3":"status-publish","4":"has-post-thumbnail","6":"product_cat-almacenamiento-sobremesa","7":"product_tag-ds2422","9":"first","10":"instock","11":"taxable","12":"shipping-taxable","13":"purchasable","14":"product-type-simple"},"yoast_head":"<!-- This site is optimized with the Yoast SEO plugin v26.0 - https:\/\/yoast.com\/wordpress\/plugins\/seo\/ -->\n<title>Synology DS2422+ NAS 12Bay Desktop Disk Station - Aivlisoft Inform\u00e1tica<\/title>\n<meta name=\"robots\" content=\"index, follow, max-snippet:-1, max-image-preview:large, max-video-preview:-1\" \/>\n<link rel=\"canonical\" href=\"https:\/\/aivlisoft.net\/shop\/producto\/synology-ds2422-nas-12bay-desktop-disk-station\/\" \/>\n<meta property=\"og:locale\" content=\"es_ES\" \/>\n<meta property=\"og:type\" content=\"article\" \/>\n<meta property=\"og:title\" content=\"Synology DS2422+ NAS 12Bay Desktop Disk Station - Aivlisoft Inform\u00e1tica\" \/>\n<meta property=\"og:description\" content=\"Synology DiskStation DS2422 + es un compacto NAS de escritorio de 12 bah&iacute;as que permite compartir archivos y gesti&oacute;n al siguiente nivel. los La unidad se puede escalar a 24 bah&iacute;as de unidad y sobresale en el servicio de grandes conjuntos de datos en entornos multiusuario. Viene con poderoso gesti&oacute;n de archivos, vigilancia y copia&hellip;&nbsp;Synology DS2422+ NAS 12Bay Desktop Disk Station\" \/>\n<meta property=\"og:url\" content=\"https:\/\/aivlisoft.net\/shop\/producto\/synology-ds2422-nas-12bay-desktop-disk-station\/\" \/>\n<meta property=\"og:site_name\" content=\"Aivlisoft Inform\u00e1tica\" \/>\n<meta property=\"article:modified_time\" content=\"2025-01-14T11:39:51+00:00\" \/>\n<meta property=\"og:image\" content=\"https:\/\/aivlisoft.net\/shop\/wp-content\/uploads\/2025\/01\/NARARS0185_800.jpg\" \/>\n\t<meta property=\"og:image:width\" content=\"800\" \/>\n\t<meta property=\"og:image:height\" content=\"800\" \/>\n\t<meta property=\"og:image:type\" content=\"image\/jpeg\" \/>\n<meta name=\"twitter:card\" content=\"summary_large_image\" \/>\n<meta name=\"twitter:label1\" content=\"Tiempo de lectura\" \/>\n\t<meta name=\"twitter:data1\" content=\"2 minutos\" \/>\n<script type=\"application\/ld+json\" class=\"yoast-schema-graph\">{\"@context\":\"https:\/\/schema.org\",\"@graph\":[{\"@type\":\"WebPage\",\"@id\":\"https:\/\/aivlisoft.net\/shop\/producto\/synology-ds2422-nas-12bay-desktop-disk-station\/\",\"url\":\"https:\/\/aivlisoft.net\/shop\/producto\/synology-ds2422-nas-12bay-desktop-disk-station\/\",\"name\":\"Synology DS2422+ NAS 12Bay Desktop Disk Station - Aivlisoft Inform\u00e1tica\",\"isPartOf\":{\"@id\":\"https:\/\/aivlisoft.net\/shop\/#website\"},\"primaryImageOfPage\":{\"@id\":\"https:\/\/aivlisoft.net\/shop\/producto\/synology-ds2422-nas-12bay-desktop-disk-station\/#primaryimage\"},\"image\":{\"@id\":\"https:\/\/aivlisoft.net\/shop\/producto\/synology-ds2422-nas-12bay-desktop-disk-station\/#primaryimage\"},\"thumbnailUrl\":\"https:\/\/aivlisoft.net\/shop\/wp-content\/uploads\/2025\/01\/NARARS0185_800.jpg\",\"datePublished\":\"2025-01-13T15:22:57+00:00\",\"dateModified\":\"2025-01-14T11:39:51+00:00\",\"breadcrumb\":{\"@id\":\"https:\/\/aivlisoft.net\/shop\/producto\/synology-ds2422-nas-12bay-desktop-disk-station\/#breadcrumb\"},\"inLanguage\":\"es\",\"potentialAction\":[{\"@type\":\"ReadAction\",\"target\":[\"https:\/\/aivlisoft.net\/shop\/producto\/synology-ds2422-nas-12bay-desktop-disk-station\/\"]}]},{\"@type\":\"ImageObject\",\"inLanguage\":\"es\",\"@id\":\"https:\/\/aivlisoft.net\/shop\/producto\/synology-ds2422-nas-12bay-desktop-disk-station\/#primaryimage\",\"url\":\"https:\/\/aivlisoft.net\/shop\/wp-content\/uploads\/2025\/01\/NARARS0185_800.jpg\",\"contentUrl\":\"https:\/\/aivlisoft.net\/shop\/wp-content\/uploads\/2025\/01\/NARARS0185_800.jpg\",\"width\":800,\"height\":800},{\"@type\":\"BreadcrumbList\",\"@id\":\"https:\/\/aivlisoft.net\/shop\/producto\/synology-ds2422-nas-12bay-desktop-disk-station\/#breadcrumb\",\"itemListElement\":[{\"@type\":\"ListItem\",\"position\":1,\"name\":\"Portada\",\"item\":\"https:\/\/aivlisoft.net\/shop\/\"},{\"@type\":\"ListItem\",\"position\":2,\"name\":\"Tienda\",\"item\":\"https:\/\/aivlisoft.net\/shop\/tienda\/\"},{\"@type\":\"ListItem\",\"position\":3,\"name\":\"Synology DS2422+ NAS 12Bay Desktop Disk Station\"}]},{\"@type\":\"WebSite\",\"@id\":\"https:\/\/aivlisoft.net\/shop\/#website\",\"url\":\"https:\/\/aivlisoft.net\/shop\/\",\"name\":\"Aivlisoft Inform\u00e1tica\",\"description\":\"En Aivlisoft Inform\u00e1tica ofrecemos soluciones tecnol\u00f3gicas para empresas: venta de ordenadores, consumibles, perif\u00e9ricos y m\u00e1s. Calidad, atenci\u00f3n personalizada y los mejores precios para tu negocio.\",\"publisher\":{\"@id\":\"https:\/\/aivlisoft.net\/shop\/#organization\"},\"potentialAction\":[{\"@type\":\"SearchAction\",\"target\":{\"@type\":\"EntryPoint\",\"urlTemplate\":\"https:\/\/aivlisoft.net\/shop\/?s={search_term_string}\"},\"query-input\":{\"@type\":\"PropertyValueSpecification\",\"valueRequired\":true,\"valueName\":\"search_term_string\"}}],\"inLanguage\":\"es\"},{\"@type\":\"Organization\",\"@id\":\"https:\/\/aivlisoft.net\/shop\/#organization\",\"name\":\"Aivlisoft Inform\u00e1tica\",\"url\":\"https:\/\/aivlisoft.net\/shop\/\",\"logo\":{\"@type\":\"ImageObject\",\"inLanguage\":\"es\",\"@id\":\"https:\/\/aivlisoft.net\/shop\/#\/schema\/logo\/image\/\",\"url\":\"https:\/\/aivlisoft.net\/shop\/wp-content\/uploads\/2024\/12\/removal.ai_5b848c54-0cdf-4140-95c5-c5536bb7573b-logodef.png\",\"contentUrl\":\"https:\/\/aivlisoft.net\/shop\/wp-content\/uploads\/2024\/12\/removal.ai_5b848c54-0cdf-4140-95c5-c5536bb7573b-logodef.png\",\"width\":484,\"height\":182,\"caption\":\"Aivlisoft Inform\u00e1tica\"},\"image\":{\"@id\":\"https:\/\/aivlisoft.net\/shop\/#\/schema\/logo\/image\/\"}}]}<\/script>\n<!-- \/ Yoast SEO plugin. -->","yoast_head_json":{"title":"Synology DS2422+ NAS 12Bay Desktop Disk Station - Aivlisoft Inform\u00e1tica","robots":{"index":"index","follow":"follow","max-snippet":"max-snippet:-1","max-image-preview":"max-image-preview:large","max-video-preview":"max-video-preview:-1"},"canonical":"https:\/\/aivlisoft.net\/shop\/producto\/synology-ds2422-nas-12bay-desktop-disk-station\/","og_locale":"es_ES","og_type":"article","og_title":"Synology DS2422+ NAS 12Bay Desktop Disk Station - Aivlisoft Inform\u00e1tica","og_description":"Synology DiskStation DS2422 + es un compacto NAS de escritorio de 12 bah&iacute;as que permite compartir archivos y gesti&oacute;n al siguiente nivel. los La unidad se puede escalar a 24 bah&iacute;as de unidad y sobresale en el servicio de grandes conjuntos de datos en entornos multiusuario. Viene con poderoso gesti&oacute;n de archivos, vigilancia y copia&hellip;&nbsp;Synology DS2422+ NAS 12Bay Desktop Disk Station","og_url":"https:\/\/aivlisoft.net\/shop\/producto\/synology-ds2422-nas-12bay-desktop-disk-station\/","og_site_name":"Aivlisoft Inform\u00e1tica","article_modified_time":"2025-01-14T11:39:51+00:00","og_image":[{"width":800,"height":800,"url":"https:\/\/aivlisoft.net\/shop\/wp-content\/uploads\/2025\/01\/NARARS0185_800.jpg","type":"image\/jpeg"}],"twitter_card":"summary_large_image","twitter_misc":{"Tiempo de lectura":"2 minutos"},"schema":{"@context":"https:\/\/schema.org","@graph":[{"@type":"WebPage","@id":"https:\/\/aivlisoft.net\/shop\/producto\/synology-ds2422-nas-12bay-desktop-disk-station\/","url":"https:\/\/aivlisoft.net\/shop\/producto\/synology-ds2422-nas-12bay-desktop-disk-station\/","name":"Synology DS2422+ NAS 12Bay Desktop Disk Station - Aivlisoft Inform\u00e1tica","isPartOf":{"@id":"https:\/\/aivlisoft.net\/shop\/#website"},"primaryImageOfPage":{"@id":"https:\/\/aivlisoft.net\/shop\/producto\/synology-ds2422-nas-12bay-desktop-disk-station\/#primaryimage"},"image":{"@id":"https:\/\/aivlisoft.net\/shop\/producto\/synology-ds2422-nas-12bay-desktop-disk-station\/#primaryimage"},"thumbnailUrl":"https:\/\/aivlisoft.net\/shop\/wp-content\/uploads\/2025\/01\/NARARS0185_800.jpg","datePublished":"2025-01-13T15:22:57+00:00","dateModified":"2025-01-14T11:39:51+00:00","breadcrumb":{"@id":"https:\/\/aivlisoft.net\/shop\/producto\/synology-ds2422-nas-12bay-desktop-disk-station\/#breadcrumb"},"inLanguage":"es","potentialAction":[{"@type":"ReadAction","target":["https:\/\/aivlisoft.net\/shop\/producto\/synology-ds2422-nas-12bay-desktop-disk-station\/"]}]},{"@type":"ImageObject","inLanguage":"es","@id":"https:\/\/aivlisoft.net\/shop\/producto\/synology-ds2422-nas-12bay-desktop-disk-station\/#primaryimage","url":"https:\/\/aivlisoft.net\/shop\/wp-content\/uploads\/2025\/01\/NARARS0185_800.jpg","contentUrl":"https:\/\/aivlisoft.net\/shop\/wp-content\/uploads\/2025\/01\/NARARS0185_800.jpg","width":800,"height":800},{"@type":"BreadcrumbList","@id":"https:\/\/aivlisoft.net\/shop\/producto\/synology-ds2422-nas-12bay-desktop-disk-station\/#breadcrumb","itemListElement":[{"@type":"ListItem","position":1,"name":"Portada","item":"https:\/\/aivlisoft.net\/shop\/"},{"@type":"ListItem","position":2,"name":"Tienda","item":"https:\/\/aivlisoft.net\/shop\/tienda\/"},{"@type":"ListItem","position":3,"name":"Synology DS2422+ NAS 12Bay Desktop Disk Station"}]},{"@type":"WebSite","@id":"https:\/\/aivlisoft.net\/shop\/#website","url":"https:\/\/aivlisoft.net\/shop\/","name":"Aivlisoft Inform\u00e1tica","description":"En Aivlisoft Inform\u00e1tica ofrecemos soluciones tecnol\u00f3gicas para empresas: venta de ordenadores, consumibles, perif\u00e9ricos y m\u00e1s. Calidad, atenci\u00f3n personalizada y los mejores precios para tu negocio.","publisher":{"@id":"https:\/\/aivlisoft.net\/shop\/#organization"},"potentialAction":[{"@type":"SearchAction","target":{"@type":"EntryPoint","urlTemplate":"https:\/\/aivlisoft.net\/shop\/?s={search_term_string}"},"query-input":{"@type":"PropertyValueSpecification","valueRequired":true,"valueName":"search_term_string"}}],"inLanguage":"es"},{"@type":"Organization","@id":"https:\/\/aivlisoft.net\/shop\/#organization","name":"Aivlisoft Inform\u00e1tica","url":"https:\/\/aivlisoft.net\/shop\/","logo":{"@type":"ImageObject","inLanguage":"es","@id":"https:\/\/aivlisoft.net\/shop\/#\/schema\/logo\/image\/","url":"https:\/\/aivlisoft.net\/shop\/wp-content\/uploads\/2024\/12\/removal.ai_5b848c54-0cdf-4140-95c5-c5536bb7573b-logodef.png","contentUrl":"https:\/\/aivlisoft.net\/shop\/wp-content\/uploads\/2024\/12\/removal.ai_5b848c54-0cdf-4140-95c5-c5536bb7573b-logodef.png","width":484,"height":182,"caption":"Aivlisoft Inform\u00e1tica"},"image":{"@id":"https:\/\/aivlisoft.net\/shop\/#\/schema\/logo\/image\/"}}]}},"_links":{"self":[{"href":"https:\/\/aivlisoft.net\/shop\/wp-json\/wp\/v2\/product\/18521","targetHints":{"allow":["GET"]}}],"collection":[{"href":"https:\/\/aivlisoft.net\/shop\/wp-json\/wp\/v2\/product"}],"about":[{"href":"https:\/\/aivlisoft.net\/shop\/wp-json\/wp\/v2\/types\/product"}],"wp:featuredmedia":[{"embeddable":true,"href":"https:\/\/aivlisoft.net\/shop\/wp-json\/wp\/v2\/media\/18522"}],"wp:attachment":[{"href":"https:\/\/aivlisoft.net\/shop\/wp-json\/wp\/v2\/media?parent=18521"}],"wp:term":[{"taxonomy":"product_brand","embeddable":true,"href":"https:\/\/aivlisoft.net\/shop\/wp-json\/wp\/v2\/product_brand?post=18521"},{"taxonomy":"product_cat","embeddable":true,"href":"https:\/\/aivlisoft.net\/shop\/wp-json\/wp\/v2\/product_cat?post=18521"},{"taxonomy":"product_tag","embeddable":true,"href":"https:\/\/aivlisoft.net\/shop\/wp-json\/wp\/v2\/product_tag?post=18521"}],"curies":[{"name":"wp","href":"https:\/\/api.w.org\/{rel}","templated":true}]}}