{"id":18359,"date":"2025-01-13T15:21:23","date_gmt":"2025-01-13T15:21:23","guid":{"rendered":"https:\/\/aivlisoft.com\/?post_type=product&#038;p=18359"},"modified":"2025-01-14T11:38:56","modified_gmt":"2025-01-14T11:38:56","slug":"synology-rs1221rp-nas-8bay-rack-station","status":"publish","type":"product","link":"https:\/\/aivlisoft.net\/shop\/producto\/synology-rs1221rp-nas-8bay-rack-station\/","title":{"rendered":"Synology RS1221RP+ NAS 8Bay Rack Station"},"content":{"rendered":"<p>&nbsp;<\/p>\n<table class=\"tabla_caracteristicas k-table\" width=\"100%\">\n<tr>\n<td valign=\"top\"><strong>Marca <\/strong><\/td>\n<td valign=\"top\">Synology<\/td>\n<\/tr>\n<tr>\n<td valign=\"top\"><strong>Modelo <\/strong><\/td>\n<td valign=\"top\"><strong>RS1221RP+<\/strong><\/td>\n<\/tr>\n<tr>\n<td valign=\"top\"><strong>CPU <\/strong><\/td>\n<td valign=\"top\">&#8211; AMD RyzenTM V1500B quad-core 2.2 GHz<br \/>\t\t\t&#8211; Motor de cifrado de hardware (AES-NI)<\/td>\n<\/tr>\n<tr>\n<td valign=\"top\"><strong>Memoria<\/strong><\/td>\n<td valign=\"top\">&#8211; <strong>4GB<\/strong> DDR4 ECC SODIMM (ampliable a 32 GB)<\/td>\n<\/tr>\n<tr>\n<td valign=\"top\"><strong>Almacenamiento <\/strong><\/td>\n<td valign=\"top\">&#8211; 8 x 3.5&quot; o 2.5&quot; SATA HDD\/SSD (discos no incluidos)<br \/>\t\t\t&#8211; Unidad intercambiable en caliente<\/td>\n<\/tr>\n<tr>\n<td valign=\"top\"><strong>Conexiones <\/strong><\/td>\n<td valign=\"top\">&#8211; 2 x USB 3.2 Gen 1<br \/>\t\t\t&#8211; 1 x Expansion (eSATA)<br \/>\t\t\t<strong>Ranura PCIe 3.0<\/strong><br \/>\t\t\t&#8211; 1 ranura x8 de 4 carriles<br \/>\t\t\t&#8211; Admite tarjetas de interfaz de red y tarjetas adaptadoras SSD NVMe M.2 para cach&eacute; SSD8<\/td>\n<\/tr>\n<tr>\n<td valign=\"top\"><strong>Caracter&iacute;sticas <\/strong><\/td>\n<td valign=\"top\">\n<div><strong>Red<\/strong><br \/>\t\t\t&#8211; Puertos LAN: 4 x 1GbE RJ-45<br \/>\t\t\t&#8211; Wake on LAN \/ WAN: S&iacute;<br \/>\t\t\t<strong>Sistema de archivos<\/strong><br \/>\t\t\t&#8211; Unidades internas: <strong>Btrfs, <\/strong><strong>EXT4<\/strong><br \/>\t\t\t&#8211; Unidades externas: <strong>Btrfs, <\/strong><strong>EXT4, EXT3, FAT, NTFS, HFS+, exFAT<\/strong><\/div>\n<div><strong>Apariencia<\/strong><br \/>\t\t\t&#8211; Factor de forma: Montaje en rack 2U<br \/>\t\t\t&#8211; Tama&ntilde;o (Altura X Anchura X Profundidad):<\/div>\n<div>\n<div>&nbsp; 88 x 482 x 407,5 mm (con asas de servidor)<br \/>\t\t\t&#8211; Peso: 11,7 kg<br \/>\t\t\t<strong>Administraci&oacute;n de almacenamiento<\/strong><br \/>\t\t\t&#8211; Tama&ntilde;o m&aacute;ximo de volumen &uacute;nico: 108\/200 TB<br \/>\t\t\t&#8211; N&uacute;mero m&aacute;ximo de instant&aacute;neas del sistema: 65.536<br \/>\t\t\t&#8211; Vol&uacute;menes internos m&aacute;ximos: 64<br \/>\t\t\t<strong>Cach&eacute; SSD<\/strong><br \/>\t\t\t&#8211; Soporte de cach&eacute; de lectura \/ escritura<br \/>\t\t\t&#8211; Soporte SSD SATA de 2.5&quot;<br \/>\t\t\t&#8211; Soporte SSD M.2 NVMe<br \/>\t\t\t<strong>Capacidades para compartir archivos<\/strong><br \/>\t\t\t&#8211; M&aacute;ximo de cuentas de usuarios locales: 2048<br \/>\t\t\t&#8211; M&aacute;ximo de grupos locales: 256<br \/>\t\t\t&#8211; M&aacute;ximo de carpetas compartidas: 512<br \/>\t\t\t&#8211; N&uacute;mero m&aacute;ximo de conexiones SMB \/ NFS \/ AFP \/ FTP simult&aacute;neas: 1.000<\/div>\n<div><strong>Protocolos de red &nbsp;&nbsp; &nbsp;<\/strong><br \/>\t\t\t&#8211; SMB<br \/>\t\t\t&#8211; AFP<br \/>\t\t\t&#8211; NFS<br \/>\t\t\t&#8211; FTP<br \/>\t\t\t&#8211; WebDAV<br \/>\t\t\t&#8211; CalDAV<br \/>\t\t\t&#8211; iSCSI<br \/>\t\t\t&#8211; Telnet<br \/>\t\t\t&#8211; SSH<br \/>\t\t\t&#8211; SNMP<br \/>\t\t\t&#8211; VPN (PPTP, OpenVPN&trade;, L2TP)<br \/>\t\t\t<strong>Seguridad<\/strong><br \/>\t\t\t&#8211; Cortafuegos<br \/>\t\t\t&#8211; Cifrado de carpetas compartidas<br \/>\t\t\t&#8211; Cifrado SMB<br \/>\t\t\t&#8211; FTP sobre SSL \/ TLS<br \/>\t\t\t&#8211; SFTP<br \/>\t\t\t&#8211; Rsync sobre SSH<br \/>\t\t\t&#8211; Bloqueo autom&aacute;tico de inicio de sesi&oacute;n<br \/>\t\t\t&#8211; Soporte Let&#39;s Encrypt<br \/>\t\t\t&#8211; HTTPS (suite de cifrado personalizable)<br \/>\t\t\t<strong>Otros<\/strong><\/div>\n<\/p><\/div>\n<p>\t\t\t&#8211; Ventiladores del sistema: 2 x (80 x 80 x 25 mm)<br \/>\t\t\t&#8211; Encendido y apagado programado<br \/>\t\t\t&#8211; Voltaje de alimentaci&oacute;n de entrada CA: De 100V a 240V CA<br \/>\t\t\t&#8211; Frecuencia de alimentaci&oacute;n: 50\/60 Hz, Monof&aacute;sico<\/td>\n<\/tr>\n<tr>\n<td valign=\"top\"><strong>Fecha Revisi&oacute;n <\/strong><\/td>\n<td valign=\"top\">17-02-2021 por MSB<\/td>\n<\/tr>\n<\/table>\n","protected":false},"excerpt":{"rendered":"<p>&nbsp; Marca Synology Modelo RS1221RP+ CPU &#8211; AMD RyzenTM V1500B quad-core 2.2 GHz &#8211; Motor de cifrado de hardware (AES-NI) Memoria &#8211; 4GB DDR4 ECC SODIMM (ampliable a 32 GB) Almacenamiento &#8211; 8 x 3.5&quot; o 2.5&quot; SATA HDD\/SSD (discos no incluidos) &#8211; Unidad intercambiable en caliente Conexiones &#8211; 2 x USB 3.2 Gen 1&hellip;&nbsp;<a href=\"https:\/\/aivlisoft.net\/shop\/producto\/synology-rs1221rp-nas-8bay-rack-station\/\" rel=\"bookmark\"><span class=\"screen-reader-text\">Synology RS1221RP+ NAS 8Bay Rack Station<\/span><\/a><\/p>\n","protected":false},"featured_media":18360,"template":"","meta":{"neve_meta_sidebar":"","neve_meta_container":"","neve_meta_enable_content_width":"","neve_meta_content_width":0,"neve_meta_title_alignment":"","neve_meta_author_avatar":"","neve_post_elements_order":"","neve_meta_disable_header":"","neve_meta_disable_footer":"","neve_meta_disable_title":""},"product_brand":[],"product_cat":[8765],"product_tag":[6706],"class_list":{"0":"post-18359","1":"product","2":"type-product","3":"status-publish","4":"has-post-thumbnail","6":"product_cat-almacenamiento-armario","7":"product_tag-rs1221rp","9":"first","10":"instock","11":"taxable","12":"shipping-taxable","13":"purchasable","14":"product-type-simple"},"yoast_head":"<!-- This site is optimized with the Yoast SEO plugin v26.0 - https:\/\/yoast.com\/wordpress\/plugins\/seo\/ -->\n<title>Synology RS1221RP+ NAS 8Bay Rack Station - Aivlisoft Inform\u00e1tica<\/title>\n<meta name=\"robots\" content=\"index, follow, max-snippet:-1, max-image-preview:large, max-video-preview:-1\" \/>\n<link rel=\"canonical\" href=\"https:\/\/aivlisoft.net\/shop\/producto\/synology-rs1221rp-nas-8bay-rack-station\/\" \/>\n<meta property=\"og:locale\" content=\"es_ES\" \/>\n<meta property=\"og:type\" content=\"article\" \/>\n<meta property=\"og:title\" content=\"Synology RS1221RP+ NAS 8Bay Rack Station - Aivlisoft Inform\u00e1tica\" \/>\n<meta property=\"og:description\" content=\"&nbsp; Marca Synology Modelo RS1221RP+ CPU &#8211; AMD RyzenTM V1500B quad-core 2.2 GHz &#8211; Motor de cifrado de hardware (AES-NI) Memoria &#8211; 4GB DDR4 ECC SODIMM (ampliable a 32 GB) Almacenamiento &#8211; 8 x 3.5&quot; o 2.5&quot; SATA HDD\/SSD (discos no incluidos) &#8211; Unidad intercambiable en caliente Conexiones &#8211; 2 x USB 3.2 Gen 1&hellip;&nbsp;Synology RS1221RP+ NAS 8Bay Rack Station\" \/>\n<meta property=\"og:url\" content=\"https:\/\/aivlisoft.net\/shop\/producto\/synology-rs1221rp-nas-8bay-rack-station\/\" \/>\n<meta property=\"og:site_name\" content=\"Aivlisoft Inform\u00e1tica\" \/>\n<meta property=\"article:modified_time\" content=\"2025-01-14T11:38:56+00:00\" \/>\n<meta property=\"og:image\" content=\"https:\/\/aivlisoft.net\/shop\/wp-content\/uploads\/2025\/01\/NARARA0065_800.jpg\" \/>\n\t<meta property=\"og:image:width\" content=\"800\" \/>\n\t<meta property=\"og:image:height\" content=\"800\" \/>\n\t<meta property=\"og:image:type\" content=\"image\/jpeg\" \/>\n<meta name=\"twitter:card\" content=\"summary_large_image\" \/>\n<meta name=\"twitter:label1\" content=\"Tiempo de lectura\" \/>\n\t<meta name=\"twitter:data1\" content=\"2 minutos\" \/>\n<script type=\"application\/ld+json\" class=\"yoast-schema-graph\">{\"@context\":\"https:\/\/schema.org\",\"@graph\":[{\"@type\":\"WebPage\",\"@id\":\"https:\/\/aivlisoft.net\/shop\/producto\/synology-rs1221rp-nas-8bay-rack-station\/\",\"url\":\"https:\/\/aivlisoft.net\/shop\/producto\/synology-rs1221rp-nas-8bay-rack-station\/\",\"name\":\"Synology RS1221RP+ NAS 8Bay Rack Station - Aivlisoft Inform\u00e1tica\",\"isPartOf\":{\"@id\":\"https:\/\/aivlisoft.net\/shop\/#website\"},\"primaryImageOfPage\":{\"@id\":\"https:\/\/aivlisoft.net\/shop\/producto\/synology-rs1221rp-nas-8bay-rack-station\/#primaryimage\"},\"image\":{\"@id\":\"https:\/\/aivlisoft.net\/shop\/producto\/synology-rs1221rp-nas-8bay-rack-station\/#primaryimage\"},\"thumbnailUrl\":\"https:\/\/aivlisoft.net\/shop\/wp-content\/uploads\/2025\/01\/NARARA0065_800.jpg\",\"datePublished\":\"2025-01-13T15:21:23+00:00\",\"dateModified\":\"2025-01-14T11:38:56+00:00\",\"breadcrumb\":{\"@id\":\"https:\/\/aivlisoft.net\/shop\/producto\/synology-rs1221rp-nas-8bay-rack-station\/#breadcrumb\"},\"inLanguage\":\"es\",\"potentialAction\":[{\"@type\":\"ReadAction\",\"target\":[\"https:\/\/aivlisoft.net\/shop\/producto\/synology-rs1221rp-nas-8bay-rack-station\/\"]}]},{\"@type\":\"ImageObject\",\"inLanguage\":\"es\",\"@id\":\"https:\/\/aivlisoft.net\/shop\/producto\/synology-rs1221rp-nas-8bay-rack-station\/#primaryimage\",\"url\":\"https:\/\/aivlisoft.net\/shop\/wp-content\/uploads\/2025\/01\/NARARA0065_800.jpg\",\"contentUrl\":\"https:\/\/aivlisoft.net\/shop\/wp-content\/uploads\/2025\/01\/NARARA0065_800.jpg\",\"width\":800,\"height\":800},{\"@type\":\"BreadcrumbList\",\"@id\":\"https:\/\/aivlisoft.net\/shop\/producto\/synology-rs1221rp-nas-8bay-rack-station\/#breadcrumb\",\"itemListElement\":[{\"@type\":\"ListItem\",\"position\":1,\"name\":\"Portada\",\"item\":\"https:\/\/aivlisoft.net\/shop\/\"},{\"@type\":\"ListItem\",\"position\":2,\"name\":\"Tienda\",\"item\":\"https:\/\/aivlisoft.net\/shop\/tienda\/\"},{\"@type\":\"ListItem\",\"position\":3,\"name\":\"Synology RS1221RP+ NAS 8Bay Rack Station\"}]},{\"@type\":\"WebSite\",\"@id\":\"https:\/\/aivlisoft.net\/shop\/#website\",\"url\":\"https:\/\/aivlisoft.net\/shop\/\",\"name\":\"Aivlisoft Inform\u00e1tica\",\"description\":\"En Aivlisoft Inform\u00e1tica ofrecemos soluciones tecnol\u00f3gicas para empresas: venta de ordenadores, consumibles, perif\u00e9ricos y m\u00e1s. Calidad, atenci\u00f3n personalizada y los mejores precios para tu negocio.\",\"publisher\":{\"@id\":\"https:\/\/aivlisoft.net\/shop\/#organization\"},\"potentialAction\":[{\"@type\":\"SearchAction\",\"target\":{\"@type\":\"EntryPoint\",\"urlTemplate\":\"https:\/\/aivlisoft.net\/shop\/?s={search_term_string}\"},\"query-input\":{\"@type\":\"PropertyValueSpecification\",\"valueRequired\":true,\"valueName\":\"search_term_string\"}}],\"inLanguage\":\"es\"},{\"@type\":\"Organization\",\"@id\":\"https:\/\/aivlisoft.net\/shop\/#organization\",\"name\":\"Aivlisoft Inform\u00e1tica\",\"url\":\"https:\/\/aivlisoft.net\/shop\/\",\"logo\":{\"@type\":\"ImageObject\",\"inLanguage\":\"es\",\"@id\":\"https:\/\/aivlisoft.net\/shop\/#\/schema\/logo\/image\/\",\"url\":\"https:\/\/aivlisoft.net\/shop\/wp-content\/uploads\/2024\/12\/removal.ai_5b848c54-0cdf-4140-95c5-c5536bb7573b-logodef.png\",\"contentUrl\":\"https:\/\/aivlisoft.net\/shop\/wp-content\/uploads\/2024\/12\/removal.ai_5b848c54-0cdf-4140-95c5-c5536bb7573b-logodef.png\",\"width\":484,\"height\":182,\"caption\":\"Aivlisoft Inform\u00e1tica\"},\"image\":{\"@id\":\"https:\/\/aivlisoft.net\/shop\/#\/schema\/logo\/image\/\"}}]}<\/script>\n<!-- \/ Yoast SEO plugin. -->","yoast_head_json":{"title":"Synology RS1221RP+ NAS 8Bay Rack Station - Aivlisoft Inform\u00e1tica","robots":{"index":"index","follow":"follow","max-snippet":"max-snippet:-1","max-image-preview":"max-image-preview:large","max-video-preview":"max-video-preview:-1"},"canonical":"https:\/\/aivlisoft.net\/shop\/producto\/synology-rs1221rp-nas-8bay-rack-station\/","og_locale":"es_ES","og_type":"article","og_title":"Synology RS1221RP+ NAS 8Bay Rack Station - Aivlisoft Inform\u00e1tica","og_description":"&nbsp; Marca Synology Modelo RS1221RP+ CPU &#8211; AMD RyzenTM V1500B quad-core 2.2 GHz &#8211; Motor de cifrado de hardware (AES-NI) Memoria &#8211; 4GB DDR4 ECC SODIMM (ampliable a 32 GB) Almacenamiento &#8211; 8 x 3.5&quot; o 2.5&quot; SATA HDD\/SSD (discos no incluidos) &#8211; Unidad intercambiable en caliente Conexiones &#8211; 2 x USB 3.2 Gen 1&hellip;&nbsp;Synology RS1221RP+ NAS 8Bay Rack Station","og_url":"https:\/\/aivlisoft.net\/shop\/producto\/synology-rs1221rp-nas-8bay-rack-station\/","og_site_name":"Aivlisoft Inform\u00e1tica","article_modified_time":"2025-01-14T11:38:56+00:00","og_image":[{"width":800,"height":800,"url":"https:\/\/aivlisoft.net\/shop\/wp-content\/uploads\/2025\/01\/NARARA0065_800.jpg","type":"image\/jpeg"}],"twitter_card":"summary_large_image","twitter_misc":{"Tiempo de lectura":"2 minutos"},"schema":{"@context":"https:\/\/schema.org","@graph":[{"@type":"WebPage","@id":"https:\/\/aivlisoft.net\/shop\/producto\/synology-rs1221rp-nas-8bay-rack-station\/","url":"https:\/\/aivlisoft.net\/shop\/producto\/synology-rs1221rp-nas-8bay-rack-station\/","name":"Synology RS1221RP+ NAS 8Bay Rack Station - Aivlisoft Inform\u00e1tica","isPartOf":{"@id":"https:\/\/aivlisoft.net\/shop\/#website"},"primaryImageOfPage":{"@id":"https:\/\/aivlisoft.net\/shop\/producto\/synology-rs1221rp-nas-8bay-rack-station\/#primaryimage"},"image":{"@id":"https:\/\/aivlisoft.net\/shop\/producto\/synology-rs1221rp-nas-8bay-rack-station\/#primaryimage"},"thumbnailUrl":"https:\/\/aivlisoft.net\/shop\/wp-content\/uploads\/2025\/01\/NARARA0065_800.jpg","datePublished":"2025-01-13T15:21:23+00:00","dateModified":"2025-01-14T11:38:56+00:00","breadcrumb":{"@id":"https:\/\/aivlisoft.net\/shop\/producto\/synology-rs1221rp-nas-8bay-rack-station\/#breadcrumb"},"inLanguage":"es","potentialAction":[{"@type":"ReadAction","target":["https:\/\/aivlisoft.net\/shop\/producto\/synology-rs1221rp-nas-8bay-rack-station\/"]}]},{"@type":"ImageObject","inLanguage":"es","@id":"https:\/\/aivlisoft.net\/shop\/producto\/synology-rs1221rp-nas-8bay-rack-station\/#primaryimage","url":"https:\/\/aivlisoft.net\/shop\/wp-content\/uploads\/2025\/01\/NARARA0065_800.jpg","contentUrl":"https:\/\/aivlisoft.net\/shop\/wp-content\/uploads\/2025\/01\/NARARA0065_800.jpg","width":800,"height":800},{"@type":"BreadcrumbList","@id":"https:\/\/aivlisoft.net\/shop\/producto\/synology-rs1221rp-nas-8bay-rack-station\/#breadcrumb","itemListElement":[{"@type":"ListItem","position":1,"name":"Portada","item":"https:\/\/aivlisoft.net\/shop\/"},{"@type":"ListItem","position":2,"name":"Tienda","item":"https:\/\/aivlisoft.net\/shop\/tienda\/"},{"@type":"ListItem","position":3,"name":"Synology RS1221RP+ NAS 8Bay Rack Station"}]},{"@type":"WebSite","@id":"https:\/\/aivlisoft.net\/shop\/#website","url":"https:\/\/aivlisoft.net\/shop\/","name":"Aivlisoft Inform\u00e1tica","description":"En Aivlisoft Inform\u00e1tica ofrecemos soluciones tecnol\u00f3gicas para empresas: venta de ordenadores, consumibles, perif\u00e9ricos y m\u00e1s. Calidad, atenci\u00f3n personalizada y los mejores precios para tu negocio.","publisher":{"@id":"https:\/\/aivlisoft.net\/shop\/#organization"},"potentialAction":[{"@type":"SearchAction","target":{"@type":"EntryPoint","urlTemplate":"https:\/\/aivlisoft.net\/shop\/?s={search_term_string}"},"query-input":{"@type":"PropertyValueSpecification","valueRequired":true,"valueName":"search_term_string"}}],"inLanguage":"es"},{"@type":"Organization","@id":"https:\/\/aivlisoft.net\/shop\/#organization","name":"Aivlisoft Inform\u00e1tica","url":"https:\/\/aivlisoft.net\/shop\/","logo":{"@type":"ImageObject","inLanguage":"es","@id":"https:\/\/aivlisoft.net\/shop\/#\/schema\/logo\/image\/","url":"https:\/\/aivlisoft.net\/shop\/wp-content\/uploads\/2024\/12\/removal.ai_5b848c54-0cdf-4140-95c5-c5536bb7573b-logodef.png","contentUrl":"https:\/\/aivlisoft.net\/shop\/wp-content\/uploads\/2024\/12\/removal.ai_5b848c54-0cdf-4140-95c5-c5536bb7573b-logodef.png","width":484,"height":182,"caption":"Aivlisoft Inform\u00e1tica"},"image":{"@id":"https:\/\/aivlisoft.net\/shop\/#\/schema\/logo\/image\/"}}]}},"_links":{"self":[{"href":"https:\/\/aivlisoft.net\/shop\/wp-json\/wp\/v2\/product\/18359","targetHints":{"allow":["GET"]}}],"collection":[{"href":"https:\/\/aivlisoft.net\/shop\/wp-json\/wp\/v2\/product"}],"about":[{"href":"https:\/\/aivlisoft.net\/shop\/wp-json\/wp\/v2\/types\/product"}],"wp:featuredmedia":[{"embeddable":true,"href":"https:\/\/aivlisoft.net\/shop\/wp-json\/wp\/v2\/media\/18360"}],"wp:attachment":[{"href":"https:\/\/aivlisoft.net\/shop\/wp-json\/wp\/v2\/media?parent=18359"}],"wp:term":[{"taxonomy":"product_brand","embeddable":true,"href":"https:\/\/aivlisoft.net\/shop\/wp-json\/wp\/v2\/product_brand?post=18359"},{"taxonomy":"product_cat","embeddable":true,"href":"https:\/\/aivlisoft.net\/shop\/wp-json\/wp\/v2\/product_cat?post=18359"},{"taxonomy":"product_tag","embeddable":true,"href":"https:\/\/aivlisoft.net\/shop\/wp-json\/wp\/v2\/product_tag?post=18359"}],"curies":[{"name":"wp","href":"https:\/\/api.w.org\/{rel}","templated":true}]}}