{"id":18335,"date":"2025-01-13T15:21:08","date_gmt":"2025-01-13T15:21:08","guid":{"rendered":"https:\/\/aivlisoft.com\/?post_type=product&#038;p=18335"},"modified":"2025-01-14T11:38:51","modified_gmt":"2025-01-14T11:38:51","slug":"synology-uc3200-unified-controller-12bay","status":"publish","type":"product","link":"https:\/\/aivlisoft.net\/shop\/producto\/synology-uc3200-unified-controller-12bay\/","title":{"rendered":"SYNOLOGY UC3200 Unified Controller 12Bay"},"content":{"rendered":"<p><\/p>\n<table class=\"tabla_caracteristicas k-table\" width=\"100%\">\n<tbody>\n<tr>\n<td><strong>Marca<\/strong><\/td>\n<td>Synology<\/td>\n<\/tr>\n<tr>\n<td><strong>Modelo<\/strong><\/td>\n<td><strong><\/strong><strong>UC3200<\/strong><\/td>\n<\/tr>\n<tr>\n<td><strong>Caracteristicas de Hardware<\/strong><\/td>\n<td><strong>Controlador<\/strong><br \/>&#8211; N&uacute;mero de m&oacute;dulos de controlador: 2<br \/><strong>CPU<\/strong><br \/>&#8211; Modelo de CPU: Intel Xeon D-1521<br \/>&#8211; Cantidad de CPU (por controlador): 1<br \/>&#8211; Arquitectura de CPU: 64-bit<br \/>&#8211; Frecuencia de CPU: N&uacute;cleo cu&aacute;druple 2.4 (base) \/ 2.7 (turbo) GHz<br \/>&#8211; Motor de cifrado de hardware (AES-NI)<br \/><strong>Memoria<\/strong><br \/>&#8211; Memoria de sistema (por controlador): 8 GB DDR4 ECC UDIMM<br \/>&#8211; M&oacute;dulo de memoria preinstalado (por controlador): 8 GB (8 GB x 1)<br \/>&#8211; Total de ranuras de memoria (por controlador): 4<br \/>&#8211; Memoria ampliable (por controlador): 64 GB (16 GB x 4)<br \/><strong>Almacenamiento<\/strong><br \/>&#8211; Recept&aacute;culo(s) de unidad: 12<br \/>&#8211; Recept&aacute;culos de unidad m&aacute;x. con la unidad de expansi&oacute;n: 36 (RXD1219sas)<br \/>&#8211; Tipo de unidad compatible:&nbsp;<br \/>&nbsp; &nbsp; Unidad de disco duro SAS de 3,5&#8243;<br \/>&nbsp; &nbsp; Unidad de disco duro SAS de 2,5&#8243;<br \/>&nbsp; &nbsp; SSD SAS de 2,5&#8243;<br \/>&#8211; Capacidad m&aacute;xima bruta interna: 192 TB (16 TB drive x 12) (la capacidad puede variar seg&uacute;n el tipo de RAID)<br \/>&#8211; Capacidad m&aacute;xima bruta con unidades de expansi&oacute;n: 576 TB (16 TB drive x 36) (la capacidad puede variar seg&uacute;n el tipo de RAID)<br \/>&#8211; Tama&ntilde;o m&aacute;ximo de volumen individual: 108 TB<br \/>&#8211; Unidad de intercambio en caliente<br \/><strong>Puertos Externos<\/strong><br \/>&#8211; Puerto LAN RJ-45 1GbE (por controlador): 2 (Con soporte de Conmutaci&oacute;n por error \/ Link Aggregation)<br \/>&#8211; Puerto LAN RJ-45 10GbE (por controlador): 1<br \/><strong>PCIe<\/strong><br \/>&#8211; Expansi&oacute;n PCIe (por controlador): 1 x Gen3 x8 slot (x8 link)<br \/>&#8211; Compatibilidad con tarjeta de ampliaci&oacute;n: Tarjeta de interfaz de red PCIe<br \/><strong>Sistema de Archivos<\/strong><br \/>&#8211; Unidades internas: Btrfs<br \/><strong>Apariencia<\/strong><br \/>&#8211; Tama&ntilde;o (Altura x Anchura x Profundidad): 88 mm x 482 mm x 724 mm<br \/>&#8211; Peso: 19,7 Kg<br \/><strong>Otros<\/strong><br \/>&#8211; Ventilador de sistema (por controlador): 60 mm x 60 mm x 2<br \/>&#8211; Modo de velocidad de ventilador:&nbsp;<br \/>&nbsp; &nbsp; Modo Velocidad completa<br \/>&nbsp; &nbsp; Modo fresco<br \/>&nbsp; &nbsp; Modo silencioso<br \/>&#8211; F&aacute;cil sustituci&oacute;n de ventilador del sistema<br \/>&#8211; Recuperaci&oacute;n de energ&iacute;a<br \/>&#8211; Nivel de ruido: 51.3 dB(A)<br \/>&#8211; Fuente \/ Adaptador de alimentaci&oacute;n: 500W<br \/>&#8211; Fuente de alimentaci&oacute;n redundante<br \/>&#8211; Voltaje de alimentaci&oacute;n de entrada CA: De 100 V a 240 V CA<br \/>&#8211; Frecuencia de alimentaci&oacute;n: 50\/60Hz, Monof&aacute;sico<br \/>&#8211; Consumo de energ&iacute;a:&nbsp;<br \/>&nbsp; &nbsp; 417.48 W (Acceso)<br \/>&nbsp; &nbsp; 274.38 W (Hibernaci&oacute;n de unidad de disco duro)<br \/>&#8211; British thermal unit:&nbsp;<br \/>&nbsp; &nbsp; 1425.45 BTU\/hr (Acceso)<br \/>&nbsp; &nbsp; 936.85 BTU\/hr (Hibernaci&oacute;n de unidad de disco duro)<br \/><strong>Temperatura<\/strong><br \/>&#8211; Temperatura operativa: De 0&deg;C a 35&deg;C&nbsp;<br \/>&#8211; Temperatura de almacenamiento: De -20&deg;C a 60&deg;C<br \/>&#8211; Humedad relativa: De 5% a 95% HR<br \/><strong>Certificaci&oacute;n<\/strong><br \/>&#8211; EAC<br \/>&#8211; VCCI<br \/>&#8211; CCC<br \/>&#8211; RCM<br \/>&#8211; KC<br \/>&#8211; FCC<br \/>&#8211; CE<br \/>&#8211; BSMI<br \/><strong>Contenido<\/strong><br \/>&#8211; Unidad principal X 1<br \/>&#8211; Paquete de accesorios X 1<br \/>&#8211; Cable de alimentaci&oacute;n CA X 2<br \/>&#8211; Gu&iacute;a de instalaci&oacute;n r&aacute;pida X 1<\/td>\n<\/tr>\n<tr>\n<td><strong>Caracteristicas de Software<\/strong><\/td>\n<td><strong>Gesti&oacute;n de almacenamiento<\/strong><br \/>&#8211; N&uacute;mero m&aacute;x. de volumen interno: 32<br \/>&#8211; N&uacute;mero m&aacute;x. de iSCSI Target: 128<br \/>&#8211; N&uacute;mero m&aacute;x. de iSCSI LUN: 128<br \/>&#8211; Compatibilidad con LUN avanzado (clon\/instant&aacute;nea)<br \/>&#8211; N&uacute;mero m&aacute;ximo de instant&aacute;neas por LUN avanzado: 256<br \/>&#8211; SSD de cach&eacute; de lectura\/escritura<br \/>&#8211; SSD TRIM<br \/>&#8211; RAID Group<br \/>&#8211; Tipo de RAID compatible:&nbsp;<br \/>&nbsp; &nbsp; RAID F1<br \/>&nbsp; &nbsp; Basic<br \/>&nbsp; &nbsp; JBOD<br \/>&nbsp; &nbsp; RAID 0<br \/>&nbsp; &nbsp; RAID 1<br \/>&nbsp; &nbsp; RAID 5<br \/>&nbsp; &nbsp; RAID 6<br \/>&nbsp; &nbsp; RAID 10<br \/>&#8211; Migraci&oacute;n de RAID:&nbsp;<br \/>&nbsp; &nbsp; Basic to RAID 1<br \/>&nbsp; &nbsp; Basic to RAID 5<br \/>&nbsp; &nbsp; RAID 1 to RAID 5<br \/>&#8211; Expansi&oacute;n de volumen con unidades de disco duro m&aacute;s grandes:&nbsp;<br \/>&nbsp; &nbsp; RAID F1<br \/>&nbsp; &nbsp; RAID 1<br \/>&nbsp; &nbsp; RAID 5<br \/>&nbsp; &nbsp; RAID 6<br \/>&nbsp; &nbsp; RAID 10<br \/>&#8211; Expansi&oacute;n de volumen a&ntilde;adiendo una unidad de disco duro:&nbsp;<br \/>&nbsp; &nbsp; JBOD<br \/>&nbsp; &nbsp; RAID F1<br \/>&nbsp; &nbsp; RAID 5<br \/>&nbsp; &nbsp; RAID 6<br \/>&#8211; Tipo de RAID compatible con Global Hot Spare:&nbsp;<br \/>&nbsp; &nbsp; RAID F1<br \/>&nbsp; &nbsp; RAID 1<br \/>&nbsp; &nbsp; RAID 5<br \/>&nbsp; &nbsp; RAID 6<br \/>&nbsp; &nbsp; RAID 10<br \/><strong>Virtualizaci&oacute;n<\/strong><br \/>&#8211; VMware vSphere 6 with VAAI<br \/>&#8211; Windows Server 2016<br \/>&#8211; Windows Server 2019<br \/>&#8211; Citrix Ready<br \/>&#8211; OpenStack<br \/><strong>Snapshot Replication<\/strong><br \/>&#8211; N&uacute;mero m&aacute;ximo de replicaciones: 32<br \/>&#8211; M&aacute;ximo de instant&aacute;neas del sistema: 4,096<br \/><strong>Otros<\/strong><br \/>&#8211; Protocolos de red:&nbsp;<br \/>&nbsp; &nbsp; iSCSI<br \/>&nbsp; &nbsp; Telnet<br \/>&nbsp; &nbsp; SSH<br \/>&nbsp; &nbsp; SNMP<br \/>&#8211; Clientes compatibles:&nbsp;<br \/>&nbsp; &nbsp; Windows Server 2008 onwards<br \/>&nbsp; &nbsp; VMware 5 onward<br \/>&nbsp; &nbsp; Oracle Solaris 10 onward<br \/>&nbsp; &nbsp; Citrix XenServer 7.2 onward<br \/>&nbsp; &nbsp; SUSE Linux ES 11 onward<br \/>&nbsp; &nbsp; Red Hat ES 6.10 onward<\/td>\n<\/tr>\n<tr>\n<td><strong>Fecha de revisi&oacute;n<\/strong><\/td>\n<td>26-12-2019 por MRS<\/td>\n<\/tr>\n<\/tbody>\n<\/table>\n","protected":false},"excerpt":{"rendered":"<p>Marca Synology Modelo UC3200 Caracteristicas de Hardware Controlador&#8211; N&uacute;mero de m&oacute;dulos de controlador: 2CPU&#8211; Modelo de CPU: Intel Xeon D-1521&#8211; Cantidad de CPU (por controlador): 1&#8211; Arquitectura de CPU: 64-bit&#8211; Frecuencia de CPU: N&uacute;cleo cu&aacute;druple 2.4 (base) \/ 2.7 (turbo) GHz&#8211; Motor de cifrado de hardware (AES-NI)Memoria&#8211; Memoria de sistema (por controlador): 8 GB DDR4&hellip;&nbsp;<a href=\"https:\/\/aivlisoft.net\/shop\/producto\/synology-uc3200-unified-controller-12bay\/\" rel=\"bookmark\"><span class=\"screen-reader-text\">SYNOLOGY UC3200 Unified Controller 12Bay<\/span><\/a><\/p>\n","protected":false},"featured_media":18336,"template":"","meta":{"neve_meta_sidebar":"","neve_meta_container":"","neve_meta_enable_content_width":"","neve_meta_content_width":0,"neve_meta_title_alignment":"","neve_meta_author_avatar":"","neve_post_elements_order":"","neve_meta_disable_header":"","neve_meta_disable_footer":"","neve_meta_disable_title":""},"product_brand":[],"product_cat":[8765],"product_tag":[6701],"class_list":{"0":"post-18335","1":"product","2":"type-product","3":"status-publish","4":"has-post-thumbnail","6":"product_cat-almacenamiento-armario","7":"product_tag-uc3200","9":"first","10":"instock","11":"taxable","12":"shipping-taxable","13":"purchasable","14":"product-type-simple"},"yoast_head":"<!-- This site is optimized with the Yoast SEO plugin v26.0 - https:\/\/yoast.com\/wordpress\/plugins\/seo\/ -->\n<title>SYNOLOGY UC3200 Unified Controller 12Bay - Aivlisoft Inform\u00e1tica<\/title>\n<meta name=\"robots\" content=\"index, follow, max-snippet:-1, max-image-preview:large, max-video-preview:-1\" \/>\n<link rel=\"canonical\" href=\"https:\/\/aivlisoft.net\/shop\/producto\/synology-uc3200-unified-controller-12bay\/\" \/>\n<meta property=\"og:locale\" content=\"es_ES\" \/>\n<meta property=\"og:type\" content=\"article\" \/>\n<meta property=\"og:title\" content=\"SYNOLOGY UC3200 Unified Controller 12Bay - Aivlisoft Inform\u00e1tica\" \/>\n<meta property=\"og:description\" content=\"Marca Synology Modelo UC3200 Caracteristicas de Hardware Controlador&#8211; N&uacute;mero de m&oacute;dulos de controlador: 2CPU&#8211; Modelo de CPU: Intel Xeon D-1521&#8211; Cantidad de CPU (por controlador): 1&#8211; Arquitectura de CPU: 64-bit&#8211; Frecuencia de CPU: N&uacute;cleo cu&aacute;druple 2.4 (base) \/ 2.7 (turbo) GHz&#8211; Motor de cifrado de hardware (AES-NI)Memoria&#8211; Memoria de sistema (por controlador): 8 GB DDR4&hellip;&nbsp;SYNOLOGY UC3200 Unified Controller 12Bay\" \/>\n<meta property=\"og:url\" content=\"https:\/\/aivlisoft.net\/shop\/producto\/synology-uc3200-unified-controller-12bay\/\" \/>\n<meta property=\"og:site_name\" content=\"Aivlisoft Inform\u00e1tica\" \/>\n<meta property=\"article:modified_time\" content=\"2025-01-14T11:38:51+00:00\" \/>\n<meta property=\"og:image\" content=\"https:\/\/aivlisoft.net\/shop\/wp-content\/uploads\/2025\/01\/NARARA0059_800.jpg\" \/>\n\t<meta property=\"og:image:width\" content=\"800\" \/>\n\t<meta property=\"og:image:height\" content=\"800\" \/>\n\t<meta property=\"og:image:type\" content=\"image\/jpeg\" \/>\n<meta name=\"twitter:card\" content=\"summary_large_image\" \/>\n<meta name=\"twitter:label1\" content=\"Tiempo de lectura\" \/>\n\t<meta name=\"twitter:data1\" content=\"4 minutos\" \/>\n<script type=\"application\/ld+json\" class=\"yoast-schema-graph\">{\"@context\":\"https:\/\/schema.org\",\"@graph\":[{\"@type\":\"WebPage\",\"@id\":\"https:\/\/aivlisoft.net\/shop\/producto\/synology-uc3200-unified-controller-12bay\/\",\"url\":\"https:\/\/aivlisoft.net\/shop\/producto\/synology-uc3200-unified-controller-12bay\/\",\"name\":\"SYNOLOGY UC3200 Unified Controller 12Bay - Aivlisoft Inform\u00e1tica\",\"isPartOf\":{\"@id\":\"https:\/\/aivlisoft.net\/shop\/#website\"},\"primaryImageOfPage\":{\"@id\":\"https:\/\/aivlisoft.net\/shop\/producto\/synology-uc3200-unified-controller-12bay\/#primaryimage\"},\"image\":{\"@id\":\"https:\/\/aivlisoft.net\/shop\/producto\/synology-uc3200-unified-controller-12bay\/#primaryimage\"},\"thumbnailUrl\":\"https:\/\/aivlisoft.net\/shop\/wp-content\/uploads\/2025\/01\/NARARA0059_800.jpg\",\"datePublished\":\"2025-01-13T15:21:08+00:00\",\"dateModified\":\"2025-01-14T11:38:51+00:00\",\"breadcrumb\":{\"@id\":\"https:\/\/aivlisoft.net\/shop\/producto\/synology-uc3200-unified-controller-12bay\/#breadcrumb\"},\"inLanguage\":\"es\",\"potentialAction\":[{\"@type\":\"ReadAction\",\"target\":[\"https:\/\/aivlisoft.net\/shop\/producto\/synology-uc3200-unified-controller-12bay\/\"]}]},{\"@type\":\"ImageObject\",\"inLanguage\":\"es\",\"@id\":\"https:\/\/aivlisoft.net\/shop\/producto\/synology-uc3200-unified-controller-12bay\/#primaryimage\",\"url\":\"https:\/\/aivlisoft.net\/shop\/wp-content\/uploads\/2025\/01\/NARARA0059_800.jpg\",\"contentUrl\":\"https:\/\/aivlisoft.net\/shop\/wp-content\/uploads\/2025\/01\/NARARA0059_800.jpg\",\"width\":800,\"height\":800},{\"@type\":\"BreadcrumbList\",\"@id\":\"https:\/\/aivlisoft.net\/shop\/producto\/synology-uc3200-unified-controller-12bay\/#breadcrumb\",\"itemListElement\":[{\"@type\":\"ListItem\",\"position\":1,\"name\":\"Portada\",\"item\":\"https:\/\/aivlisoft.net\/shop\/\"},{\"@type\":\"ListItem\",\"position\":2,\"name\":\"Tienda\",\"item\":\"https:\/\/aivlisoft.net\/shop\/tienda\/\"},{\"@type\":\"ListItem\",\"position\":3,\"name\":\"SYNOLOGY UC3200 Unified Controller 12Bay\"}]},{\"@type\":\"WebSite\",\"@id\":\"https:\/\/aivlisoft.net\/shop\/#website\",\"url\":\"https:\/\/aivlisoft.net\/shop\/\",\"name\":\"Aivlisoft Inform\u00e1tica\",\"description\":\"En Aivlisoft Inform\u00e1tica ofrecemos soluciones tecnol\u00f3gicas para empresas: venta de ordenadores, consumibles, perif\u00e9ricos y m\u00e1s. Calidad, atenci\u00f3n personalizada y los mejores precios para tu negocio.\",\"publisher\":{\"@id\":\"https:\/\/aivlisoft.net\/shop\/#organization\"},\"potentialAction\":[{\"@type\":\"SearchAction\",\"target\":{\"@type\":\"EntryPoint\",\"urlTemplate\":\"https:\/\/aivlisoft.net\/shop\/?s={search_term_string}\"},\"query-input\":{\"@type\":\"PropertyValueSpecification\",\"valueRequired\":true,\"valueName\":\"search_term_string\"}}],\"inLanguage\":\"es\"},{\"@type\":\"Organization\",\"@id\":\"https:\/\/aivlisoft.net\/shop\/#organization\",\"name\":\"Aivlisoft Inform\u00e1tica\",\"url\":\"https:\/\/aivlisoft.net\/shop\/\",\"logo\":{\"@type\":\"ImageObject\",\"inLanguage\":\"es\",\"@id\":\"https:\/\/aivlisoft.net\/shop\/#\/schema\/logo\/image\/\",\"url\":\"https:\/\/aivlisoft.net\/shop\/wp-content\/uploads\/2024\/12\/removal.ai_5b848c54-0cdf-4140-95c5-c5536bb7573b-logodef.png\",\"contentUrl\":\"https:\/\/aivlisoft.net\/shop\/wp-content\/uploads\/2024\/12\/removal.ai_5b848c54-0cdf-4140-95c5-c5536bb7573b-logodef.png\",\"width\":484,\"height\":182,\"caption\":\"Aivlisoft Inform\u00e1tica\"},\"image\":{\"@id\":\"https:\/\/aivlisoft.net\/shop\/#\/schema\/logo\/image\/\"}}]}<\/script>\n<!-- \/ Yoast SEO plugin. -->","yoast_head_json":{"title":"SYNOLOGY UC3200 Unified Controller 12Bay - Aivlisoft Inform\u00e1tica","robots":{"index":"index","follow":"follow","max-snippet":"max-snippet:-1","max-image-preview":"max-image-preview:large","max-video-preview":"max-video-preview:-1"},"canonical":"https:\/\/aivlisoft.net\/shop\/producto\/synology-uc3200-unified-controller-12bay\/","og_locale":"es_ES","og_type":"article","og_title":"SYNOLOGY UC3200 Unified Controller 12Bay - Aivlisoft Inform\u00e1tica","og_description":"Marca Synology Modelo UC3200 Caracteristicas de Hardware Controlador&#8211; N&uacute;mero de m&oacute;dulos de controlador: 2CPU&#8211; Modelo de CPU: Intel Xeon D-1521&#8211; Cantidad de CPU (por controlador): 1&#8211; Arquitectura de CPU: 64-bit&#8211; Frecuencia de CPU: N&uacute;cleo cu&aacute;druple 2.4 (base) \/ 2.7 (turbo) GHz&#8211; Motor de cifrado de hardware (AES-NI)Memoria&#8211; Memoria de sistema (por controlador): 8 GB DDR4&hellip;&nbsp;SYNOLOGY UC3200 Unified Controller 12Bay","og_url":"https:\/\/aivlisoft.net\/shop\/producto\/synology-uc3200-unified-controller-12bay\/","og_site_name":"Aivlisoft Inform\u00e1tica","article_modified_time":"2025-01-14T11:38:51+00:00","og_image":[{"width":800,"height":800,"url":"https:\/\/aivlisoft.net\/shop\/wp-content\/uploads\/2025\/01\/NARARA0059_800.jpg","type":"image\/jpeg"}],"twitter_card":"summary_large_image","twitter_misc":{"Tiempo de lectura":"4 minutos"},"schema":{"@context":"https:\/\/schema.org","@graph":[{"@type":"WebPage","@id":"https:\/\/aivlisoft.net\/shop\/producto\/synology-uc3200-unified-controller-12bay\/","url":"https:\/\/aivlisoft.net\/shop\/producto\/synology-uc3200-unified-controller-12bay\/","name":"SYNOLOGY UC3200 Unified Controller 12Bay - Aivlisoft Inform\u00e1tica","isPartOf":{"@id":"https:\/\/aivlisoft.net\/shop\/#website"},"primaryImageOfPage":{"@id":"https:\/\/aivlisoft.net\/shop\/producto\/synology-uc3200-unified-controller-12bay\/#primaryimage"},"image":{"@id":"https:\/\/aivlisoft.net\/shop\/producto\/synology-uc3200-unified-controller-12bay\/#primaryimage"},"thumbnailUrl":"https:\/\/aivlisoft.net\/shop\/wp-content\/uploads\/2025\/01\/NARARA0059_800.jpg","datePublished":"2025-01-13T15:21:08+00:00","dateModified":"2025-01-14T11:38:51+00:00","breadcrumb":{"@id":"https:\/\/aivlisoft.net\/shop\/producto\/synology-uc3200-unified-controller-12bay\/#breadcrumb"},"inLanguage":"es","potentialAction":[{"@type":"ReadAction","target":["https:\/\/aivlisoft.net\/shop\/producto\/synology-uc3200-unified-controller-12bay\/"]}]},{"@type":"ImageObject","inLanguage":"es","@id":"https:\/\/aivlisoft.net\/shop\/producto\/synology-uc3200-unified-controller-12bay\/#primaryimage","url":"https:\/\/aivlisoft.net\/shop\/wp-content\/uploads\/2025\/01\/NARARA0059_800.jpg","contentUrl":"https:\/\/aivlisoft.net\/shop\/wp-content\/uploads\/2025\/01\/NARARA0059_800.jpg","width":800,"height":800},{"@type":"BreadcrumbList","@id":"https:\/\/aivlisoft.net\/shop\/producto\/synology-uc3200-unified-controller-12bay\/#breadcrumb","itemListElement":[{"@type":"ListItem","position":1,"name":"Portada","item":"https:\/\/aivlisoft.net\/shop\/"},{"@type":"ListItem","position":2,"name":"Tienda","item":"https:\/\/aivlisoft.net\/shop\/tienda\/"},{"@type":"ListItem","position":3,"name":"SYNOLOGY UC3200 Unified Controller 12Bay"}]},{"@type":"WebSite","@id":"https:\/\/aivlisoft.net\/shop\/#website","url":"https:\/\/aivlisoft.net\/shop\/","name":"Aivlisoft Inform\u00e1tica","description":"En Aivlisoft Inform\u00e1tica ofrecemos soluciones tecnol\u00f3gicas para empresas: venta de ordenadores, consumibles, perif\u00e9ricos y m\u00e1s. Calidad, atenci\u00f3n personalizada y los mejores precios para tu negocio.","publisher":{"@id":"https:\/\/aivlisoft.net\/shop\/#organization"},"potentialAction":[{"@type":"SearchAction","target":{"@type":"EntryPoint","urlTemplate":"https:\/\/aivlisoft.net\/shop\/?s={search_term_string}"},"query-input":{"@type":"PropertyValueSpecification","valueRequired":true,"valueName":"search_term_string"}}],"inLanguage":"es"},{"@type":"Organization","@id":"https:\/\/aivlisoft.net\/shop\/#organization","name":"Aivlisoft Inform\u00e1tica","url":"https:\/\/aivlisoft.net\/shop\/","logo":{"@type":"ImageObject","inLanguage":"es","@id":"https:\/\/aivlisoft.net\/shop\/#\/schema\/logo\/image\/","url":"https:\/\/aivlisoft.net\/shop\/wp-content\/uploads\/2024\/12\/removal.ai_5b848c54-0cdf-4140-95c5-c5536bb7573b-logodef.png","contentUrl":"https:\/\/aivlisoft.net\/shop\/wp-content\/uploads\/2024\/12\/removal.ai_5b848c54-0cdf-4140-95c5-c5536bb7573b-logodef.png","width":484,"height":182,"caption":"Aivlisoft Inform\u00e1tica"},"image":{"@id":"https:\/\/aivlisoft.net\/shop\/#\/schema\/logo\/image\/"}}]}},"_links":{"self":[{"href":"https:\/\/aivlisoft.net\/shop\/wp-json\/wp\/v2\/product\/18335","targetHints":{"allow":["GET"]}}],"collection":[{"href":"https:\/\/aivlisoft.net\/shop\/wp-json\/wp\/v2\/product"}],"about":[{"href":"https:\/\/aivlisoft.net\/shop\/wp-json\/wp\/v2\/types\/product"}],"wp:featuredmedia":[{"embeddable":true,"href":"https:\/\/aivlisoft.net\/shop\/wp-json\/wp\/v2\/media\/18336"}],"wp:attachment":[{"href":"https:\/\/aivlisoft.net\/shop\/wp-json\/wp\/v2\/media?parent=18335"}],"wp:term":[{"taxonomy":"product_brand","embeddable":true,"href":"https:\/\/aivlisoft.net\/shop\/wp-json\/wp\/v2\/product_brand?post=18335"},{"taxonomy":"product_cat","embeddable":true,"href":"https:\/\/aivlisoft.net\/shop\/wp-json\/wp\/v2\/product_cat?post=18335"},{"taxonomy":"product_tag","embeddable":true,"href":"https:\/\/aivlisoft.net\/shop\/wp-json\/wp\/v2\/product_tag?post=18335"}],"curies":[{"name":"wp","href":"https:\/\/api.w.org\/{rel}","templated":true}]}}