{"id":18279,"date":"2025-01-13T15:20:35","date_gmt":"2025-01-13T15:20:35","guid":{"rendered":"https:\/\/aivlisoft.com\/?post_type=product&#038;p=18279"},"modified":"2025-01-14T11:38:28","modified_gmt":"2025-01-14T11:38:28","slug":"fritz-powerline-1260e-powerline","status":"publish","type":"product","link":"https:\/\/aivlisoft.net\/shop\/producto\/fritz-powerline-1260e-powerline\/","title":{"rendered":"FRITZ! Powerline 1260E Powerline"},"content":{"rendered":"<p><strong>Alta velocidad para su red dom&eacute;stica<\/strong><br \/>Disfrute de una transmisi&oacute;n de datos ultrarr&aacute;pida y de conexiones estables en su red dom&eacute;stica. El FRITZ!Powerline env&iacute;a sus datos a cada toma de corriente de su hogar a trav&eacute;s de la red el&eacute;ctrica a una velocidad de hasta 1.200 Mbps.<\/p>\n<p><strong>M&aacute;s velocidad de transmisi&oacute;n con MIMO 2&#215;2<\/strong><br \/>Al utilizar los tres conductores del circuito el&eacute;ctrico, dos emisores y receptores intercambian datos respectivamente de forma simultanea. El resultado se traduce en una velocidad de transmisi&oacute;n entre un sesenta y un ochenta por ciento mayor que la que se alcanza con la transmisi&oacute;n por medio de solo dos conductores.<\/p>\n<p><strong>Conexi&oacute;n &oacute;ptima con LAN Gigabit<\/strong><br \/>El puerto integrado LAN Gigabit permite una conexi&oacute;n r&aacute;pida a la red dom&eacute;stica. Ideal para conectar dispositivos de almacenamiento en red, Smart TV o videoconsolas sin necesidad de instalar cables adicionales.<\/p>\n<p><strong>Protegido de la mejor manera<\/strong><br \/>La seguridad es lo primero. Esto tambi&eacute;n se aplica al adaptador FRITZ!Powerline. El cifrado de f&aacute;brica con AES de 128 bits ofrece la m&aacute;xima seguridad y se aplica al nuevo adaptador FRITZ!Powerline integrado en la red con solo pulsar un bot&oacute;n.<\/p>\n<p><strong>Puesta en funcionamiento sencilla<\/strong><br \/>El FRITZ!Powerline se puede configurar en pocos pasos. Enchufar, conectar y listo. Sin necesidad de instalar software, dispondr&aacute; en poco tiempo de una red r&aacute;pida y estable que puede ampliarse de forma sencilla con adaptadores adicionales.<\/p>\n<p><strong>Interfaz de usuario c&oacute;moda<\/strong><br \/>El programa FRITZ!Powerline permite ajustar c&oacute;modamente todos los par&aacute;metros y le ofrece una vista general de los adaptadores instalados y de las velocidades de env&iacute;o y recepci&oacute;n disponibles. De forma alternativa, tambi&eacute;n puede realizar la configuraci&oacute;n a trav&eacute;s de la interfaz de usuario de FRITZ!Box.<\/p>\n<p><strong>WiFi dual AC + N<\/strong><br \/>El adaptador FRITZ!Powerline utiliza WiFi AC en la frecuencia de 5 GHz y transfiere datos a una velocidad de hasta 866 Mbps. De forma simult&aacute;nea, utiliza WiFi N con hasta 400 Mbps en la frecuencia de 2,4 GHz. La b&uacute;squeda inteligente de frecuencia selecciona los mejores canales inal&aacute;mbricos.<\/p>\n<p><strong>Funci&oacute;n como repetidor integrada<\/strong><br \/>FRITZ!Powerline dispone de una funci&oacute;n propia como repetidor. Con dicha funci&oacute;n, puede ampliar f&aacute;cilmente el alcance de su red inal&aacute;mbrica y, de esta manera, mejorar su red.<\/p>\n<p>&nbsp;<\/p>\n<table class=\"tabla_caracteristicas k-table\" width=\"100%\">\n<tr>\n<td><strong>Marca<\/strong><\/td>\n<td>Fritz!<\/td>\n<\/tr>\n<tr>\n<td><strong>Modelo<\/strong><\/td>\n<td><strong>20002824<\/strong><\/td>\n<\/tr>\n<tr>\n<td><strong>Conexiones<\/strong><\/td>\n<td>&#8211; Toma de corriente tipo F (Schuko, CEE 7\/4).<br \/>\t\t\t&#8211; WiFi AC (hasta 866 Mbps brutos, 5 GHz) y N (hasta 400 Mbps brutos, 2,4 GHz) conecta ordenadores, tablets, smartphones, impresoras y otros dispositivos de red.<br \/>\t\t\t&#8211; 1 puerto LAN Gigabit (10\/100\/1000 Base-T, puerto RJ45) para conectar cualquier Smart-TV, decodificador, Blu ray, NAS, equipo Hi-Fi o videoconsola al FRITZ!Box y a Internet mediante conexi&oacute;n LAN.<\/td>\n<\/tr>\n<tr>\n<td><strong>Caracter&iacute;sticas<\/strong><\/td>\n<td>&#8211; Ampl&iacute;a la red dom&eacute;stica a trav&eacute;s del cableado el&eacute;ctrico de la vivienda.<br \/>\t\t\t&#8211; Disponible inmediatamente en cada toma de corriente, sin necesidad de instalar ning&uacute;n programa.<br \/>\t\t\t&#8211; Hasta 1.200 Mbps de velocidad PLC y conexiones robustas a grandes distancias dentro de la red (seg&uacute;n el est&aacute;ndar PLC HomePlug AV2).<br \/>\t\t\t&#8211; Integra ordenadores, impresoras, TV, equipos Hi-Fi, videoconsolas, reproductores de multimedia, Blu Ray y otros dispositivos de red en el FRITZ!Box a trav&eacute;s de Gigabit Ethernet.<br \/>\t\t\t&#8211; Quality of Service: establece la prioridad de los datos para una transmisi&oacute;n de v&iacute;deo y telefon&iacute;a IP sin interferencias.<br \/>\t\t\t&#8211; Soporta sesiones de multidifusi&oacute;n a trav&eacute;s de IGMP (Protocolo de administraci&oacute;n de grupos de Internet).<br \/>\t\t\t&#8211; Cifrado de f&aacute;brica: AES de 128 bits al establecerse la conexi&oacute;n y durante la transmisi&oacute;n de datos.<br \/>\t\t\t&#8211; Compatible con adaptadores PLC de 1.200, 600, 500 y 200 Mbps, con el est&aacute;ndar IEEE P1901 y con HomePlug AV2; adem&aacute;s puede coexistir con adaptadores PLC anteriores.<br \/>\t\t\t&#8211; Soporta el protocolo de Internet IPv6.<br \/>\t\t\t&#8211; Indicaci&oacute;n del estado a trav&eacute;s de tres indicadores led.<br \/>\t\t\t&#8211; Pr&aacute;ctico bot&oacute;n multifunci&oacute;n para establecer conexiones PLC seguras y conectividad de dispositivos WiFi mediante WPS.<br \/>\t\t\t&#8211; Interfaz de usuario web propia para una configuraci&oacute;n, manejo y mantenimiento sencillos.<br \/>\t\t\t&#8211; Integraci&oacute;n &oacute;ptima con el FRITZ!Box que incluye un acceso seguro a la interfaz de usuario y funci&oacute;n de actualizaci&oacute;n central (a partir de FRITZ!OS 6.35).<br \/>\t\t\t&#8211; Funciones avanzadas con el programa FRITZ!Powerline para Windows 10, 8, 7, Vista y XP.<br \/>\t\t\t<strong>Otras caracter&iacute;sticas<\/strong><br \/>\t\t\t&#8211; Medidas (A x P x A): 67 x 132 x 32 mm.<br \/>\t\t\t&#8211; Peso: aprox. 200 gramos.<br \/>\t\t\t&#8211; Voltaje el&eacute;ctrico: 230 V, 50 Hz.<\/td>\n<\/tr>\n<tr>\n<td><strong>Funciones especiales<\/strong><\/td>\n<td>&#8211; WiFi AC (hasta 866 Mbps brutos; 5 GHz) y N (hasta 400 Mbps brutos; 2,4 GHz).<br \/>\t\t\t&#8211; WiFi dual: uso simult&aacute;neo de las bandas de 5 y 2,4 GHz.<br \/>\t\t\t&#8211; Compatible con WiFi 802.11g, b y a (11, 54, 150, 300 Mbps).<br \/>\t\t\t&#8211; Conecta ordenadores, tablets, smartphones, impresoras y otros dispositivos de red sin necesidad de cables.<br \/>\t\t\t&#8211; M&aacute;xima seguridad en la red inal&aacute;mbrica con WPA2 (802.11i), f&aacute;cil de configurar con WPS (Wi-Fi Protected Setup), con solo presionar un bot&oacute;n.<br \/>\t\t\t&#8211; Ampl&iacute;a el alcance de la red inal&aacute;mbrica del FRITZ!Box por PLC.<br \/>\t\t\t&#8211; Funci&oacute;n de repetidor para ampliar el alcance WiFi del router sin puente PLC.<\/td>\n<\/tr>\n<tr>\n<td><strong>Contenido<\/strong><\/td>\n<td>&#8211; FRITZ!Powerline 1260E<br \/>\t\t\t&#8211; Cable de red de 2 x 1,80 m<br \/>\t\t\t&#8211; Gu&iacute;a r&aacute;pida de instalaci&oacute;n<\/td>\n<\/tr>\n<tr>\n<td><strong>Fecha de revisi&oacute;n<\/strong><\/td>\n<td>24-05-2022 por MPM<\/td>\n<\/tr>\n<\/table>\n","protected":false},"excerpt":{"rendered":"<p>Alta velocidad para su red dom&eacute;sticaDisfrute de una transmisi&oacute;n de datos ultrarr&aacute;pida y de conexiones estables en su red dom&eacute;stica. El FRITZ!Powerline env&iacute;a sus datos a cada toma de corriente de su hogar a trav&eacute;s de la red el&eacute;ctrica a una velocidad de hasta 1.200 Mbps. M&aacute;s velocidad de transmisi&oacute;n con MIMO 2&#215;2Al utilizar los&hellip;&nbsp;<a href=\"https:\/\/aivlisoft.net\/shop\/producto\/fritz-powerline-1260e-powerline\/\" rel=\"bookmark\"><span class=\"screen-reader-text\">FRITZ! Powerline 1260E Powerline<\/span><\/a><\/p>\n","protected":false},"featured_media":18280,"template":"","meta":{"neve_meta_sidebar":"","neve_meta_container":"","neve_meta_enable_content_width":"","neve_meta_content_width":0,"neve_meta_title_alignment":"","neve_meta_author_avatar":"","neve_post_elements_order":"","neve_meta_disable_header":"","neve_meta_disable_footer":"","neve_meta_disable_title":""},"product_brand":[],"product_cat":[8764],"product_tag":[6684],"class_list":{"0":"post-18279","1":"product","2":"type-product","3":"status-publish","4":"has-post-thumbnail","6":"product_cat-powerline","7":"product_tag-6684","9":"first","10":"instock","11":"taxable","12":"shipping-taxable","13":"purchasable","14":"product-type-simple"},"yoast_head":"<!-- This site is optimized with the Yoast SEO plugin v26.0 - https:\/\/yoast.com\/wordpress\/plugins\/seo\/ -->\n<title>FRITZ! Powerline 1260E Powerline - Aivlisoft Inform\u00e1tica<\/title>\n<meta name=\"robots\" content=\"index, follow, max-snippet:-1, max-image-preview:large, max-video-preview:-1\" \/>\n<link rel=\"canonical\" href=\"https:\/\/aivlisoft.net\/shop\/producto\/fritz-powerline-1260e-powerline\/\" \/>\n<meta property=\"og:locale\" content=\"es_ES\" \/>\n<meta property=\"og:type\" content=\"article\" \/>\n<meta property=\"og:title\" content=\"FRITZ! Powerline 1260E Powerline - Aivlisoft Inform\u00e1tica\" \/>\n<meta property=\"og:description\" content=\"Alta velocidad para su red dom&eacute;sticaDisfrute de una transmisi&oacute;n de datos ultrarr&aacute;pida y de conexiones estables en su red dom&eacute;stica. El FRITZ!Powerline env&iacute;a sus datos a cada toma de corriente de su hogar a trav&eacute;s de la red el&eacute;ctrica a una velocidad de hasta 1.200 Mbps. M&aacute;s velocidad de transmisi&oacute;n con MIMO 2&#215;2Al utilizar los&hellip;&nbsp;FRITZ! Powerline 1260E Powerline\" \/>\n<meta property=\"og:url\" content=\"https:\/\/aivlisoft.net\/shop\/producto\/fritz-powerline-1260e-powerline\/\" \/>\n<meta property=\"og:site_name\" content=\"Aivlisoft Inform\u00e1tica\" \/>\n<meta property=\"article:modified_time\" content=\"2025-01-14T11:38:28+00:00\" \/>\n<meta property=\"og:image\" content=\"https:\/\/aivlisoft.net\/shop\/wp-content\/uploads\/2025\/01\/NADPOW0128_800.jpg\" \/>\n\t<meta property=\"og:image:width\" content=\"800\" \/>\n\t<meta property=\"og:image:height\" content=\"800\" \/>\n\t<meta property=\"og:image:type\" content=\"image\/jpeg\" \/>\n<meta name=\"twitter:card\" content=\"summary_large_image\" \/>\n<meta name=\"twitter:label1\" content=\"Tiempo de lectura\" \/>\n\t<meta name=\"twitter:data1\" content=\"5 minutos\" \/>\n<script type=\"application\/ld+json\" class=\"yoast-schema-graph\">{\"@context\":\"https:\/\/schema.org\",\"@graph\":[{\"@type\":\"WebPage\",\"@id\":\"https:\/\/aivlisoft.net\/shop\/producto\/fritz-powerline-1260e-powerline\/\",\"url\":\"https:\/\/aivlisoft.net\/shop\/producto\/fritz-powerline-1260e-powerline\/\",\"name\":\"FRITZ! Powerline 1260E Powerline - Aivlisoft Inform\u00e1tica\",\"isPartOf\":{\"@id\":\"https:\/\/aivlisoft.net\/shop\/#website\"},\"primaryImageOfPage\":{\"@id\":\"https:\/\/aivlisoft.net\/shop\/producto\/fritz-powerline-1260e-powerline\/#primaryimage\"},\"image\":{\"@id\":\"https:\/\/aivlisoft.net\/shop\/producto\/fritz-powerline-1260e-powerline\/#primaryimage\"},\"thumbnailUrl\":\"https:\/\/aivlisoft.net\/shop\/wp-content\/uploads\/2025\/01\/NADPOW0128_800.jpg\",\"datePublished\":\"2025-01-13T15:20:35+00:00\",\"dateModified\":\"2025-01-14T11:38:28+00:00\",\"breadcrumb\":{\"@id\":\"https:\/\/aivlisoft.net\/shop\/producto\/fritz-powerline-1260e-powerline\/#breadcrumb\"},\"inLanguage\":\"es\",\"potentialAction\":[{\"@type\":\"ReadAction\",\"target\":[\"https:\/\/aivlisoft.net\/shop\/producto\/fritz-powerline-1260e-powerline\/\"]}]},{\"@type\":\"ImageObject\",\"inLanguage\":\"es\",\"@id\":\"https:\/\/aivlisoft.net\/shop\/producto\/fritz-powerline-1260e-powerline\/#primaryimage\",\"url\":\"https:\/\/aivlisoft.net\/shop\/wp-content\/uploads\/2025\/01\/NADPOW0128_800.jpg\",\"contentUrl\":\"https:\/\/aivlisoft.net\/shop\/wp-content\/uploads\/2025\/01\/NADPOW0128_800.jpg\",\"width\":800,\"height\":800},{\"@type\":\"BreadcrumbList\",\"@id\":\"https:\/\/aivlisoft.net\/shop\/producto\/fritz-powerline-1260e-powerline\/#breadcrumb\",\"itemListElement\":[{\"@type\":\"ListItem\",\"position\":1,\"name\":\"Portada\",\"item\":\"https:\/\/aivlisoft.net\/shop\/\"},{\"@type\":\"ListItem\",\"position\":2,\"name\":\"Tienda\",\"item\":\"https:\/\/aivlisoft.net\/shop\/tienda\/\"},{\"@type\":\"ListItem\",\"position\":3,\"name\":\"FRITZ! Powerline 1260E Powerline\"}]},{\"@type\":\"WebSite\",\"@id\":\"https:\/\/aivlisoft.net\/shop\/#website\",\"url\":\"https:\/\/aivlisoft.net\/shop\/\",\"name\":\"Aivlisoft Inform\u00e1tica\",\"description\":\"En Aivlisoft Inform\u00e1tica ofrecemos soluciones tecnol\u00f3gicas para empresas: venta de ordenadores, consumibles, perif\u00e9ricos y m\u00e1s. Calidad, atenci\u00f3n personalizada y los mejores precios para tu negocio.\",\"publisher\":{\"@id\":\"https:\/\/aivlisoft.net\/shop\/#organization\"},\"potentialAction\":[{\"@type\":\"SearchAction\",\"target\":{\"@type\":\"EntryPoint\",\"urlTemplate\":\"https:\/\/aivlisoft.net\/shop\/?s={search_term_string}\"},\"query-input\":{\"@type\":\"PropertyValueSpecification\",\"valueRequired\":true,\"valueName\":\"search_term_string\"}}],\"inLanguage\":\"es\"},{\"@type\":\"Organization\",\"@id\":\"https:\/\/aivlisoft.net\/shop\/#organization\",\"name\":\"Aivlisoft Inform\u00e1tica\",\"url\":\"https:\/\/aivlisoft.net\/shop\/\",\"logo\":{\"@type\":\"ImageObject\",\"inLanguage\":\"es\",\"@id\":\"https:\/\/aivlisoft.net\/shop\/#\/schema\/logo\/image\/\",\"url\":\"https:\/\/aivlisoft.net\/shop\/wp-content\/uploads\/2024\/12\/removal.ai_5b848c54-0cdf-4140-95c5-c5536bb7573b-logodef.png\",\"contentUrl\":\"https:\/\/aivlisoft.net\/shop\/wp-content\/uploads\/2024\/12\/removal.ai_5b848c54-0cdf-4140-95c5-c5536bb7573b-logodef.png\",\"width\":484,\"height\":182,\"caption\":\"Aivlisoft Inform\u00e1tica\"},\"image\":{\"@id\":\"https:\/\/aivlisoft.net\/shop\/#\/schema\/logo\/image\/\"}}]}<\/script>\n<!-- \/ Yoast SEO plugin. -->","yoast_head_json":{"title":"FRITZ! Powerline 1260E Powerline - Aivlisoft Inform\u00e1tica","robots":{"index":"index","follow":"follow","max-snippet":"max-snippet:-1","max-image-preview":"max-image-preview:large","max-video-preview":"max-video-preview:-1"},"canonical":"https:\/\/aivlisoft.net\/shop\/producto\/fritz-powerline-1260e-powerline\/","og_locale":"es_ES","og_type":"article","og_title":"FRITZ! Powerline 1260E Powerline - Aivlisoft Inform\u00e1tica","og_description":"Alta velocidad para su red dom&eacute;sticaDisfrute de una transmisi&oacute;n de datos ultrarr&aacute;pida y de conexiones estables en su red dom&eacute;stica. El FRITZ!Powerline env&iacute;a sus datos a cada toma de corriente de su hogar a trav&eacute;s de la red el&eacute;ctrica a una velocidad de hasta 1.200 Mbps. M&aacute;s velocidad de transmisi&oacute;n con MIMO 2&#215;2Al utilizar los&hellip;&nbsp;FRITZ! Powerline 1260E Powerline","og_url":"https:\/\/aivlisoft.net\/shop\/producto\/fritz-powerline-1260e-powerline\/","og_site_name":"Aivlisoft Inform\u00e1tica","article_modified_time":"2025-01-14T11:38:28+00:00","og_image":[{"width":800,"height":800,"url":"https:\/\/aivlisoft.net\/shop\/wp-content\/uploads\/2025\/01\/NADPOW0128_800.jpg","type":"image\/jpeg"}],"twitter_card":"summary_large_image","twitter_misc":{"Tiempo de lectura":"5 minutos"},"schema":{"@context":"https:\/\/schema.org","@graph":[{"@type":"WebPage","@id":"https:\/\/aivlisoft.net\/shop\/producto\/fritz-powerline-1260e-powerline\/","url":"https:\/\/aivlisoft.net\/shop\/producto\/fritz-powerline-1260e-powerline\/","name":"FRITZ! Powerline 1260E Powerline - Aivlisoft Inform\u00e1tica","isPartOf":{"@id":"https:\/\/aivlisoft.net\/shop\/#website"},"primaryImageOfPage":{"@id":"https:\/\/aivlisoft.net\/shop\/producto\/fritz-powerline-1260e-powerline\/#primaryimage"},"image":{"@id":"https:\/\/aivlisoft.net\/shop\/producto\/fritz-powerline-1260e-powerline\/#primaryimage"},"thumbnailUrl":"https:\/\/aivlisoft.net\/shop\/wp-content\/uploads\/2025\/01\/NADPOW0128_800.jpg","datePublished":"2025-01-13T15:20:35+00:00","dateModified":"2025-01-14T11:38:28+00:00","breadcrumb":{"@id":"https:\/\/aivlisoft.net\/shop\/producto\/fritz-powerline-1260e-powerline\/#breadcrumb"},"inLanguage":"es","potentialAction":[{"@type":"ReadAction","target":["https:\/\/aivlisoft.net\/shop\/producto\/fritz-powerline-1260e-powerline\/"]}]},{"@type":"ImageObject","inLanguage":"es","@id":"https:\/\/aivlisoft.net\/shop\/producto\/fritz-powerline-1260e-powerline\/#primaryimage","url":"https:\/\/aivlisoft.net\/shop\/wp-content\/uploads\/2025\/01\/NADPOW0128_800.jpg","contentUrl":"https:\/\/aivlisoft.net\/shop\/wp-content\/uploads\/2025\/01\/NADPOW0128_800.jpg","width":800,"height":800},{"@type":"BreadcrumbList","@id":"https:\/\/aivlisoft.net\/shop\/producto\/fritz-powerline-1260e-powerline\/#breadcrumb","itemListElement":[{"@type":"ListItem","position":1,"name":"Portada","item":"https:\/\/aivlisoft.net\/shop\/"},{"@type":"ListItem","position":2,"name":"Tienda","item":"https:\/\/aivlisoft.net\/shop\/tienda\/"},{"@type":"ListItem","position":3,"name":"FRITZ! Powerline 1260E Powerline"}]},{"@type":"WebSite","@id":"https:\/\/aivlisoft.net\/shop\/#website","url":"https:\/\/aivlisoft.net\/shop\/","name":"Aivlisoft Inform\u00e1tica","description":"En Aivlisoft Inform\u00e1tica ofrecemos soluciones tecnol\u00f3gicas para empresas: venta de ordenadores, consumibles, perif\u00e9ricos y m\u00e1s. Calidad, atenci\u00f3n personalizada y los mejores precios para tu negocio.","publisher":{"@id":"https:\/\/aivlisoft.net\/shop\/#organization"},"potentialAction":[{"@type":"SearchAction","target":{"@type":"EntryPoint","urlTemplate":"https:\/\/aivlisoft.net\/shop\/?s={search_term_string}"},"query-input":{"@type":"PropertyValueSpecification","valueRequired":true,"valueName":"search_term_string"}}],"inLanguage":"es"},{"@type":"Organization","@id":"https:\/\/aivlisoft.net\/shop\/#organization","name":"Aivlisoft Inform\u00e1tica","url":"https:\/\/aivlisoft.net\/shop\/","logo":{"@type":"ImageObject","inLanguage":"es","@id":"https:\/\/aivlisoft.net\/shop\/#\/schema\/logo\/image\/","url":"https:\/\/aivlisoft.net\/shop\/wp-content\/uploads\/2024\/12\/removal.ai_5b848c54-0cdf-4140-95c5-c5536bb7573b-logodef.png","contentUrl":"https:\/\/aivlisoft.net\/shop\/wp-content\/uploads\/2024\/12\/removal.ai_5b848c54-0cdf-4140-95c5-c5536bb7573b-logodef.png","width":484,"height":182,"caption":"Aivlisoft Inform\u00e1tica"},"image":{"@id":"https:\/\/aivlisoft.net\/shop\/#\/schema\/logo\/image\/"}}]}},"_links":{"self":[{"href":"https:\/\/aivlisoft.net\/shop\/wp-json\/wp\/v2\/product\/18279","targetHints":{"allow":["GET"]}}],"collection":[{"href":"https:\/\/aivlisoft.net\/shop\/wp-json\/wp\/v2\/product"}],"about":[{"href":"https:\/\/aivlisoft.net\/shop\/wp-json\/wp\/v2\/types\/product"}],"wp:featuredmedia":[{"embeddable":true,"href":"https:\/\/aivlisoft.net\/shop\/wp-json\/wp\/v2\/media\/18280"}],"wp:attachment":[{"href":"https:\/\/aivlisoft.net\/shop\/wp-json\/wp\/v2\/media?parent=18279"}],"wp:term":[{"taxonomy":"product_brand","embeddable":true,"href":"https:\/\/aivlisoft.net\/shop\/wp-json\/wp\/v2\/product_brand?post=18279"},{"taxonomy":"product_cat","embeddable":true,"href":"https:\/\/aivlisoft.net\/shop\/wp-json\/wp\/v2\/product_cat?post=18279"},{"taxonomy":"product_tag","embeddable":true,"href":"https:\/\/aivlisoft.net\/shop\/wp-json\/wp\/v2\/product_tag?post=18279"}],"curies":[{"name":"wp","href":"https:\/\/api.w.org\/{rel}","templated":true}]}}