{"id":18277,"date":"2025-01-13T15:20:34","date_gmt":"2025-01-13T15:20:34","guid":{"rendered":"https:\/\/aivlisoft.com\/?post_type=product&#038;p=18277"},"modified":"2025-01-14T11:38:27","modified_gmt":"2025-01-14T11:38:27","slug":"fritz-powerline-1260e-set-wifi","status":"publish","type":"product","link":"https:\/\/aivlisoft.net\/shop\/producto\/fritz-powerline-1260e-set-wifi\/","title":{"rendered":"FRITZ! Powerline 1260E Set (+WiFi)"},"content":{"rendered":"<p><strong>Una combinaci&oacute;n perfecta entre PLC y WiFi<\/strong><br \/>Integre en su red dom&eacute;stica todos los dispositivos de red con el FRITZ!Powerline 1260E. Conseguir&aacute; la m&aacute;xima flexibilidad, ya que tiene a su disposici&oacute;n tanto la tecnolog&iacute;a PLC a trav&eacute;s de la red el&eacute;ctrica, como WiFi para el transporte de los datos con velocidad Gigabit para smartphones y otros terminales.<\/p>\n<p><strong>WiFi y PLC con velocidad Gigabit<\/strong><br \/>El FRITZ!Powerline 1260E alcanza velocidades de otra categor&iacute;a; el PLC permite distribuir datos a una velocidad de hasta 1.200 Mbps. Adem&aacute;s puede utilizar la red inal&aacute;mbrica tanto en la frecuencia de 2,4 GHz, donde alcanza hasta 400 Mbps, como en la de 5 GHz, donde alcanza hasta 866 Mbps. De este modo, tanto el ordenador como el televisor reciben una l&iacute;nea de datos vertiginosa a trav&eacute;s de la red el&eacute;ctrica, y los terminales y smartphones pueden navegar a la m&aacute;xima velocidad en la red WiFi.<\/p>\n<p><strong>Velocidades de transmisi&oacute;n entre un sesenta y un ochenta por ciento mayores a trav&eacute;s de la toma de corriente.<\/strong><br \/>MIMO 2&#215;2 es la funci&oacute;n responsable del aumento de la velocidad a trav&eacute;s de la red el&eacute;ctrica, que permite que dos emisores y receptores intercambien datos al mismo tiempo a trav&eacute;s de los tres conductores del circuito el&eacute;ctrico. Esta funci&oacute;n es ideal para aplicaciones con un intercambio de datos muy elevado, como la reproducci&oacute;n de contenido audiovisual en alta definici&oacute;n o los juegos en l&iacute;nea. Transforme cada toma de corriente en un puerto de red de alta velocidad.<\/p>\n<p><strong>Atravesando paredes<\/strong><br \/>Adem&aacute;s de la velocidad de transmisi&oacute;n a trav&eacute;s de la red el&eacute;ctrica, la red PLC llega incluso m&aacute;s lejos. No deje que nadie le frene y vincule sus dispositivos de red atravesando varias paredes sin necesidad de cables o agujeros.<\/p>\n<p><strong>&iquest;Por qu&eacute; conformarse solo una cosa cuando se puede tener todo?<\/strong><br \/>Ampl&iacute;e el alcance inal&aacute;mbrico a trav&eacute;s de la red el&eacute;ctrica, llegue hasta la caseta del jard&iacute;n y disfrute de un WiFi veloz incluso en las zonas m&aacute;s alejadas. Adem&aacute;s, el potente puerto LAN Gigabit se encarga de que el ordenador, la Smart TV, la videoconsola y los dem&aacute;s dispositivos circulen de forma &oacute;ptima por la autov&iacute;a de datos.<\/p>\n<p><strong>Enchufar, presionar un bot&oacute;n y disfrutar<\/strong><br \/>Los usuarios con menos experiencia son los que m&aacute;s agradecen una configuraci&oacute;n que se caracteriza, sobre todo, por su sencillez. Enchufe los dispositivos con cifrado de seguridad en la toma de corriente y active los adaptadores FRITZ!Powerline con tan solo presionar un bot&oacute;n. Puede ampliar una red PLC existente con la misma rapidez o completarla con WiFi.<br \/>&nbsp;<\/p>\n<table class=\"tabla_caracteristicas k-table\" width=\"100%\">\n<tr>\n<td><strong>Marca<\/strong><\/td>\n<td>Fritz!<\/td>\n<\/tr>\n<tr>\n<td><strong>Modelo<\/strong><\/td>\n<td><strong>20002819<\/strong><\/td>\n<\/tr>\n<tr>\n<td><strong>Conexiones<\/strong><\/td>\n<td>&#8211; Toma de corriente tipo F (Schuko, CEE 7\/4).<br \/>\t\t\t&#8211; WiFi AC (hasta 866 Mbps brutos, 5 GHz) y N (hasta 400 Mbps brutos, 2,4 GHz) conecta ordenadores, tablets, smartphones, impresoras y otros dispositivos de red.<br \/>\t\t\t&#8211; 1 puerto LAN Gigabit (10\/100\/1000 Base-T, puerto RJ45) para conectar cualquier Smart-TV, decodificador, Blu ray, NAS, equipo Hi-Fi o videoconsola al FRITZ!Box y a Internet mediante conexi&oacute;n LAN.<\/td>\n<\/tr>\n<tr>\n<td><strong>Caracter&iacute;sticas<\/strong><\/td>\n<td><strong>PLC<\/strong><br \/>\t\t\t&#8211; Ampl&iacute;a la red dom&eacute;stica a trav&eacute;s del cableado el&eacute;ctrico de la vivienda.<br \/>\t\t\t&#8211; Disponible inmediatamente en cada toma de corriente, sin necesidad de instalar ning&uacute;n programa.<br \/>\t\t\t&#8211; Hasta 1.200 Mbps de velocidad PLC y conexiones robustas a grandes distancias dentro de la red (seg&uacute;n el est&aacute;ndar PLC HomePlug AV2).<br \/>\t\t\t&#8211; Integra ordenadores, impresoras, TV, equipos Hi-Fi, videoconsolas, reproductores de multimedia, Blu Ray y otros dispositivos de red en el FRITZ!Box a trav&eacute;s de Gigabit Ethernet.<br \/>\t\t\t&#8211; Quality of Service: establece la prioridad de los datos para una transmisi&oacute;n de v&iacute;deo y telefon&iacute;a IP sin interferencias.<br \/>\t\t\t&#8211; Soporta sesiones de multidifusi&oacute;n a trav&eacute;s de IGMP (Protocolo de administraci&oacute;n de grupos de Internet).<br \/>\t\t\t&#8211; Cifrado de f&aacute;brica: AES de 128 bits al establecerse la conexi&oacute;n y durante la transmisi&oacute;n de datos.<br \/>\t\t\t&#8211; Compatible con adaptadores PLC de 1.200, 600, 500 y 200 Mbps, con el est&aacute;ndar IEEE P1901 y con HomePlug AV2; adem&aacute;s puede coexistir con adaptadores PLC anteriores.<br \/>\t\t\t&#8211; Soporta el protocolo de Internet IPv6.<br \/>\t\t\t&#8211; Indicaci&oacute;n del estado a trav&eacute;s de tres indicadores led.<br \/>\t\t\t&#8211; Pr&aacute;ctico bot&oacute;n multifunci&oacute;n para establecer conexiones PLC seguras y conectividad de dispositivos WiFi mediante WPS.<br \/>\t\t\t&#8211; Interfaz de usuario web propia para una configuraci&oacute;n, manejo y mantenimiento sencillos.<br \/>\t\t\t&#8211; Integraci&oacute;n &oacute;ptima con el FRITZ!Box que incluye un acceso seguro a la interfaz de usuario y funci&oacute;n de actualizaci&oacute;n central (a partir de FRITZ!OS 6.35).<br \/>\t\t\t&#8211; Funciones avanzadas con el programa FRITZ!Powerline para Windows 10, 8, 7, Vista y XP.<br \/>\t\t\t<strong>Otras caracter&iacute;sticas<\/strong><br \/>\t\t\t&#8211; Medidas (A x P x A): 67 x 132 x 32 mm.<br \/>\t\t\t&#8211; Peso: aprox. 200 gramos cada adaptador.<br \/>\t\t\t&#8211; Voltaje el&eacute;ctrico: 230 V~, 50 Hz.<\/td>\n<\/tr>\n<tr>\n<td><strong>Wifi<\/strong><\/td>\n<td>&#8211; WiFi AC (hasta 866 Mbps brutos; 5 GHz) y N (hasta 400 Mbps brutos; 2,4 GHz).<br \/>\t\t\t&#8211; WiFi dual: uso simult&aacute;neo de las bandas de 5 y 2,4 GHz.<br \/>\t\t\t&#8211; Compatible con WiFi 802.11g y a (11, 54, 150, 300 Mbps).<br \/>\t\t\t&#8211; Conecta ordenadores, tablets, smartphones, impresoras y otros dispositivos de red sin necesidad de cables.<br \/>\t\t\t&#8211; M&aacute;xima seguridad en la red inal&aacute;mbrica con WPA2 (802.11i), f&aacute;cil de configurar con WPS (Wi-Fi Protected Setup), con solo presionar un bot&oacute;n.<br \/>\t\t\t&#8211; Ampl&iacute;a el alcance de la red inal&aacute;mbrica del FRITZ!Box por PLC.<br \/>\t\t\t&#8211; Funci&oacute;n de repetidor para ampliar el alcance WiFi del router sin puente PLC.<\/td>\n<\/tr>\n<tr>\n<td><strong>Contenido<\/strong><\/td>\n<td>&#8211; FRITZ!Powerline 1260E<br \/>\t\t\t&#8211; FRITZ!Powerline 1220E<br \/>\t\t\t&#8211; 2 cables de red<br \/>\t\t\t&#8211; Gu&iacute;a r&aacute;pida de instalaci&oacute;n<\/td>\n<\/tr>\n<tr>\n<td><strong>Fecha de revisi&oacute;n<\/strong><\/td>\n<td>24-05-2022 por MPM<\/td>\n<\/tr>\n<\/table>\n","protected":false},"excerpt":{"rendered":"<p>Una combinaci&oacute;n perfecta entre PLC y WiFiIntegre en su red dom&eacute;stica todos los dispositivos de red con el FRITZ!Powerline 1260E. Conseguir&aacute; la m&aacute;xima flexibilidad, ya que tiene a su disposici&oacute;n tanto la tecnolog&iacute;a PLC a trav&eacute;s de la red el&eacute;ctrica, como WiFi para el transporte de los datos con velocidad Gigabit para smartphones y otros&hellip;&nbsp;<a href=\"https:\/\/aivlisoft.net\/shop\/producto\/fritz-powerline-1260e-set-wifi\/\" rel=\"bookmark\"><span class=\"screen-reader-text\">FRITZ! Powerline 1260E Set (+WiFi)<\/span><\/a><\/p>\n","protected":false},"featured_media":18278,"template":"","meta":{"neve_meta_sidebar":"","neve_meta_container":"","neve_meta_enable_content_width":"","neve_meta_content_width":0,"neve_meta_title_alignment":"","neve_meta_author_avatar":"","neve_post_elements_order":"","neve_meta_disable_header":"","neve_meta_disable_footer":"","neve_meta_disable_title":""},"product_brand":[],"product_cat":[8764],"product_tag":[6683],"class_list":{"0":"post-18277","1":"product","2":"type-product","3":"status-publish","4":"has-post-thumbnail","6":"product_cat-powerline","7":"product_tag-6683","9":"first","10":"instock","11":"taxable","12":"shipping-taxable","13":"purchasable","14":"product-type-simple"},"yoast_head":"<!-- This site is optimized with the Yoast SEO plugin v26.0 - https:\/\/yoast.com\/wordpress\/plugins\/seo\/ -->\n<title>FRITZ! Powerline 1260E Set (+WiFi) - Aivlisoft Inform\u00e1tica<\/title>\n<meta name=\"robots\" content=\"index, follow, max-snippet:-1, max-image-preview:large, max-video-preview:-1\" \/>\n<link rel=\"canonical\" href=\"https:\/\/aivlisoft.net\/shop\/producto\/fritz-powerline-1260e-set-wifi\/\" \/>\n<meta property=\"og:locale\" content=\"es_ES\" \/>\n<meta property=\"og:type\" content=\"article\" \/>\n<meta property=\"og:title\" content=\"FRITZ! Powerline 1260E Set (+WiFi) - Aivlisoft Inform\u00e1tica\" \/>\n<meta property=\"og:description\" content=\"Una combinaci&oacute;n perfecta entre PLC y WiFiIntegre en su red dom&eacute;stica todos los dispositivos de red con el FRITZ!Powerline 1260E. Conseguir&aacute; la m&aacute;xima flexibilidad, ya que tiene a su disposici&oacute;n tanto la tecnolog&iacute;a PLC a trav&eacute;s de la red el&eacute;ctrica, como WiFi para el transporte de los datos con velocidad Gigabit para smartphones y otros&hellip;&nbsp;FRITZ! Powerline 1260E Set (+WiFi)\" \/>\n<meta property=\"og:url\" content=\"https:\/\/aivlisoft.net\/shop\/producto\/fritz-powerline-1260e-set-wifi\/\" \/>\n<meta property=\"og:site_name\" content=\"Aivlisoft Inform\u00e1tica\" \/>\n<meta property=\"article:modified_time\" content=\"2025-01-14T11:38:27+00:00\" \/>\n<meta property=\"og:image\" content=\"https:\/\/aivlisoft.net\/shop\/wp-content\/uploads\/2025\/01\/NADPOW0127_800.jpg\" \/>\n\t<meta property=\"og:image:width\" content=\"800\" \/>\n\t<meta property=\"og:image:height\" content=\"800\" \/>\n\t<meta property=\"og:image:type\" content=\"image\/jpeg\" \/>\n<meta name=\"twitter:card\" content=\"summary_large_image\" \/>\n<meta name=\"twitter:label1\" content=\"Tiempo de lectura\" \/>\n\t<meta name=\"twitter:data1\" content=\"5 minutos\" \/>\n<script type=\"application\/ld+json\" class=\"yoast-schema-graph\">{\"@context\":\"https:\/\/schema.org\",\"@graph\":[{\"@type\":\"WebPage\",\"@id\":\"https:\/\/aivlisoft.net\/shop\/producto\/fritz-powerline-1260e-set-wifi\/\",\"url\":\"https:\/\/aivlisoft.net\/shop\/producto\/fritz-powerline-1260e-set-wifi\/\",\"name\":\"FRITZ! Powerline 1260E Set (+WiFi) - Aivlisoft Inform\u00e1tica\",\"isPartOf\":{\"@id\":\"https:\/\/aivlisoft.net\/shop\/#website\"},\"primaryImageOfPage\":{\"@id\":\"https:\/\/aivlisoft.net\/shop\/producto\/fritz-powerline-1260e-set-wifi\/#primaryimage\"},\"image\":{\"@id\":\"https:\/\/aivlisoft.net\/shop\/producto\/fritz-powerline-1260e-set-wifi\/#primaryimage\"},\"thumbnailUrl\":\"https:\/\/aivlisoft.net\/shop\/wp-content\/uploads\/2025\/01\/NADPOW0127_800.jpg\",\"datePublished\":\"2025-01-13T15:20:34+00:00\",\"dateModified\":\"2025-01-14T11:38:27+00:00\",\"breadcrumb\":{\"@id\":\"https:\/\/aivlisoft.net\/shop\/producto\/fritz-powerline-1260e-set-wifi\/#breadcrumb\"},\"inLanguage\":\"es\",\"potentialAction\":[{\"@type\":\"ReadAction\",\"target\":[\"https:\/\/aivlisoft.net\/shop\/producto\/fritz-powerline-1260e-set-wifi\/\"]}]},{\"@type\":\"ImageObject\",\"inLanguage\":\"es\",\"@id\":\"https:\/\/aivlisoft.net\/shop\/producto\/fritz-powerline-1260e-set-wifi\/#primaryimage\",\"url\":\"https:\/\/aivlisoft.net\/shop\/wp-content\/uploads\/2025\/01\/NADPOW0127_800.jpg\",\"contentUrl\":\"https:\/\/aivlisoft.net\/shop\/wp-content\/uploads\/2025\/01\/NADPOW0127_800.jpg\",\"width\":800,\"height\":800},{\"@type\":\"BreadcrumbList\",\"@id\":\"https:\/\/aivlisoft.net\/shop\/producto\/fritz-powerline-1260e-set-wifi\/#breadcrumb\",\"itemListElement\":[{\"@type\":\"ListItem\",\"position\":1,\"name\":\"Portada\",\"item\":\"https:\/\/aivlisoft.net\/shop\/\"},{\"@type\":\"ListItem\",\"position\":2,\"name\":\"Tienda\",\"item\":\"https:\/\/aivlisoft.net\/shop\/tienda\/\"},{\"@type\":\"ListItem\",\"position\":3,\"name\":\"FRITZ! Powerline 1260E Set (+WiFi)\"}]},{\"@type\":\"WebSite\",\"@id\":\"https:\/\/aivlisoft.net\/shop\/#website\",\"url\":\"https:\/\/aivlisoft.net\/shop\/\",\"name\":\"Aivlisoft Inform\u00e1tica\",\"description\":\"En Aivlisoft Inform\u00e1tica ofrecemos soluciones tecnol\u00f3gicas para empresas: venta de ordenadores, consumibles, perif\u00e9ricos y m\u00e1s. Calidad, atenci\u00f3n personalizada y los mejores precios para tu negocio.\",\"publisher\":{\"@id\":\"https:\/\/aivlisoft.net\/shop\/#organization\"},\"potentialAction\":[{\"@type\":\"SearchAction\",\"target\":{\"@type\":\"EntryPoint\",\"urlTemplate\":\"https:\/\/aivlisoft.net\/shop\/?s={search_term_string}\"},\"query-input\":{\"@type\":\"PropertyValueSpecification\",\"valueRequired\":true,\"valueName\":\"search_term_string\"}}],\"inLanguage\":\"es\"},{\"@type\":\"Organization\",\"@id\":\"https:\/\/aivlisoft.net\/shop\/#organization\",\"name\":\"Aivlisoft Inform\u00e1tica\",\"url\":\"https:\/\/aivlisoft.net\/shop\/\",\"logo\":{\"@type\":\"ImageObject\",\"inLanguage\":\"es\",\"@id\":\"https:\/\/aivlisoft.net\/shop\/#\/schema\/logo\/image\/\",\"url\":\"https:\/\/aivlisoft.net\/shop\/wp-content\/uploads\/2024\/12\/removal.ai_5b848c54-0cdf-4140-95c5-c5536bb7573b-logodef.png\",\"contentUrl\":\"https:\/\/aivlisoft.net\/shop\/wp-content\/uploads\/2024\/12\/removal.ai_5b848c54-0cdf-4140-95c5-c5536bb7573b-logodef.png\",\"width\":484,\"height\":182,\"caption\":\"Aivlisoft Inform\u00e1tica\"},\"image\":{\"@id\":\"https:\/\/aivlisoft.net\/shop\/#\/schema\/logo\/image\/\"}}]}<\/script>\n<!-- \/ Yoast SEO plugin. -->","yoast_head_json":{"title":"FRITZ! Powerline 1260E Set (+WiFi) - Aivlisoft Inform\u00e1tica","robots":{"index":"index","follow":"follow","max-snippet":"max-snippet:-1","max-image-preview":"max-image-preview:large","max-video-preview":"max-video-preview:-1"},"canonical":"https:\/\/aivlisoft.net\/shop\/producto\/fritz-powerline-1260e-set-wifi\/","og_locale":"es_ES","og_type":"article","og_title":"FRITZ! Powerline 1260E Set (+WiFi) - Aivlisoft Inform\u00e1tica","og_description":"Una combinaci&oacute;n perfecta entre PLC y WiFiIntegre en su red dom&eacute;stica todos los dispositivos de red con el FRITZ!Powerline 1260E. Conseguir&aacute; la m&aacute;xima flexibilidad, ya que tiene a su disposici&oacute;n tanto la tecnolog&iacute;a PLC a trav&eacute;s de la red el&eacute;ctrica, como WiFi para el transporte de los datos con velocidad Gigabit para smartphones y otros&hellip;&nbsp;FRITZ! Powerline 1260E Set (+WiFi)","og_url":"https:\/\/aivlisoft.net\/shop\/producto\/fritz-powerline-1260e-set-wifi\/","og_site_name":"Aivlisoft Inform\u00e1tica","article_modified_time":"2025-01-14T11:38:27+00:00","og_image":[{"width":800,"height":800,"url":"https:\/\/aivlisoft.net\/shop\/wp-content\/uploads\/2025\/01\/NADPOW0127_800.jpg","type":"image\/jpeg"}],"twitter_card":"summary_large_image","twitter_misc":{"Tiempo de lectura":"5 minutos"},"schema":{"@context":"https:\/\/schema.org","@graph":[{"@type":"WebPage","@id":"https:\/\/aivlisoft.net\/shop\/producto\/fritz-powerline-1260e-set-wifi\/","url":"https:\/\/aivlisoft.net\/shop\/producto\/fritz-powerline-1260e-set-wifi\/","name":"FRITZ! Powerline 1260E Set (+WiFi) - Aivlisoft Inform\u00e1tica","isPartOf":{"@id":"https:\/\/aivlisoft.net\/shop\/#website"},"primaryImageOfPage":{"@id":"https:\/\/aivlisoft.net\/shop\/producto\/fritz-powerline-1260e-set-wifi\/#primaryimage"},"image":{"@id":"https:\/\/aivlisoft.net\/shop\/producto\/fritz-powerline-1260e-set-wifi\/#primaryimage"},"thumbnailUrl":"https:\/\/aivlisoft.net\/shop\/wp-content\/uploads\/2025\/01\/NADPOW0127_800.jpg","datePublished":"2025-01-13T15:20:34+00:00","dateModified":"2025-01-14T11:38:27+00:00","breadcrumb":{"@id":"https:\/\/aivlisoft.net\/shop\/producto\/fritz-powerline-1260e-set-wifi\/#breadcrumb"},"inLanguage":"es","potentialAction":[{"@type":"ReadAction","target":["https:\/\/aivlisoft.net\/shop\/producto\/fritz-powerline-1260e-set-wifi\/"]}]},{"@type":"ImageObject","inLanguage":"es","@id":"https:\/\/aivlisoft.net\/shop\/producto\/fritz-powerline-1260e-set-wifi\/#primaryimage","url":"https:\/\/aivlisoft.net\/shop\/wp-content\/uploads\/2025\/01\/NADPOW0127_800.jpg","contentUrl":"https:\/\/aivlisoft.net\/shop\/wp-content\/uploads\/2025\/01\/NADPOW0127_800.jpg","width":800,"height":800},{"@type":"BreadcrumbList","@id":"https:\/\/aivlisoft.net\/shop\/producto\/fritz-powerline-1260e-set-wifi\/#breadcrumb","itemListElement":[{"@type":"ListItem","position":1,"name":"Portada","item":"https:\/\/aivlisoft.net\/shop\/"},{"@type":"ListItem","position":2,"name":"Tienda","item":"https:\/\/aivlisoft.net\/shop\/tienda\/"},{"@type":"ListItem","position":3,"name":"FRITZ! Powerline 1260E Set (+WiFi)"}]},{"@type":"WebSite","@id":"https:\/\/aivlisoft.net\/shop\/#website","url":"https:\/\/aivlisoft.net\/shop\/","name":"Aivlisoft Inform\u00e1tica","description":"En Aivlisoft Inform\u00e1tica ofrecemos soluciones tecnol\u00f3gicas para empresas: venta de ordenadores, consumibles, perif\u00e9ricos y m\u00e1s. Calidad, atenci\u00f3n personalizada y los mejores precios para tu negocio.","publisher":{"@id":"https:\/\/aivlisoft.net\/shop\/#organization"},"potentialAction":[{"@type":"SearchAction","target":{"@type":"EntryPoint","urlTemplate":"https:\/\/aivlisoft.net\/shop\/?s={search_term_string}"},"query-input":{"@type":"PropertyValueSpecification","valueRequired":true,"valueName":"search_term_string"}}],"inLanguage":"es"},{"@type":"Organization","@id":"https:\/\/aivlisoft.net\/shop\/#organization","name":"Aivlisoft Inform\u00e1tica","url":"https:\/\/aivlisoft.net\/shop\/","logo":{"@type":"ImageObject","inLanguage":"es","@id":"https:\/\/aivlisoft.net\/shop\/#\/schema\/logo\/image\/","url":"https:\/\/aivlisoft.net\/shop\/wp-content\/uploads\/2024\/12\/removal.ai_5b848c54-0cdf-4140-95c5-c5536bb7573b-logodef.png","contentUrl":"https:\/\/aivlisoft.net\/shop\/wp-content\/uploads\/2024\/12\/removal.ai_5b848c54-0cdf-4140-95c5-c5536bb7573b-logodef.png","width":484,"height":182,"caption":"Aivlisoft Inform\u00e1tica"},"image":{"@id":"https:\/\/aivlisoft.net\/shop\/#\/schema\/logo\/image\/"}}]}},"_links":{"self":[{"href":"https:\/\/aivlisoft.net\/shop\/wp-json\/wp\/v2\/product\/18277","targetHints":{"allow":["GET"]}}],"collection":[{"href":"https:\/\/aivlisoft.net\/shop\/wp-json\/wp\/v2\/product"}],"about":[{"href":"https:\/\/aivlisoft.net\/shop\/wp-json\/wp\/v2\/types\/product"}],"wp:featuredmedia":[{"embeddable":true,"href":"https:\/\/aivlisoft.net\/shop\/wp-json\/wp\/v2\/media\/18278"}],"wp:attachment":[{"href":"https:\/\/aivlisoft.net\/shop\/wp-json\/wp\/v2\/media?parent=18277"}],"wp:term":[{"taxonomy":"product_brand","embeddable":true,"href":"https:\/\/aivlisoft.net\/shop\/wp-json\/wp\/v2\/product_brand?post=18277"},{"taxonomy":"product_cat","embeddable":true,"href":"https:\/\/aivlisoft.net\/shop\/wp-json\/wp\/v2\/product_cat?post=18277"},{"taxonomy":"product_tag","embeddable":true,"href":"https:\/\/aivlisoft.net\/shop\/wp-json\/wp\/v2\/product_tag?post=18277"}],"curies":[{"name":"wp","href":"https:\/\/api.w.org\/{rel}","templated":true}]}}